[INFO] cloning repository https://github.com/skillzaa/hulk
[INFO] running `Command { std: "git" "-c" "credential.helper=" "-c" "credential.helper=/workspace/cargo-home/bin/git-credential-null" "clone" "--bare" "https://github.com/skillzaa/hulk" "/workspace/cache/git-repos/https%3A%2F%2Fgithub.com%2Fskillzaa%2Fhulk", kill_on_drop: false }`
[INFO] [stderr] Cloning into bare repository '/workspace/cache/git-repos/https%3A%2F%2Fgithub.com%2Fskillzaa%2Fhulk'...
[INFO] running `Command { std: "git" "rev-parse" "HEAD", kill_on_drop: false }`
[INFO] [stdout] bcf23f7fdc6cc78f7bd03c0cf50c9fdbb7adfa06
[INFO] checking skillzaa/hulk against nightly-2024-02-05 for check-cfg
[INFO] running `Command { std: "git" "clone" "/workspace/cache/git-repos/https%3A%2F%2Fgithub.com%2Fskillzaa%2Fhulk" "/workspace/builds/worker-4-tc1/source", kill_on_drop: false }`
[INFO] [stderr] Cloning into '/workspace/builds/worker-4-tc1/source'...
[INFO] [stderr] done.
[INFO] validating manifest of git repo https://github.com/skillzaa/hulk on toolchain nightly-2024-02-05
[INFO] running `Command { std: CARGO_HOME="/workspace/cargo-home" RUSTUP_HOME="/workspace/rustup-home" "/workspace/cargo-home/bin/cargo" "+nightly-2024-02-05" "metadata" "--manifest-path" "Cargo.toml" "--no-deps", kill_on_drop: false }`
[INFO] started tweaking git repo https://github.com/skillzaa/hulk
[INFO] finished tweaking git repo https://github.com/skillzaa/hulk
[INFO] tweaked toml for git repo https://github.com/skillzaa/hulk written to /workspace/builds/worker-4-tc1/source/Cargo.toml
[INFO] crate git repo https://github.com/skillzaa/hulk already has a lockfile, it will not be regenerated
[INFO] running `Command { std: CARGO_HOME="/workspace/cargo-home" RUSTUP_HOME="/workspace/rustup-home" "/workspace/cargo-home/bin/cargo" "+nightly-2024-02-05" "fetch" "--manifest-path" "Cargo.toml", kill_on_drop: false }`
[INFO] [stderr] warning: unused manifest key: package.doctest
[INFO] [stderr]     Updating crates.io index
[INFO] [stderr]  Downloading crates ...
[INFO] [stderr]   Downloaded qndr v0.1.7
[INFO] [stderr]   Downloaded fltk-sys v1.2.20
[INFO] [stderr]   Downloaded fltk-build v0.1.1
[INFO] [stderr]   Downloaded fltk-flow v0.1.2
[INFO] [stderr]   Downloaded brown v0.2.0
[INFO] [stderr]   Downloaded plist v1.2.1
[INFO] [stderr]   Downloaded fltk v1.2.20
[INFO] running `Command { std: "docker" "create" "-v" "/var/lib/crater-agent-workspace/builds/worker-4-tc1/target:/opt/rustwide/target:rw,Z" "-v" "/var/lib/crater-agent-workspace/builds/worker-4-tc1/source:/opt/rustwide/workdir:ro,Z" "-v" "/var/lib/crater-agent-workspace/cargo-home:/opt/rustwide/cargo-home:ro,Z" "-v" "/var/lib/crater-agent-workspace/rustup-home:/opt/rustwide/rustup-home:ro,Z" "-e" "SOURCE_DIR=/opt/rustwide/workdir" "-e" "CARGO_TARGET_DIR=/opt/rustwide/target" "-e" "CARGO_HOME=/opt/rustwide/cargo-home" "-e" "RUSTUP_HOME=/opt/rustwide/rustup-home" "-w" "/opt/rustwide/workdir" "-m" "1610612736" "--user" "0:0" "--network" "none" "ghcr.io/rust-lang/crates-build-env/linux@sha256:2788e3201cd34a07e3172128adcd8b3090168a8e3bcc40d7c032b9dda1df7d1c" "/opt/rustwide/cargo-home/bin/cargo" "+nightly-2024-02-05" "metadata" "--no-deps" "--format-version=1", kill_on_drop: false }`
[INFO] [stdout] d10dab65cdede0e762777ab62f805c52ac385807b7b3ebeb0177c66ca76edcde
[INFO] running `Command { std: "docker" "start" "-a" "d10dab65cdede0e762777ab62f805c52ac385807b7b3ebeb0177c66ca76edcde", kill_on_drop: false }`
[INFO] running `Command { std: "docker" "inspect" "d10dab65cdede0e762777ab62f805c52ac385807b7b3ebeb0177c66ca76edcde", kill_on_drop: false }`
[INFO] running `Command { std: "docker" "rm" "-f" "d10dab65cdede0e762777ab62f805c52ac385807b7b3ebeb0177c66ca76edcde", kill_on_drop: false }`
[INFO] [stdout] d10dab65cdede0e762777ab62f805c52ac385807b7b3ebeb0177c66ca76edcde
[INFO] running `Command { std: "docker" "create" "-v" "/var/lib/crater-agent-workspace/builds/worker-4-tc1/target:/opt/rustwide/target:rw,Z" "-v" "/var/lib/crater-agent-workspace/builds/worker-4-tc1/source:/opt/rustwide/workdir:ro,Z" "-v" "/var/lib/crater-agent-workspace/cargo-home:/opt/rustwide/cargo-home:ro,Z" "-v" "/var/lib/crater-agent-workspace/rustup-home:/opt/rustwide/rustup-home:ro,Z" "-e" "SOURCE_DIR=/opt/rustwide/workdir" "-e" "CARGO_TARGET_DIR=/opt/rustwide/target" "-e" "CARGO_INCREMENTAL=0" "-e" "RUST_BACKTRACE=full" "-e" "RUSTFLAGS=--cap-lints=forbid" "-e" "RUSTDOCFLAGS=--cap-lints=forbid" "-e" "CARGO_HOME=/opt/rustwide/cargo-home" "-e" "RUSTUP_HOME=/opt/rustwide/rustup-home" "-w" "/opt/rustwide/workdir" "-m" "1610612736" "--user" "0:0" "--network" "none" "ghcr.io/rust-lang/crates-build-env/linux@sha256:2788e3201cd34a07e3172128adcd8b3090168a8e3bcc40d7c032b9dda1df7d1c" "/opt/rustwide/cargo-home/bin/cargo" "+nightly-2024-02-05" "check" "--frozen" "--all" "--all-targets" "--message-format=json", kill_on_drop: false }`
[INFO] [stdout] 14a01941d09fda5efdc1c9241de5619497500f9a0dcba5a61da56beb73bd47b1
[INFO] running `Command { std: "docker" "start" "-a" "14a01941d09fda5efdc1c9241de5619497500f9a0dcba5a61da56beb73bd47b1", kill_on_drop: false }`
[INFO] [stderr] warning: unused manifest key: package.doctest
[INFO] [stderr]    Compiling autocfg v1.0.1
[INFO] [stderr]    Compiling cc v1.0.71
[INFO] [stderr]    Compiling proc-macro2 v1.0.32
[INFO] [stderr]    Compiling unicode-xid v0.2.2
[INFO] [stderr]    Compiling syn v1.0.81
[INFO] [stderr]    Compiling libc v0.2.106
[INFO] [stderr]    Compiling serde v1.0.130
[INFO] [stderr]    Compiling pkg-config v0.3.22
[INFO] [stderr]     Checking bitflags v1.3.2
[INFO] [stderr]    Compiling memchr v2.4.1
[INFO] [stderr]    Compiling num-traits v0.2.14
[INFO] [stderr]    Compiling num-integer v0.1.44
[INFO] [stderr]    Compiling cmake v0.1.46
[INFO] [stderr]    Compiling miniz_oxide v0.4.4
[INFO] [stderr]    Compiling quote v1.0.10
[INFO] [stderr]    Compiling indexmap v1.7.0
[INFO] [stderr]    Compiling ryu v1.0.5
[INFO] [stderr]    Compiling crc32fast v1.2.1
[INFO] [stderr]    Compiling ucd-trie v0.1.3
[INFO] [stderr]    Compiling pest v2.1.3
[INFO] [stderr]    Compiling fltk-sys v1.2.20
[INFO] [stderr]    Compiling onig_sys v69.7.1
[INFO] [stderr]     Checking hashbrown v0.11.2
[INFO] [stderr]     Checking adler v1.0.2
[INFO] [stderr]     Checking safemem v0.3.3
[INFO] [stderr]     Checking cfg-if v1.0.0
[INFO] [stderr]    Compiling serde_json v1.0.68
[INFO] [stderr]    Compiling serde_derive v1.0.130
[INFO] [stderr]    Compiling maplit v1.0.2
[INFO] [stderr]    Compiling pest_meta v2.1.3
[INFO] [stderr]     Checking line-wrap v0.1.1
[INFO] [stderr]     Checking chrono v0.4.19
[INFO] [stderr]     Checking dirs-sys v0.3.6
[INFO] [stderr]     Checking unicode-width v0.1.9
[INFO] [stderr]     Checking base64 v0.13.0
[INFO] [stderr]     Checking same-file v1.0.6
[INFO] [stderr]     Checking regex-syntax v0.6.25
[INFO] [stderr]     Checking linked-hash-map v0.5.4
[INFO] [stderr]     Checking lazy_static v1.4.0
[INFO] [stderr]     Checking itoa v0.4.8
[INFO] [stderr]    Compiling fltk-build v0.1.1
[INFO] [stderr]     Checking xml-rs v0.8.4
[INFO] [stderr]     Checking yaml-rust v0.4.5
[INFO] [stderr]     Checking plist v1.2.1
[INFO] [stderr]    Compiling pest_generator v2.1.3
[INFO] [stderr]     Checking bincode v1.3.3
[INFO] [stderr]     Checking walkdir v2.3.2
[INFO] [stderr]     Checking textwrap v0.11.0
[INFO] [stderr]     Checking flate2 v1.0.22
[INFO] [stderr]     Checking dirs v3.0.2
[INFO] [stderr]     Checking aho-corasick v0.7.18
[INFO] [stderr]     Checking atty v0.2.14
[INFO] [stderr]     Checking fnv v1.0.7
[INFO] [stderr]     Checking vec_map v0.8.2
[INFO] [stderr]    Compiling thiserror-impl v1.0.30
[INFO] [stderr]     Checking unchecked-index v0.2.2
[INFO] [stderr]     Checking lazycell v1.3.0
[INFO] [stderr]     Checking strsim v0.8.0
[INFO] [stderr]     Checking ansi_term v0.11.0
[INFO] [stderr]    Compiling paste v1.0.6
[INFO] [stderr]     Checking clap v2.33.3
[INFO] [stderr]     Checking regex v1.5.4
[INFO] [stderr]     Checking twoway v0.2.2
[INFO] [stderr]    Compiling pest_derive v2.1.0
[INFO] [stderr]     Checking xdg v2.4.0
[INFO] [stderr]     Checking unicode_categories v0.1.1
[INFO] [stderr]     Checking qndr v0.1.7
[INFO] [stderr]     Checking entities v1.0.1
[INFO] [stderr]     Checking shell-words v1.0.0
[INFO] [stderr]     Checking typed-arena v1.7.0
[INFO] [stderr]     Checking yansi v0.5.0
[INFO] [stderr]     Checking thiserror v1.0.30
[INFO] [stderr]     Checking brown v0.2.0
[INFO] [stderr]     Checking onig v6.3.1
[INFO] [stderr]     Checking syntect v4.6.0
[INFO] [stderr]     Checking comrak v0.12.1
[INFO] [stderr]     Checking fltk v1.2.20
[INFO] [stderr]    Compiling fltk-flow v0.1.2
[INFO] [stderr]     Checking hulk v0.1.9 (/opt/rustwide/workdir)
[INFO] [stdout] warning: unused import: `crate::bro::BrownError`
[INFO] [stdout]  --> src/generator/create_site_folder.rs:3:5
[INFO] [stdout]   |
[INFO] [stdout] 3 | use crate::bro::BrownError;
[INFO] [stdout]   |     ^^^^^^^^^^^^^^^^^^^^^^
[INFO] [stdout]   |
[INFO] [stdout]   = note: `#[warn(unused_imports)]` on by default
[INFO] [stdout] 
[INFO] [stdout] 
[INFO] [stdout] warning: unused import: `super::*`
[INFO] [stdout]   --> src/generator/create_site_folder.rs:31:9
[INFO] [stdout]    |
[INFO] [stdout] 31 |     use super::*;
[INFO] [stdout]    |         ^^^^^^^^
[INFO] [stdout] 
[INFO] [stdout] 
[INFO] [stdout] warning: unused import: `markdown_to_html`
[INFO] [stdout]  --> src/hulk_file/mod.rs:5:14
[INFO] [stdout]   |
[INFO] [stdout] 5 | use comrak::{markdown_to_html, ComrakOptions};
[INFO] [stdout]   |              ^^^^^^^^^^^^^^^^
[INFO] [stdout] 
[INFO] [stdout] 
[INFO] [stdout] warning: unused import: `crate::unit`
[INFO] [stdout]  --> src/hulk_file/mod.rs:9:5
[INFO] [stdout]   |
[INFO] [stdout] 9 | use crate::unit;
[INFO] [stdout]   |     ^^^^^^^^^^^
[INFO] [stdout] 
[INFO] [stdout] 
[INFO] [stdout] warning: unused import: `crate::app_consts`
[INFO] [stdout]   --> src/hulk_file/mod.rs:10:5
[INFO] [stdout]    |
[INFO] [stdout] 10 | use crate::app_consts;
[INFO] [stdout]    |     ^^^^^^^^^^^^^^^^^
[INFO] [stdout] 
[INFO] [stdout] 
[INFO] [stdout] warning: unused import: `super::*`
[INFO] [stdout]    --> src/hulk_file/mod.rs:101:9
[INFO] [stdout]     |
[INFO] [stdout] 101 |     use super::*;
[INFO] [stdout]     |         ^^^^^^^^
[INFO] [stdout] 
[INFO] [stdout] 
[INFO] [stdout] warning: unused import: `site_dir_struct_clean::site_dir_struct_clean`
[INFO] [stdout]   --> src/pure/mod.rs:11:9
[INFO] [stdout]    |
[INFO] [stdout] 11 | pub use site_dir_struct_clean::site_dir_struct_clean;
[INFO] [stdout]    |         ^^^^^^^^^^^^^^^^^^^^^^^^^^^^^^^^^^^^^^^^^^^^
[INFO] [stdout] 
[INFO] [stdout] 
[INFO] [stdout] warning: unused import: `super::*`
[INFO] [stdout]   --> src/pure/create_css.rs:27:9
[INFO] [stdout]    |
[INFO] [stdout] 27 |     use super::*;
[INFO] [stdout]    |         ^^^^^^^^
[INFO] [stdout] 
[INFO] [stdout] 
[INFO] [stdout] warning: unused import: `clone_data_to_site_folder::clone_data_to_site_folder`
[INFO] [stdout]   --> src/pure/mod.rs:17:9
[INFO] [stdout]    |
[INFO] [stdout] 17 | pub use clone_data_to_site_folder::clone_data_to_site_folder;
[INFO] [stdout]    |         ^^^^^^^^^^^^^^^^^^^^^^^^^^^^^^^^^^^^^^^^^^^^^^^^^^^^
[INFO] [stdout] 
[INFO] [stdout] 
[INFO] [stdout] warning: unused import: `crate::unit`
[INFO] [stdout]  --> src/nav/mod.rs:5:5
[INFO] [stdout]   |
[INFO] [stdout] 5 | use crate::unit;
[INFO] [stdout]   |     ^^^^^^^^^^^
[INFO] [stdout] 
[INFO] [stdout] 
[INFO] [stdout] warning: unused import: `crate::bro::BrownError as Error`
[INFO] [stdout]  --> src/nav/mod.rs:6:5
[INFO] [stdout]   |
[INFO] [stdout] 6 | use crate::bro::BrownError as Error;
[INFO] [stdout]   |     ^^^^^^^^^^^^^^^^^^^^^^^^^^^^^^^
[INFO] [stdout] 
[INFO] [stdout] 
[INFO] [stdout] warning: unused import: `crate::unit`
[INFO] [stdout]  --> src/indexer/indx.rs:5:5
[INFO] [stdout]   |
[INFO] [stdout] 5 | use crate::unit;
[INFO] [stdout]   |     ^^^^^^^^^^^
[INFO] [stdout] 
[INFO] [stdout] 
[INFO] [stdout] warning: unused import: `crate::app_consts`
[INFO] [stdout]  --> src/indexer/indx.rs:6:5
[INFO] [stdout]   |
[INFO] [stdout] 6 | use crate::app_consts;
[INFO] [stdout]   |     ^^^^^^^^^^^^^^^^^
[INFO] [stdout] 
[INFO] [stdout] 
[INFO] [stdout] warning: unused import: `super::*`
[INFO] [stdout]    --> src/indexer/indx.rs:115:7
[INFO] [stdout]     |
[INFO] [stdout] 115 |   use super::*;
[INFO] [stdout]     |       ^^^^^^^^
[INFO] [stdout] 
[INFO] [stdout] 
[INFO] [stdout] warning: unused import: `super::*`
[INFO] [stdout]   --> src/unit/create_demo_data_dir.rs:51:9
[INFO] [stdout]    |
[INFO] [stdout] 51 |     use super::*;
[INFO] [stdout]    |         ^^^^^^^^
[INFO] [stdout] 
[INFO] [stdout] 
[INFO] [stdout] warning: unused import: `create_demo_data_dir::*`
[INFO] [stdout]  --> src/unit/mod.rs:2:9
[INFO] [stdout]   |
[INFO] [stdout] 2 | pub use create_demo_data_dir::*;
[INFO] [stdout]   |         ^^^^^^^^^^^^^^^^^^^^^^^
[INFO] [stdout] 
[INFO] [stdout] 
[INFO] [stdout] warning: unused variable: `item`
[INFO] [stdout]   --> src/pure/create_css.rs:14:4
[INFO] [stdout]    |
[INFO] [stdout] 14 | Ok(item)=>{
[INFO] [stdout]    |    ^^^^ help: if this is intentional, prefix it with an underscore: `_item`
[INFO] [stdout]    |
[INFO] [stdout]    = note: `#[warn(unused_variables)]` on by default
[INFO] [stdout] 
[INFO] [stdout] 
[INFO] [stdout] warning: unused variable: `w`
[INFO] [stdout]   --> src/pure/create_css.rs:16:9
[INFO] [stdout]    |
[INFO] [stdout] 16 |     let w = 
[INFO] [stdout]    |         ^ help: if this is intentional, prefix it with an underscore: `_w`
[INFO] [stdout] 
[INFO] [stdout] 
[INFO] [stdout] warning: unused variable: `dir_path`
[INFO] [stdout]  --> src/nav/nv.rs:5:12
[INFO] [stdout]   |
[INFO] [stdout] 5 | pub fn nav(dir_path:&String,sub_dirs:&Vec<String>)->String{
[INFO] [stdout]   |            ^^^^^^^^ help: if this is intentional, prefix it with an underscore: `_dir_path`
[INFO] [stdout] 
[INFO] [stdout] 
[INFO] [stdout] warning: function `get_default_nav` is never used
[INFO] [stdout]   --> src/assets/mod.rs:27:8
[INFO] [stdout]    |
[INFO] [stdout] 27 | pub fn get_default_nav()->&'static str{
[INFO] [stdout]    |        ^^^^^^^^^^^^^^^
[INFO] [stdout]    |
[INFO] [stdout]    = note: `#[warn(dead_code)]` on by default
[INFO] [stdout] 
[INFO] [stdout] 
[INFO] [stdout] warning: function `demo_md` is never used
[INFO] [stdout]  --> src/assets/demo_md.rs:2:8
[INFO] [stdout]   |
[INFO] [stdout] 2 | pub fn demo_md()->String{
[INFO] [stdout]   |        ^^^^^^^
[INFO] [stdout] 
[INFO] [stdout] 
[INFO] [stdout] warning: function `site_dir_struct_clean` is never used
[INFO] [stdout]  --> src/pure/site_dir_struct_clean.rs:5:8
[INFO] [stdout]   |
[INFO] [stdout] 5 | pub fn site_dir_struct_clean()->Result<Vec<String>,Error>{
[INFO] [stdout]   |        ^^^^^^^^^^^^^^^^^^^^^
[INFO] [stdout] 
[INFO] [stdout] 
[INFO] [stdout] warning: function `clone_data_to_site_folder` is never used
[INFO] [stdout]  --> src/pure/clone_data_to_site_folder.rs:5:8
[INFO] [stdout]   |
[INFO] [stdout] 5 | pub fn clone_data_to_site_folder()
[INFO] [stdout]   |        ^^^^^^^^^^^^^^^^^^^^^^^^^
[INFO] [stdout] 
[INFO] [stdout] 
[INFO] [stdout] warning: function `fake` is never used
[INFO] [stdout]   --> src/nav/nv.rs:20:8
[INFO] [stdout]    |
[INFO] [stdout] 20 | pub fn fake()->String{
[INFO] [stdout]    |        ^^^^
[INFO] [stdout] 
[INFO] [stdout] 
[INFO] [stdout] warning: function `create_demo_data_dir` is never used
[INFO] [stdout]  --> src/unit/create_demo_data_dir.rs:5:8
[INFO] [stdout]   |
[INFO] [stdout] 5 | pub fn create_demo_data_dir()->Result<bool,Error>{
[INFO] [stdout]   |        ^^^^^^^^^^^^^^^^^^^^
[INFO] [stdout] 
[INFO] [stdout] 
[INFO] [stdout] warning: function `demo_data_dir_struct` is never used
[INFO] [stdout]   --> src/unit/create_demo_data_dir.rs:11:8
[INFO] [stdout]    |
[INFO] [stdout] 11 | pub fn demo_data_dir_struct()->Vec<String>{
[INFO] [stdout]    |        ^^^^^^^^^^^^^^^^^^^^
[INFO] [stdout] 
[INFO] [stdout] 
[INFO] [stdout] warning: function `create_dirs` is never used
[INFO] [stdout]   --> src/unit/create_demo_data_dir.rs:24:4
[INFO] [stdout]    |
[INFO] [stdout] 24 | fn create_dirs()->Result<bool,Error>{
[INFO] [stdout]    |    ^^^^^^^^^^^
[INFO] [stdout] 
[INFO] [stdout] 
[INFO] [stdout] warning: function `create_files` is never used
[INFO] [stdout]   --> src/unit/create_demo_data_dir.rs:33:4
[INFO] [stdout]    |
[INFO] [stdout] 33 | fn create_files()->Result<bool,Error>{
[INFO] [stdout]    |    ^^^^^^^^^^^^
[INFO] [stdout] 
[INFO] [stdout] 
[INFO] [stdout] warning: function `teardown_site` is never used
[INFO] [stdout]   --> src/unit/create_demo_data_dir.rs:44:8
[INFO] [stdout]    |
[INFO] [stdout] 44 | pub fn teardown_site(){
[INFO] [stdout]    |        ^^^^^^^^^^^^^
[INFO] [stdout] 
[INFO] [stdout] 
[INFO] [stdout] warning: function `teardown_data` is never used
[INFO] [stdout]   --> src/unit/create_demo_data_dir.rs:47:8
[INFO] [stdout]    |
[INFO] [stdout] 47 | pub fn teardown_data(){
[INFO] [stdout]    |        ^^^^^^^^^^^^^
[INFO] [stdout] 
[INFO] [stdout] 
[INFO] [stdout] warning: constant `HULK_THEME` is never used
[INFO] [stdout]  --> src/app_consts.rs:4:11
[INFO] [stdout]   |
[INFO] [stdout] 4 | pub const HULK_THEME:&str = "dark";
[INFO] [stdout]   |           ^^^^^^^^^^
[INFO] [stdout] 
[INFO] [stdout] 
[INFO] [stdout] warning: constant `gap` should have an upper case name
[INFO] [stdout]  --> src/cli_gui/common.rs:4:7
[INFO] [stdout]   |
[INFO] [stdout] 4 | const gap:&str = "                           "; 
[INFO] [stdout]   |       ^^^ help: convert the identifier to upper case: `GAP`
[INFO] [stdout]   |
[INFO] [stdout]   = note: `#[warn(non_upper_case_globals)]` on by default
[INFO] [stdout] 
[INFO] [stdout] 
[INFO] [stdout] warning: 32 warnings emitted
[INFO] [stdout] 
[INFO] [stdout] 
[INFO] [stderr]     Finished dev [unoptimized + debuginfo] target(s) in 29.34s
[INFO] running `Command { std: "docker" "inspect" "14a01941d09fda5efdc1c9241de5619497500f9a0dcba5a61da56beb73bd47b1", kill_on_drop: false }`
[INFO] running `Command { std: "docker" "rm" "-f" "14a01941d09fda5efdc1c9241de5619497500f9a0dcba5a61da56beb73bd47b1", kill_on_drop: false }`
[INFO] [stdout] 14a01941d09fda5efdc1c9241de5619497500f9a0dcba5a61da56beb73bd47b1
[INFO] checking skillzaa/hulk against nightly-2024-02-05+rustflags=-Dunexpected_cfgs+cargoflags=-Zcheck-cfg for check-cfg
[INFO] running `Command { std: "git" "clone" "/workspace/cache/git-repos/https%3A%2F%2Fgithub.com%2Fskillzaa%2Fhulk" "/workspace/builds/worker-4-tc2/source", kill_on_drop: false }`
[INFO] [stderr] Cloning into '/workspace/builds/worker-4-tc2/source'...
[INFO] [stderr] done.
[INFO] validating manifest of git repo https://github.com/skillzaa/hulk on toolchain nightly-2024-02-05
[INFO] running `Command { std: CARGO_HOME="/workspace/cargo-home" RUSTUP_HOME="/workspace/rustup-home" "/workspace/cargo-home/bin/cargo" "+nightly-2024-02-05" "metadata" "--manifest-path" "Cargo.toml" "--no-deps", kill_on_drop: false }`
[INFO] started tweaking git repo https://github.com/skillzaa/hulk
[INFO] finished tweaking git repo https://github.com/skillzaa/hulk
[INFO] tweaked toml for git repo https://github.com/skillzaa/hulk written to /workspace/builds/worker-4-tc2/source/Cargo.toml
[INFO] crate git repo https://github.com/skillzaa/hulk already has a lockfile, it will not be regenerated
[INFO] running `Command { std: CARGO_HOME="/workspace/cargo-home" RUSTUP_HOME="/workspace/rustup-home" "/workspace/cargo-home/bin/cargo" "+nightly-2024-02-05" "fetch" "--manifest-path" "Cargo.toml", kill_on_drop: false }`
[INFO] [stderr] warning: unused manifest key: package.doctest
[INFO] running `Command { std: "docker" "create" "-v" "/var/lib/crater-agent-workspace/builds/worker-4-tc2/target:/opt/rustwide/target:rw,Z" "-v" "/var/lib/crater-agent-workspace/builds/worker-4-tc2/source:/opt/rustwide/workdir:ro,Z" "-v" "/var/lib/crater-agent-workspace/cargo-home:/opt/rustwide/cargo-home:ro,Z" "-v" "/var/lib/crater-agent-workspace/rustup-home:/opt/rustwide/rustup-home:ro,Z" "-e" "SOURCE_DIR=/opt/rustwide/workdir" "-e" "CARGO_TARGET_DIR=/opt/rustwide/target" "-e" "CARGO_HOME=/opt/rustwide/cargo-home" "-e" "RUSTUP_HOME=/opt/rustwide/rustup-home" "-w" "/opt/rustwide/workdir" "-m" "1610612736" "--user" "0:0" "--network" "none" "ghcr.io/rust-lang/crates-build-env/linux@sha256:2788e3201cd34a07e3172128adcd8b3090168a8e3bcc40d7c032b9dda1df7d1c" "/opt/rustwide/cargo-home/bin/cargo" "+nightly-2024-02-05" "metadata" "--no-deps" "--format-version=1", kill_on_drop: false }`
[INFO] [stdout] 5202edce8e59353fce81afd64f010321e89e8d51fbf52f5e2c9bf4327a08284a
[INFO] running `Command { std: "docker" "start" "-a" "5202edce8e59353fce81afd64f010321e89e8d51fbf52f5e2c9bf4327a08284a", kill_on_drop: false }`
[INFO] running `Command { std: "docker" "inspect" "5202edce8e59353fce81afd64f010321e89e8d51fbf52f5e2c9bf4327a08284a", kill_on_drop: false }`
[INFO] running `Command { std: "docker" "rm" "-f" "5202edce8e59353fce81afd64f010321e89e8d51fbf52f5e2c9bf4327a08284a", kill_on_drop: false }`
[INFO] [stdout] 5202edce8e59353fce81afd64f010321e89e8d51fbf52f5e2c9bf4327a08284a
[INFO] running `Command { std: "docker" "create" "-v" "/var/lib/crater-agent-workspace/builds/worker-4-tc2/target:/opt/rustwide/target:rw,Z" "-v" "/var/lib/crater-agent-workspace/builds/worker-4-tc2/source:/opt/rustwide/workdir:ro,Z" "-v" "/var/lib/crater-agent-workspace/cargo-home:/opt/rustwide/cargo-home:ro,Z" "-v" "/var/lib/crater-agent-workspace/rustup-home:/opt/rustwide/rustup-home:ro,Z" "-e" "SOURCE_DIR=/opt/rustwide/workdir" "-e" "CARGO_TARGET_DIR=/opt/rustwide/target" "-e" "CARGO_INCREMENTAL=0" "-e" "RUST_BACKTRACE=full" "-e" "RUSTFLAGS=--cap-lints=forbid -Dunexpected_cfgs" "-e" "RUSTDOCFLAGS=--cap-lints=forbid" "-e" "CARGO_HOME=/opt/rustwide/cargo-home" "-e" "RUSTUP_HOME=/opt/rustwide/rustup-home" "-w" "/opt/rustwide/workdir" "-m" "1610612736" "--user" "0:0" "--network" "none" "ghcr.io/rust-lang/crates-build-env/linux@sha256:2788e3201cd34a07e3172128adcd8b3090168a8e3bcc40d7c032b9dda1df7d1c" "/opt/rustwide/cargo-home/bin/cargo" "+nightly-2024-02-05" "check" "--frozen" "--all" "--all-targets" "--message-format=json" "-Zcheck-cfg", kill_on_drop: false }`
[INFO] [stdout] 45bf53e83a656dedcd4c10ab4638c398b8e941ac2cac99f5778daece37e390bf
[INFO] running `Command { std: "docker" "start" "-a" "45bf53e83a656dedcd4c10ab4638c398b8e941ac2cac99f5778daece37e390bf", kill_on_drop: false }`
[INFO] [stderr] warning: unused manifest key: package.doctest
[INFO] [stderr]    Compiling autocfg v1.0.1
[INFO] [stderr]    Compiling cc v1.0.71
[INFO] [stderr]    Compiling proc-macro2 v1.0.32
[INFO] [stderr]    Compiling unicode-xid v0.2.2
[INFO] [stderr]    Compiling syn v1.0.81
[INFO] [stderr]    Compiling libc v0.2.106
[INFO] [stderr]    Compiling serde v1.0.130
[INFO] [stderr]    Compiling pkg-config v0.3.22
[INFO] [stderr]     Checking bitflags v1.3.2
[INFO] [stderr]    Compiling memchr v2.4.1
[INFO] [stderr]    Compiling num-traits v0.2.14
[INFO] [stderr]    Compiling num-integer v0.1.44
[INFO] [stderr]    Compiling miniz_oxide v0.4.4
[INFO] [stderr]    Compiling cmake v0.1.46
[INFO] [stderr]    Compiling indexmap v1.7.0
[INFO] [stderr]    Compiling crc32fast v1.2.1
[INFO] [stderr]    Compiling quote v1.0.10
[INFO] [stderr]    Compiling ryu v1.0.5
[INFO] [stderr]    Compiling ucd-trie v0.1.3
[INFO] [stderr]    Compiling pest v2.1.3
[INFO] [stderr]    Compiling fltk-sys v1.2.20
[INFO] [stderr]    Compiling onig_sys v69.7.1
[INFO] [stderr]     Checking adler v1.0.2
[INFO] [stderr]     Checking hashbrown v0.11.2
[INFO] [stderr]    Compiling maplit v1.0.2
[INFO] [stderr]    Compiling serde_json v1.0.68
[INFO] [stderr]     Checking safemem v0.3.3
[INFO] [stderr]     Checking cfg-if v1.0.0
[INFO] [stderr]    Compiling serde_derive v1.0.130
[INFO] [stderr]    Compiling pest_meta v2.1.3
[INFO] [stderr]     Checking line-wrap v0.1.1
[INFO] [stderr]     Checking chrono v0.4.19
[INFO] [stderr]     Checking dirs-sys v0.3.6
[INFO] [stderr]     Checking regex-syntax v0.6.25
[INFO] [stderr]     Checking xml-rs v0.8.4
[INFO] [stderr]     Checking base64 v0.13.0
[INFO] [stderr]     Checking linked-hash-map v0.5.4
[INFO] [stderr]     Checking same-file v1.0.6
[INFO] [stderr]     Checking unicode-width v0.1.9
[INFO] [stderr]     Checking itoa v0.4.8
[INFO] [stderr]    Compiling fltk-build v0.1.1
[INFO] [stderr]     Checking lazy_static v1.4.0
[INFO] [stderr]     Checking walkdir v2.3.2
[INFO] [stderr]     Checking textwrap v0.11.0
[INFO] [stderr]     Checking yaml-rust v0.4.5
[INFO] [stderr]    Compiling pest_generator v2.1.3
[INFO] [stderr]     Checking bincode v1.3.3
[INFO] [stderr]     Checking plist v1.2.1
[INFO] [stderr]     Checking flate2 v1.0.22
[INFO] [stderr]     Checking dirs v3.0.2
[INFO] [stderr]     Checking aho-corasick v0.7.18
[INFO] [stderr]    Compiling thiserror-impl v1.0.30
[INFO] [stderr]     Checking atty v0.2.14
[INFO] [stderr]     Checking ansi_term v0.11.0
[INFO] [stderr]     Checking lazycell v1.3.0
[INFO] [stderr]     Checking unchecked-index v0.2.2
[INFO] [stderr]     Checking fnv v1.0.7
[INFO] [stderr]     Checking strsim v0.8.0
[INFO] [stderr]     Checking vec_map v0.8.2
[INFO] [stderr]    Compiling paste v1.0.6
[INFO] [stderr]     Checking regex v1.5.4
[INFO] [stderr]     Checking clap v2.33.3
[INFO] [stderr]     Checking twoway v0.2.2
[INFO] [stderr]    Compiling pest_derive v2.1.0
[INFO] [stderr]     Checking xdg v2.4.0
[INFO] [stderr]     Checking entities v1.0.1
[INFO] [stderr]     Checking typed-arena v1.7.0
[INFO] [stderr]     Checking qndr v0.1.7
[INFO] [stderr]     Checking shell-words v1.0.0
[INFO] [stderr]     Checking unicode_categories v0.1.1
[INFO] [stderr]     Checking yansi v0.5.0
[INFO] [stderr]     Checking thiserror v1.0.30
[INFO] [stderr]     Checking brown v0.2.0
[INFO] [stderr]     Checking onig v6.3.1
[INFO] [stderr]     Checking syntect v4.6.0
[INFO] [stderr]     Checking comrak v0.12.1
[INFO] [stderr] error: failed to run custom build command for `fltk-sys v1.2.20`
[INFO] [stderr] note: To improve backtraces for build dependencies, set the CARGO_PROFILE_DEV_BUILD_OVERRIDE_DEBUG=true environment variable to enable debug information generation.
[INFO] [stderr] 
[INFO] [stderr] Caused by:
[INFO] [stderr]   process didn't exit successfully: `/opt/rustwide/target/debug/build/fltk-sys-d4528ffca754f5f9/build-script-main` (exit status: 101)
[INFO] [stderr]   --- stdout
[INFO] [stderr]   cargo:rerun-if-changed=build/android.rs
[INFO] [stderr]   cargo:rerun-if-changed=build/bundled.rs
[INFO] [stderr]   cargo:rerun-if-changed=build/link.rs
[INFO] [stderr]   cargo:rerun-if-changed=build/main.rs
[INFO] [stderr]   cargo:rerun-if-changed=build/source.rs
[INFO] [stderr]   cargo:rerun-if-changed=build/utils.rs
[INFO] [stderr]   cargo:rerun-if-env-changed=CC
[INFO] [stderr]   cargo:rerun-if-env-changed=CXX
[INFO] [stderr]   cargo:rerun-if-changed=cfltk/CMakeLists.txt
[INFO] [stderr]   cargo:rerun-if-changed=cfltk/include/cfl.h
[INFO] [stderr]   cargo:rerun-if-changed=cfltk/include/cfl_widget.h
[INFO] [stderr]   cargo:rerun-if-changed=cfltk/include/cfl_group.h
[INFO] [stderr]   cargo:rerun-if-changed=cfltk/include/cfl_input.h
[INFO] [stderr]   cargo:rerun-if-changed=cfltk/include/cfl_window.h
[INFO] [stderr]   cargo:rerun-if-changed=cfltk/include/cfl_button.h
[INFO] [stderr]   cargo:rerun-if-changed=cfltk/include/cfl_box.h
[INFO] [stderr]   cargo:rerun-if-changed=cfltk/include/cfl_menu.h
[INFO] [stderr]   cargo:rerun-if-changed=cfltk/include/cfl_dialog.h
[INFO] [stderr]   cargo:rerun-if-changed=cfltk/include/cfl_valuator.h
[INFO] [stderr]   cargo:rerun-if-changed=cfltk/include/cfl_browser.h
[INFO] [stderr]   cargo:rerun-if-changed=cfltk/include/cfl_misc.h
[INFO] [stderr]   cargo:rerun-if-changed=cfltk/include/cfl_text.h
[INFO] [stderr]   cargo:rerun-if-changed=cfltk/include/cfl_image.h
[INFO] [stderr]   cargo:rerun-if-changed=cfltk/include/cfl_draw.h
[INFO] [stderr]   cargo:rerun-if-changed=cfltk/include/cfl_table.h
[INFO] [stderr]   cargo:rerun-if-changed=cfltk/include/cfl_surface.h
[INFO] [stderr]   cargo:rerun-if-changed=cfltk/include/cfl_printer.h
[INFO] [stderr]   cargo:rerun-if-changed=cfltk/include/cfl_utils.h
[INFO] [stderr]   cargo:rerun-if-changed=cfltk/include/cfl_macros.h
[INFO] [stderr]   cargo:rerun-if-changed=cfltk/include/cfl_lock.h
[INFO] [stderr]   cargo:rerun-if-changed=cfltk/src/cfl_lock.cpp
[INFO] [stderr]   cargo:rerun-if-changed=cfltk/src/cfl_new.cpp
[INFO] [stderr]   cargo:rerun-if-changed=cfltk/src/cfl.cpp
[INFO] [stderr]   cargo:rerun-if-changed=cfltk/src/cfl_widget.cpp
[INFO] [stderr]   cargo:rerun-if-changed=cfltk/src/cfl_group.cpp
[INFO] [stderr]   cargo:rerun-if-changed=cfltk/src/cfl_window.cpp
[INFO] [stderr]   cargo:rerun-if-changed=cfltk/src/cfl_button.cpp
[INFO] [stderr]   cargo:rerun-if-changed=cfltk/src/cfl_box.cpp
[INFO] [stderr]   cargo:rerun-if-changed=cfltk/src/cfl_menu.cpp
[INFO] [stderr]   cargo:rerun-if-changed=cfltk/src/cfl_dialog.cpp
[INFO] [stderr]   cargo:rerun-if-changed=cfltk/src/cfl_valuator.cpp
[INFO] [stderr]   cargo:rerun-if-changed=cfltk/src/cfl_browser.cpp
[INFO] [stderr]   cargo:rerun-if-changed=cfltk/src/cfl_misc.cpp
[INFO] [stderr]   cargo:rerun-if-changed=cfltk/src/cfl_text.cpp
[INFO] [stderr]   cargo:rerun-if-changed=cfltk/src/cfl_image.cpp
[INFO] [stderr]   cargo:rerun-if-changed=cfltk/src/cfl_input.cpp
[INFO] [stderr]   cargo:rerun-if-changed=cfltk/src/cfl_draw.cpp
[INFO] [stderr]   cargo:rerun-if-changed=cfltk/src/cfl_table.cpp
[INFO] [stderr]   cargo:rerun-if-changed=cfltk/src/cfl_tree.cpp
[INFO] [stderr]   cargo:rerun-if-changed=cfltk/src/cfl_surface.cpp
[INFO] [stderr]   cargo:rerun-if-changed=cfltk/src/cfl_printer.cpp
[INFO] [stderr]   cargo:rerun-if-changed=cfltk/src/cfl_font.cpp
[INFO] [stderr]   cargo:rerun-if-changed=cfltk/src/cfl_utils.cpp
[INFO] [stderr]   cargo:rerun-if-changed=cfltk/src/cfl_nswindow.m
[INFO] [stderr]   cargo:rerun-if-changed=cfltk/FL_FLex/FL_Flex.H
[INFO] [stderr]   cargo:rerun-if-changed=cfltk/FL_FLex/FL_Flex.cpp
[INFO] [stderr]   cargo:rerun-if-changed=cfltk/src/cfl_vec.hpp
[INFO] [stderr]   CMAKE_TOOLCHAIN_FILE_x86_64-unknown-linux-gnu = None
[INFO] [stderr]   CMAKE_TOOLCHAIN_FILE_x86_64_unknown_linux_gnu = None
[INFO] [stderr]   HOST_CMAKE_TOOLCHAIN_FILE = None
[INFO] [stderr]   CMAKE_TOOLCHAIN_FILE = None
[INFO] [stderr]   CMAKE_PREFIX_PATH_x86_64-unknown-linux-gnu = None
[INFO] [stderr]   CMAKE_PREFIX_PATH_x86_64_unknown_linux_gnu = None
[INFO] [stderr]   HOST_CMAKE_PREFIX_PATH = None
[INFO] [stderr]   CMAKE_PREFIX_PATH = None
[INFO] [stderr]   CMAKE_x86_64-unknown-linux-gnu = None
[INFO] [stderr]   CMAKE_x86_64_unknown_linux_gnu = None
[INFO] [stderr]   HOST_CMAKE = None
[INFO] [stderr]   CMAKE = None
[INFO] [stderr]   running: cd "/opt/rustwide/target/debug/build/fltk-sys-a09c8b2b9f61d5d4/out/build" && CMAKE_PREFIX_PATH="" "cmake" "/opt/rustwide/cargo-home/registry/src/index.crates.io-6f17d22bba15001f/fltk-sys-1.2.20/cfltk" "-G" "Ninja" "-DOPTION_USE_SYSTEM_LIBPNG=OFF" "-DOPTION_USE_SYSTEM_LIBJPEG=OFF" "-DOPTION_USE_SYSTEM_ZLIB=OFF" "-DCFLTK_LINK_IMAGES=ON" "-DOpenGL_GL_PREFERENCE=GLVND" "-DOPTION_USE_GL=OFF" "-DCFLTK_USE_OPENGL=OFF" "-DOPTION_USE_PANGO=ON" "-DCFLTK_SINGLE_THREADED=OFF" "-DCMAKE_EXPORT_COMPILE_COMMANDS=ON" "-DCFLTK_CARGO_BUILD=ON" "-DFLTK_BUILD_EXAMPLES=OFF" "-DFLTK_BUILD_TEST=OFF" "-DOPTION_LARGE_FILE=ON" "-DOPTION_USE_THREADS=ON" "-DOPTION_BUILD_HTML_DOCUMENTATION=OFF" "-DOPTION_BUILD_PDF_DOCUMENTATION=OFF" "-DCMAKE_INSTALL_PREFIX=/opt/rustwide/target/debug/build/fltk-sys-a09c8b2b9f61d5d4/out" "-DCMAKE_C_FLAGS= -ffunction-sections -fdata-sections -fPIC -m64" "-DCMAKE_C_COMPILER=/usr/bin/cc" "-DCMAKE_CXX_FLAGS= -ffunction-sections -fdata-sections -fPIC -m64" "-DCMAKE_CXX_COMPILER=/usr/bin/c++" "-DCMAKE_ASM_FLAGS= -ffunction-sections -fdata-sections -fPIC -m64" "-DCMAKE_ASM_COMPILER=/usr/bin/cc" "-DCMAKE_BUILD_TYPE=Release"
[INFO] [stderr]   -- The C compiler identification is GNU 11.4.0
[INFO] [stderr]   -- The CXX compiler identification is GNU 11.4.0
[INFO] [stderr]   -- Detecting C compiler ABI info
[INFO] [stderr]   -- Detecting C compiler ABI info - done
[INFO] [stderr]   -- Check for working C compiler: /usr/bin/cc - skipped
[INFO] [stderr]   -- Detecting C compile features
[INFO] [stderr]   -- Detecting C compile features - done
[INFO] [stderr]   -- Detecting CXX compiler ABI info
[INFO] [stderr]   -- Detecting CXX compiler ABI info - done
[INFO] [stderr]   -- Check for working CXX compiler: /usr/bin/c++ - skipped
[INFO] [stderr]   -- Detecting CXX compile features
[INFO] [stderr]   -- Detecting CXX compile features - done
[INFO] [stderr]   -- Looking for sys/types.h
[INFO] [stderr]   -- Looking for sys/types.h - found
[INFO] [stderr]   -- Looking for stdint.h
[INFO] [stderr]   -- Looking for stdint.h - found
[INFO] [stderr]   -- Looking for stddef.h
[INFO] [stderr]   -- Looking for stddef.h - found
[INFO] [stderr]   -- Check size of short
[INFO] [stderr]   -- Check size of short - done
[INFO] [stderr]   -- Check size of int
[INFO] [stderr]   -- Check size of int - done
[INFO] [stderr]   -- Check size of long
[INFO] [stderr]   -- Check size of long - done
[INFO] [stderr]   -- Check size of long long
[INFO] [stderr]   -- Check size of long long - done
[INFO] [stderr]   -- Found PkgConfig: /usr/bin/pkg-config (found version "0.29.2") 
[INFO] [stderr]   -- Looking for POSIX compatible scandir
[INFO] [stderr]   -- POSIX compatible scandir - found
[INFO] [stderr]   -- Could NOT find Doxygen (missing: DOXYGEN_EXECUTABLE) 
[INFO] [stderr]   -- Found X11: /usr/include   
[INFO] [stderr]   -- Looking for XOpenDisplay in /usr/lib/x86_64-linux-gnu/libX11.so;/usr/lib/x86_64-linux-gnu/libXext.so
[INFO] [stderr]   -- Looking for XOpenDisplay in /usr/lib/x86_64-linux-gnu/libX11.so;/usr/lib/x86_64-linux-gnu/libXext.so - found
[INFO] [stderr]   -- Looking for gethostbyname
[INFO] [stderr]   -- Looking for gethostbyname - found
[INFO] [stderr]   -- Looking for connect
[INFO] [stderr]   -- Looking for connect - found
[INFO] [stderr]   -- Looking for remove
[INFO] [stderr]   -- Looking for remove - found
[INFO] [stderr]   -- Looking for shmat
[INFO] [stderr]   -- Looking for shmat - found
[INFO] [stderr]   -- Looking for IceConnectionNumber in ICE
[INFO] [stderr]   -- Looking for IceConnectionNumber in ICE - found
[INFO] [stderr]   -- Looking for pthread.h
[INFO] [stderr]   -- Looking for pthread.h - found
[INFO] [stderr]   -- Performing Test CMAKE_HAVE_LIBC_PTHREAD
[INFO] [stderr]   -- Performing Test CMAKE_HAVE_LIBC_PTHREAD - Success
[INFO] [stderr]   -- Found Threads: TRUE  
[INFO] [stderr]   -- Checking for module 'pangoxft'
[INFO] [stderr]   --   Found pangoxft, version 1.50.6
[INFO] [stderr]   -- Checking for module 'pangocairo'
[INFO] [stderr]   --   Found pangocairo, version 1.50.6
[INFO] [stderr]   -- Checking for module 'cairo'
[INFO] [stderr]   --   Found cairo, version 1.16.0
[INFO] [stderr]   -- Configuration Summary for FLTK 1.4.0 generated by CMake 3.22.1 --
[INFO] [stderr] 
[INFO] [stderr]   -- The following OPTIONAL packages have not been found:
[INFO] [stderr] 
[INFO] [stderr]    * Doxygen
[INFO] [stderr] 
[INFO] [stderr]   -- Static libraries will be built in /opt/rustwide/target/debug/build/fltk-sys-a09c8b2b9f61d5d4/out/build/fltk/lib
[INFO] [stderr]   -- Shared libraries will not be built (set OPTION_BUILD_SHARED_LIBS=ON to build)
[INFO] [stderr]   -- Example programs will not be built (set FLTK_BUILD_EXAMPLES=ON to build)
[INFO] [stderr]   -- End of Configuration Summary --
[INFO] [stderr] 
[INFO] [stderr]   -- Configuring done
[INFO] [stderr]   -- Generating done
[INFO] [stderr]   -- Build files have been written to: /opt/rustwide/target/debug/build/fltk-sys-a09c8b2b9f61d5d4/out/build
[INFO] [stderr]   running: cd "/opt/rustwide/target/debug/build/fltk-sys-a09c8b2b9f61d5d4/out/build" && "cmake" "--build" "." "--target" "install" "--config" "Release" "--parallel" "8"
[INFO] [stderr]   [1/333] Building CXX object CMakeFiles/cfltk.dir/src/cfl_new.cpp.o
[INFO] [stderr]   [2/333] Building CXX object CMakeFiles/cfltk.dir/src/cfl_lock.cpp.o
[INFO] [stderr]   [3/333] Building CXX object CMakeFiles/cfltk.dir/src/cfl.cpp.o
[INFO] [stderr]   [4/333] Building CXX object CMakeFiles/cfltk.dir/src/cfl_widget.cpp.o
[INFO] [stderr]   [5/333] Building CXX object CMakeFiles/cfltk.dir/src/cfl_box.cpp.o
[INFO] [stderr]   [6/333] Building CXX object CMakeFiles/cfltk.dir/src/cfl_dialog.cpp.o
[INFO] [stderr]   [7/333] Building CXX object CMakeFiles/cfltk.dir/src/cfl_text.cpp.o
[INFO] [stderr]   [8/333] Building CXX object CMakeFiles/cfltk.dir/src/cfl_menu.cpp.o
[INFO] [stderr]   [9/333] Building CXX object CMakeFiles/cfltk.dir/src/cfl_window.cpp.o
[INFO] [stderr]   [10/333] Building CXX object CMakeFiles/cfltk.dir/src/cfl_image.cpp.o
[INFO] [stderr]   [11/333] Building CXX object CMakeFiles/cfltk.dir/src/cfl_draw.cpp.o
[INFO] [stderr]   [12/333] Building CXX object CMakeFiles/cfltk.dir/src/cfl_button.cpp.o
[INFO] [stderr]   [13/333] Building CXX object CMakeFiles/cfltk.dir/src/cfl_input.cpp.o
[INFO] [stderr]   [14/333] Building CXX object CMakeFiles/cfltk.dir/src/cfl_group.cpp.o
[INFO] [stderr]   [15/333] Building CXX object CMakeFiles/cfltk.dir/src/cfl_surface.cpp.o
[INFO] [stderr]   [16/333] Building CXX object CMakeFiles/cfltk.dir/src/cfl_utils.cpp.o
[INFO] [stderr]   [17/333] Building CXX object CMakeFiles/cfltk.dir/FL_FLex/FL_Flex.cpp.o
[INFO] [stderr]   [18/333] Building C object fltk/zlib/CMakeFiles/fltk_z.dir/adler32.c.o
[INFO] [stderr]   [19/333] Building CXX object CMakeFiles/cfltk.dir/src/cfl_misc.cpp.o
[INFO] [stderr]   [20/333] Building CXX object CMakeFiles/cfltk.dir/src/cfl_printer.cpp.o
[INFO] [stderr]   [21/333] Building C object fltk/zlib/CMakeFiles/fltk_z.dir/compress.c.o
[INFO] [stderr]   [22/333] Building CXX object CMakeFiles/cfltk.dir/src/cfl_table.cpp.o
[INFO] [stderr]   [23/333] Building C object fltk/zlib/CMakeFiles/fltk_z.dir/gzclose.c.o
[INFO] [stderr]   [24/333] Building CXX object CMakeFiles/cfltk.dir/src/cfl_tree.cpp.o
[INFO] [stderr]   [25/333] Building C object fltk/zlib/CMakeFiles/fltk_z.dir/crc32.c.o
[INFO] [stderr]   [26/333] Building C object fltk/zlib/CMakeFiles/fltk_z.dir/gzlib.c.o
[INFO] [stderr]   [27/333] Building CXX object CMakeFiles/cfltk.dir/src/cfl_browser.cpp.o
[INFO] [stderr]   [28/333] Building C object fltk/zlib/CMakeFiles/fltk_z.dir/gzread.c.o
[INFO] [stderr]   [29/333] Building C object fltk/zlib/CMakeFiles/fltk_z.dir/inftrees.c.o
[INFO] [stderr]   [30/333] Building C object fltk/zlib/CMakeFiles/fltk_z.dir/gzwrite.c.o
[INFO] [stderr]   [31/333] Building C object fltk/zlib/CMakeFiles/fltk_z.dir/uncompr.c.o
[INFO] [stderr]   [32/333] Building C object fltk/zlib/CMakeFiles/fltk_z.dir/infback.c.o
[INFO] [stderr]   [33/333] Building C object fltk/zlib/CMakeFiles/fltk_z.dir/zutil.c.o
[INFO] [stderr]   [34/333] Building C object fltk/jpeg/CMakeFiles/fltk_jpeg.dir/jmemnobs.c.o
[INFO] [stderr]   [35/333] Building C object fltk/jpeg/CMakeFiles/fltk_jpeg.dir/jaricom.c.o
[INFO] [stderr]   [36/333] Building C object fltk/zlib/CMakeFiles/fltk_z.dir/inffast.c.o
[INFO] [stderr]   [37/333] Building C object fltk/jpeg/CMakeFiles/fltk_jpeg.dir/jutils.c.o
[INFO] [stderr]   [38/333] Building C object fltk/zlib/CMakeFiles/fltk_z.dir/deflate.c.o
[INFO] [stderr]   [39/333] Building C object fltk/jpeg/CMakeFiles/fltk_jpeg.dir/jcomapi.c.o
[INFO] [stderr]   [40/333] Building C object fltk/jpeg/CMakeFiles/fltk_jpeg.dir/jerror.c.o
[INFO] [stderr]   [41/333] Building C object fltk/zlib/CMakeFiles/fltk_z.dir/inflate.c.o
[INFO] [stderr]   [42/333] Building C object fltk/jpeg/CMakeFiles/fltk_jpeg.dir/jcapistd.c.o
[INFO] [stderr]   [43/333] Building C object fltk/jpeg/CMakeFiles/fltk_jpeg.dir/jcapimin.c.o
[INFO] [stderr]   [44/333] Building C object fltk/zlib/CMakeFiles/fltk_z.dir/trees.c.o
[INFO] [stderr]   [45/333] Building C object fltk/jpeg/CMakeFiles/fltk_jpeg.dir/jmemmgr.c.o
[INFO] [stderr]   [46/333] Building C object fltk/jpeg/CMakeFiles/fltk_jpeg.dir/jctrans.c.o
[INFO] [stderr]   [47/333] Building C object fltk/jpeg/CMakeFiles/fltk_jpeg.dir/jdatadst.c.o
[INFO] [stderr]   [48/333] Linking C static library fltk/lib/libfltk_z.a
[INFO] [stderr]   [49/333] Building C object fltk/jpeg/CMakeFiles/fltk_jpeg.dir/jcinit.c.o
[INFO] [stderr]   [50/333] Building C object fltk/jpeg/CMakeFiles/fltk_jpeg.dir/jcparam.c.o
[INFO] [stderr]   [51/333] Building C object fltk/jpeg/CMakeFiles/fltk_jpeg.dir/jcmaster.c.o
[INFO] [stderr]   [52/333] Building C object fltk/jpeg/CMakeFiles/fltk_jpeg.dir/jcmainct.c.o
[INFO] [stderr]   [53/333] Building C object fltk/jpeg/CMakeFiles/fltk_jpeg.dir/jcarith.c.o
[INFO] [stderr]   [54/333] Building C object fltk/jpeg/CMakeFiles/fltk_jpeg.dir/jcprepct.c.o
[INFO] [stderr]   [55/333] Building C object fltk/jpeg/CMakeFiles/fltk_jpeg.dir/jccoefct.c.o
[INFO] [stderr]   [56/333] Building C object fltk/jpeg/CMakeFiles/fltk_jpeg.dir/jfdctfst.c.o
[INFO] [stderr]   [57/333] Building C object fltk/jpeg/CMakeFiles/fltk_jpeg.dir/jccolor.c.o
[INFO] [stderr]   [58/333] Building C object fltk/jpeg/CMakeFiles/fltk_jpeg.dir/jcdctmgr.c.o
[INFO] [stderr]   [59/333] Building C object fltk/jpeg/CMakeFiles/fltk_jpeg.dir/jcmarker.c.o
[INFO] [stderr]   [60/333] Building C object fltk/jpeg/CMakeFiles/fltk_jpeg.dir/jfdctflt.c.o
[INFO] [stderr]   [61/333] Building C object fltk/jpeg/CMakeFiles/fltk_jpeg.dir/jdapimin.c.o
[INFO] [stderr]   [62/333] Building C object fltk/jpeg/CMakeFiles/fltk_jpeg.dir/jcsample.c.o
[INFO] [stderr]   [63/333] Building C object fltk/jpeg/CMakeFiles/fltk_jpeg.dir/jdtrans.c.o
[INFO] [stderr]   [64/333] Building C object fltk/jpeg/CMakeFiles/fltk_jpeg.dir/jdapistd.c.o
[INFO] [stderr]   [65/333] Building C object fltk/jpeg/CMakeFiles/fltk_jpeg.dir/jdatasrc.c.o
[INFO] [stderr]   [66/333] Building C object fltk/jpeg/CMakeFiles/fltk_jpeg.dir/jdarith.c.o
[INFO] [stderr]   [67/333] Building C object fltk/jpeg/CMakeFiles/fltk_jpeg.dir/jdmaster.c.o
[INFO] [stderr]   [68/333] Building C object fltk/jpeg/CMakeFiles/fltk_jpeg.dir/jchuff.c.o
[INFO] [stderr]   [69/333] Building C object fltk/jpeg/CMakeFiles/fltk_jpeg.dir/jdinput.c.o
[INFO] [stderr]   [70/333] Building C object fltk/jpeg/CMakeFiles/fltk_jpeg.dir/jdmainct.c.o
[INFO] [stderr]   [71/333] Building C object fltk/jpeg/CMakeFiles/fltk_jpeg.dir/jdpostct.c.o
[INFO] [stderr]   [72/333] Building CXX object CMakeFiles/cfltk.dir/src/cfl_valuator.cpp.o
[INFO] [stderr]   [73/333] Building C object fltk/jpeg/CMakeFiles/fltk_jpeg.dir/jidctfst.c.o
[INFO] [stderr]   [74/333] Building C object fltk/jpeg/CMakeFiles/fltk_jpeg.dir/jdmarker.c.o
[INFO] [stderr]   [75/333] Building C object fltk/jpeg/CMakeFiles/fltk_jpeg.dir/jdhuff.c.o
[INFO] [stderr]   [76/333] Building C object fltk/jpeg/CMakeFiles/fltk_jpeg.dir/jdcoefct.c.o
[INFO] [stderr]   [77/333] Building C object fltk/jpeg/CMakeFiles/fltk_jpeg.dir/jidctflt.c.o
[INFO] [stderr]   [78/333] Building C object fltk/jpeg/CMakeFiles/fltk_jpeg.dir/jddctmgr.c.o
[INFO] [stderr]   [79/333] Building CXX object CMakeFiles/cfltk.dir/src/cfl_font.cpp.o
[INFO] [stderr]   [80/333] Building C object fltk/jpeg/CMakeFiles/fltk_jpeg.dir/jdsample.c.o
[INFO] [stderr]   [81/333] Building C object fltk/jpeg/CMakeFiles/fltk_jpeg.dir/jdmerge.c.o
[INFO] [stderr]   [82/333] Building C object fltk/jpeg/CMakeFiles/fltk_jpeg.dir/jdcolor.c.o
[INFO] [stderr]   [83/333] Building C object fltk/jpeg/CMakeFiles/fltk_jpeg.dir/jquant1.c.o
[INFO] [stderr]   [84/333] Building CXX object fltk/src/CMakeFiles/fltk.dir/Fl_Window_fullscreen.cxx.o
[INFO] [stderr]   [85/333] Linking CXX static library libcfltk.a
[INFO] [stderr]   [86/333] Building C object fltk/jpeg/CMakeFiles/fltk_jpeg.dir/jquant2.c.o
[INFO] [stderr]   [87/333] Building C object fltk/png/CMakeFiles/fltk_png.dir/pngerror.c.o
[INFO] [stderr]   [88/333] Building C object fltk/png/CMakeFiles/fltk_png.dir/pngmem.c.o
[INFO] [stderr]   [89/333] Building C object fltk/png/CMakeFiles/fltk_png.dir/pngpread.c.o
[INFO] [stderr]   [90/333] Building C object fltk/png/CMakeFiles/fltk_png.dir/pngget.c.o
[INFO] [stderr]   [91/333] Building C object fltk/png/CMakeFiles/fltk_png.dir/pngrio.c.o
[INFO] [stderr]   [92/333] Building C object fltk/jpeg/CMakeFiles/fltk_jpeg.dir/jfdctint.c.o
[INFO] [stderr]   [93/333] Building C object fltk/png/CMakeFiles/fltk_png.dir/pngwio.c.o
[INFO] [stderr]   [94/333] Building C object fltk/png/CMakeFiles/fltk_png.dir/pngset.c.o
[INFO] [stderr]   [95/333] Building C object fltk/png/CMakeFiles/fltk_png.dir/pngtrans.c.o
[INFO] [stderr]   [96/333] Building C object fltk/png/CMakeFiles/fltk_png.dir/png.c.o
[INFO] [stderr]   [97/333] Building C object fltk/png/CMakeFiles/fltk_png.dir/pngwtran.c.o
[INFO] [stderr]   [98/333] Building CXX object fltk/src/CMakeFiles/fltk.dir/fl_overlay.cxx.o
[INFO] [stderr]   [99/333] Building C object fltk/png/CMakeFiles/fltk_png.dir/arm/filter_neon_intrinsics.c.o
[INFO] [stderr]   [100/333] Building C object fltk/png/CMakeFiles/fltk_png.dir/arm/arm_init.c.o
[INFO] [stderr]   [101/333] Building C object fltk/png/CMakeFiles/fltk_png.dir/arm/palette_neon_intrinsics.c.o
[INFO] [stderr]   [102/333] Building C object fltk/png/CMakeFiles/fltk_png.dir/pngwrite.c.o
[INFO] [stderr]   [103/333] Building C object fltk/png/CMakeFiles/fltk_png.dir/pngrtran.c.o
[INFO] [stderr]   [104/333] Building CXX object fltk/src/CMakeFiles/fltk.dir/Fl_Adjuster.cxx.o
[INFO] [stderr]   [105/333] Building C object fltk/png/CMakeFiles/fltk_png.dir/pngread.c.o
[INFO] [stderr]   [106/333] Building C object fltk/png/CMakeFiles/fltk_png.dir/pngrutil.c.o
[INFO] [stderr]   [107/333] Building CXX object fltk/src/CMakeFiles/fltk.dir/Fl_Browser_load.cxx.o
[INFO] [stderr]   [108/333] Building CXX object fltk/src/CMakeFiles/fltk.dir/Fl_Bitmap.cxx.o
[INFO] [stderr]   [109/333] Building C object fltk/jpeg/CMakeFiles/fltk_jpeg.dir/jidctint.c.o
[INFO] [stderr]   [110/333] Building CXX object fltk/src/CMakeFiles/fltk.dir/Fl_Box.cxx.o
[INFO] [stderr]   [111/333] Linking C static library fltk/lib/libfltk_jpeg.a
[INFO] [stderr]   [112/333] Building CXX object fltk/src/CMakeFiles/fltk.dir/Fl_Browser_.cxx.o
[INFO] [stderr]   [113/333] Building CXX object fltk/src/CMakeFiles/fltk.dir/Fl_Check_Button.cxx.o
[INFO] [stderr]   [114/333] Building CXX object fltk/src/CMakeFiles/fltk.dir/Fl.cxx.o
[INFO] [stderr]   [115/333] Building C object fltk/png/CMakeFiles/fltk_png.dir/pngwutil.c.o
[INFO] [stderr]   [116/333] Building CXX object fltk/src/CMakeFiles/fltk.dir/Fl_Browser.cxx.o
[INFO] [stderr]   [117/333] Building CXX object fltk/src/CMakeFiles/fltk.dir/Fl_Button.cxx.o
[INFO] [stderr]   [118/333] Building CXX object fltk/src/CMakeFiles/fltk.dir/Fl_Check_Browser.cxx.o
[INFO] [stderr]   [119/333] Building CXX object fltk/src/CMakeFiles/fltk.dir/Fl_Chart.cxx.o
[INFO] [stderr]   [120/333] Linking C static library fltk/lib/libfltk_png.a
[INFO] [stderr]   [121/333] Building CXX object fltk/src/CMakeFiles/fltk.dir/Fl_Choice.cxx.o
[INFO] [stderr]   [122/333] Building CXX object fltk/src/CMakeFiles/fltk.dir/Fl_Device.cxx.o
[INFO] [stderr]   [123/333] Building CXX object fltk/src/CMakeFiles/fltk.dir/Fl_Copy_Surface.cxx.o
[INFO] [stderr]   [124/333] Building CXX object fltk/src/CMakeFiles/fltk.dir/Fl_Help_Dialog_Dox.cxx.o
[INFO] [stderr]   [125/333] Building CXX object fltk/src/CMakeFiles/fltk.dir/Fl_Counter.cxx.o
[INFO] [stderr]   [126/333] Building CXX object fltk/src/CMakeFiles/fltk.dir/Fl_Clock.cxx.o
[INFO] [stderr]   [127/333] Building CXX object fltk/src/CMakeFiles/fltk.dir/Fl_Dial.cxx.o
[INFO] [stderr]   [128/333] Building CXX object fltk/src/CMakeFiles/fltk.dir/Fl_Double_Window.cxx.o
[INFO] [stderr]   [129/333] Building CXX object fltk/src/CMakeFiles/fltk.dir/Fl_File_Browser.cxx.o
[INFO] [stderr]   [130/333] Building CXX object fltk/src/CMakeFiles/fltk.dir/Fl_File_Chooser.cxx.o
[INFO] [stderr]   [131/333] Building CXX object fltk/src/CMakeFiles/fltk.dir/Fl_File_Icon.cxx.o
[INFO] [stderr]   [132/333] Building CXX object fltk/src/CMakeFiles/fltk.dir/Fl_Color_Chooser.cxx.o
[INFO] [stderr]   [133/333] Building CXX object fltk/src/CMakeFiles/fltk.dir/Fl_File_Input.cxx.o
[INFO] [stderr]   [134/333] Building CXX object fltk/src/CMakeFiles/fltk.dir/Fl_Image_Surface.cxx.o
[INFO] [stderr]   [135/333] Building CXX object fltk/src/CMakeFiles/fltk.dir/Fl_Image.cxx.o
[INFO] [stderr]   [136/333] Building CXX object fltk/src/CMakeFiles/fltk.dir/Fl_File_Chooser2.cxx.o
[INFO] [stderr]   [137/333] Building CXX object fltk/src/CMakeFiles/fltk.dir/Fl_Group.cxx.o
[INFO] [stderr]   [138/333] Building CXX object fltk/src/CMakeFiles/fltk.dir/Fl_Light_Button.cxx.o
[INFO] [stderr]   [139/333] Building CXX object fltk/src/CMakeFiles/fltk.dir/Fl_Input.cxx.o
[INFO] [stderr]   [140/333] Building CXX object fltk/src/CMakeFiles/fltk.dir/Fl_Input_Choice.cxx.o
[INFO] [stderr]   [141/333] Building CXX object fltk/src/CMakeFiles/fltk.dir/Fl_Menu_Bar.cxx.o
[INFO] [stderr]   [142/333] Building CXX object fltk/src/CMakeFiles/fltk.dir/Fl_Menu_Button.cxx.o
[INFO] [stderr]   [143/333] Building CXX object fltk/src/CMakeFiles/fltk.dir/Fl_Graphics_Driver.cxx.o
[INFO] [stderr]   [144/333] Building CXX object fltk/src/CMakeFiles/fltk.dir/Fl_Menu_Window.cxx.o
[INFO] [stderr]   [145/333] Building CXX object fltk/src/CMakeFiles/fltk.dir/Fl_Menu_global.cxx.o
[INFO] [stderr]   [146/333] Building CXX object fltk/src/CMakeFiles/fltk.dir/Fl_Menu_.cxx.o
[INFO] [stderr]   [147/333] Building CXX object fltk/src/CMakeFiles/fltk.dir/Fl_Multi_Label.cxx.o
[INFO] [stderr]   [148/333] Building CXX object fltk/src/CMakeFiles/fltk.dir/Fl_Menu_add.cxx.o
[INFO] [stderr]   [149/333] Building CXX object fltk/src/CMakeFiles/fltk.dir/Fl_Input_.cxx.o
[INFO] [stderr]   [150/333] Building CXX object fltk/src/CMakeFiles/fltk.dir/Fl_Native_File_Chooser.cxx.o
[INFO] [stderr]   [151/333] Building CXX object fltk/src/CMakeFiles/fltk.dir/Fl_Overlay_Window.cxx.o
[INFO] [stderr]   [152/333] Building CXX object fltk/src/CMakeFiles/fltk.dir/Fl_Pack.cxx.o
[INFO] [stderr]   [153/333] Building CXX object fltk/src/CMakeFiles/fltk.dir/Fl_Positioner.cxx.o
[INFO] [stderr]   [154/333] Building CXX object fltk/src/CMakeFiles/fltk.dir/Fl_Paged_Device.cxx.o
[INFO] [stderr]   [155/333] Building CXX object fltk/src/CMakeFiles/fltk.dir/Fl_Menu.cxx.o
[INFO] [stderr]   [156/333] Building CXX object fltk/src/CMakeFiles/fltk.dir/Fl_Printer.cxx.o
[INFO] [stderr]   [157/333] Building CXX object fltk/src/CMakeFiles/fltk.dir/Fl_Message.cxx.o
[INFO] [stderr]   [158/333] Building CXX object fltk/src/CMakeFiles/fltk.dir/Fl_Pixmap.cxx.o
[INFO] [stderr]   [159/333] Building CXX object fltk/src/CMakeFiles/fltk.dir/Fl_Progress.cxx.o
[INFO] [stderr]   [160/333] Building CXX object fltk/src/CMakeFiles/fltk.dir/Fl_Repeat_Button.cxx.o
[INFO] [stderr]   [161/333] Building CXX object fltk/src/CMakeFiles/fltk.dir/Fl_Return_Button.cxx.o
[INFO] [stderr]   [162/333] Building CXX object fltk/src/CMakeFiles/fltk.dir/Fl_Round_Button.cxx.o
[INFO] [stderr]   [163/333] Building CXX object fltk/src/CMakeFiles/fltk.dir/Fl_Roller.cxx.o
[INFO] [stderr]   [164/333] Building CXX object fltk/src/CMakeFiles/fltk.dir/Fl_Scroll.cxx.o
[INFO] [stderr]   [165/333] Building CXX object fltk/src/CMakeFiles/fltk.dir/Fl_Scrollbar.cxx.o
[INFO] [stderr]   [166/333] Building CXX object fltk/src/CMakeFiles/fltk.dir/Fl_Single_Window.cxx.o
[INFO] [stderr]   [167/333] Building CXX object fltk/src/CMakeFiles/fltk.dir/Fl_Preferences.cxx.o
[INFO] [stderr]   [168/333] Building CXX object fltk/src/CMakeFiles/fltk.dir/Fl_String_class.cxx.o
[INFO] [stderr]   [169/333] Building CXX object fltk/src/CMakeFiles/fltk.dir/Fl_Shared_Image.cxx.o
[INFO] [stderr]   [170/333] Building CXX object fltk/src/CMakeFiles/fltk.dir/Fl_Spinner.cxx.o
[INFO] [stderr]   [171/333] Building CXX object fltk/src/CMakeFiles/fltk.dir/Fl_Simple_Terminal.cxx.o
[INFO] [stderr]   [172/333] Building CXX object fltk/src/CMakeFiles/fltk.dir/Fl_Help_View.cxx.o
[INFO] [stderr]   [173/333] Building CXX object fltk/src/CMakeFiles/fltk.dir/Fl_Screen_Driver.cxx.o
[INFO] [stderr]   [174/333] Building CXX object fltk/src/CMakeFiles/fltk.dir/Fl_Table_Row.cxx.o
[INFO] [stderr]   [175/333] Building CXX object fltk/src/CMakeFiles/fltk.dir/Fl_Slider.cxx.o
[INFO] [stderr]   [176/333] Building CXX object fltk/src/CMakeFiles/fltk.dir/Fl_Sys_Menu_Bar.cxx.o
[INFO] [stderr]   [177/333] Building CXX object fltk/src/CMakeFiles/fltk.dir/Fl_System_Driver.cxx.o
[INFO] [stderr]   [178/333] Building CXX object fltk/src/CMakeFiles/fltk.dir/Fl_Tabs.cxx.o
[INFO] [stderr]   [179/333] Building CXX object fltk/src/CMakeFiles/fltk.dir/Fl_Tooltip.cxx.o
[INFO] [stderr]   [180/333] Building CXX object fltk/src/CMakeFiles/fltk.dir/Fl_Tiled_Image.cxx.o
[INFO] [stderr]   [181/333] Building CXX object fltk/src/CMakeFiles/fltk.dir/Fl_Tile.cxx.o
[INFO] [stderr]   [182/333] Building CXX object fltk/src/CMakeFiles/fltk.dir/Fl_Text_Editor.cxx.o
[INFO] [stderr]   [183/333] Building CXX object fltk/src/CMakeFiles/fltk.dir/Fl_Tree_Item_Array.cxx.o
[INFO] [stderr]   [184/333] Building CXX object fltk/src/CMakeFiles/fltk.dir/Fl_Text_Buffer.cxx.o
[INFO] [stderr]   [185/333] Building CXX object fltk/src/CMakeFiles/fltk.dir/Fl_Table.cxx.o
[INFO] [stderr]   [186/333] Building CXX object fltk/src/CMakeFiles/fltk.dir/Fl_Tree_Prefs.cxx.o
[INFO] [stderr]   [187/333] Building CXX object fltk/src/CMakeFiles/fltk.dir/Fl_Value_Input.cxx.o
[INFO] [stderr]   [188/333] Building CXX object fltk/src/CMakeFiles/fltk.dir/Fl_Valuator.cxx.o
[INFO] [stderr]   [189/333] Building CXX object fltk/src/CMakeFiles/fltk.dir/Fl_Value_Output.cxx.o
[INFO] [stderr]   [190/333] Building CXX object fltk/src/CMakeFiles/fltk.dir/Fl_Value_Slider.cxx.o
[INFO] [stderr]   [191/333] Building CXX object fltk/src/CMakeFiles/fltk.dir/Fl_Widget.cxx.o
[INFO] [stderr]   [192/333] Building CXX object fltk/src/CMakeFiles/fltk.dir/Fl_Widget_Surface.cxx.o
[INFO] [stderr]   [193/333] Building CXX object fltk/src/CMakeFiles/fltk.dir/Fl_Window_hotspot.cxx.o
[INFO] [stderr]   [194/333] Building CXX object fltk/src/CMakeFiles/fltk.dir/Fl_Window_Driver.cxx.o
[INFO] [stderr]   [195/333] Building CXX object fltk/src/CMakeFiles/fltk.dir/Fl_Tree_Item.cxx.o
[INFO] [stderr]   [196/333] Building CXX object fltk/src/CMakeFiles/fltk.dir/Fl_Window.cxx.o
[INFO] [stderr]   [197/333] Building CXX object fltk/src/CMakeFiles/fltk.dir/Fl_Window_iconize.cxx.o
[INFO] [stderr]   [198/333] Building CXX object fltk/src/CMakeFiles/fltk.dir/Fl_XBM_Image.cxx.o
[INFO] [stderr]   [199/333] Building CXX object fltk/src/CMakeFiles/fltk.dir/Fl_Wizard.cxx.o
[INFO] [stderr]   [200/333] Building CXX object fltk/src/CMakeFiles/fltk.dir/Fl_abort.cxx.o
[INFO] [stderr]   [201/333] Building CXX object fltk/src/CMakeFiles/fltk.dir/Fl_Text_Display.cxx.o
[INFO] [stderr]   /opt/rustwide/cargo-home/registry/src/index.crates.io-6f17d22bba15001f/fltk-sys-1.2.20/cfltk/fltk/src/Fl_Text_Display.cxx: In constructor 'Fl_Text_Display::Fl_Text_Display(int, int, int, int, const char*)':
[INFO] [stderr]   /opt/rustwide/cargo-home/registry/src/index.crates.io-6f17d22bba15001f/fltk-sys-1.2.20/cfltk/fltk/src/Fl_Text_Display.cxx:122:57: warning: 'void* __builtin_memset(void*, int, long unsigned int)' writing between 4 and 8589934584 bytes into a region of size 0 overflows the destination [-Wstringop-overflow=]
[INFO] [stderr]     122 |     for (int i=1; i<mNVisibleLines; i++) mLineStarts[i] = -1;
[INFO] [stderr]         |                                          ~~~~~~~~~~~~~~~^~~~
[INFO] [stderr]   /opt/rustwide/cargo-home/registry/src/index.crates.io-6f17d22bba15001f/fltk-sys-1.2.20/cfltk/fltk/src/Fl_Text_Display.cxx:120:39: note: at offset 4 into destination object of size 4 allocated by 'operator new []'
[INFO] [stderr]     120 |   mLineStarts = new int[mNVisibleLines];
[INFO] [stderr]         |                                       ^
[INFO] [stderr]   [202/333] Building CXX object fltk/src/CMakeFiles/fltk.dir/Fl_add_idle.cxx.o
[INFO] [stderr]   [203/333] Building CXX object fltk/src/CMakeFiles/fltk.dir/Fl_compose.cxx.o
[INFO] [stderr]   [204/333] Building CXX object fltk/src/CMakeFiles/fltk.dir/Fl_grab.cxx.o
[INFO] [stderr]   [205/333] Building CXX object fltk/src/CMakeFiles/fltk.dir/Fl_Tree.cxx.o
[INFO] [stderr]   [206/333] Building CXX object fltk/src/CMakeFiles/fltk.dir/Fl_arg.cxx.o
[INFO] [stderr]   [207/333] Building CXX object fltk/src/CMakeFiles/fltk.dir/Fl_XPM_Image.cxx.o
[INFO] [stderr]   [208/333] Building CXX object fltk/src/CMakeFiles/fltk.dir/Fl_lock.cxx.o
[INFO] [stderr]   [209/333] Building CXX object fltk/src/CMakeFiles/fltk.dir/Fl_visual.cxx.o
[INFO] [stderr]   [210/333] Building CXX object fltk/src/CMakeFiles/fltk.dir/Fl_own_colormap.cxx.o
[INFO] [stderr]   [211/333] Building CXX object fltk/src/CMakeFiles/fltk.dir/Fl_display.cxx.o
[INFO] [stderr]   [212/333] Building CXX object fltk/src/CMakeFiles/fltk.dir/filename_expand.cxx.o
[INFO] [stderr]   [213/333] Building CXX object fltk/src/CMakeFiles/fltk.dir/filename_isdir.cxx.o
[INFO] [stderr]   [214/333] Building CXX object fltk/src/CMakeFiles/fltk.dir/filename_setext.cxx.o
[INFO] [stderr]   [215/333] Building CXX object fltk/src/CMakeFiles/fltk.dir/filename_ext.cxx.o
[INFO] [stderr]   [216/333] Building CXX object fltk/src/CMakeFiles/fltk.dir/filename_match.cxx.o
[INFO] [stderr]   [217/333] Building CXX object fltk/src/CMakeFiles/fltk.dir/Fl_get_system_colors.cxx.o
[INFO] [stderr]   [218/333] Building CXX object fltk/src/CMakeFiles/fltk.dir/filename_list.cxx.o
[INFO] [stderr]   [219/333] Building CXX object fltk/src/CMakeFiles/fltk.dir/filename_absolute.cxx.o
[INFO] [stderr]   [220/333] Building CXX object fltk/src/CMakeFiles/fltk.dir/fl_arc.cxx.o
[INFO] [stderr]   [221/333] Building CXX object fltk/src/CMakeFiles/fltk.dir/fl_color.cxx.o
[INFO] [stderr]   [222/333] Building CXX object fltk/src/CMakeFiles/fltk.dir/fl_ask.cxx.o
[INFO] [stderr]   [223/333] Building CXX object fltk/src/CMakeFiles/fltk.dir/fl_diamond_box.cxx.o
[INFO] [stderr]   [224/333] Building CXX object fltk/src/CMakeFiles/fltk.dir/fl_cursor.cxx.o
[INFO] [stderr]   [225/333] Building CXX object fltk/src/CMakeFiles/fltk.dir/fl_encoding_latin1.cxx.o
[INFO] [stderr]   [226/333] Building CXX object fltk/src/CMakeFiles/fltk.dir/fl_boxtype.cxx.o
[INFO] [stderr]   [227/333] Building CXX object fltk/src/CMakeFiles/fltk.dir/fl_encoding_mac_roman.cxx.o
[INFO] [stderr]   [228/333] Building CXX object fltk/src/CMakeFiles/fltk.dir/fl_file_dir.cxx.o
[INFO] [stderr]   [229/333] Building CXX object fltk/src/CMakeFiles/fltk.dir/fl_draw_pixmap.cxx.o
[INFO] [stderr]   [230/333] Building CXX object fltk/src/CMakeFiles/fltk.dir/fl_engraved_label.cxx.o
[INFO] [stderr]   [231/333] Building CXX object fltk/src/CMakeFiles/fltk.dir/fl_curve.cxx.o
[INFO] [stderr]   [232/333] Building CXX object fltk/src/CMakeFiles/fltk.dir/fl_font.cxx.o
[INFO] [stderr]   [233/333] Building CXX object fltk/src/CMakeFiles/fltk.dir/fl_draw.cxx.o
[INFO] [stderr]   [234/333] Building CXX object fltk/src/CMakeFiles/fltk.dir/fl_gleam.cxx.o
[INFO] [stderr]   [235/333] Building CXX object fltk/src/CMakeFiles/fltk.dir/fl_open_uri.cxx.o
[INFO] [stderr]   [236/333] Building CXX object fltk/src/CMakeFiles/fltk.dir/fl_oval_box.cxx.o
[INFO] [stderr]   [237/333] Building CXX object fltk/src/CMakeFiles/fltk.dir/fl_labeltype.cxx.o
[INFO] [stderr]   [238/333] Building CXX object fltk/src/CMakeFiles/fltk.dir/fl_set_font.cxx.o
[INFO] [stderr]   [239/333] Building CXX object fltk/src/CMakeFiles/fltk.dir/fl_rounded_box.cxx.o
[INFO] [stderr]   [240/333] Building CXX object fltk/src/CMakeFiles/fltk.dir/fl_rect.cxx.o
[INFO] [stderr]   [241/333] Building CXX object fltk/src/CMakeFiles/fltk.dir/fl_gtk.cxx.o
[INFO] [stderr]   [242/333] Building CXX object fltk/src/CMakeFiles/fltk.dir/fl_read_image.cxx.o
[INFO] [stderr]   [243/333] Building CXX object fltk/src/CMakeFiles/fltk.dir/fl_round_box.cxx.o
[INFO] [stderr]   [244/333] Building CXX object fltk/src/CMakeFiles/fltk.dir/fl_shadow_box.cxx.o
[INFO] [stderr]   [245/333] Building CXX object fltk/src/CMakeFiles/fltk.dir/fl_string.cxx.o
[INFO] [stderr]   [246/333] Building CXX object fltk/src/CMakeFiles/fltk.dir/fl_show_colormap.cxx.o
[INFO] [stderr]   [247/333] Building CXX object fltk/src/CMakeFiles/fltk.dir/fl_shortcut.cxx.o
[INFO] [stderr]   [248/333] Building CXX object fltk/src/CMakeFiles/fltk.dir/fl_scroll_area.cxx.o
[INFO] [stderr]   [249/333] Building CXX object fltk/src/CMakeFiles/fltk.dir/print_button.cxx.o
[INFO] [stderr]   [250/333] Building CXX object fltk/src/CMakeFiles/fltk.dir/fl_plastic.cxx.o
[INFO] [stderr]   [251/333] Building CXX object fltk/src/CMakeFiles/fltk.dir/fl_vertex.cxx.o
[INFO] [stderr]   [252/333] Building CXX object fltk/src/CMakeFiles/fltk.dir/fl_utf8.cxx.o
[INFO] [stderr]   [253/333] Building CXX object fltk/src/CMakeFiles/fltk.dir/screen_xywh.cxx.o
[INFO] [stderr]   [254/333] Building CXX object fltk/src/CMakeFiles/fltk.dir/drivers/Posix/Fl_Posix_System_Driver.cxx.o
[INFO] [stderr]   [255/333] Building CXX object fltk/src/CMakeFiles/fltk.dir/fl_symbols.cxx.o
[INFO] [stderr]   [256/333] Building CXX object fltk/src/CMakeFiles/fltk.dir/drivers/Posix/Fl_Posix_Printer_Driver.cxx.o
[INFO] [stderr]   [257/333] Building CXX object fltk/src/CMakeFiles/fltk.dir/drivers/X11/Fl_X11_System_Driver.cxx.o
[INFO] [stderr]   [258/333] Building CXX object fltk/src/CMakeFiles/fltk.dir/drivers/Xlib/Fl_Xlib_Graphics_Driver_arci.cxx.o
[INFO] [stderr]   [259/333] Building CXX object fltk/src/CMakeFiles/fltk.dir/drivers/Xlib/Fl_Xlib_Graphics_Driver.cxx.o
[INFO] [stderr]   [260/333] Building CXX object fltk/src/CMakeFiles/fltk.dir/drivers/Xlib/Fl_Xlib_Graphics_Driver_color.cxx.o
[INFO] [stderr]   [261/333] Building CXX object fltk/src/CMakeFiles/fltk.dir/drivers/X11/Fl_X11_Window_Driver.cxx.o
[INFO] [stderr]   [262/333] Building CXX object fltk/src/CMakeFiles/fltk.dir/drivers/Xlib/Fl_Xlib_Graphics_Driver_line_style.cxx.o
[INFO] [stderr]   [263/333] Building CXX object fltk/src/CMakeFiles/fltk.dir/drivers/Xlib/Fl_Xlib_Graphics_Driver_rect.cxx.o
[INFO] [stderr]   [264/333] Building CXX object fltk/src/CMakeFiles/fltk.dir/drivers/X11/Fl_X11_Screen_Driver.cxx.o
[INFO] [stderr]   [265/333] Building CXX object fltk/src/CMakeFiles/fltk.dir/drivers/Xlib/Fl_Xlib_Graphics_Driver_vertex.cxx.o
[INFO] [stderr]   [266/333] Building CXX object fltk/src/CMakeFiles/fltk.dir/drivers/Xlib/Fl_Xlib_Image_Surface_Driver.cxx.o
[INFO] [stderr]   [267/333] Building CXX object fltk/src/CMakeFiles/fltk.dir/drivers/Xlib/Fl_Xlib_Copy_Surface_Driver.cxx.o
[INFO] [stderr]   [268/333] Building CXX object fltk/src/CMakeFiles/fltk.dir/fl_dnd_x.cxx.o
[INFO] [stderr]   [269/333] Building CXX object fltk/src/CMakeFiles/fltk.dir/Fl_Native_File_Chooser_FLTK.cxx.o
[INFO] [stderr]   [270/333] Building CXX object fltk/src/CMakeFiles/fltk.dir/Fl_get_key.cxx.o
[INFO] [stderr]   [271/333] Building C object fltk/src/CMakeFiles/fltk.dir/flstring.c.o
[INFO] [stderr]   [272/333] Building C object fltk/src/CMakeFiles/fltk.dir/vsnprintf.c.o
[INFO] [stderr]   [273/333] Building C object fltk/src/CMakeFiles/fltk.dir/numericsort.c.o
[INFO] [stderr]   [274/333] Building CXX object fltk/src/CMakeFiles/fltk.dir/Fl_Native_File_Chooser_Kdialog.cxx.o
[INFO] [stderr]   [275/333] Building C object fltk/src/CMakeFiles/fltk.dir/xutf8/is_right2left.c.o
[INFO] [stderr]   [276/333] Building C object fltk/src/CMakeFiles/fltk.dir/xutf8/is_spacing.c.o
[INFO] [stderr]   [277/333] Building CXX object fltk/src/CMakeFiles/fltk.dir/Fl_Native_File_Chooser_GTK.cxx.o
[INFO] [stderr]   [278/333] Building C object fltk/src/CMakeFiles/fltk.dir/xutf8/case.c.o
[INFO] [stderr]   [279/333] Building C object fltk/src/CMakeFiles/fltk.dir/scandir_posix.c.o
[INFO] [stderr]   [280/333] Building CXX object fltk/src/CMakeFiles/fltk.dir/drivers/Xlib/Fl_Xlib_Graphics_Driver_image.cxx.o
[INFO] [stderr]   [281/333] Building C object fltk/src/CMakeFiles/fltk.dir/xutf8/keysym2Ucs.c.o
[INFO] [stderr]   [282/333] Building CXX object fltk/src/CMakeFiles/fltk_images.dir/fl_images_core.cxx.o
[INFO] [stderr]   [283/333] Building CXX object fltk/src/CMakeFiles/fltk.dir/drivers/PostScript/Fl_PostScript_image.cxx.o
[INFO] [stderr]   [284/333] Building CXX object fltk/src/CMakeFiles/fltk_forms.dir/forms_pixmap.cxx.o
[INFO] [stderr]   [285/333] Building CXX object fltk/src/CMakeFiles/fltk_forms.dir/forms_fselect.cxx.o
[INFO] [stderr]   [286/333] Building CXX object fltk/src/CMakeFiles/fltk_forms.dir/forms_timer.cxx.o
[INFO] [stderr]   [287/333] Building CXX object fltk/src/CMakeFiles/fltk.dir/drivers/Cairo/Fl_Cairo_Graphics_Driver.cxx.o
[INFO] [stderr]   [288/333] Building CXX object fltk/src/CMakeFiles/fltk.dir/drivers/Xlib/Fl_Xlib_Graphics_Driver_font_xft.cxx.o
[INFO] [stderr]   [289/333] Building CXX object fltk/src/CMakeFiles/fltk_forms.dir/forms_free.cxx.o
[INFO] [stderr]   [290/333] Building CXX object fltk/src/CMakeFiles/fltk_forms.dir/forms_bitmap.cxx.o
[INFO] [stderr]   [291/333] Building CXX object fltk/src/CMakeFiles/fltk_images.dir/fl_write_png.cxx.o
[INFO] [stderr]   [292/333] Building CXX object fltk/src/CMakeFiles/fltk_forms.dir/forms_compatibility.cxx.o
[INFO] [stderr]   [293/333] Building CXX object fltk/src/CMakeFiles/fltk.dir/drivers/PostScript/Fl_PostScript.cxx.o
[INFO] [stderr]   [294/333] Building CXX object fltk/src/CMakeFiles/fltk_images.dir/Fl_Help_Dialog.cxx.o
[INFO] [stderr]   [295/333] Building CXX object fltk/src/CMakeFiles/fltk_images.dir/Fl_BMP_Image.cxx.o
[INFO] [stderr]   [296/333] Building CXX object fltk/src/CMakeFiles/fltk_images.dir/Fl_JPEG_Image.cxx.o
[INFO] [stderr]   [297/333] Building CXX object fltk/src/CMakeFiles/fltk_images.dir/Fl_PNG_Image.cxx.o
[INFO] [stderr]   [298/333] Building CXX object fltk/src/CMakeFiles/fltk.dir/Fl_x.cxx.o
[INFO] [stderr]   [299/333] Building CXX object fltk/src/CMakeFiles/fltk_images.dir/Fl_GIF_Image.cxx.o
[INFO] [stderr]   [300/333] Building CXX object fltk/src/CMakeFiles/fltk_images.dir/Fl_Image_Reader.cxx.o
[INFO] [stderr]   [301/333] Building CXX object fltk/src/CMakeFiles/fltk_images.dir/Fl_PNM_Image.cxx.o
[INFO] [stderr]   [302/333] Building CXX object fltk/src/CMakeFiles/fltk_images.dir/Fl_File_Icon2.cxx.o
[INFO] [stderr]   [303/333] Building CXX object fltk/fluid/CMakeFiles/fluid.dir/StyleParse.cxx.o
[INFO] [stderr]   [304/333] Building CXX object fltk/fluid/CMakeFiles/fluid.dir/CodeEditor.cxx.o
[INFO] [stderr]   [305/333] Linking CXX static library fltk/lib/libfltk.a
[INFO] [stderr]   [306/333] Linking CXX static library fltk/lib/libfltk_forms.a
[INFO] [stderr]   [307/333] Building CXX object fltk/fluid/CMakeFiles/fluid.dir/Fl_Group_Type.cxx.o
[INFO] [stderr]   [308/333] Building CXX object fltk/fluid/CMakeFiles/fluid.dir/Fl_Type.cxx.o
[INFO] [stderr]   [309/333] Building CXX object fltk/src/CMakeFiles/fltk_images.dir/drivers/SVG/Fl_SVG_File_Surface.cxx.o
[INFO] [stderr]   [310/333] Building CXX object fltk/fluid/CMakeFiles/fluid.dir/about_panel.cxx.o
[INFO] [stderr]   [311/333] Building CXX object fltk/fluid/CMakeFiles/fluid.dir/Fluid_Image.cxx.o
[INFO] [stderr]   [312/333] Building CXX object fltk/fluid/CMakeFiles/fluid.dir/Fl_Menu_Type.cxx.o
[INFO] [stderr]   [313/333] Building CXX object fltk/fluid/CMakeFiles/fluid.dir/align_widget.cxx.o
[INFO] [stderr]   [314/333] Building CXX object fltk/fluid/CMakeFiles/fluid.dir/Fl_Function_Type.cxx.o
[INFO] [stderr]   [315/333] Building CXX object fltk/fluid/CMakeFiles/fluid.dir/alignment_panel.cxx.o
[INFO] [stderr]   [316/333] Building CXX object fltk/fluid/CMakeFiles/fluid.dir/code.cxx.o
[INFO] [stderr]   [317/333] Building CXX object fltk/fluid/CMakeFiles/fluid.dir/file.cxx.o
[INFO] [stderr]   [318/333] Building CXX object fltk/fluid/CMakeFiles/fluid.dir/pixmaps.cxx.o
[INFO] [stderr]   [319/333] Building CXX object fltk/fluid/CMakeFiles/fluid.dir/Fl_Window_Type.cxx.o
[INFO] [stderr]   [320/333] Building CXX object fltk/fluid/CMakeFiles/fluid.dir/function_panel.cxx.o
[INFO] [stderr]   [321/333] Building CXX object fltk/fluid/CMakeFiles/fluid.dir/factory.cxx.o
[INFO] [stderr]   [322/333] Building CXX object fltk/fluid/CMakeFiles/fluid.dir/fluid.cxx.o
[INFO] [stderr]   [323/333] Building CXX object fltk/fluid/CMakeFiles/fluid.dir/shell_command.cxx.o
[INFO] [stderr]   [324/333] Building CXX object fltk/fluid/CMakeFiles/fluid.dir/template_panel.cxx.o
[INFO] [stderr]   [325/333] Building CXX object fltk/fluid/CMakeFiles/fluid.dir/undo.cxx.o
[INFO] [stderr]   [326/333] Building CXX object fltk/fluid/CMakeFiles/fluid.dir/widget_panel.cxx.o
[INFO] [stderr]   [327/333] Building CXX object fltk/fluid/CMakeFiles/fluid.dir/widget_browser.cxx.o
[INFO] [stderr]   [328/333] Building CXX object fltk/fluid/CMakeFiles/fluid.dir/ExternalCodeEditor_UNIX.cxx.o
[INFO] [stderr]   [329/333] Building CXX object fltk/fluid/CMakeFiles/fluid.dir/Fl_Widget_Type.cxx.o
[INFO] [stderr]   [330/333] Building CXX object fltk/src/CMakeFiles/fltk_images.dir/Fl_SVG_Image.cxx.o
[INFO] [stderr]   [331/333] Linking CXX static library fltk/lib/libfltk_images.a
[INFO] [stderr]   [332/333] Linking CXX executable fltk/bin/fluid
[INFO] [stderr]   FAILED: fltk/bin/fluid 
[INFO] [stderr]   : && /usr/bin/c++ -ffunction-sections -fdata-sections -fPIC -m64 -fno-rtti -fno-exceptions -O3 -DNDEBUG -pthread   -rdynamic fltk/fluid/CMakeFiles/fluid.dir/CodeEditor.cxx.o fltk/fluid/CMakeFiles/fluid.dir/StyleParse.cxx.o fltk/fluid/CMakeFiles/fluid.dir/Fl_Function_Type.cxx.o fltk/fluid/CMakeFiles/fluid.dir/Fl_Group_Type.cxx.o fltk/fluid/CMakeFiles/fluid.dir/Fl_Menu_Type.cxx.o fltk/fluid/CMakeFiles/fluid.dir/Fl_Type.cxx.o fltk/fluid/CMakeFiles/fluid.dir/Fl_Widget_Type.cxx.o fltk/fluid/CMakeFiles/fluid.dir/Fl_Window_Type.cxx.o fltk/fluid/CMakeFiles/fluid.dir/Fluid_Image.cxx.o fltk/fluid/CMakeFiles/fluid.dir/about_panel.cxx.o fltk/fluid/CMakeFiles/fluid.dir/align_widget.cxx.o fltk/fluid/CMakeFiles/fluid.dir/alignment_panel.cxx.o fltk/fluid/CMakeFiles/fluid.dir/code.cxx.o fltk/fluid/CMakeFiles/fluid.dir/factory.cxx.o fltk/fluid/CMakeFiles/fluid.dir/file.cxx.o fltk/fluid/CMakeFiles/fluid.dir/fluid.cxx.o fltk/fluid/CMakeFiles/fluid.dir/function_panel.cxx.o fltk/fluid/CMakeFiles/fluid.dir/pixmaps.cxx.o fltk/fluid/CMakeFiles/fluid.dir/shell_command.cxx.o fltk/fluid/CMakeFiles/fluid.dir/template_panel.cxx.o fltk/fluid/CMakeFiles/fluid.dir/undo.cxx.o fltk/fluid/CMakeFiles/fluid.dir/widget_browser.cxx.o fltk/fluid/CMakeFiles/fluid.dir/widget_panel.cxx.o fltk/fluid/CMakeFiles/fluid.dir/ExternalCodeEditor_UNIX.cxx.o -o fltk/bin/fluid  fltk/lib/libfltk.a  fltk/lib/libfltk_images.a  fltk/lib/libfltk_forms.a  fltk/lib/libfltk_jpeg.a  fltk/lib/libfltk_png.a  fltk/lib/libfltk_z.a  fltk/lib/libfltk.a  -Wl,-Bstatic  -ldl  -Wl,-Bdynamic  -lSM  -lICE  -lX11  -lXext  -lXinerama  -lXfixes  -lXcursor  -lXrender  -lpango-1.0  -lpangoxft-1.0  -lpangocairo-1.0  -lcairo  -lgobject-2.0  -lXft  -lfontconfig && :
[INFO] [stderr]   /usr/bin/ld: final link failed: No space left on device
[INFO] [stderr]   collect2: error: ld returned 1 exit status
[INFO] [stderr]   ninja: build stopped: subcommand failed.
[INFO] [stderr] 
[INFO] [stderr]   --- stderr
[INFO] [stderr]   fatal: not a git repository (or any parent up to mount point /opt/rustwide)
[INFO] [stderr]   Stopping at filesystem boundary (GIT_DISCOVERY_ACROSS_FILESYSTEM not set).
[INFO] [stderr] 
[INFO] [stderr] 
[INFO] [stderr]   CMake Warning:
[INFO] [stderr]     Manually-specified variables were not used by the project:
[INFO] [stderr] 
[INFO] [stderr]       CMAKE_ASM_COMPILER
[INFO] [stderr]       CMAKE_ASM_FLAGS
[INFO] [stderr] 
[INFO] [stderr] 
[INFO] [stderr]   thread 'main' panicked at /opt/rustwide/cargo-home/registry/src/index.crates.io-6f17d22bba15001f/cmake-0.1.46/src/lib.rs:974:5:
[INFO] [stderr] 
[INFO] [stderr]   command did not execute successfully, got: exit status: 1
[INFO] [stderr] 
[INFO] [stderr]   build script failed, must exit now
[INFO] [stderr]   stack backtrace:
[INFO] [stderr]      0:     0x55de08b4f1f6 - std::backtrace_rs::backtrace::libunwind::trace::heebc7766b165eb2a
[INFO] [stderr]                                  at /rustc/268dbbbc4b3fd71c5f360a4d0728295252430b5b/library/std/src/../../backtrace/src/backtrace/libunwind.rs:104:5
[INFO] [stderr]      1:     0x55de08b4f1f6 - std::backtrace_rs::backtrace::trace_unsynchronized::ha677020d8fc0296d
[INFO] [stderr]                                  at /rustc/268dbbbc4b3fd71c5f360a4d0728295252430b5b/library/std/src/../../backtrace/src/backtrace/mod.rs:66:5
[INFO] [stderr]      2:     0x55de08b4f1f6 - std::sys_common::backtrace::_print_fmt::hcaff2fd86a1aeaa3
[INFO] [stderr]                                  at /rustc/268dbbbc4b3fd71c5f360a4d0728295252430b5b/library/std/src/sys_common/backtrace.rs:68:5
[INFO] [stderr]      3:     0x55de08b4f1f6 - <std::sys_common::backtrace::_print::DisplayBacktrace as core::fmt::Display>::fmt::hc2446d8aa0059188
[INFO] [stderr]                                  at /rustc/268dbbbc4b3fd71c5f360a4d0728295252430b5b/library/std/src/sys_common/backtrace.rs:44:22
[INFO] [stderr]      4:     0x55de08b74a20 - core::fmt::rt::Argument::fmt::h2fbb6454da37999b
[INFO] [stderr]                                  at /rustc/268dbbbc4b3fd71c5f360a4d0728295252430b5b/library/core/src/fmt/rt.rs:142:9
[INFO] [stderr]      5:     0x55de08b74a20 - core::fmt::write::had96bdeda7d49d3a
[INFO] [stderr]                                  at /rustc/268dbbbc4b3fd71c5f360a4d0728295252430b5b/library/core/src/fmt/mod.rs:1120:17
[INFO] [stderr]      6:     0x55de08b4c63f - std::io::Write::write_fmt::h30b1f36eea05b391
[INFO] [stderr]                                  at /rustc/268dbbbc4b3fd71c5f360a4d0728295252430b5b/library/std/src/io/mod.rs:1849:15
[INFO] [stderr]      7:     0x55de08b4efd4 - std::sys_common::backtrace::_print::hc333bb91ae972137
[INFO] [stderr]                                  at /rustc/268dbbbc4b3fd71c5f360a4d0728295252430b5b/library/std/src/sys_common/backtrace.rs:47:5
[INFO] [stderr]      8:     0x55de08b4efd4 - std::sys_common::backtrace::print::h18fd3c71a95a3169
[INFO] [stderr]                                  at /rustc/268dbbbc4b3fd71c5f360a4d0728295252430b5b/library/std/src/sys_common/backtrace.rs:34:9
[INFO] [stderr]      9:     0x55de08b508b7 - std::panicking::default_hook::{{closure}}::ha3473f9bcb4e9a37
[INFO] [stderr]     10:     0x55de08b50619 - std::panicking::default_hook::h23d9d43185db6584
[INFO] [stderr]                                  at /rustc/268dbbbc4b3fd71c5f360a4d0728295252430b5b/library/std/src/panicking.rs:292:9
[INFO] [stderr]     11:     0x55de08b50d48 - std::panicking::rust_panic_with_hook::h94aceaa7df3a6edd
[INFO] [stderr]                                  at /rustc/268dbbbc4b3fd71c5f360a4d0728295252430b5b/library/std/src/panicking.rs:781:13
[INFO] [stderr]     12:     0x55de08b50c22 - std::panicking::begin_panic_handler::{{closure}}::h9905d45d1d82fc42
[INFO] [stderr]                                  at /rustc/268dbbbc4b3fd71c5f360a4d0728295252430b5b/library/std/src/panicking.rs:659:13
[INFO] [stderr]     13:     0x55de08b4f6f6 - std::sys_common::backtrace::__rust_end_short_backtrace::hb02085545dc143b9
[INFO] [stderr]                                  at /rustc/268dbbbc4b3fd71c5f360a4d0728295252430b5b/library/std/src/sys_common/backtrace.rs:171:18
[INFO] [stderr]     14:     0x55de08b50974 - rust_begin_unwind
[INFO] [stderr]                                  at /rustc/268dbbbc4b3fd71c5f360a4d0728295252430b5b/library/std/src/panicking.rs:647:5
[INFO] [stderr]     15:     0x55de08acf6d5 - core::panicking::panic_fmt::h6dca3983f8a9f4d0
[INFO] [stderr]                                  at /rustc/268dbbbc4b3fd71c5f360a4d0728295252430b5b/library/core/src/panicking.rs:72:14
[INFO] [stderr]     16:     0x55de08aebc61 - cmake::fail::ha2224c08d36de509
[INFO] [stderr]     17:     0x55de08aeb367 - cmake::run::h4847818b16bc90cd
[INFO] [stderr]     18:     0x55de08ae841d - cmake::Config::build::hd70483c229f1c939
[INFO] [stderr]     19:     0x55de08ad8553 - build_script_main::source::build::h78f2e7d942117177
[INFO] [stderr]     20:     0x55de08ad91e6 - build_script_main::main::h46d06793b68f957e
[INFO] [stderr]     21:     0x55de08ad08e3 - core::ops::function::FnOnce::call_once::h2310a774258386ba
[INFO] [stderr]     22:     0x55de08acfed6 - std::sys_common::backtrace::__rust_begin_short_backtrace::hfa4f0abc6492dfd0
[INFO] [stderr]     23:     0x55de08ad00a9 - std::rt::lang_start::{{closure}}::h9f1abc4da8ccd7d5
[INFO] [stderr]     24:     0x55de08b48151 - core::ops::function::impls::<impl core::ops::function::FnOnce<A> for &F>::call_once::h298d8ff12ebcec8c
[INFO] [stderr]                                  at /rustc/268dbbbc4b3fd71c5f360a4d0728295252430b5b/library/core/src/ops/function.rs:284:13
[INFO] [stderr]     25:     0x55de08b48151 - std::panicking::try::do_call::hbd0ffb05da5bd343
[INFO] [stderr]                                  at /rustc/268dbbbc4b3fd71c5f360a4d0728295252430b5b/library/std/src/panicking.rs:554:40
[INFO] [stderr]     26:     0x55de08b48151 - std::panicking::try::h11c9a152defd5d2a
[INFO] [stderr]                                  at /rustc/268dbbbc4b3fd71c5f360a4d0728295252430b5b/library/std/src/panicking.rs:518:19
[INFO] [stderr]     27:     0x55de08b48151 - std::panic::catch_unwind::h0d6db2fa902b4d64
[INFO] [stderr]                                  at /rustc/268dbbbc4b3fd71c5f360a4d0728295252430b5b/library/std/src/panic.rs:142:14
[INFO] [stderr]     28:     0x55de08b48151 - std::rt::lang_start_internal::{{closure}}::hdcc09b4aad7ef821
[INFO] [stderr]                                  at /rustc/268dbbbc4b3fd71c5f360a4d0728295252430b5b/library/std/src/rt.rs:148:48
[INFO] [stderr]     29:     0x55de08b48151 - std::panicking::try::do_call::h3ffd2f162d60900f
[INFO] [stderr]                                  at /rustc/268dbbbc4b3fd71c5f360a4d0728295252430b5b/library/std/src/panicking.rs:554:40
[INFO] [stderr]     30:     0x55de08b48151 - std::panicking::try::heeba82b9c3e190fb
[INFO] [stderr]                                  at /rustc/268dbbbc4b3fd71c5f360a4d0728295252430b5b/library/std/src/panicking.rs:518:19
[INFO] [stderr]     31:     0x55de08b48151 - std::panic::catch_unwind::hdaab8f1c188f387f
[INFO] [stderr]                                  at /rustc/268dbbbc4b3fd71c5f360a4d0728295252430b5b/library/std/src/panic.rs:142:14
[INFO] [stderr]     32:     0x55de08b48151 - std::rt::lang_start_internal::h9989e088c48b7903
[INFO] [stderr]                                  at /rustc/268dbbbc4b3fd71c5f360a4d0728295252430b5b/library/std/src/rt.rs:148:20
[INFO] [stderr]     33:     0x55de08ad0087 - std::rt::lang_start::hfaf5c2a941567459
[INFO] [stderr]     34:     0x55de08ad9325 - main
[INFO] [stderr]     35:     0x7fe97a7afd90 - <unknown>
[INFO] [stderr]     36:     0x7fe97a7afe40 - __libc_start_main
[INFO] [stderr]     37:     0x55de08acfe05 - _start
[INFO] [stderr]     38:                0x0 - <unknown>
[INFO] running `Command { std: "docker" "inspect" "45bf53e83a656dedcd4c10ab4638c398b8e941ac2cac99f5778daece37e390bf", kill_on_drop: false }`
[INFO] running `Command { std: "docker" "rm" "-f" "45bf53e83a656dedcd4c10ab4638c398b8e941ac2cac99f5778daece37e390bf", kill_on_drop: false }`
[INFO] [stdout] 45bf53e83a656dedcd4c10ab4638c398b8e941ac2cac99f5778daece37e390bf
