[INFO] cloning repository https://github.com/samwho/rust-debugger
[INFO] running `Command { std: "git" "-c" "credential.helper=" "-c" "credential.helper=/workspace/cargo-home/bin/git-credential-null" "clone" "--bare" "https://github.com/samwho/rust-debugger" "/workspace/cache/git-repos/https%3A%2F%2Fgithub.com%2Fsamwho%2Frust-debugger", kill_on_drop: false }`
[INFO] [stderr] Cloning into bare repository '/workspace/cache/git-repos/https%3A%2F%2Fgithub.com%2Fsamwho%2Frust-debugger'...
[INFO] running `Command { std: "git" "rev-parse" "HEAD", kill_on_drop: false }`
[INFO] [stdout] b0a245dcfa8023e0d7778c516e473c64dcb2e724
[INFO] checking samwho/rust-debugger against nightly-2024-02-05 for check-cfg
[INFO] running `Command { std: "git" "clone" "/workspace/cache/git-repos/https%3A%2F%2Fgithub.com%2Fsamwho%2Frust-debugger" "/workspace/builds/worker-4-tc1/source", kill_on_drop: false }`
[INFO] [stderr] Cloning into '/workspace/builds/worker-4-tc1/source'...
[INFO] [stderr] done.
[INFO] validating manifest of git repo https://github.com/samwho/rust-debugger on toolchain nightly-2024-02-05
[INFO] running `Command { std: CARGO_HOME="/workspace/cargo-home" RUSTUP_HOME="/workspace/rustup-home" "/workspace/cargo-home/bin/cargo" "+nightly-2024-02-05" "metadata" "--manifest-path" "Cargo.toml" "--no-deps", kill_on_drop: false }`
[INFO] started tweaking git repo https://github.com/samwho/rust-debugger
[INFO] finished tweaking git repo https://github.com/samwho/rust-debugger
[INFO] tweaked toml for git repo https://github.com/samwho/rust-debugger written to /workspace/builds/worker-4-tc1/source/Cargo.toml
[INFO] crate git repo https://github.com/samwho/rust-debugger already has a lockfile, it will not be regenerated
[INFO] running `Command { std: CARGO_HOME="/workspace/cargo-home" RUSTUP_HOME="/workspace/rustup-home" "/workspace/cargo-home/bin/cargo" "+nightly-2024-02-05" "fetch" "--manifest-path" "Cargo.toml", kill_on_drop: false }`
[INFO] [stderr]     Updating crates.io index
[INFO] [stderr]  Downloading crates ...
[INFO] [stderr]   Downloaded object v0.18.0
[INFO] [stderr]   Downloaded rustyline v6.1.2
[INFO] [stderr]   Downloaded gimli v0.20.0
[INFO] [stderr]   Downloaded tui v0.9.1
[INFO] [stderr]   Downloaded iced-x86 v1.1.0
[INFO] running `Command { std: "docker" "create" "-v" "/var/lib/crater-agent-workspace/builds/worker-4-tc1/target:/opt/rustwide/target:rw,Z" "-v" "/var/lib/crater-agent-workspace/builds/worker-4-tc1/source:/opt/rustwide/workdir:ro,Z" "-v" "/var/lib/crater-agent-workspace/cargo-home:/opt/rustwide/cargo-home:ro,Z" "-v" "/var/lib/crater-agent-workspace/rustup-home:/opt/rustwide/rustup-home:ro,Z" "-e" "SOURCE_DIR=/opt/rustwide/workdir" "-e" "CARGO_TARGET_DIR=/opt/rustwide/target" "-e" "CARGO_HOME=/opt/rustwide/cargo-home" "-e" "RUSTUP_HOME=/opt/rustwide/rustup-home" "-w" "/opt/rustwide/workdir" "-m" "1610612736" "--user" "0:0" "--network" "none" "ghcr.io/rust-lang/crates-build-env/linux@sha256:2788e3201cd34a07e3172128adcd8b3090168a8e3bcc40d7c032b9dda1df7d1c" "/opt/rustwide/cargo-home/bin/cargo" "+nightly-2024-02-05" "metadata" "--no-deps" "--format-version=1", kill_on_drop: false }`
[INFO] [stdout] 4da3211cc18f88335aec3fe2488a6017b055178d02b5778636eb1c06703eadb5
[INFO] running `Command { std: "docker" "start" "-a" "4da3211cc18f88335aec3fe2488a6017b055178d02b5778636eb1c06703eadb5", kill_on_drop: false }`
[INFO] running `Command { std: "docker" "inspect" "4da3211cc18f88335aec3fe2488a6017b055178d02b5778636eb1c06703eadb5", kill_on_drop: false }`
[INFO] running `Command { std: "docker" "rm" "-f" "4da3211cc18f88335aec3fe2488a6017b055178d02b5778636eb1c06703eadb5", kill_on_drop: false }`
[INFO] [stdout] 4da3211cc18f88335aec3fe2488a6017b055178d02b5778636eb1c06703eadb5
[INFO] running `Command { std: "docker" "create" "-v" "/var/lib/crater-agent-workspace/builds/worker-4-tc1/target:/opt/rustwide/target:rw,Z" "-v" "/var/lib/crater-agent-workspace/builds/worker-4-tc1/source:/opt/rustwide/workdir:ro,Z" "-v" "/var/lib/crater-agent-workspace/cargo-home:/opt/rustwide/cargo-home:ro,Z" "-v" "/var/lib/crater-agent-workspace/rustup-home:/opt/rustwide/rustup-home:ro,Z" "-e" "SOURCE_DIR=/opt/rustwide/workdir" "-e" "CARGO_TARGET_DIR=/opt/rustwide/target" "-e" "CARGO_INCREMENTAL=0" "-e" "RUST_BACKTRACE=full" "-e" "RUSTFLAGS=--cap-lints=forbid" "-e" "RUSTDOCFLAGS=--cap-lints=forbid" "-e" "CARGO_HOME=/opt/rustwide/cargo-home" "-e" "RUSTUP_HOME=/opt/rustwide/rustup-home" "-w" "/opt/rustwide/workdir" "-m" "1610612736" "--user" "0:0" "--network" "none" "ghcr.io/rust-lang/crates-build-env/linux@sha256:2788e3201cd34a07e3172128adcd8b3090168a8e3bcc40d7c032b9dda1df7d1c" "/opt/rustwide/cargo-home/bin/cargo" "+nightly-2024-02-05" "check" "--frozen" "--all" "--all-targets" "--message-format=json", kill_on_drop: false }`
[INFO] [stdout] 2589b449c33a6c887d8c0f6544c052ade66a8c72dd058fe448c3221d27d56840
[INFO] running `Command { std: "docker" "start" "-a" "2589b449c33a6c887d8c0f6544c052ade66a8c72dd058fe448c3221d27d56840", kill_on_drop: false }`
[INFO] [stderr]    Compiling libc v0.2.68
[INFO] [stderr]     Checking cfg-if v0.1.10
[INFO] [stderr]    Compiling memchr v2.3.3
[INFO] [stderr]    Compiling getrandom v0.1.14
[INFO] [stderr]     Checking lazy_static v1.4.0
[INFO] [stderr]    Compiling proc-macro2 v1.0.10
[INFO] [stderr]    Compiling unicode-xid v0.2.0
[INFO] [stderr]    Compiling semver-parser v0.7.0
[INFO] [stderr]    Compiling cc v1.0.50
[INFO] [stderr]    Compiling bitflags v1.2.1
[INFO] [stderr]     Checking thread_local v1.0.1
[INFO] [stderr]    Compiling semver v0.9.0
[INFO] [stderr]    Compiling autocfg v1.0.0
[INFO] [stderr]    Compiling serde v1.0.106
[INFO] [stderr]     Checking ppv-lite86 v0.2.6
[INFO] [stderr]    Compiling log v0.4.8
[INFO] [stderr]    Compiling syn v1.0.17
[INFO] [stderr]     Checking aho-corasick v0.7.10
[INFO] [stderr]    Compiling crc32fast v1.2.0
[INFO] [stderr]     Checking regex-syntax v0.6.17
[INFO] [stderr]    Compiling quote v1.0.3
[INFO] [stderr]    Compiling indexmap v1.3.2
[INFO] [stderr]    Compiling rustc_version v0.2.3
[INFO] [stderr]     Checking adler32 v1.0.4
[INFO] [stderr]    Compiling nix v0.17.0
[INFO] [stderr]    Compiling backtrace-sys v0.1.35
[INFO] [stderr]    Compiling target-lexicon v0.10.0
[INFO] [stderr]    Compiling byteorder v1.3.4
[INFO] [stderr]     Checking miniz_oxide v0.3.6
[INFO] [stderr]     Checking rand_core v0.5.1
[INFO] [stderr]     Checking dirs-sys v0.3.4
[INFO] [stderr]    Compiling iced-x86 v1.1.0
[INFO] [stderr]     Checking rand_chacha v0.2.2
[INFO] [stderr]     Checking rand v0.7.3
[INFO] [stderr]     Checking numtoa v0.1.0
[INFO] [stderr]     Checking unicode-segmentation v1.6.0
[INFO] [stderr]     Checking either v1.5.3
[INFO] [stderr]     Checking rustc-demangle v0.1.16
[INFO] [stderr]     Checking void v1.0.2
[INFO] [stderr]     Checking unicode-width v0.1.7
[INFO] [stderr]     Checking termcolor v1.1.0
[INFO] [stderr]     Checking quick-error v1.2.3
[INFO] [stderr]     Checking humantime v1.3.0
[INFO] [stderr]     Checking termion v1.5.5
[INFO] [stderr]     Checking backtrace v0.3.46
[INFO] [stderr]     Checking itertools v0.9.0
[INFO] [stderr]     Checking uuid v0.8.1
[INFO] [stderr]     Checking flate2 v1.0.14
[INFO] [stderr]     Checking regex v1.3.6
[INFO] [stderr]     Checking dirs v2.0.2
[INFO] [stderr]     Checking atty v0.2.14
[INFO] [stderr]     Checking utf8parse v0.2.0
[INFO] [stderr]     Checking arrayvec v0.5.1
[INFO] [stderr]     Checking cassowary v0.3.0
[INFO] [stderr]     Checking static_assertions v0.3.4
[INFO] [stderr]     Checking byteorder v0.5.3
[INFO] [stderr]     Checking smallvec v1.3.0
[INFO] [stderr]     Checking stable_deref_trait v1.1.1
[INFO] [stderr]     Checking wasmparser v0.51.4
[INFO] [stderr]     Checking fallible-iterator v0.2.0
[INFO] [stderr]     Checking elf v0.0.10
[INFO] [stderr]     Checking tui v0.9.1
[INFO] [stderr]     Checking os_type v2.2.0
[INFO] [stderr]     Checking gimli v0.20.0
[INFO] [stderr]     Checking env_logger v0.7.1
[INFO] [stderr]     Checking memmap v0.7.0
[INFO] [stderr]     Checking toml v0.5.6
[INFO] [stderr]    Compiling serde_derive v1.0.106
[INFO] [stderr]     Checking object v0.18.0
[INFO] [stderr]     Checking rustyline v6.1.2
[INFO] [stderr]     Checking human-panic v1.0.3
[INFO] [stderr]     Checking rust-debugger v0.1.0 (/opt/rustwide/workdir)
[INFO] [stdout] warning: the feature `str_strip` has been stable since 1.45.0 and no longer requires an attribute to enable
[INFO] [stdout]  --> src/main.rs:2:12
[INFO] [stdout]   |
[INFO] [stdout] 2 | #![feature(str_strip)]
[INFO] [stdout]   |            ^^^^^^^^^
[INFO] [stdout]   |
[INFO] [stdout]   = note: `#[warn(stable_features)]` on by default
[INFO] [stdout] 
[INFO] [stdout] 
[INFO] [stdout] warning: the feature `str_strip` has been stable since 1.45.0 and no longer requires an attribute to enable
[INFO] [stdout]  --> src/main.rs:2:12
[INFO] [stdout]   |
[INFO] [stdout] 2 | #![feature(str_strip)]
[INFO] [stdout]   |            ^^^^^^^^^
[INFO] [stdout]   |
[INFO] [stdout]   = note: `#[warn(stable_features)]` on by default
[INFO] [stdout] 
[INFO] [stdout] 
[INFO] [stdout] warning: variable does not need to be mutable
[INFO] [stdout]   --> src/debugger/dwarf/mod.rs:22:13
[INFO] [stdout]    |
[INFO] [stdout] 22 |         let mut source_code: HashMap<PathBuf, Vec<String>> = HashMap::new();
[INFO] [stdout]    |             ----^^^^^^^^^^^
[INFO] [stdout]    |             |
[INFO] [stdout]    |             help: remove this `mut`
[INFO] [stdout]    |
[INFO] [stdout]    = note: `#[warn(unused_mut)]` on by default
[INFO] [stdout] 
[INFO] [stdout] 
[INFO] [stdout] warning: variable does not need to be mutable
[INFO] [stdout]   --> src/debugger/dwarf/mod.rs:22:13
[INFO] [stdout]    |
[INFO] [stdout] 22 |         let mut source_code: HashMap<PathBuf, Vec<String>> = HashMap::new();
[INFO] [stdout]    |             ----^^^^^^^^^^^
[INFO] [stdout]    |             |
[INFO] [stdout]    |             help: remove this `mut`
[INFO] [stdout]    |
[INFO] [stdout]    = note: `#[warn(unused_mut)]` on by default
[INFO] [stdout] 
[INFO] [stdout] 
[INFO] [stdout] warning: method `stack` is never used
[INFO] [stdout]    --> src/debugger/subordinate.rs:148:12
[INFO] [stdout]     |
[INFO] [stdout] 24  | impl Subordinate {
[INFO] [stdout]     | ---------------- method in this implementation
[INFO] [stdout] ...
[INFO] [stdout] 148 |     pub fn stack(&self) -> &[usize] {
[INFO] [stdout]     |            ^^^^^
[INFO] [stdout]     |
[INFO] [stdout]     = note: `#[warn(dead_code)]` on by default
[INFO] [stdout] 
[INFO] [stdout] 
[INFO] [stdout] warning: function `pipe` is never used
[INFO] [stdout]   --> src/sys/mod.rs:98:8
[INFO] [stdout]    |
[INFO] [stdout] 98 | pub fn pipe() -> Result<(File, File)> {
[INFO] [stdout]    |        ^^^^
[INFO] [stdout] 
[INFO] [stdout] 
[INFO] [stdout] warning: function `dup2` is never used
[INFO] [stdout]    --> src/sys/mod.rs:106:8
[INFO] [stdout]     |
[INFO] [stdout] 106 | pub fn dup2(from: RawFd, to: RawFd) -> Result<()> {
[INFO] [stdout]     |        ^^^^
[INFO] [stdout] 
[INFO] [stdout] 
[INFO] [stdout] warning: method `stack` is never used
[INFO] [stdout]    --> src/debugger/subordinate.rs:148:12
[INFO] [stdout]     |
[INFO] [stdout] 24  | impl Subordinate {
[INFO] [stdout]     | ---------------- method in this implementation
[INFO] [stdout] ...
[INFO] [stdout] 148 |     pub fn stack(&self) -> &[usize] {
[INFO] [stdout]     |            ^^^^^
[INFO] [stdout]     |
[INFO] [stdout]     = note: `#[warn(dead_code)]` on by default
[INFO] [stdout] 
[INFO] [stdout] 
[INFO] [stdout] warning: function `pipe` is never used
[INFO] [stdout]   --> src/sys/mod.rs:98:8
[INFO] [stdout]    |
[INFO] [stdout] 98 | pub fn pipe() -> Result<(File, File)> {
[INFO] [stdout]    |        ^^^^
[INFO] [stdout] 
[INFO] [stdout] 
[INFO] [stdout] warning: function `dup2` is never used
[INFO] [stdout]    --> src/sys/mod.rs:106:8
[INFO] [stdout]     |
[INFO] [stdout] 106 | pub fn dup2(from: RawFd, to: RawFd) -> Result<()> {
[INFO] [stdout]     |        ^^^^
[INFO] [stdout] 
[INFO] [stdout] 
[INFO] [stdout] warning: 5 warnings emitted
[INFO] [stdout] 
[INFO] [stdout] 
[INFO] [stdout] warning: 5 warnings emitted
[INFO] [stdout] 
[INFO] [stdout] 
[INFO] [stderr]     Finished dev [unoptimized + debuginfo] target(s) in 14.48s
[INFO] running `Command { std: "docker" "inspect" "2589b449c33a6c887d8c0f6544c052ade66a8c72dd058fe448c3221d27d56840", kill_on_drop: false }`
[INFO] running `Command { std: "docker" "rm" "-f" "2589b449c33a6c887d8c0f6544c052ade66a8c72dd058fe448c3221d27d56840", kill_on_drop: false }`
[INFO] [stdout] 2589b449c33a6c887d8c0f6544c052ade66a8c72dd058fe448c3221d27d56840
[INFO] checking samwho/rust-debugger against nightly-2024-02-05+rustflags=-Dunexpected_cfgs+cargoflags=-Zcheck-cfg for check-cfg
[INFO] running `Command { std: "git" "clone" "/workspace/cache/git-repos/https%3A%2F%2Fgithub.com%2Fsamwho%2Frust-debugger" "/workspace/builds/worker-4-tc2/source", kill_on_drop: false }`
[INFO] [stderr] Cloning into '/workspace/builds/worker-4-tc2/source'...
[INFO] [stderr] done.
[INFO] validating manifest of git repo https://github.com/samwho/rust-debugger on toolchain nightly-2024-02-05
[INFO] running `Command { std: CARGO_HOME="/workspace/cargo-home" RUSTUP_HOME="/workspace/rustup-home" "/workspace/cargo-home/bin/cargo" "+nightly-2024-02-05" "metadata" "--manifest-path" "Cargo.toml" "--no-deps", kill_on_drop: false }`
[INFO] started tweaking git repo https://github.com/samwho/rust-debugger
[INFO] finished tweaking git repo https://github.com/samwho/rust-debugger
[INFO] tweaked toml for git repo https://github.com/samwho/rust-debugger written to /workspace/builds/worker-4-tc2/source/Cargo.toml
[INFO] crate git repo https://github.com/samwho/rust-debugger already has a lockfile, it will not be regenerated
[INFO] running `Command { std: CARGO_HOME="/workspace/cargo-home" RUSTUP_HOME="/workspace/rustup-home" "/workspace/cargo-home/bin/cargo" "+nightly-2024-02-05" "fetch" "--manifest-path" "Cargo.toml", kill_on_drop: false }`
[INFO] running `Command { std: "docker" "create" "-v" "/var/lib/crater-agent-workspace/builds/worker-4-tc2/target:/opt/rustwide/target:rw,Z" "-v" "/var/lib/crater-agent-workspace/builds/worker-4-tc2/source:/opt/rustwide/workdir:ro,Z" "-v" "/var/lib/crater-agent-workspace/cargo-home:/opt/rustwide/cargo-home:ro,Z" "-v" "/var/lib/crater-agent-workspace/rustup-home:/opt/rustwide/rustup-home:ro,Z" "-e" "SOURCE_DIR=/opt/rustwide/workdir" "-e" "CARGO_TARGET_DIR=/opt/rustwide/target" "-e" "CARGO_HOME=/opt/rustwide/cargo-home" "-e" "RUSTUP_HOME=/opt/rustwide/rustup-home" "-w" "/opt/rustwide/workdir" "-m" "1610612736" "--user" "0:0" "--network" "none" "ghcr.io/rust-lang/crates-build-env/linux@sha256:2788e3201cd34a07e3172128adcd8b3090168a8e3bcc40d7c032b9dda1df7d1c" "/opt/rustwide/cargo-home/bin/cargo" "+nightly-2024-02-05" "metadata" "--no-deps" "--format-version=1", kill_on_drop: false }`
[INFO] [stdout] fdca4949a40fdca69089ad0c7a6064495d61defede1dbcee71b31a5ca1ff18b7
[INFO] running `Command { std: "docker" "start" "-a" "fdca4949a40fdca69089ad0c7a6064495d61defede1dbcee71b31a5ca1ff18b7", kill_on_drop: false }`
[INFO] running `Command { std: "docker" "inspect" "fdca4949a40fdca69089ad0c7a6064495d61defede1dbcee71b31a5ca1ff18b7", kill_on_drop: false }`
[INFO] running `Command { std: "docker" "rm" "-f" "fdca4949a40fdca69089ad0c7a6064495d61defede1dbcee71b31a5ca1ff18b7", kill_on_drop: false }`
[INFO] [stdout] fdca4949a40fdca69089ad0c7a6064495d61defede1dbcee71b31a5ca1ff18b7
[INFO] running `Command { std: "docker" "create" "-v" "/var/lib/crater-agent-workspace/builds/worker-4-tc2/target:/opt/rustwide/target:rw,Z" "-v" "/var/lib/crater-agent-workspace/builds/worker-4-tc2/source:/opt/rustwide/workdir:ro,Z" "-v" "/var/lib/crater-agent-workspace/cargo-home:/opt/rustwide/cargo-home:ro,Z" "-v" "/var/lib/crater-agent-workspace/rustup-home:/opt/rustwide/rustup-home:ro,Z" "-e" "SOURCE_DIR=/opt/rustwide/workdir" "-e" "CARGO_TARGET_DIR=/opt/rustwide/target" "-e" "CARGO_INCREMENTAL=0" "-e" "RUST_BACKTRACE=full" "-e" "RUSTFLAGS=--cap-lints=forbid -Dunexpected_cfgs" "-e" "RUSTDOCFLAGS=--cap-lints=forbid" "-e" "CARGO_HOME=/opt/rustwide/cargo-home" "-e" "RUSTUP_HOME=/opt/rustwide/rustup-home" "-w" "/opt/rustwide/workdir" "-m" "1610612736" "--user" "0:0" "--network" "none" "ghcr.io/rust-lang/crates-build-env/linux@sha256:2788e3201cd34a07e3172128adcd8b3090168a8e3bcc40d7c032b9dda1df7d1c" "/opt/rustwide/cargo-home/bin/cargo" "+nightly-2024-02-05" "check" "--frozen" "--all" "--all-targets" "--message-format=json" "-Zcheck-cfg", kill_on_drop: false }`
[INFO] [stdout] 0df35424912be524a4632d01cc6748367ed920de088781c0bb42fd16d215d04f
[INFO] running `Command { std: "docker" "start" "-a" "0df35424912be524a4632d01cc6748367ed920de088781c0bb42fd16d215d04f", kill_on_drop: false }`
[INFO] [stderr]    Compiling libc v0.2.68
[INFO] [stderr]     Checking cfg-if v0.1.10
[INFO] [stderr]    Compiling memchr v2.3.3
[INFO] [stderr]    Compiling getrandom v0.1.14
[INFO] [stderr]    Compiling proc-macro2 v1.0.10
[INFO] [stderr]     Checking lazy_static v1.4.0
[INFO] [stderr]    Compiling cc v1.0.50
[INFO] [stderr]    Compiling bitflags v1.2.1
[INFO] [stderr]    Compiling semver-parser v0.7.0
[INFO] [stderr]    Compiling unicode-xid v0.2.0
[INFO] [stderr]     Checking thread_local v1.0.1
[INFO] [stderr]    Compiling log v0.4.8
[INFO] [stderr]     Checking regex-syntax v0.6.17
[INFO] [stderr]    Compiling semver v0.9.0
[INFO] [stderr]    Compiling crc32fast v1.2.0
[INFO] [stderr]     Checking aho-corasick v0.7.10
[INFO] [stderr]    Compiling serde v1.0.106
[INFO] [stderr]    Compiling syn v1.0.17
[INFO] [stderr]    Compiling autocfg v1.0.0
[INFO] [stderr]     Checking ppv-lite86 v0.2.6
[INFO] [stderr]    Compiling quote v1.0.3
[INFO] [stderr]    Compiling rustc_version v0.2.3
[INFO] [stderr]    Compiling indexmap v1.3.2
[INFO] [stderr]    Compiling backtrace-sys v0.1.35
[INFO] [stderr]     Checking adler32 v1.0.4
[INFO] [stderr]    Compiling byteorder v1.3.4
[INFO] [stderr]    Compiling nix v0.17.0
[INFO] [stderr]    Compiling target-lexicon v0.10.0
[INFO] [stderr] error: failed to write `/opt/rustwide/target/debug/.fingerprint/target-lexicon-6c435fe6281021da/invoked.timestamp`
[INFO] [stderr] 
[INFO] [stderr] Caused by:
[INFO] [stderr]   No space left on device (os error 28)
[INFO] [stderr] warning: build failed, waiting for other jobs to finish...
[INFO] [stdout] error: couldn't create a temp dir: No space left on device (os error 28) at path "/tmp/rustcjqpiSl"
[INFO] [stdout] 
[INFO] [stdout] 
[INFO] [stdout] error: aborting due to 1 previous error
[INFO] [stdout] 
[INFO] [stdout] 
[INFO] [stdout] error: linking with `cc` failed: exit status: 1
[INFO] [stdout]   |
[INFO] [stdout]   = note: LC_ALL="C" PATH="/opt/rustwide/rustup-home/toolchains/nightly-2024-02-05-x86_64-unknown-linux-gnu/lib/rustlib/x86_64-unknown-linux-gnu/bin:/opt/rustwide/cargo-home/bin:/usr/local/sbin:/usr/local/bin:/usr/sbin:/usr/bin:/sbin:/bin" VSLANG="1033" "cc" "-m64" "/tmp/rustcnJysz1/symbols.o" "/opt/rustwide/target/debug/build/indexmap-5fe37a8f95d2e2a2/build_script_build-5fe37a8f95d2e2a2.build_script_build.a472f675560c5fbf-cgu.0.rcgu.o" "/opt/rustwide/target/debug/build/indexmap-5fe37a8f95d2e2a2/build_script_build-5fe37a8f95d2e2a2.y7zpe61i3jgeswm.rcgu.o" "-Wl,--as-needed" "-L" "/opt/rustwide/target/debug/deps" "-L" "/opt/rustwide/rustup-home/toolchains/nightly-2024-02-05-x86_64-unknown-linux-gnu/lib/rustlib/x86_64-unknown-linux-gnu/lib" "-Wl,-Bstatic" "/opt/rustwide/target/debug/deps/libautocfg-e12b128418c2266a.rlib" "/opt/rustwide/rustup-home/toolchains/nightly-2024-02-05-x86_64-unknown-linux-gnu/lib/rustlib/x86_64-unknown-linux-gnu/lib/libstd-075c79122bf4ef22.rlib" "/opt/rustwide/rustup-home/toolchains/nightly-2024-02-05-x86_64-unknown-linux-gnu/lib/rustlib/x86_64-unknown-linux-gnu/lib/libpanic_unwind-89ad4240c90c0e03.rlib" "/opt/rustwide/rustup-home/toolchains/nightly-2024-02-05-x86_64-unknown-linux-gnu/lib/rustlib/x86_64-unknown-linux-gnu/lib/libobject-39985665fb91a3c2.rlib" "/opt/rustwide/rustup-home/toolchains/nightly-2024-02-05-x86_64-unknown-linux-gnu/lib/rustlib/x86_64-unknown-linux-gnu/lib/libmemchr-8666dad6789c0484.rlib" "/opt/rustwide/rustup-home/toolchains/nightly-2024-02-05-x86_64-unknown-linux-gnu/lib/rustlib/x86_64-unknown-linux-gnu/lib/libaddr2line-7b871242ae961a4e.rlib" "/opt/rustwide/rustup-home/toolchains/nightly-2024-02-05-x86_64-unknown-linux-gnu/lib/rustlib/x86_64-unknown-linux-gnu/lib/libgimli-8d4074793ba35678.rlib" "/opt/rustwide/rustup-home/toolchains/nightly-2024-02-05-x86_64-unknown-linux-gnu/lib/rustlib/x86_64-unknown-linux-gnu/lib/librustc_demangle-ec84eb0416770982.rlib" "/opt/rustwide/rustup-home/toolchains/nightly-2024-02-05-x86_64-unknown-linux-gnu/lib/rustlib/x86_64-unknown-linux-gnu/lib/libstd_detect-68539ddfb3806005.rlib" "/opt/rustwide/rustup-home/toolchains/nightly-2024-02-05-x86_64-unknown-linux-gnu/lib/rustlib/x86_64-unknown-linux-gnu/lib/libhashbrown-ac61d465c61f24ac.rlib" "/opt/rustwide/rustup-home/toolchains/nightly-2024-02-05-x86_64-unknown-linux-gnu/lib/rustlib/x86_64-unknown-linux-gnu/lib/librustc_std_workspace_alloc-19d2d9343e8c3ab1.rlib" "/opt/rustwide/rustup-home/toolchains/nightly-2024-02-05-x86_64-unknown-linux-gnu/lib/rustlib/x86_64-unknown-linux-gnu/lib/libminiz_oxide-e762a6d65f031366.rlib" "/opt/rustwide/rustup-home/toolchains/nightly-2024-02-05-x86_64-unknown-linux-gnu/lib/rustlib/x86_64-unknown-linux-gnu/lib/libadler-e85e489d4408465b.rlib" "/opt/rustwide/rustup-home/toolchains/nightly-2024-02-05-x86_64-unknown-linux-gnu/lib/rustlib/x86_64-unknown-linux-gnu/lib/libunwind-da335adb5acc7119.rlib" "/opt/rustwide/rustup-home/toolchains/nightly-2024-02-05-x86_64-unknown-linux-gnu/lib/rustlib/x86_64-unknown-linux-gnu/lib/libcfg_if-527e3e7decf6a631.rlib" "/opt/rustwide/rustup-home/toolchains/nightly-2024-02-05-x86_64-unknown-linux-gnu/lib/rustlib/x86_64-unknown-linux-gnu/lib/liblibc-5f8c8143cdb8d04b.rlib" "/opt/rustwide/rustup-home/toolchains/nightly-2024-02-05-x86_64-unknown-linux-gnu/lib/rustlib/x86_64-unknown-linux-gnu/lib/liballoc-b905197320c3903d.rlib" "/opt/rustwide/rustup-home/toolchains/nightly-2024-02-05-x86_64-unknown-linux-gnu/lib/rustlib/x86_64-unknown-linux-gnu/lib/librustc_std_workspace_core-9686387289eaa322.rlib" "/opt/rustwide/rustup-home/toolchains/nightly-2024-02-05-x86_64-unknown-linux-gnu/lib/rustlib/x86_64-unknown-linux-gnu/lib/libcore-632ae0f28c5e55ff.rlib" "/opt/rustwide/rustup-home/toolchains/nightly-2024-02-05-x86_64-unknown-linux-gnu/lib/rustlib/x86_64-unknown-linux-gnu/lib/libcompiler_builtins-3166674eacfcf914.rlib" "-Wl,-Bdynamic" "-lgcc_s" "-lutil" "-lrt" "-lpthread" "-lm" "-ldl" "-lc" "-Wl,--eh-frame-hdr" "-Wl,-z,noexecstack" "-L" "/opt/rustwide/rustup-home/toolchains/nightly-2024-02-05-x86_64-unknown-linux-gnu/lib/rustlib/x86_64-unknown-linux-gnu/lib" "-o" "/opt/rustwide/target/debug/build/indexmap-5fe37a8f95d2e2a2/build_script_build-5fe37a8f95d2e2a2" "-Wl,--gc-sections" "-pie" "-Wl,-z,relro,-z,now" "-nodefaultlibs"
[INFO] [stdout]   = note: /usr/bin/ld: final link failed: No space left on device
[INFO] [stdout]           collect2: error: ld returned 1 exit status
[INFO] [stdout]           
[INFO] [stdout] 
[INFO] [stdout] 
[INFO] [stdout] error: aborting due to 1 previous error
[INFO] [stdout] 
[INFO] [stdout] 
[INFO] [stderr] error: could not compile `backtrace-sys` (build script) due to 2 previous errors
[INFO] [stderr] error: could not compile `indexmap` (build script) due to 2 previous errors
[INFO] [stdout] error: linking with `cc` failed: exit status: 1
[INFO] [stdout]   |
[INFO] [stdout]   = note: LC_ALL="C" PATH="/opt/rustwide/rustup-home/toolchains/nightly-2024-02-05-x86_64-unknown-linux-gnu/lib/rustlib/x86_64-unknown-linux-gnu/bin:/opt/rustwide/cargo-home/bin:/usr/local/sbin:/usr/local/bin:/usr/sbin:/usr/bin:/sbin:/bin" VSLANG="1033" "cc" "-m64" "/tmp/rustcbJaLA1/symbols.o" "/opt/rustwide/target/debug/build/nix-f5f5f8658d43ec56/build_script_build-f5f5f8658d43ec56.build_script_build.3ab34e927c611ef-cgu.0.rcgu.o" "/opt/rustwide/target/debug/build/nix-f5f5f8658d43ec56/build_script_build-f5f5f8658d43ec56.4hudfosvnnwkwfym.rcgu.o" "-Wl,--as-needed" "-L" "/opt/rustwide/target/debug/deps" "-L" "/opt/rustwide/rustup-home/toolchains/nightly-2024-02-05-x86_64-unknown-linux-gnu/lib/rustlib/x86_64-unknown-linux-gnu/lib" "-Wl,-Bstatic" "/opt/rustwide/rustup-home/toolchains/nightly-2024-02-05-x86_64-unknown-linux-gnu/lib/rustlib/x86_64-unknown-linux-gnu/lib/libstd-075c79122bf4ef22.rlib" "/opt/rustwide/rustup-home/toolchains/nightly-2024-02-05-x86_64-unknown-linux-gnu/lib/rustlib/x86_64-unknown-linux-gnu/lib/libpanic_unwind-89ad4240c90c0e03.rlib" "/opt/rustwide/rustup-home/toolchains/nightly-2024-02-05-x86_64-unknown-linux-gnu/lib/rustlib/x86_64-unknown-linux-gnu/lib/libobject-39985665fb91a3c2.rlib" "/opt/rustwide/rustup-home/toolchains/nightly-2024-02-05-x86_64-unknown-linux-gnu/lib/rustlib/x86_64-unknown-linux-gnu/lib/libmemchr-8666dad6789c0484.rlib" "/opt/rustwide/rustup-home/toolchains/nightly-2024-02-05-x86_64-unknown-linux-gnu/lib/rustlib/x86_64-unknown-linux-gnu/lib/libaddr2line-7b871242ae961a4e.rlib" "/opt/rustwide/rustup-home/toolchains/nightly-2024-02-05-x86_64-unknown-linux-gnu/lib/rustlib/x86_64-unknown-linux-gnu/lib/libgimli-8d4074793ba35678.rlib" "/opt/rustwide/rustup-home/toolchains/nightly-2024-02-05-x86_64-unknown-linux-gnu/lib/rustlib/x86_64-unknown-linux-gnu/lib/librustc_demangle-ec84eb0416770982.rlib" "/opt/rustwide/rustup-home/toolchains/nightly-2024-02-05-x86_64-unknown-linux-gnu/lib/rustlib/x86_64-unknown-linux-gnu/lib/libstd_detect-68539ddfb3806005.rlib" "/opt/rustwide/rustup-home/toolchains/nightly-2024-02-05-x86_64-unknown-linux-gnu/lib/rustlib/x86_64-unknown-linux-gnu/lib/libhashbrown-ac61d465c61f24ac.rlib" "/opt/rustwide/rustup-home/toolchains/nightly-2024-02-05-x86_64-unknown-linux-gnu/lib/rustlib/x86_64-unknown-linux-gnu/lib/librustc_std_workspace_alloc-19d2d9343e8c3ab1.rlib" "/opt/rustwide/rustup-home/toolchains/nightly-2024-02-05-x86_64-unknown-linux-gnu/lib/rustlib/x86_64-unknown-linux-gnu/lib/libminiz_oxide-e762a6d65f031366.rlib" "/opt/rustwide/rustup-home/toolchains/nightly-2024-02-05-x86_64-unknown-linux-gnu/lib/rustlib/x86_64-unknown-linux-gnu/lib/libadler-e85e489d4408465b.rlib" "/opt/rustwide/rustup-home/toolchains/nightly-2024-02-05-x86_64-unknown-linux-gnu/lib/rustlib/x86_64-unknown-linux-gnu/lib/libunwind-da335adb5acc7119.rlib" "/opt/rustwide/rustup-home/toolchains/nightly-2024-02-05-x86_64-unknown-linux-gnu/lib/rustlib/x86_64-unknown-linux-gnu/lib/libcfg_if-527e3e7decf6a631.rlib" "/opt/rustwide/rustup-home/toolchains/nightly-2024-02-05-x86_64-unknown-linux-gnu/lib/rustlib/x86_64-unknown-linux-gnu/lib/liblibc-5f8c8143cdb8d04b.rlib" "/opt/rustwide/rustup-home/toolchains/nightly-2024-02-05-x86_64-unknown-linux-gnu/lib/rustlib/x86_64-unknown-linux-gnu/lib/liballoc-b905197320c3903d.rlib" "/opt/rustwide/rustup-home/toolchains/nightly-2024-02-05-x86_64-unknown-linux-gnu/lib/rustlib/x86_64-unknown-linux-gnu/lib/librustc_std_workspace_core-9686387289eaa322.rlib" "/opt/rustwide/rustup-home/toolchains/nightly-2024-02-05-x86_64-unknown-linux-gnu/lib/rustlib/x86_64-unknown-linux-gnu/lib/libcore-632ae0f28c5e55ff.rlib" "/opt/rustwide/rustup-home/toolchains/nightly-2024-02-05-x86_64-unknown-linux-gnu/lib/rustlib/x86_64-unknown-linux-gnu/lib/libcompiler_builtins-3166674eacfcf914.rlib" "-Wl,-Bdynamic" "-lgcc_s" "-lutil" "-lrt" "-lpthread" "-lm" "-ldl" "-lc" "-Wl,--eh-frame-hdr" "-Wl,-z,noexecstack" "-L" "/opt/rustwide/rustup-home/toolchains/nightly-2024-02-05-x86_64-unknown-linux-gnu/lib/rustlib/x86_64-unknown-linux-gnu/lib" "-o" "/opt/rustwide/target/debug/build/nix-f5f5f8658d43ec56/build_script_build-f5f5f8658d43ec56" "-Wl,--gc-sections" "-pie" "-Wl,-z,relro,-z,now" "-nodefaultlibs"
[INFO] [stdout]   = note: /usr/bin/ld: final link failed: No space left on device
[INFO] [stdout]           collect2: error: ld returned 1 exit status
[INFO] [stdout]           
[INFO] [stdout] 
[INFO] [stdout] 
[INFO] [stdout] error: aborting due to 1 previous error
[INFO] [stdout] 
[INFO] [stdout] 
[INFO] [stderr] error: could not compile `nix` (build script) due to 2 previous errors
[INFO] [stdout] error: couldn't create a temp dir: No space left on device (os error 28) at path "/opt/rustwide/target/debug/deps/rmetaw0a9zJ"
[INFO] [stdout] 
[INFO] [stdout] 
[INFO] [stderr] error: could not compile `libc` (lib) due to 1 previous error
[INFO] [stdout] error: linking with `cc` failed: exit status: 1
[INFO] [stdout]   |
[INFO] [stdout]   = note: LC_ALL="C" PATH="/opt/rustwide/rustup-home/toolchains/nightly-2024-02-05-x86_64-unknown-linux-gnu/lib/rustlib/x86_64-unknown-linux-gnu/bin:/opt/rustwide/cargo-home/bin:/usr/local/sbin:/usr/local/bin:/usr/sbin:/usr/bin:/sbin:/bin" VSLANG="1033" "cc" "-m64" "/tmp/rustc1zMAOu/symbols.o" "/opt/rustwide/target/debug/build/byteorder-c4a6a81b4bdbd0b0/build_script_build-c4a6a81b4bdbd0b0.build_script_build.49db57ff76044782-cgu.0.rcgu.o" "/opt/rustwide/target/debug/build/byteorder-c4a6a81b4bdbd0b0/build_script_build-c4a6a81b4bdbd0b0.build_script_build.49db57ff76044782-cgu.1.rcgu.o" "/opt/rustwide/target/debug/build/byteorder-c4a6a81b4bdbd0b0/build_script_build-c4a6a81b4bdbd0b0.build_script_build.49db57ff76044782-cgu.2.rcgu.o" "/opt/rustwide/target/debug/build/byteorder-c4a6a81b4bdbd0b0/build_script_build-c4a6a81b4bdbd0b0.48wkq3115mkd6ie.rcgu.o" "-Wl,--as-needed" "-L" "/opt/rustwide/target/debug/deps" "-L" "/opt/rustwide/rustup-home/toolchains/nightly-2024-02-05-x86_64-unknown-linux-gnu/lib/rustlib/x86_64-unknown-linux-gnu/lib" "-Wl,-Bstatic" "/opt/rustwide/rustup-home/toolchains/nightly-2024-02-05-x86_64-unknown-linux-gnu/lib/rustlib/x86_64-unknown-linux-gnu/lib/libstd-075c79122bf4ef22.rlib" "/opt/rustwide/rustup-home/toolchains/nightly-2024-02-05-x86_64-unknown-linux-gnu/lib/rustlib/x86_64-unknown-linux-gnu/lib/libpanic_unwind-89ad4240c90c0e03.rlib" "/opt/rustwide/rustup-home/toolchains/nightly-2024-02-05-x86_64-unknown-linux-gnu/lib/rustlib/x86_64-unknown-linux-gnu/lib/libobject-39985665fb91a3c2.rlib" "/opt/rustwide/rustup-home/toolchains/nightly-2024-02-05-x86_64-unknown-linux-gnu/lib/rustlib/x86_64-unknown-linux-gnu/lib/libmemchr-8666dad6789c0484.rlib" "/opt/rustwide/rustup-home/toolchains/nightly-2024-02-05-x86_64-unknown-linux-gnu/lib/rustlib/x86_64-unknown-linux-gnu/lib/libaddr2line-7b871242ae961a4e.rlib" "/opt/rustwide/rustup-home/toolchains/nightly-2024-02-05-x86_64-unknown-linux-gnu/lib/rustlib/x86_64-unknown-linux-gnu/lib/libgimli-8d4074793ba35678.rlib" "/opt/rustwide/rustup-home/toolchains/nightly-2024-02-05-x86_64-unknown-linux-gnu/lib/rustlib/x86_64-unknown-linux-gnu/lib/librustc_demangle-ec84eb0416770982.rlib" "/opt/rustwide/rustup-home/toolchains/nightly-2024-02-05-x86_64-unknown-linux-gnu/lib/rustlib/x86_64-unknown-linux-gnu/lib/libstd_detect-68539ddfb3806005.rlib" "/opt/rustwide/rustup-home/toolchains/nightly-2024-02-05-x86_64-unknown-linux-gnu/lib/rustlib/x86_64-unknown-linux-gnu/lib/libhashbrown-ac61d465c61f24ac.rlib" "/opt/rustwide/rustup-home/toolchains/nightly-2024-02-05-x86_64-unknown-linux-gnu/lib/rustlib/x86_64-unknown-linux-gnu/lib/librustc_std_workspace_alloc-19d2d9343e8c3ab1.rlib" "/opt/rustwide/rustup-home/toolchains/nightly-2024-02-05-x86_64-unknown-linux-gnu/lib/rustlib/x86_64-unknown-linux-gnu/lib/libminiz_oxide-e762a6d65f031366.rlib" "/opt/rustwide/rustup-home/toolchains/nightly-2024-02-05-x86_64-unknown-linux-gnu/lib/rustlib/x86_64-unknown-linux-gnu/lib/libadler-e85e489d4408465b.rlib" "/opt/rustwide/rustup-home/toolchains/nightly-2024-02-05-x86_64-unknown-linux-gnu/lib/rustlib/x86_64-unknown-linux-gnu/lib/libunwind-da335adb5acc7119.rlib" "/opt/rustwide/rustup-home/toolchains/nightly-2024-02-05-x86_64-unknown-linux-gnu/lib/rustlib/x86_64-unknown-linux-gnu/lib/libcfg_if-527e3e7decf6a631.rlib" "/opt/rustwide/rustup-home/toolchains/nightly-2024-02-05-x86_64-unknown-linux-gnu/lib/rustlib/x86_64-unknown-linux-gnu/lib/liblibc-5f8c8143cdb8d04b.rlib" "/opt/rustwide/rustup-home/toolchains/nightly-2024-02-05-x86_64-unknown-linux-gnu/lib/rustlib/x86_64-unknown-linux-gnu/lib/liballoc-b905197320c3903d.rlib" "/opt/rustwide/rustup-home/toolchains/nightly-2024-02-05-x86_64-unknown-linux-gnu/lib/rustlib/x86_64-unknown-linux-gnu/lib/librustc_std_workspace_core-9686387289eaa322.rlib" "/opt/rustwide/rustup-home/toolchains/nightly-2024-02-05-x86_64-unknown-linux-gnu/lib/rustlib/x86_64-unknown-linux-gnu/lib/libcore-632ae0f28c5e55ff.rlib" "/opt/rustwide/rustup-home/toolchains/nightly-2024-02-05-x86_64-unknown-linux-gnu/lib/rustlib/x86_64-unknown-linux-gnu/lib/libcompiler_builtins-3166674eacfcf914.rlib" "-Wl,-Bdynamic" "-lgcc_s" "-lutil" "-lrt" "-lpthread" "-lm" "-ldl" "-lc" "-Wl,--eh-frame-hdr" "-Wl,-z,noexecstack" "-L" "/opt/rustwide/rustup-home/toolchains/nightly-2024-02-05-x86_64-unknown-linux-gnu/lib/rustlib/x86_64-unknown-linux-gnu/lib" "-o" "/opt/rustwide/target/debug/build/byteorder-c4a6a81b4bdbd0b0/build_script_build-c4a6a81b4bdbd0b0" "-Wl,--gc-sections" "-pie" "-Wl,-z,relro,-z,now" "-nodefaultlibs"
[INFO] [stdout]   = note: /usr/bin/ld: final link failed: No space left on device
[INFO] [stdout]           collect2: error: ld returned 1 exit status
[INFO] [stdout]           
[INFO] [stdout] 
[INFO] [stdout] 
[INFO] [stderr] error: could not compile `byteorder` (build script) due to 1 previous error
[INFO] [stdout] error: failed to write to `/opt/rustwide/target/debug/deps/rmetaHY2ION/lib.rmeta`: No space left on device (os error 28)
[INFO] [stdout] 
[INFO] [stdout] 
[INFO] [stderr] error: could not compile `regex-syntax` (lib) due to 1 previous error
[INFO] running `Command { std: "docker" "inspect" "0df35424912be524a4632d01cc6748367ed920de088781c0bb42fd16d215d04f", kill_on_drop: false }`
[INFO] running `Command { std: "docker" "rm" "-f" "0df35424912be524a4632d01cc6748367ed920de088781c0bb42fd16d215d04f", kill_on_drop: false }`
[INFO] [stdout] 0df35424912be524a4632d01cc6748367ed920de088781c0bb42fd16d215d04f
