[INFO] cloning repository https://github.com/sajis997/path_tracer
[INFO] running `Command { std: "git" "-c" "credential.helper=" "-c" "credential.helper=/workspace/cargo-home/bin/git-credential-null" "clone" "--bare" "https://github.com/sajis997/path_tracer" "/workspace/cache/git-repos/https%3A%2F%2Fgithub.com%2Fsajis997%2Fpath_tracer", kill_on_drop: false }`
[INFO] [stderr] Cloning into bare repository '/workspace/cache/git-repos/https%3A%2F%2Fgithub.com%2Fsajis997%2Fpath_tracer'...
[INFO] running `Command { std: "git" "rev-parse" "HEAD", kill_on_drop: false }`
[INFO] [stdout] 5403667645494cb4de72262a78a28bb71e635b02
[INFO] checking sajis997/path_tracer against nightly-2024-02-05 for check-cfg
[INFO] running `Command { std: "git" "clone" "/workspace/cache/git-repos/https%3A%2F%2Fgithub.com%2Fsajis997%2Fpath_tracer" "/workspace/builds/worker-2-tc1/source", kill_on_drop: false }`
[INFO] [stderr] Cloning into '/workspace/builds/worker-2-tc1/source'...
[INFO] [stderr] done.
[INFO] validating manifest of git repo https://github.com/sajis997/path_tracer on toolchain nightly-2024-02-05
[INFO] running `Command { std: CARGO_HOME="/workspace/cargo-home" RUSTUP_HOME="/workspace/rustup-home" "/workspace/cargo-home/bin/cargo" "+nightly-2024-02-05" "metadata" "--manifest-path" "Cargo.toml" "--no-deps", kill_on_drop: false }`
[INFO] started tweaking git repo https://github.com/sajis997/path_tracer
[INFO] finished tweaking git repo https://github.com/sajis997/path_tracer
[INFO] tweaked toml for git repo https://github.com/sajis997/path_tracer written to /workspace/builds/worker-2-tc1/source/Cargo.toml
[INFO] crate git repo https://github.com/sajis997/path_tracer already has a lockfile, it will not be regenerated
[INFO] running `Command { std: CARGO_HOME="/workspace/cargo-home" RUSTUP_HOME="/workspace/rustup-home" "/workspace/cargo-home/bin/cargo" "+nightly-2024-02-05" "fetch" "--manifest-path" "Cargo.toml", kill_on_drop: false }`
[INFO] running `Command { std: "docker" "create" "-v" "/var/lib/crater-agent-workspace/builds/worker-2-tc1/target:/opt/rustwide/target:rw,Z" "-v" "/var/lib/crater-agent-workspace/builds/worker-2-tc1/source:/opt/rustwide/workdir:ro,Z" "-v" "/var/lib/crater-agent-workspace/cargo-home:/opt/rustwide/cargo-home:ro,Z" "-v" "/var/lib/crater-agent-workspace/rustup-home:/opt/rustwide/rustup-home:ro,Z" "-e" "SOURCE_DIR=/opt/rustwide/workdir" "-e" "CARGO_TARGET_DIR=/opt/rustwide/target" "-e" "CARGO_HOME=/opt/rustwide/cargo-home" "-e" "RUSTUP_HOME=/opt/rustwide/rustup-home" "-w" "/opt/rustwide/workdir" "-m" "1610612736" "--user" "0:0" "--network" "none" "ghcr.io/rust-lang/crates-build-env/linux@sha256:2788e3201cd34a07e3172128adcd8b3090168a8e3bcc40d7c032b9dda1df7d1c" "/opt/rustwide/cargo-home/bin/cargo" "+nightly-2024-02-05" "metadata" "--no-deps" "--format-version=1", kill_on_drop: false }`
[INFO] [stdout] d45b552490a23919f580017c6a06f10bb51a553e04138f5999a379c2db888fd5
[INFO] running `Command { std: "docker" "start" "-a" "d45b552490a23919f580017c6a06f10bb51a553e04138f5999a379c2db888fd5", kill_on_drop: false }`
[INFO] running `Command { std: "docker" "inspect" "d45b552490a23919f580017c6a06f10bb51a553e04138f5999a379c2db888fd5", kill_on_drop: false }`
[INFO] running `Command { std: "docker" "rm" "-f" "d45b552490a23919f580017c6a06f10bb51a553e04138f5999a379c2db888fd5", kill_on_drop: false }`
[INFO] [stdout] d45b552490a23919f580017c6a06f10bb51a553e04138f5999a379c2db888fd5
[INFO] running `Command { std: "docker" "create" "-v" "/var/lib/crater-agent-workspace/builds/worker-2-tc1/target:/opt/rustwide/target:rw,Z" "-v" "/var/lib/crater-agent-workspace/builds/worker-2-tc1/source:/opt/rustwide/workdir:ro,Z" "-v" "/var/lib/crater-agent-workspace/cargo-home:/opt/rustwide/cargo-home:ro,Z" "-v" "/var/lib/crater-agent-workspace/rustup-home:/opt/rustwide/rustup-home:ro,Z" "-e" "SOURCE_DIR=/opt/rustwide/workdir" "-e" "CARGO_TARGET_DIR=/opt/rustwide/target" "-e" "CARGO_INCREMENTAL=0" "-e" "RUST_BACKTRACE=full" "-e" "RUSTFLAGS=--cap-lints=forbid" "-e" "RUSTDOCFLAGS=--cap-lints=forbid" "-e" "CARGO_HOME=/opt/rustwide/cargo-home" "-e" "RUSTUP_HOME=/opt/rustwide/rustup-home" "-w" "/opt/rustwide/workdir" "-m" "1610612736" "--user" "0:0" "--network" "none" "ghcr.io/rust-lang/crates-build-env/linux@sha256:2788e3201cd34a07e3172128adcd8b3090168a8e3bcc40d7c032b9dda1df7d1c" "/opt/rustwide/cargo-home/bin/cargo" "+nightly-2024-02-05" "check" "--frozen" "--all" "--all-targets" "--message-format=json", kill_on_drop: false }`
[INFO] [stdout] edb5ddf884638dd28e1b34f116fc86cc0998c50fbff416e9386b5dda6e977679
[INFO] running `Command { std: "docker" "start" "-a" "edb5ddf884638dd28e1b34f116fc86cc0998c50fbff416e9386b5dda6e977679", kill_on_drop: false }`
[INFO] [stderr]    Compiling autocfg v1.1.0
[INFO] [stderr]     Checking cfg-if v1.0.0
[INFO] [stderr]    Compiling libc v0.2.126
[INFO] [stderr]     Checking scopeguard v1.1.0
[INFO] [stderr]    Compiling crossbeam-utils v0.8.9
[INFO] [stderr]     Checking once_cell v1.12.0
[INFO] [stderr]    Compiling proc-macro2 v1.0.39
[INFO] [stderr]    Compiling rayon-core v1.9.3
[INFO] [stderr]    Compiling unicode-ident v1.0.1
[INFO] [stderr]    Compiling syn v1.0.98
[INFO] [stderr]     Checking adler v1.0.2
[INFO] [stderr]    Compiling crc32fast v1.3.2
[INFO] [stderr]    Compiling futures-core v0.3.21
[INFO] [stderr]     Checking either v1.6.1
[INFO] [stderr]     Checking miniz_oxide v0.5.3
[INFO] [stderr]    Compiling memoffset v0.6.5
[INFO] [stderr]    Compiling crossbeam-epoch v0.9.9
[INFO] [stderr]    Compiling lock_api v0.4.7
[INFO] [stderr]    Compiling rayon v1.5.3
[INFO] [stderr]     Checking crossbeam-channel v0.5.5
[INFO] [stderr]    Compiling num-traits v0.2.15
[INFO] [stderr]    Compiling quote v1.0.19
[INFO] [stderr]     Checking num_cpus v1.13.1
[INFO] [stderr]     Checking getrandom v0.2.7
[INFO] [stderr]    Compiling num-integer v0.1.45
[INFO] [stderr]     Checking spin v0.9.3
[INFO] [stderr]    Compiling num-rational v0.4.0
[INFO] [stderr]     Checking crossbeam-deque v0.8.1
[INFO] [stderr]     Checking nanorand v0.7.0
[INFO] [stderr]    Compiling portable-atomic v0.3.15
[INFO] [stderr]     Checking futures-sink v0.3.21
[INFO] [stderr]     Checking weezl v0.1.6
[INFO] [stderr]     Checking adler32 v1.2.0
[INFO] [stderr]     Checking rand_core v0.6.3
[INFO] [stderr]     Checking deflate v1.0.0
[INFO] [stderr]     Checking threadpool v1.8.1
[INFO] [stderr]     Checking terminal_size v0.1.17
[INFO] [stderr]     Checking flate2 v1.0.24
[INFO] [stderr]     Checking miniz_oxide v0.6.2
[INFO] [stderr]     Checking smallvec v1.8.0
[INFO] [stderr]     Checking ppv-lite86 v0.2.16
[INFO] [stderr]     Checking lebe v0.5.2
[INFO] [stderr]     Checking color_quant v1.1.0
[INFO] [stderr]     Checking half v2.1.0
[INFO] [stderr]     Checking bit_field v0.10.1
[INFO] [stderr]     Checking lazy_static v1.4.0
[INFO] [stderr]     Checking unicode-width v0.1.10
[INFO] [stderr]     Checking bitflags v1.3.2
[INFO] [stderr]     Checking gif v0.11.3
[INFO] [stderr]     Checking console v0.15.2
[INFO] [stderr]     Checking png v0.17.5
[INFO] [stderr]     Checking rand_chacha v0.3.1
[INFO] [stderr]     Checking number_prefix v0.4.0
[INFO] [stderr]     Checking byteorder v1.4.3
[INFO] [stderr]     Checking bytemuck v1.9.1
[INFO] [stderr]     Checking scoped_threadpool v0.1.9
[INFO] [stderr]     Checking rand v0.8.5
[INFO] [stderr]     Checking assert_approx_eq v1.1.0
[INFO] [stderr]     Checking jpeg-decoder v0.2.6
[INFO] [stderr]     Checking indicatif v0.17.2
[INFO] [stderr]     Checking tiff v0.7.2
[INFO] [stderr]    Compiling pin-project-internal v1.0.10
[INFO] [stderr]     Checking pin-project v1.0.10
[INFO] [stderr]     Checking flume v0.10.13
[INFO] [stderr]     Checking exr v1.5.2
[INFO] [stderr]     Checking image v0.24.4
[INFO] [stderr]     Checking path_tracer v0.1.0 (/opt/rustwide/workdir)
[INFO] [stdout] warning: unused variable: `r_in`
[INFO] [stdout]   --> src/material.rs:22:23
[INFO] [stdout]    |
[INFO] [stdout] 22 |     fn scatter(&self, r_in: &Ray, rec: &HitRecord) -> Option<(Color, Ray)> {
[INFO] [stdout]    |                       ^^^^ help: if this is intentional, prefix it with an underscore: `_r_in`
[INFO] [stdout]    |
[INFO] [stdout]    = note: `#[warn(unused_variables)]` on by default
[INFO] [stdout] 
[INFO] [stdout] 
[INFO] [stdout] warning: unused variable: `r_in`
[INFO] [stdout]   --> src/material.rs:22:23
[INFO] [stdout]    |
[INFO] [stdout] 22 |     fn scatter(&self, r_in: &Ray, rec: &HitRecord) -> Option<(Color, Ray)> {
[INFO] [stdout]    |                       ^^^^ help: if this is intentional, prefix it with an underscore: `_r_in`
[INFO] [stdout]    |
[INFO] [stdout]    = note: `#[warn(unused_variables)]` on by default
[INFO] [stdout] 
[INFO] [stdout] 
[INFO] [stdout] warning: 1 warning emitted
[INFO] [stdout] 
[INFO] [stdout] 
[INFO] [stdout] warning: 1 warning emitted
[INFO] [stdout] 
[INFO] [stdout] 
[INFO] [stderr]     Finished dev [unoptimized + debuginfo] target(s) in 10.83s
[INFO] running `Command { std: "docker" "inspect" "edb5ddf884638dd28e1b34f116fc86cc0998c50fbff416e9386b5dda6e977679", kill_on_drop: false }`
[INFO] running `Command { std: "docker" "rm" "-f" "edb5ddf884638dd28e1b34f116fc86cc0998c50fbff416e9386b5dda6e977679", kill_on_drop: false }`
[INFO] [stdout] edb5ddf884638dd28e1b34f116fc86cc0998c50fbff416e9386b5dda6e977679
[INFO] checking sajis997/path_tracer against nightly-2024-02-05+rustflags=-Dunexpected_cfgs+cargoflags=-Zcheck-cfg for check-cfg
[INFO] running `Command { std: "git" "clone" "/workspace/cache/git-repos/https%3A%2F%2Fgithub.com%2Fsajis997%2Fpath_tracer" "/workspace/builds/worker-2-tc2/source", kill_on_drop: false }`
[INFO] [stderr] Cloning into '/workspace/builds/worker-2-tc2/source'...
[INFO] [stderr] done.
[INFO] validating manifest of git repo https://github.com/sajis997/path_tracer on toolchain nightly-2024-02-05
[INFO] running `Command { std: CARGO_HOME="/workspace/cargo-home" RUSTUP_HOME="/workspace/rustup-home" "/workspace/cargo-home/bin/cargo" "+nightly-2024-02-05" "metadata" "--manifest-path" "Cargo.toml" "--no-deps", kill_on_drop: false }`
[INFO] started tweaking git repo https://github.com/sajis997/path_tracer
[INFO] finished tweaking git repo https://github.com/sajis997/path_tracer
[INFO] tweaked toml for git repo https://github.com/sajis997/path_tracer written to /workspace/builds/worker-2-tc2/source/Cargo.toml
[INFO] crate git repo https://github.com/sajis997/path_tracer already has a lockfile, it will not be regenerated
[INFO] running `Command { std: CARGO_HOME="/workspace/cargo-home" RUSTUP_HOME="/workspace/rustup-home" "/workspace/cargo-home/bin/cargo" "+nightly-2024-02-05" "fetch" "--manifest-path" "Cargo.toml", kill_on_drop: false }`
[INFO] checking sajis997/path_tracer against nightly-2024-02-05+rustflags=-Dunexpected_cfgs+cargoflags=-Zcheck-cfg for check-cfg
[INFO] running `Command { std: "git" "clone" "/workspace/cache/git-repos/https%3A%2F%2Fgithub.com%2Fsajis997%2Fpath_tracer" "/workspace/builds/worker-2-tc2/source", kill_on_drop: false }`
[INFO] [stderr] Cloning into '/workspace/builds/worker-2-tc2/source'...
[INFO] [stderr] done.
[INFO] [stderr] error: unable to write file output/zoom-in.png
[INFO] [stderr] fatal: cannot create directory at 'src': No space left on device
[INFO] [stderr] warning: Clone succeeded, but checkout failed.
[INFO] [stderr] You can inspect what was checked out with 'git status'
[INFO] [stderr] and retry with 'git restore --source=HEAD :/'
[INFO] [stderr] 
[INFO] checking sajis997/path_tracer against nightly-2024-02-05+rustflags=-Dunexpected_cfgs+cargoflags=-Zcheck-cfg for check-cfg
[INFO] running `Command { std: "git" "clone" "/workspace/cache/git-repos/https%3A%2F%2Fgithub.com%2Fsajis997%2Fpath_tracer" "/workspace/builds/worker-2-tc2/source", kill_on_drop: false }`
[INFO] [stderr] Cloning into '/workspace/builds/worker-2-tc2/source'...
[INFO] [stderr] done.
[INFO] [stderr] error: unable to write file output/zoom-in.png
[INFO] [stderr] fatal: cannot create directory at 'src': No space left on device
[INFO] [stderr] warning: Clone succeeded, but checkout failed.
[INFO] [stderr] You can inspect what was checked out with 'git status'
[INFO] [stderr] and retry with 'git restore --source=HEAD :/'
[INFO] [stderr] 
[INFO] checking sajis997/path_tracer against nightly-2024-02-05+rustflags=-Dunexpected_cfgs+cargoflags=-Zcheck-cfg for check-cfg
[INFO] running `Command { std: "git" "clone" "/workspace/cache/git-repos/https%3A%2F%2Fgithub.com%2Fsajis997%2Fpath_tracer" "/workspace/builds/worker-2-tc2/source", kill_on_drop: false }`
[INFO] [stderr] Cloning into '/workspace/builds/worker-2-tc2/source'...
[INFO] [stderr] done.
[INFO] [stderr] error: unable to write file output/zoom-in.png
[INFO] [stderr] fatal: cannot create directory at 'src': No space left on device
[INFO] [stderr] warning: Clone succeeded, but checkout failed.
[INFO] [stderr] You can inspect what was checked out with 'git status'
[INFO] [stderr] and retry with 'git restore --source=HEAD :/'
[INFO] [stderr] 
[INFO] checking sajis997/path_tracer against nightly-2024-02-05+rustflags=-Dunexpected_cfgs+cargoflags=-Zcheck-cfg for check-cfg
[INFO] running `Command { std: "git" "clone" "/workspace/cache/git-repos/https%3A%2F%2Fgithub.com%2Fsajis997%2Fpath_tracer" "/workspace/builds/worker-2-tc2/source", kill_on_drop: false }`
[INFO] [stderr] Cloning into '/workspace/builds/worker-2-tc2/source'...
[INFO] [stderr] done.
[INFO] validating manifest of git repo https://github.com/sajis997/path_tracer on toolchain nightly-2024-02-05
[INFO] running `Command { std: CARGO_HOME="/workspace/cargo-home" RUSTUP_HOME="/workspace/rustup-home" "/workspace/cargo-home/bin/cargo" "+nightly-2024-02-05" "metadata" "--manifest-path" "Cargo.toml" "--no-deps", kill_on_drop: false }`
[INFO] started tweaking git repo https://github.com/sajis997/path_tracer
[INFO] finished tweaking git repo https://github.com/sajis997/path_tracer
[INFO] tweaked toml for git repo https://github.com/sajis997/path_tracer written to /workspace/builds/worker-2-tc2/source/Cargo.toml
[INFO] crate git repo https://github.com/sajis997/path_tracer already has a lockfile, it will not be regenerated
[INFO] running `Command { std: CARGO_HOME="/workspace/cargo-home" RUSTUP_HOME="/workspace/rustup-home" "/workspace/cargo-home/bin/cargo" "+nightly-2024-02-05" "fetch" "--manifest-path" "Cargo.toml", kill_on_drop: false }`
[INFO] running `Command { std: "docker" "create" "-v" "/var/lib/crater-agent-workspace/builds/worker-2-tc2/target:/opt/rustwide/target:rw,Z" "-v" "/var/lib/crater-agent-workspace/builds/worker-2-tc2/source:/opt/rustwide/workdir:ro,Z" "-v" "/var/lib/crater-agent-workspace/cargo-home:/opt/rustwide/cargo-home:ro,Z" "-v" "/var/lib/crater-agent-workspace/rustup-home:/opt/rustwide/rustup-home:ro,Z" "-e" "SOURCE_DIR=/opt/rustwide/workdir" "-e" "CARGO_TARGET_DIR=/opt/rustwide/target" "-e" "CARGO_HOME=/opt/rustwide/cargo-home" "-e" "RUSTUP_HOME=/opt/rustwide/rustup-home" "-w" "/opt/rustwide/workdir" "-m" "1610612736" "--user" "0:0" "--network" "none" "ghcr.io/rust-lang/crates-build-env/linux@sha256:2788e3201cd34a07e3172128adcd8b3090168a8e3bcc40d7c032b9dda1df7d1c" "/opt/rustwide/cargo-home/bin/cargo" "+nightly-2024-02-05" "metadata" "--no-deps" "--format-version=1", kill_on_drop: false }`
[INFO] [stdout] fe6afb0c5b2792a60b12f06f76c1c496c2346d8da941d050ab404a8e329820fa
[INFO] running `Command { std: "docker" "start" "-a" "fe6afb0c5b2792a60b12f06f76c1c496c2346d8da941d050ab404a8e329820fa", kill_on_drop: false }`
[INFO] running `Command { std: "docker" "inspect" "fe6afb0c5b2792a60b12f06f76c1c496c2346d8da941d050ab404a8e329820fa", kill_on_drop: false }`
[INFO] running `Command { std: "docker" "rm" "-f" "fe6afb0c5b2792a60b12f06f76c1c496c2346d8da941d050ab404a8e329820fa", kill_on_drop: false }`
[INFO] [stdout] fe6afb0c5b2792a60b12f06f76c1c496c2346d8da941d050ab404a8e329820fa
[INFO] running `Command { std: "docker" "create" "-v" "/var/lib/crater-agent-workspace/builds/worker-2-tc2/target:/opt/rustwide/target:rw,Z" "-v" "/var/lib/crater-agent-workspace/builds/worker-2-tc2/source:/opt/rustwide/workdir:ro,Z" "-v" "/var/lib/crater-agent-workspace/cargo-home:/opt/rustwide/cargo-home:ro,Z" "-v" "/var/lib/crater-agent-workspace/rustup-home:/opt/rustwide/rustup-home:ro,Z" "-e" "SOURCE_DIR=/opt/rustwide/workdir" "-e" "CARGO_TARGET_DIR=/opt/rustwide/target" "-e" "CARGO_INCREMENTAL=0" "-e" "RUST_BACKTRACE=full" "-e" "RUSTFLAGS=--cap-lints=forbid -Dunexpected_cfgs" "-e" "RUSTDOCFLAGS=--cap-lints=forbid" "-e" "CARGO_HOME=/opt/rustwide/cargo-home" "-e" "RUSTUP_HOME=/opt/rustwide/rustup-home" "-w" "/opt/rustwide/workdir" "-m" "1610612736" "--user" "0:0" "--network" "none" "ghcr.io/rust-lang/crates-build-env/linux@sha256:2788e3201cd34a07e3172128adcd8b3090168a8e3bcc40d7c032b9dda1df7d1c" "/opt/rustwide/cargo-home/bin/cargo" "+nightly-2024-02-05" "check" "--frozen" "--all" "--all-targets" "--message-format=json" "-Zcheck-cfg", kill_on_drop: false }`
[INFO] [stdout] 429efd72c41c2dc257dff16e12809768b5e4c97f82976ddda89178d038a3b273
[INFO] running `Command { std: "docker" "start" "-a" "429efd72c41c2dc257dff16e12809768b5e4c97f82976ddda89178d038a3b273", kill_on_drop: false }`
[INFO] [stderr]    Compiling autocfg v1.1.0
[INFO] [stderr]     Checking cfg-if v1.0.0
[INFO] [stderr]    Compiling libc v0.2.126
[INFO] [stderr]     Checking scopeguard v1.1.0
[INFO] [stderr]    Compiling crossbeam-utils v0.8.9
[INFO] [stderr]     Checking once_cell v1.12.0
[INFO] [stderr]    Compiling proc-macro2 v1.0.39
[INFO] [stderr]    Compiling rayon-core v1.9.3
[INFO] [stderr]    Compiling unicode-ident v1.0.1
[INFO] [stderr]     Checking adler v1.0.2
[INFO] [stderr]    Compiling syn v1.0.98
[INFO] [stderr]    Compiling crc32fast v1.3.2
[INFO] [stderr]    Compiling futures-core v0.3.21
[INFO] [stderr]     Checking either v1.6.1
[INFO] [stdout] error: linking with `cc` failed: exit status: 1
[INFO] [stdout]   |
[INFO] [stdout]   = note: LC_ALL="C" PATH="/opt/rustwide/rustup-home/toolchains/nightly-2024-02-05-x86_64-unknown-linux-gnu/lib/rustlib/x86_64-unknown-linux-gnu/bin:/opt/rustwide/cargo-home/bin:/usr/local/sbin:/usr/local/bin:/usr/sbin:/usr/bin:/sbin:/bin" VSLANG="1033" "cc" "-m64" "/tmp/rustcsg2V3x/symbols.o" "/opt/rustwide/target/debug/build/crossbeam-utils-0998049d1d032ad7/build_script_build-0998049d1d032ad7.build_script_build.6b659b13effbf982-cgu.0.rcgu.o" "/opt/rustwide/target/debug/build/crossbeam-utils-0998049d1d032ad7/build_script_build-0998049d1d032ad7.1w0d9fp3rux60o5w.rcgu.o" "-Wl,--as-needed" "-L" "/opt/rustwide/target/debug/deps" "-L" "/opt/rustwide/rustup-home/toolchains/nightly-2024-02-05-x86_64-unknown-linux-gnu/lib/rustlib/x86_64-unknown-linux-gnu/lib" "-Wl,-Bstatic" "/opt/rustwide/rustup-home/toolchains/nightly-2024-02-05-x86_64-unknown-linux-gnu/lib/rustlib/x86_64-unknown-linux-gnu/lib/libstd-075c79122bf4ef22.rlib" "/opt/rustwide/rustup-home/toolchains/nightly-2024-02-05-x86_64-unknown-linux-gnu/lib/rustlib/x86_64-unknown-linux-gnu/lib/libpanic_unwind-89ad4240c90c0e03.rlib" "/opt/rustwide/rustup-home/toolchains/nightly-2024-02-05-x86_64-unknown-linux-gnu/lib/rustlib/x86_64-unknown-linux-gnu/lib/libobject-39985665fb91a3c2.rlib" "/opt/rustwide/rustup-home/toolchains/nightly-2024-02-05-x86_64-unknown-linux-gnu/lib/rustlib/x86_64-unknown-linux-gnu/lib/libmemchr-8666dad6789c0484.rlib" "/opt/rustwide/rustup-home/toolchains/nightly-2024-02-05-x86_64-unknown-linux-gnu/lib/rustlib/x86_64-unknown-linux-gnu/lib/libaddr2line-7b871242ae961a4e.rlib" "/opt/rustwide/rustup-home/toolchains/nightly-2024-02-05-x86_64-unknown-linux-gnu/lib/rustlib/x86_64-unknown-linux-gnu/lib/libgimli-8d4074793ba35678.rlib" "/opt/rustwide/rustup-home/toolchains/nightly-2024-02-05-x86_64-unknown-linux-gnu/lib/rustlib/x86_64-unknown-linux-gnu/lib/librustc_demangle-ec84eb0416770982.rlib" "/opt/rustwide/rustup-home/toolchains/nightly-2024-02-05-x86_64-unknown-linux-gnu/lib/rustlib/x86_64-unknown-linux-gnu/lib/libstd_detect-68539ddfb3806005.rlib" "/opt/rustwide/rustup-home/toolchains/nightly-2024-02-05-x86_64-unknown-linux-gnu/lib/rustlib/x86_64-unknown-linux-gnu/lib/libhashbrown-ac61d465c61f24ac.rlib" "/opt/rustwide/rustup-home/toolchains/nightly-2024-02-05-x86_64-unknown-linux-gnu/lib/rustlib/x86_64-unknown-linux-gnu/lib/librustc_std_workspace_alloc-19d2d9343e8c3ab1.rlib" "/opt/rustwide/rustup-home/toolchains/nightly-2024-02-05-x86_64-unknown-linux-gnu/lib/rustlib/x86_64-unknown-linux-gnu/lib/libminiz_oxide-e762a6d65f031366.rlib" "/opt/rustwide/rustup-home/toolchains/nightly-2024-02-05-x86_64-unknown-linux-gnu/lib/rustlib/x86_64-unknown-linux-gnu/lib/libadler-e85e489d4408465b.rlib" "/opt/rustwide/rustup-home/toolchains/nightly-2024-02-05-x86_64-unknown-linux-gnu/lib/rustlib/x86_64-unknown-linux-gnu/lib/libunwind-da335adb5acc7119.rlib" "/opt/rustwide/rustup-home/toolchains/nightly-2024-02-05-x86_64-unknown-linux-gnu/lib/rustlib/x86_64-unknown-linux-gnu/lib/libcfg_if-527e3e7decf6a631.rlib" "/opt/rustwide/rustup-home/toolchains/nightly-2024-02-05-x86_64-unknown-linux-gnu/lib/rustlib/x86_64-unknown-linux-gnu/lib/liblibc-5f8c8143cdb8d04b.rlib" "/opt/rustwide/rustup-home/toolchains/nightly-2024-02-05-x86_64-unknown-linux-gnu/lib/rustlib/x86_64-unknown-linux-gnu/lib/liballoc-b905197320c3903d.rlib" "/opt/rustwide/rustup-home/toolchains/nightly-2024-02-05-x86_64-unknown-linux-gnu/lib/rustlib/x86_64-unknown-linux-gnu/lib/librustc_std_workspace_core-9686387289eaa322.rlib" "/opt/rustwide/rustup-home/toolchains/nightly-2024-02-05-x86_64-unknown-linux-gnu/lib/rustlib/x86_64-unknown-linux-gnu/lib/libcore-632ae0f28c5e55ff.rlib" "/opt/rustwide/rustup-home/toolchains/nightly-2024-02-05-x86_64-unknown-linux-gnu/lib/rustlib/x86_64-unknown-linux-gnu/lib/libcompiler_builtins-3166674eacfcf914.rlib" "-Wl,-Bdynamic" "-lgcc_s" "-lutil" "-lrt" "-lpthread" "-lm" "-ldl" "-lc" "-Wl,--eh-frame-hdr" "-Wl,-z,noexecstack" "-L" "/opt/rustwide/rustup-home/toolchains/nightly-2024-02-05-x86_64-unknown-linux-gnu/lib/rustlib/x86_64-unknown-linux-gnu/lib" "-o" "/opt/rustwide/target/debug/build/crossbeam-utils-0998049d1d032ad7/build_script_build-0998049d1d032ad7" "-Wl,--gc-sections" "-pie" "-Wl,-z,relro,-z,now" "-nodefaultlibs"
[INFO] [stdout]   = note: /usr/bin/ld: final link failed: No space left on device
[INFO] [stdout]           collect2: error: ld returned 1 exit status
[INFO] [stdout]           
[INFO] [stdout] 
[INFO] [stdout] 
[INFO] [stdout] error: aborting due to 1 previous error
[INFO] [stdout] 
[INFO] [stdout] 
[INFO] [stderr] error: could not compile `crossbeam-utils` (build script) due to 2 previous errors
[INFO] [stderr] warning: build failed, waiting for other jobs to finish...
[INFO] [stdout] error: linking with `cc` failed: exit status: 1
[INFO] [stdout]   |
[INFO] [stdout]   = note: LC_ALL="C" PATH="/opt/rustwide/rustup-home/toolchains/nightly-2024-02-05-x86_64-unknown-linux-gnu/lib/rustlib/x86_64-unknown-linux-gnu/bin:/opt/rustwide/cargo-home/bin:/usr/local/sbin:/usr/local/bin:/usr/sbin:/usr/bin:/sbin:/bin" VSLANG="1033" "cc" "-m64" "/tmp/rustcdowdwx/symbols.o" "/opt/rustwide/target/debug/build/libc-457a6c519019fba4/build_script_build-457a6c519019fba4.build_script_build.72d77d52d0a47e20-cgu.0.rcgu.o" "/opt/rustwide/target/debug/build/libc-457a6c519019fba4/build_script_build-457a6c519019fba4.build_script_build.72d77d52d0a47e20-cgu.1.rcgu.o" "/opt/rustwide/target/debug/build/libc-457a6c519019fba4/build_script_build-457a6c519019fba4.3q0p9x44qj6sa0vd.rcgu.o" "-Wl,--as-needed" "-L" "/opt/rustwide/target/debug/deps" "-L" "/opt/rustwide/rustup-home/toolchains/nightly-2024-02-05-x86_64-unknown-linux-gnu/lib/rustlib/x86_64-unknown-linux-gnu/lib" "-Wl,-Bstatic" "/opt/rustwide/rustup-home/toolchains/nightly-2024-02-05-x86_64-unknown-linux-gnu/lib/rustlib/x86_64-unknown-linux-gnu/lib/libstd-075c79122bf4ef22.rlib" "/opt/rustwide/rustup-home/toolchains/nightly-2024-02-05-x86_64-unknown-linux-gnu/lib/rustlib/x86_64-unknown-linux-gnu/lib/libpanic_unwind-89ad4240c90c0e03.rlib" "/opt/rustwide/rustup-home/toolchains/nightly-2024-02-05-x86_64-unknown-linux-gnu/lib/rustlib/x86_64-unknown-linux-gnu/lib/libobject-39985665fb91a3c2.rlib" "/opt/rustwide/rustup-home/toolchains/nightly-2024-02-05-x86_64-unknown-linux-gnu/lib/rustlib/x86_64-unknown-linux-gnu/lib/libmemchr-8666dad6789c0484.rlib" "/opt/rustwide/rustup-home/toolchains/nightly-2024-02-05-x86_64-unknown-linux-gnu/lib/rustlib/x86_64-unknown-linux-gnu/lib/libaddr2line-7b871242ae961a4e.rlib" "/opt/rustwide/rustup-home/toolchains/nightly-2024-02-05-x86_64-unknown-linux-gnu/lib/rustlib/x86_64-unknown-linux-gnu/lib/libgimli-8d4074793ba35678.rlib" "/opt/rustwide/rustup-home/toolchains/nightly-2024-02-05-x86_64-unknown-linux-gnu/lib/rustlib/x86_64-unknown-linux-gnu/lib/librustc_demangle-ec84eb0416770982.rlib" "/opt/rustwide/rustup-home/toolchains/nightly-2024-02-05-x86_64-unknown-linux-gnu/lib/rustlib/x86_64-unknown-linux-gnu/lib/libstd_detect-68539ddfb3806005.rlib" "/opt/rustwide/rustup-home/toolchains/nightly-2024-02-05-x86_64-unknown-linux-gnu/lib/rustlib/x86_64-unknown-linux-gnu/lib/libhashbrown-ac61d465c61f24ac.rlib" "/opt/rustwide/rustup-home/toolchains/nightly-2024-02-05-x86_64-unknown-linux-gnu/lib/rustlib/x86_64-unknown-linux-gnu/lib/librustc_std_workspace_alloc-19d2d9343e8c3ab1.rlib" "/opt/rustwide/rustup-home/toolchains/nightly-2024-02-05-x86_64-unknown-linux-gnu/lib/rustlib/x86_64-unknown-linux-gnu/lib/libminiz_oxide-e762a6d65f031366.rlib" "/opt/rustwide/rustup-home/toolchains/nightly-2024-02-05-x86_64-unknown-linux-gnu/lib/rustlib/x86_64-unknown-linux-gnu/lib/libadler-e85e489d4408465b.rlib" "/opt/rustwide/rustup-home/toolchains/nightly-2024-02-05-x86_64-unknown-linux-gnu/lib/rustlib/x86_64-unknown-linux-gnu/lib/libunwind-da335adb5acc7119.rlib" "/opt/rustwide/rustup-home/toolchains/nightly-2024-02-05-x86_64-unknown-linux-gnu/lib/rustlib/x86_64-unknown-linux-gnu/lib/libcfg_if-527e3e7decf6a631.rlib" "/opt/rustwide/rustup-home/toolchains/nightly-2024-02-05-x86_64-unknown-linux-gnu/lib/rustlib/x86_64-unknown-linux-gnu/lib/liblibc-5f8c8143cdb8d04b.rlib" "/opt/rustwide/rustup-home/toolchains/nightly-2024-02-05-x86_64-unknown-linux-gnu/lib/rustlib/x86_64-unknown-linux-gnu/lib/liballoc-b905197320c3903d.rlib" "/opt/rustwide/rustup-home/toolchains/nightly-2024-02-05-x86_64-unknown-linux-gnu/lib/rustlib/x86_64-unknown-linux-gnu/lib/librustc_std_workspace_core-9686387289eaa322.rlib" "/opt/rustwide/rustup-home/toolchains/nightly-2024-02-05-x86_64-unknown-linux-gnu/lib/rustlib/x86_64-unknown-linux-gnu/lib/libcore-632ae0f28c5e55ff.rlib" "/opt/rustwide/rustup-home/toolchains/nightly-2024-02-05-x86_64-unknown-linux-gnu/lib/rustlib/x86_64-unknown-linux-gnu/lib/libcompiler_builtins-3166674eacfcf914.rlib" "-Wl,-Bdynamic" "-lgcc_s" "-lutil" "-lrt" "-lpthread" "-lm" "-ldl" "-lc" "-Wl,--eh-frame-hdr" "-Wl,-z,noexecstack" "-L" "/opt/rustwide/rustup-home/toolchains/nightly-2024-02-05-x86_64-unknown-linux-gnu/lib/rustlib/x86_64-unknown-linux-gnu/lib" "-o" "/opt/rustwide/target/debug/build/libc-457a6c519019fba4/build_script_build-457a6c519019fba4" "-Wl,--gc-sections" "-pie" "-Wl,-z,relro,-z,now" "-nodefaultlibs"
[INFO] [stdout]   = note: /usr/bin/ld: final link failed: No space left on device
[INFO] [stdout]           collect2: error: ld returned 1 exit status
[INFO] [stdout]           
[INFO] [stdout] 
[INFO] [stdout] 
[INFO] [stdout] error: aborting due to 1 previous error
[INFO] [stdout] 
[INFO] [stdout] 
[INFO] [stderr] error: could not compile `libc` (build script) due to 2 previous errors
[INFO] [stderr] error: could not parse/generate dep info at: /opt/rustwide/target/debug/deps/either-a47c202287a557d0.d
[INFO] [stderr] 
[INFO] [stderr] Caused by:
[INFO] [stderr]   failed to write `/opt/rustwide/target/debug/.fingerprint/either-a47c202287a557d0/dep-lib-either`
[INFO] [stderr] 
[INFO] [stderr] Caused by:
[INFO] [stderr]   No space left on device (os error 28)
[INFO] [stdout] error: failed to write /tmp/rustcF4vl8O/lib.rmeta: No space left on device (os error 28)
[INFO] [stdout] 
[INFO] [stdout] 
[INFO] [stdout] error: aborting due to 1 previous error
[INFO] [stdout] 
[INFO] [stdout] 
[INFO] [stdout] error: linking with `cc` failed: exit status: 1
[INFO] [stdout]   |
[INFO] [stdout]   = note: LC_ALL="C" PATH="/opt/rustwide/rustup-home/toolchains/nightly-2024-02-05-x86_64-unknown-linux-gnu/lib/rustlib/x86_64-unknown-linux-gnu/bin:/opt/rustwide/cargo-home/bin:/usr/local/sbin:/usr/local/bin:/usr/sbin:/usr/bin:/sbin:/bin" VSLANG="1033" "cc" "-m64" "/tmp/rustcYmhSbR/symbols.o" "/opt/rustwide/target/debug/build/proc-macro2-47857309e807a14f/build_script_build-47857309e807a14f.build_script_build.553defcdb8790816-cgu.0.rcgu.o" "/opt/rustwide/target/debug/build/proc-macro2-47857309e807a14f/build_script_build-47857309e807a14f.build_script_build.553defcdb8790816-cgu.1.rcgu.o" "/opt/rustwide/target/debug/build/proc-macro2-47857309e807a14f/build_script_build-47857309e807a14f.build_script_build.553defcdb8790816-cgu.2.rcgu.o" "/opt/rustwide/target/debug/build/proc-macro2-47857309e807a14f/build_script_build-47857309e807a14f.4rs6vkwgmxz4turo.rcgu.o" "-Wl,--as-needed" "-L" "/opt/rustwide/target/debug/deps" "-L" "/opt/rustwide/rustup-home/toolchains/nightly-2024-02-05-x86_64-unknown-linux-gnu/lib/rustlib/x86_64-unknown-linux-gnu/lib" "-Wl,-Bstatic" "/opt/rustwide/rustup-home/toolchains/nightly-2024-02-05-x86_64-unknown-linux-gnu/lib/rustlib/x86_64-unknown-linux-gnu/lib/libstd-075c79122bf4ef22.rlib" "/opt/rustwide/rustup-home/toolchains/nightly-2024-02-05-x86_64-unknown-linux-gnu/lib/rustlib/x86_64-unknown-linux-gnu/lib/libpanic_unwind-89ad4240c90c0e03.rlib" "/opt/rustwide/rustup-home/toolchains/nightly-2024-02-05-x86_64-unknown-linux-gnu/lib/rustlib/x86_64-unknown-linux-gnu/lib/libobject-39985665fb91a3c2.rlib" "/opt/rustwide/rustup-home/toolchains/nightly-2024-02-05-x86_64-unknown-linux-gnu/lib/rustlib/x86_64-unknown-linux-gnu/lib/libmemchr-8666dad6789c0484.rlib" "/opt/rustwide/rustup-home/toolchains/nightly-2024-02-05-x86_64-unknown-linux-gnu/lib/rustlib/x86_64-unknown-linux-gnu/lib/libaddr2line-7b871242ae961a4e.rlib" "/opt/rustwide/rustup-home/toolchains/nightly-2024-02-05-x86_64-unknown-linux-gnu/lib/rustlib/x86_64-unknown-linux-gnu/lib/libgimli-8d4074793ba35678.rlib" "/opt/rustwide/rustup-home/toolchains/nightly-2024-02-05-x86_64-unknown-linux-gnu/lib/rustlib/x86_64-unknown-linux-gnu/lib/librustc_demangle-ec84eb0416770982.rlib" "/opt/rustwide/rustup-home/toolchains/nightly-2024-02-05-x86_64-unknown-linux-gnu/lib/rustlib/x86_64-unknown-linux-gnu/lib/libstd_detect-68539ddfb3806005.rlib" "/opt/rustwide/rustup-home/toolchains/nightly-2024-02-05-x86_64-unknown-linux-gnu/lib/rustlib/x86_64-unknown-linux-gnu/lib/libhashbrown-ac61d465c61f24ac.rlib" "/opt/rustwide/rustup-home/toolchains/nightly-2024-02-05-x86_64-unknown-linux-gnu/lib/rustlib/x86_64-unknown-linux-gnu/lib/librustc_std_workspace_alloc-19d2d9343e8c3ab1.rlib" "/opt/rustwide/rustup-home/toolchains/nightly-2024-02-05-x86_64-unknown-linux-gnu/lib/rustlib/x86_64-unknown-linux-gnu/lib/libminiz_oxide-e762a6d65f031366.rlib" "/opt/rustwide/rustup-home/toolchains/nightly-2024-02-05-x86_64-unknown-linux-gnu/lib/rustlib/x86_64-unknown-linux-gnu/lib/libadler-e85e489d4408465b.rlib" "/opt/rustwide/rustup-home/toolchains/nightly-2024-02-05-x86_64-unknown-linux-gnu/lib/rustlib/x86_64-unknown-linux-gnu/lib/libunwind-da335adb5acc7119.rlib" "/opt/rustwide/rustup-home/toolchains/nightly-2024-02-05-x86_64-unknown-linux-gnu/lib/rustlib/x86_64-unknown-linux-gnu/lib/libcfg_if-527e3e7decf6a631.rlib" "/opt/rustwide/rustup-home/toolchains/nightly-2024-02-05-x86_64-unknown-linux-gnu/lib/rustlib/x86_64-unknown-linux-gnu/lib/liblibc-5f8c8143cdb8d04b.rlib" "/opt/rustwide/rustup-home/toolchains/nightly-2024-02-05-x86_64-unknown-linux-gnu/lib/rustlib/x86_64-unknown-linux-gnu/lib/liballoc-b905197320c3903d.rlib" "/opt/rustwide/rustup-home/toolchains/nightly-2024-02-05-x86_64-unknown-linux-gnu/lib/rustlib/x86_64-unknown-linux-gnu/lib/librustc_std_workspace_core-9686387289eaa322.rlib" "/opt/rustwide/rustup-home/toolchains/nightly-2024-02-05-x86_64-unknown-linux-gnu/lib/rustlib/x86_64-unknown-linux-gnu/lib/libcore-632ae0f28c5e55ff.rlib" "/opt/rustwide/rustup-home/toolchains/nightly-2024-02-05-x86_64-unknown-linux-gnu/lib/rustlib/x86_64-unknown-linux-gnu/lib/libcompiler_builtins-3166674eacfcf914.rlib" "-Wl,-Bdynamic" "-lgcc_s" "-lutil" "-lrt" "-lpthread" "-lm" "-ldl" "-lc" "-Wl,--eh-frame-hdr" "-Wl,-z,noexecstack" "-L" "/opt/rustwide/rustup-home/toolchains/nightly-2024-02-05-x86_64-unknown-linux-gnu/lib/rustlib/x86_64-unknown-linux-gnu/lib" "-o" "/opt/rustwide/target/debug/build/proc-macro2-47857309e807a14f/build_script_build-47857309e807a14f" "-Wl,--gc-sections" "-pie" "-Wl,-z,relro,-z,now" "-nodefaultlibs"
[INFO] [stdout]   = note: /usr/bin/ld: final link failed: No space left on device
[INFO] [stdout]           collect2: error: ld returned 1 exit status
[INFO] [stdout]           
[INFO] [stdout] 
[INFO] [stdout] 
[INFO] [stdout] error: aborting due to 1 previous error
[INFO] [stdout] 
[INFO] [stdout] 
[INFO] [stderr] error: could not compile `autocfg` (lib) due to 2 previous errors
[INFO] [stdout] error: linking with `cc` failed: exit status: 1
[INFO] [stdout]   |
[INFO] [stdout]   = note: LC_ALL="C" PATH="/opt/rustwide/rustup-home/toolchains/nightly-2024-02-05-x86_64-unknown-linux-gnu/lib/rustlib/x86_64-unknown-linux-gnu/bin:/opt/rustwide/cargo-home/bin:/usr/local/sbin:/usr/local/bin:/usr/sbin:/usr/bin:/sbin:/bin" VSLANG="1033" "cc" "-m64" "/tmp/rustcRufSnV/symbols.o" "/opt/rustwide/target/debug/build/futures-core-b847f91e996acea8/build_script_build-b847f91e996acea8.build_script_build.2ee3676430ca625a-cgu.0.rcgu.o" "/opt/rustwide/target/debug/build/futures-core-b847f91e996acea8/build_script_build-b847f91e996acea8.5bzp1l7897ygsxuj.rcgu.o" "-Wl,--as-needed" "-L" "/opt/rustwide/target/debug/deps" "-L" "/opt/rustwide/rustup-home/toolchains/nightly-2024-02-05-x86_64-unknown-linux-gnu/lib/rustlib/x86_64-unknown-linux-gnu/lib" "-Wl,-Bstatic" "/opt/rustwide/rustup-home/toolchains/nightly-2024-02-05-x86_64-unknown-linux-gnu/lib/rustlib/x86_64-unknown-linux-gnu/lib/libstd-075c79122bf4ef22.rlib" "/opt/rustwide/rustup-home/toolchains/nightly-2024-02-05-x86_64-unknown-linux-gnu/lib/rustlib/x86_64-unknown-linux-gnu/lib/libpanic_unwind-89ad4240c90c0e03.rlib" "/opt/rustwide/rustup-home/toolchains/nightly-2024-02-05-x86_64-unknown-linux-gnu/lib/rustlib/x86_64-unknown-linux-gnu/lib/libobject-39985665fb91a3c2.rlib" "/opt/rustwide/rustup-home/toolchains/nightly-2024-02-05-x86_64-unknown-linux-gnu/lib/rustlib/x86_64-unknown-linux-gnu/lib/libmemchr-8666dad6789c0484.rlib" "/opt/rustwide/rustup-home/toolchains/nightly-2024-02-05-x86_64-unknown-linux-gnu/lib/rustlib/x86_64-unknown-linux-gnu/lib/libaddr2line-7b871242ae961a4e.rlib" "/opt/rustwide/rustup-home/toolchains/nightly-2024-02-05-x86_64-unknown-linux-gnu/lib/rustlib/x86_64-unknown-linux-gnu/lib/libgimli-8d4074793ba35678.rlib" "/opt/rustwide/rustup-home/toolchains/nightly-2024-02-05-x86_64-unknown-linux-gnu/lib/rustlib/x86_64-unknown-linux-gnu/lib/librustc_demangle-ec84eb0416770982.rlib" "/opt/rustwide/rustup-home/toolchains/nightly-2024-02-05-x86_64-unknown-linux-gnu/lib/rustlib/x86_64-unknown-linux-gnu/lib/libstd_detect-68539ddfb3806005.rlib" "/opt/rustwide/rustup-home/toolchains/nightly-2024-02-05-x86_64-unknown-linux-gnu/lib/rustlib/x86_64-unknown-linux-gnu/lib/libhashbrown-ac61d465c61f24ac.rlib" "/opt/rustwide/rustup-home/toolchains/nightly-2024-02-05-x86_64-unknown-linux-gnu/lib/rustlib/x86_64-unknown-linux-gnu/lib/librustc_std_workspace_alloc-19d2d9343e8c3ab1.rlib" "/opt/rustwide/rustup-home/toolchains/nightly-2024-02-05-x86_64-unknown-linux-gnu/lib/rustlib/x86_64-unknown-linux-gnu/lib/libminiz_oxide-e762a6d65f031366.rlib" "/opt/rustwide/rustup-home/toolchains/nightly-2024-02-05-x86_64-unknown-linux-gnu/lib/rustlib/x86_64-unknown-linux-gnu/lib/libadler-e85e489d4408465b.rlib" "/opt/rustwide/rustup-home/toolchains/nightly-2024-02-05-x86_64-unknown-linux-gnu/lib/rustlib/x86_64-unknown-linux-gnu/lib/libunwind-da335adb5acc7119.rlib" "/opt/rustwide/rustup-home/toolchains/nightly-2024-02-05-x86_64-unknown-linux-gnu/lib/rustlib/x86_64-unknown-linux-gnu/lib/libcfg_if-527e3e7decf6a631.rlib" "/opt/rustwide/rustup-home/toolchains/nightly-2024-02-05-x86_64-unknown-linux-gnu/lib/rustlib/x86_64-unknown-linux-gnu/lib/liblibc-5f8c8143cdb8d04b.rlib" "/opt/rustwide/rustup-home/toolchains/nightly-2024-02-05-x86_64-unknown-linux-gnu/lib/rustlib/x86_64-unknown-linux-gnu/lib/liballoc-b905197320c3903d.rlib" "/opt/rustwide/rustup-home/toolchains/nightly-2024-02-05-x86_64-unknown-linux-gnu/lib/rustlib/x86_64-unknown-linux-gnu/lib/librustc_std_workspace_core-9686387289eaa322.rlib" "/opt/rustwide/rustup-home/toolchains/nightly-2024-02-05-x86_64-unknown-linux-gnu/lib/rustlib/x86_64-unknown-linux-gnu/lib/libcore-632ae0f28c5e55ff.rlib" "/opt/rustwide/rustup-home/toolchains/nightly-2024-02-05-x86_64-unknown-linux-gnu/lib/rustlib/x86_64-unknown-linux-gnu/lib/libcompiler_builtins-3166674eacfcf914.rlib" "-Wl,-Bdynamic" "-lgcc_s" "-lutil" "-lrt" "-lpthread" "-lm" "-ldl" "-lc" "-Wl,--eh-frame-hdr" "-Wl,-z,noexecstack" "-L" "/opt/rustwide/rustup-home/toolchains/nightly-2024-02-05-x86_64-unknown-linux-gnu/lib/rustlib/x86_64-unknown-linux-gnu/lib" "-o" "/opt/rustwide/target/debug/build/futures-core-b847f91e996acea8/build_script_build-b847f91e996acea8" "-Wl,--gc-sections" "-pie" "-Wl,-z,relro,-z,now" "-nodefaultlibs"
[INFO] [stdout]   = note: /usr/bin/ld: final link failed: No space left on device
[INFO] [stdout]           collect2: error: ld returned 1 exit status
[INFO] [stdout]           
[INFO] [stdout] 
[INFO] [stdout] 
[INFO] [stdout] error: aborting due to 1 previous error
[INFO] [stdout] 
[INFO] [stdout] 
[INFO] [stderr] error: could not compile `proc-macro2` (build script) due to 2 previous errors
[INFO] [stderr] error: could not compile `futures-core` (build script) due to 2 previous errors
[INFO] [stdout] error: linking with `cc` failed: exit status: 1
[INFO] [stdout]   |
[INFO] [stdout]   = note: LC_ALL="C" PATH="/opt/rustwide/rustup-home/toolchains/nightly-2024-02-05-x86_64-unknown-linux-gnu/lib/rustlib/x86_64-unknown-linux-gnu/bin:/opt/rustwide/cargo-home/bin:/usr/local/sbin:/usr/local/bin:/usr/sbin:/usr/bin:/sbin:/bin" VSLANG="1033" "cc" "-m64" "/tmp/rustcc2MGtc/symbols.o" "/opt/rustwide/target/debug/build/crc32fast-f246350a41da9ca7/build_script_build-f246350a41da9ca7.build_script_build.b1279ced64325ba1-cgu.0.rcgu.o" "/opt/rustwide/target/debug/build/crc32fast-f246350a41da9ca7/build_script_build-f246350a41da9ca7.2a1g37343a950fby.rcgu.o" "-Wl,--as-needed" "-L" "/opt/rustwide/target/debug/deps" "-L" "/opt/rustwide/rustup-home/toolchains/nightly-2024-02-05-x86_64-unknown-linux-gnu/lib/rustlib/x86_64-unknown-linux-gnu/lib" "-Wl,-Bstatic" "/opt/rustwide/rustup-home/toolchains/nightly-2024-02-05-x86_64-unknown-linux-gnu/lib/rustlib/x86_64-unknown-linux-gnu/lib/libstd-075c79122bf4ef22.rlib" "/opt/rustwide/rustup-home/toolchains/nightly-2024-02-05-x86_64-unknown-linux-gnu/lib/rustlib/x86_64-unknown-linux-gnu/lib/libpanic_unwind-89ad4240c90c0e03.rlib" "/opt/rustwide/rustup-home/toolchains/nightly-2024-02-05-x86_64-unknown-linux-gnu/lib/rustlib/x86_64-unknown-linux-gnu/lib/libobject-39985665fb91a3c2.rlib" "/opt/rustwide/rustup-home/toolchains/nightly-2024-02-05-x86_64-unknown-linux-gnu/lib/rustlib/x86_64-unknown-linux-gnu/lib/libmemchr-8666dad6789c0484.rlib" "/opt/rustwide/rustup-home/toolchains/nightly-2024-02-05-x86_64-unknown-linux-gnu/lib/rustlib/x86_64-unknown-linux-gnu/lib/libaddr2line-7b871242ae961a4e.rlib" "/opt/rustwide/rustup-home/toolchains/nightly-2024-02-05-x86_64-unknown-linux-gnu/lib/rustlib/x86_64-unknown-linux-gnu/lib/libgimli-8d4074793ba35678.rlib" "/opt/rustwide/rustup-home/toolchains/nightly-2024-02-05-x86_64-unknown-linux-gnu/lib/rustlib/x86_64-unknown-linux-gnu/lib/librustc_demangle-ec84eb0416770982.rlib" "/opt/rustwide/rustup-home/toolchains/nightly-2024-02-05-x86_64-unknown-linux-gnu/lib/rustlib/x86_64-unknown-linux-gnu/lib/libstd_detect-68539ddfb3806005.rlib" "/opt/rustwide/rustup-home/toolchains/nightly-2024-02-05-x86_64-unknown-linux-gnu/lib/rustlib/x86_64-unknown-linux-gnu/lib/libhashbrown-ac61d465c61f24ac.rlib" "/opt/rustwide/rustup-home/toolchains/nightly-2024-02-05-x86_64-unknown-linux-gnu/lib/rustlib/x86_64-unknown-linux-gnu/lib/librustc_std_workspace_alloc-19d2d9343e8c3ab1.rlib" "/opt/rustwide/rustup-home/toolchains/nightly-2024-02-05-x86_64-unknown-linux-gnu/lib/rustlib/x86_64-unknown-linux-gnu/lib/libminiz_oxide-e762a6d65f031366.rlib" "/opt/rustwide/rustup-home/toolchains/nightly-2024-02-05-x86_64-unknown-linux-gnu/lib/rustlib/x86_64-unknown-linux-gnu/lib/libadler-e85e489d4408465b.rlib" "/opt/rustwide/rustup-home/toolchains/nightly-2024-02-05-x86_64-unknown-linux-gnu/lib/rustlib/x86_64-unknown-linux-gnu/lib/libunwind-da335adb5acc7119.rlib" "/opt/rustwide/rustup-home/toolchains/nightly-2024-02-05-x86_64-unknown-linux-gnu/lib/rustlib/x86_64-unknown-linux-gnu/lib/libcfg_if-527e3e7decf6a631.rlib" "/opt/rustwide/rustup-home/toolchains/nightly-2024-02-05-x86_64-unknown-linux-gnu/lib/rustlib/x86_64-unknown-linux-gnu/lib/liblibc-5f8c8143cdb8d04b.rlib" "/opt/rustwide/rustup-home/toolchains/nightly-2024-02-05-x86_64-unknown-linux-gnu/lib/rustlib/x86_64-unknown-linux-gnu/lib/liballoc-b905197320c3903d.rlib" "/opt/rustwide/rustup-home/toolchains/nightly-2024-02-05-x86_64-unknown-linux-gnu/lib/rustlib/x86_64-unknown-linux-gnu/lib/librustc_std_workspace_core-9686387289eaa322.rlib" "/opt/rustwide/rustup-home/toolchains/nightly-2024-02-05-x86_64-unknown-linux-gnu/lib/rustlib/x86_64-unknown-linux-gnu/lib/libcore-632ae0f28c5e55ff.rlib" "/opt/rustwide/rustup-home/toolchains/nightly-2024-02-05-x86_64-unknown-linux-gnu/lib/rustlib/x86_64-unknown-linux-gnu/lib/libcompiler_builtins-3166674eacfcf914.rlib" "-Wl,-Bdynamic" "-lgcc_s" "-lutil" "-lrt" "-lpthread" "-lm" "-ldl" "-lc" "-Wl,--eh-frame-hdr" "-Wl,-z,noexecstack" "-L" "/opt/rustwide/rustup-home/toolchains/nightly-2024-02-05-x86_64-unknown-linux-gnu/lib/rustlib/x86_64-unknown-linux-gnu/lib" "-o" "/opt/rustwide/target/debug/build/crc32fast-f246350a41da9ca7/build_script_build-f246350a41da9ca7" "-Wl,--gc-sections" "-pie" "-Wl,-z,relro,-z,now" "-nodefaultlibs"
[INFO] [stdout]   = note: /usr/bin/ld: final link failed: No space left on device
[INFO] [stdout]           collect2: error: ld returned 1 exit status
[INFO] [stdout]           
[INFO] [stdout] 
[INFO] [stdout] 
[INFO] [stdout] error: aborting due to 1 previous error
[INFO] [stdout] 
[INFO] [stdout] 
[INFO] [stderr] error: could not compile `crc32fast` (build script) due to 2 previous errors
[INFO] [stdout] error: linking with `cc` failed: exit status: 1
[INFO] [stdout]   |
[INFO] [stdout]   = note: LC_ALL="C" PATH="/opt/rustwide/rustup-home/toolchains/nightly-2024-02-05-x86_64-unknown-linux-gnu/lib/rustlib/x86_64-unknown-linux-gnu/bin:/opt/rustwide/cargo-home/bin:/usr/local/sbin:/usr/local/bin:/usr/sbin:/usr/bin:/sbin:/bin" VSLANG="1033" "cc" "-m64" "/tmp/rustc6rqcqb/symbols.o" "/opt/rustwide/target/debug/build/syn-959f16c69f9dfe11/build_script_build-959f16c69f9dfe11.build_script_build.602a7d85365e2f12-cgu.0.rcgu.o" "/opt/rustwide/target/debug/build/syn-959f16c69f9dfe11/build_script_build-959f16c69f9dfe11.build_script_build.602a7d85365e2f12-cgu.1.rcgu.o" "/opt/rustwide/target/debug/build/syn-959f16c69f9dfe11/build_script_build-959f16c69f9dfe11.build_script_build.602a7d85365e2f12-cgu.2.rcgu.o" "/opt/rustwide/target/debug/build/syn-959f16c69f9dfe11/build_script_build-959f16c69f9dfe11.53iv69k2036p8zej.rcgu.o" "-Wl,--as-needed" "-L" "/opt/rustwide/target/debug/deps" "-L" "/opt/rustwide/rustup-home/toolchains/nightly-2024-02-05-x86_64-unknown-linux-gnu/lib/rustlib/x86_64-unknown-linux-gnu/lib" "-Wl,-Bstatic" "/opt/rustwide/rustup-home/toolchains/nightly-2024-02-05-x86_64-unknown-linux-gnu/lib/rustlib/x86_64-unknown-linux-gnu/lib/libstd-075c79122bf4ef22.rlib" "/opt/rustwide/rustup-home/toolchains/nightly-2024-02-05-x86_64-unknown-linux-gnu/lib/rustlib/x86_64-unknown-linux-gnu/lib/libpanic_unwind-89ad4240c90c0e03.rlib" "/opt/rustwide/rustup-home/toolchains/nightly-2024-02-05-x86_64-unknown-linux-gnu/lib/rustlib/x86_64-unknown-linux-gnu/lib/libobject-39985665fb91a3c2.rlib" "/opt/rustwide/rustup-home/toolchains/nightly-2024-02-05-x86_64-unknown-linux-gnu/lib/rustlib/x86_64-unknown-linux-gnu/lib/libmemchr-8666dad6789c0484.rlib" "/opt/rustwide/rustup-home/toolchains/nightly-2024-02-05-x86_64-unknown-linux-gnu/lib/rustlib/x86_64-unknown-linux-gnu/lib/libaddr2line-7b871242ae961a4e.rlib" "/opt/rustwide/rustup-home/toolchains/nightly-2024-02-05-x86_64-unknown-linux-gnu/lib/rustlib/x86_64-unknown-linux-gnu/lib/libgimli-8d4074793ba35678.rlib" "/opt/rustwide/rustup-home/toolchains/nightly-2024-02-05-x86_64-unknown-linux-gnu/lib/rustlib/x86_64-unknown-linux-gnu/lib/librustc_demangle-ec84eb0416770982.rlib" "/opt/rustwide/rustup-home/toolchains/nightly-2024-02-05-x86_64-unknown-linux-gnu/lib/rustlib/x86_64-unknown-linux-gnu/lib/libstd_detect-68539ddfb3806005.rlib" "/opt/rustwide/rustup-home/toolchains/nightly-2024-02-05-x86_64-unknown-linux-gnu/lib/rustlib/x86_64-unknown-linux-gnu/lib/libhashbrown-ac61d465c61f24ac.rlib" "/opt/rustwide/rustup-home/toolchains/nightly-2024-02-05-x86_64-unknown-linux-gnu/lib/rustlib/x86_64-unknown-linux-gnu/lib/librustc_std_workspace_alloc-19d2d9343e8c3ab1.rlib" "/opt/rustwide/rustup-home/toolchains/nightly-2024-02-05-x86_64-unknown-linux-gnu/lib/rustlib/x86_64-unknown-linux-gnu/lib/libminiz_oxide-e762a6d65f031366.rlib" "/opt/rustwide/rustup-home/toolchains/nightly-2024-02-05-x86_64-unknown-linux-gnu/lib/rustlib/x86_64-unknown-linux-gnu/lib/libadler-e85e489d4408465b.rlib" "/opt/rustwide/rustup-home/toolchains/nightly-2024-02-05-x86_64-unknown-linux-gnu/lib/rustlib/x86_64-unknown-linux-gnu/lib/libunwind-da335adb5acc7119.rlib" "/opt/rustwide/rustup-home/toolchains/nightly-2024-02-05-x86_64-unknown-linux-gnu/lib/rustlib/x86_64-unknown-linux-gnu/lib/libcfg_if-527e3e7decf6a631.rlib" "/opt/rustwide/rustup-home/toolchains/nightly-2024-02-05-x86_64-unknown-linux-gnu/lib/rustlib/x86_64-unknown-linux-gnu/lib/liblibc-5f8c8143cdb8d04b.rlib" "/opt/rustwide/rustup-home/toolchains/nightly-2024-02-05-x86_64-unknown-linux-gnu/lib/rustlib/x86_64-unknown-linux-gnu/lib/liballoc-b905197320c3903d.rlib" "/opt/rustwide/rustup-home/toolchains/nightly-2024-02-05-x86_64-unknown-linux-gnu/lib/rustlib/x86_64-unknown-linux-gnu/lib/librustc_std_workspace_core-9686387289eaa322.rlib" "/opt/rustwide/rustup-home/toolchains/nightly-2024-02-05-x86_64-unknown-linux-gnu/lib/rustlib/x86_64-unknown-linux-gnu/lib/libcore-632ae0f28c5e55ff.rlib" "/opt/rustwide/rustup-home/toolchains/nightly-2024-02-05-x86_64-unknown-linux-gnu/lib/rustlib/x86_64-unknown-linux-gnu/lib/libcompiler_builtins-3166674eacfcf914.rlib" "-Wl,-Bdynamic" "-lgcc_s" "-lutil" "-lrt" "-lpthread" "-lm" "-ldl" "-lc" "-Wl,--eh-frame-hdr" "-Wl,-z,noexecstack" "-L" "/opt/rustwide/rustup-home/toolchains/nightly-2024-02-05-x86_64-unknown-linux-gnu/lib/rustlib/x86_64-unknown-linux-gnu/lib" "-o" "/opt/rustwide/target/debug/build/syn-959f16c69f9dfe11/build_script_build-959f16c69f9dfe11" "-Wl,--gc-sections" "-pie" "-Wl,-z,relro,-z,now" "-nodefaultlibs"
[INFO] [stdout]   = note: /usr/bin/ld: final link failed: No space left on device
[INFO] [stdout]           collect2: error: ld returned 1 exit status
[INFO] [stdout]           
[INFO] [stdout] 
[INFO] [stdout] 
[INFO] [stdout] error: aborting due to 1 previous error
[INFO] [stdout] 
[INFO] [stdout] 
[INFO] [stderr] error: could not compile `syn` (build script) due to 2 previous errors
[INFO] running `Command { std: "docker" "inspect" "429efd72c41c2dc257dff16e12809768b5e4c97f82976ddda89178d038a3b273", kill_on_drop: false }`
[INFO] running `Command { std: "docker" "rm" "-f" "429efd72c41c2dc257dff16e12809768b5e4c97f82976ddda89178d038a3b273", kill_on_drop: false }`
[INFO] [stdout] 429efd72c41c2dc257dff16e12809768b5e4c97f82976ddda89178d038a3b273
