[INFO] cloning repository https://github.com/rgwood/systemctl-tui
[INFO] running `Command { std: "git" "-c" "credential.helper=" "-c" "credential.helper=/workspace/cargo-home/bin/git-credential-null" "clone" "--bare" "https://github.com/rgwood/systemctl-tui" "/workspace/cache/git-repos/https%3A%2F%2Fgithub.com%2Frgwood%2Fsystemctl-tui", kill_on_drop: false }`
[INFO] [stderr] Cloning into bare repository '/workspace/cache/git-repos/https%3A%2F%2Fgithub.com%2Frgwood%2Fsystemctl-tui'...
[INFO] running `Command { std: "git" "rev-parse" "HEAD", kill_on_drop: false }`
[INFO] [stdout] 00b5fcf63a0241bb4cf8df54f69cb5be3ce2078a
[INFO] checking rgwood/systemctl-tui against nightly-2024-02-05 for check-cfg
[INFO] running `Command { std: "git" "clone" "/workspace/cache/git-repos/https%3A%2F%2Fgithub.com%2Frgwood%2Fsystemctl-tui" "/workspace/builds/worker-1-tc1/source", kill_on_drop: false }`
[INFO] [stderr] Cloning into '/workspace/builds/worker-1-tc1/source'...
[INFO] [stderr] done.
[INFO] validating manifest of git repo https://github.com/rgwood/systemctl-tui on toolchain nightly-2024-02-05
[INFO] running `Command { std: CARGO_HOME="/workspace/cargo-home" RUSTUP_HOME="/workspace/rustup-home" "/workspace/cargo-home/bin/cargo" "+nightly-2024-02-05" "metadata" "--manifest-path" "Cargo.toml" "--no-deps", kill_on_drop: false }`
[INFO] removed /workspace/builds/worker-1-tc1/source/rust-toolchain.toml
[INFO] started tweaking git repo https://github.com/rgwood/systemctl-tui
[INFO] finished tweaking git repo https://github.com/rgwood/systemctl-tui
[INFO] tweaked toml for git repo https://github.com/rgwood/systemctl-tui written to /workspace/builds/worker-1-tc1/source/Cargo.toml
[INFO] crate git repo https://github.com/rgwood/systemctl-tui already has a lockfile, it will not be regenerated
[INFO] running `Command { std: CARGO_HOME="/workspace/cargo-home" RUSTUP_HOME="/workspace/rustup-home" "/workspace/cargo-home/bin/cargo" "+nightly-2024-02-05" "fetch" "--manifest-path" "Cargo.toml", kill_on_drop: false }`
[INFO] [stderr]     Blocking waiting for file lock on package cache
[ERROR] error running command: no output for 300 seconds
[ERROR] this task or one of its parent failed!
[ERROR] no output for 300 seconds
[ERROR] note: run with `RUST_BACKTRACE=1` to display a backtrace.
[INFO] checking rgwood/systemctl-tui against nightly-2024-02-05+rustflags=-Dunexpected_cfgs+cargoflags=-Zcheck-cfg for check-cfg
[INFO] running `Command { std: "git" "clone" "/workspace/cache/git-repos/https%3A%2F%2Fgithub.com%2Frgwood%2Fsystemctl-tui" "/workspace/builds/worker-1-tc2/source", kill_on_drop: false }`
[INFO] [stderr] Cloning into '/workspace/builds/worker-1-tc2/source'...
[INFO] [stderr] done.
[INFO] validating manifest of git repo https://github.com/rgwood/systemctl-tui on toolchain nightly-2024-02-05
[INFO] running `Command { std: CARGO_HOME="/workspace/cargo-home" RUSTUP_HOME="/workspace/rustup-home" "/workspace/cargo-home/bin/cargo" "+nightly-2024-02-05" "metadata" "--manifest-path" "Cargo.toml" "--no-deps", kill_on_drop: false }`
[INFO] removed /workspace/builds/worker-1-tc2/source/rust-toolchain.toml
[INFO] started tweaking git repo https://github.com/rgwood/systemctl-tui
[INFO] finished tweaking git repo https://github.com/rgwood/systemctl-tui
[INFO] tweaked toml for git repo https://github.com/rgwood/systemctl-tui written to /workspace/builds/worker-1-tc2/source/Cargo.toml
[INFO] crate git repo https://github.com/rgwood/systemctl-tui already has a lockfile, it will not be regenerated
[INFO] running `Command { std: CARGO_HOME="/workspace/cargo-home" RUSTUP_HOME="/workspace/rustup-home" "/workspace/cargo-home/bin/cargo" "+nightly-2024-02-05" "fetch" "--manifest-path" "Cargo.toml", kill_on_drop: false }`
[INFO] [stderr]     Blocking waiting for file lock on package cache
[INFO] [stderr]     Updating crates.io index
[INFO] [stderr]     Blocking waiting for file lock on package cache
[ERROR] error running command: no output for 300 seconds
[INFO] checking rgwood/systemctl-tui against nightly-2024-02-05+rustflags=-Dunexpected_cfgs+cargoflags=-Zcheck-cfg for check-cfg
[INFO] running `Command { std: "git" "clone" "/workspace/cache/git-repos/https%3A%2F%2Fgithub.com%2Frgwood%2Fsystemctl-tui" "/workspace/builds/worker-1-tc2/source", kill_on_drop: false }`
[INFO] [stderr] Cloning into '/workspace/builds/worker-1-tc2/source'...
[INFO] [stderr] done.
[INFO] validating manifest of git repo https://github.com/rgwood/systemctl-tui on toolchain nightly-2024-02-05
[INFO] running `Command { std: CARGO_HOME="/workspace/cargo-home" RUSTUP_HOME="/workspace/rustup-home" "/workspace/cargo-home/bin/cargo" "+nightly-2024-02-05" "metadata" "--manifest-path" "Cargo.toml" "--no-deps", kill_on_drop: false }`
[INFO] removed /workspace/builds/worker-1-tc2/source/rust-toolchain.toml
[INFO] started tweaking git repo https://github.com/rgwood/systemctl-tui
[INFO] finished tweaking git repo https://github.com/rgwood/systemctl-tui
[INFO] tweaked toml for git repo https://github.com/rgwood/systemctl-tui written to /workspace/builds/worker-1-tc2/source/Cargo.toml
[INFO] crate git repo https://github.com/rgwood/systemctl-tui already has a lockfile, it will not be regenerated
[INFO] running `Command { std: CARGO_HOME="/workspace/cargo-home" RUSTUP_HOME="/workspace/rustup-home" "/workspace/cargo-home/bin/cargo" "+nightly-2024-02-05" "fetch" "--manifest-path" "Cargo.toml", kill_on_drop: false }`
[INFO] [stderr]     Blocking waiting for file lock on package cache
[INFO] [stderr]     Blocking waiting for file lock on package cache
[ERROR] error running command: no output for 300 seconds
[INFO] checking rgwood/systemctl-tui against nightly-2024-02-05+rustflags=-Dunexpected_cfgs+cargoflags=-Zcheck-cfg for check-cfg
[INFO] running `Command { std: "git" "clone" "/workspace/cache/git-repos/https%3A%2F%2Fgithub.com%2Frgwood%2Fsystemctl-tui" "/workspace/builds/worker-1-tc2/source", kill_on_drop: false }`
[INFO] [stderr] Cloning into '/workspace/builds/worker-1-tc2/source'...
[INFO] [stderr] done.
[INFO] validating manifest of git repo https://github.com/rgwood/systemctl-tui on toolchain nightly-2024-02-05
[INFO] running `Command { std: CARGO_HOME="/workspace/cargo-home" RUSTUP_HOME="/workspace/rustup-home" "/workspace/cargo-home/bin/cargo" "+nightly-2024-02-05" "metadata" "--manifest-path" "Cargo.toml" "--no-deps", kill_on_drop: false }`
[INFO] removed /workspace/builds/worker-1-tc2/source/rust-toolchain.toml
[INFO] started tweaking git repo https://github.com/rgwood/systemctl-tui
[INFO] finished tweaking git repo https://github.com/rgwood/systemctl-tui
[INFO] tweaked toml for git repo https://github.com/rgwood/systemctl-tui written to /workspace/builds/worker-1-tc2/source/Cargo.toml
[INFO] crate git repo https://github.com/rgwood/systemctl-tui already has a lockfile, it will not be regenerated
[INFO] running `Command { std: CARGO_HOME="/workspace/cargo-home" RUSTUP_HOME="/workspace/rustup-home" "/workspace/cargo-home/bin/cargo" "+nightly-2024-02-05" "fetch" "--manifest-path" "Cargo.toml", kill_on_drop: false }`
[INFO] [stderr]     Blocking waiting for file lock on package cache
[INFO] [stderr]     Blocking waiting for file lock on package cache
[ERROR] error running command: no output for 300 seconds
[INFO] checking rgwood/systemctl-tui against nightly-2024-02-05+rustflags=-Dunexpected_cfgs+cargoflags=-Zcheck-cfg for check-cfg
[INFO] running `Command { std: "git" "clone" "/workspace/cache/git-repos/https%3A%2F%2Fgithub.com%2Frgwood%2Fsystemctl-tui" "/workspace/builds/worker-1-tc2/source", kill_on_drop: false }`
[INFO] [stderr] Cloning into '/workspace/builds/worker-1-tc2/source'...
[INFO] [stderr] done.
[INFO] validating manifest of git repo https://github.com/rgwood/systemctl-tui on toolchain nightly-2024-02-05
[INFO] running `Command { std: CARGO_HOME="/workspace/cargo-home" RUSTUP_HOME="/workspace/rustup-home" "/workspace/cargo-home/bin/cargo" "+nightly-2024-02-05" "metadata" "--manifest-path" "Cargo.toml" "--no-deps", kill_on_drop: false }`
[INFO] removed /workspace/builds/worker-1-tc2/source/rust-toolchain.toml
[INFO] started tweaking git repo https://github.com/rgwood/systemctl-tui
[INFO] finished tweaking git repo https://github.com/rgwood/systemctl-tui
[INFO] tweaked toml for git repo https://github.com/rgwood/systemctl-tui written to /workspace/builds/worker-1-tc2/source/Cargo.toml
[INFO] crate git repo https://github.com/rgwood/systemctl-tui already has a lockfile, it will not be regenerated
[INFO] running `Command { std: CARGO_HOME="/workspace/cargo-home" RUSTUP_HOME="/workspace/rustup-home" "/workspace/cargo-home/bin/cargo" "+nightly-2024-02-05" "fetch" "--manifest-path" "Cargo.toml", kill_on_drop: false }`
[INFO] [stderr]     Blocking waiting for file lock on package cache
[INFO] [stderr]     Blocking waiting for file lock on package cache
[ERROR] error running command: no output for 300 seconds
[INFO] checking rgwood/systemctl-tui against nightly-2024-02-05+rustflags=-Dunexpected_cfgs+cargoflags=-Zcheck-cfg for check-cfg
[INFO] running `Command { std: "git" "clone" "/workspace/cache/git-repos/https%3A%2F%2Fgithub.com%2Frgwood%2Fsystemctl-tui" "/workspace/builds/worker-1-tc2/source", kill_on_drop: false }`
[INFO] [stderr] Cloning into '/workspace/builds/worker-1-tc2/source'...
[INFO] [stderr] done.
[INFO] validating manifest of git repo https://github.com/rgwood/systemctl-tui on toolchain nightly-2024-02-05
[INFO] running `Command { std: CARGO_HOME="/workspace/cargo-home" RUSTUP_HOME="/workspace/rustup-home" "/workspace/cargo-home/bin/cargo" "+nightly-2024-02-05" "metadata" "--manifest-path" "Cargo.toml" "--no-deps", kill_on_drop: false }`
[INFO] removed /workspace/builds/worker-1-tc2/source/rust-toolchain.toml
[INFO] started tweaking git repo https://github.com/rgwood/systemctl-tui
[INFO] finished tweaking git repo https://github.com/rgwood/systemctl-tui
[INFO] tweaked toml for git repo https://github.com/rgwood/systemctl-tui written to /workspace/builds/worker-1-tc2/source/Cargo.toml
[INFO] crate git repo https://github.com/rgwood/systemctl-tui already has a lockfile, it will not be regenerated
[INFO] running `Command { std: CARGO_HOME="/workspace/cargo-home" RUSTUP_HOME="/workspace/rustup-home" "/workspace/cargo-home/bin/cargo" "+nightly-2024-02-05" "fetch" "--manifest-path" "Cargo.toml", kill_on_drop: false }`
[INFO] [stderr]     Blocking waiting for file lock on package cache
[INFO] [stderr]     Blocking waiting for file lock on package cache
[INFO] [stderr]  Downloading crates ...
[INFO] [stderr]   Downloaded sharded-slab v0.1.6
[INFO] [stderr]   Downloaded tracing-macros v0.0.0
[INFO] [stderr]   Downloaded clipboard-anywhere v0.2.2
[INFO] [stderr]   Downloaded better-panic v0.3.0
[INFO] [stderr]   Downloaded tui-logger v0.10.1
[INFO] [stderr]   Downloaded tui-input v0.8.0
[INFO] running `Command { std: "docker" "create" "-v" "/var/lib/crater-agent-workspace/builds/worker-1-tc2/target:/opt/rustwide/target:rw,Z" "-v" "/var/lib/crater-agent-workspace/builds/worker-1-tc2/source:/opt/rustwide/workdir:ro,Z" "-v" "/var/lib/crater-agent-workspace/cargo-home:/opt/rustwide/cargo-home:ro,Z" "-v" "/var/lib/crater-agent-workspace/rustup-home:/opt/rustwide/rustup-home:ro,Z" "-e" "SOURCE_DIR=/opt/rustwide/workdir" "-e" "CARGO_TARGET_DIR=/opt/rustwide/target" "-e" "CARGO_HOME=/opt/rustwide/cargo-home" "-e" "RUSTUP_HOME=/opt/rustwide/rustup-home" "-w" "/opt/rustwide/workdir" "-m" "1610612736" "--user" "0:0" "--network" "none" "ghcr.io/rust-lang/crates-build-env/linux@sha256:2788e3201cd34a07e3172128adcd8b3090168a8e3bcc40d7c032b9dda1df7d1c" "/opt/rustwide/cargo-home/bin/cargo" "+nightly-2024-02-05" "metadata" "--no-deps" "--format-version=1", kill_on_drop: false }`
[INFO] [stdout] a863ab3526f024190b81befd703ea3ef6420e20064b51790252d9c0a7ddbe98e
[INFO] running `Command { std: "docker" "start" "-a" "a863ab3526f024190b81befd703ea3ef6420e20064b51790252d9c0a7ddbe98e", kill_on_drop: false }`
[INFO] running `Command { std: "docker" "inspect" "a863ab3526f024190b81befd703ea3ef6420e20064b51790252d9c0a7ddbe98e", kill_on_drop: false }`
[INFO] running `Command { std: "docker" "rm" "-f" "a863ab3526f024190b81befd703ea3ef6420e20064b51790252d9c0a7ddbe98e", kill_on_drop: false }`
[INFO] [stdout] a863ab3526f024190b81befd703ea3ef6420e20064b51790252d9c0a7ddbe98e
[INFO] running `Command { std: "docker" "create" "-v" "/var/lib/crater-agent-workspace/builds/worker-1-tc2/target:/opt/rustwide/target:rw,Z" "-v" "/var/lib/crater-agent-workspace/builds/worker-1-tc2/source:/opt/rustwide/workdir:ro,Z" "-v" "/var/lib/crater-agent-workspace/cargo-home:/opt/rustwide/cargo-home:ro,Z" "-v" "/var/lib/crater-agent-workspace/rustup-home:/opt/rustwide/rustup-home:ro,Z" "-e" "SOURCE_DIR=/opt/rustwide/workdir" "-e" "CARGO_TARGET_DIR=/opt/rustwide/target" "-e" "CARGO_INCREMENTAL=0" "-e" "RUST_BACKTRACE=full" "-e" "RUSTFLAGS=--cap-lints=forbid -Dunexpected_cfgs" "-e" "RUSTDOCFLAGS=--cap-lints=forbid" "-e" "CARGO_HOME=/opt/rustwide/cargo-home" "-e" "RUSTUP_HOME=/opt/rustwide/rustup-home" "-w" "/opt/rustwide/workdir" "-m" "1610612736" "--user" "0:0" "--network" "none" "ghcr.io/rust-lang/crates-build-env/linux@sha256:2788e3201cd34a07e3172128adcd8b3090168a8e3bcc40d7c032b9dda1df7d1c" "/opt/rustwide/cargo-home/bin/cargo" "+nightly-2024-02-05" "check" "--frozen" "--all" "--all-targets" "--message-format=json" "-Zcheck-cfg", kill_on_drop: false }`
[INFO] [stdout] 0eeb5c03f58f4628f5d97b98616fe01dacb19bba82687f2d07144bbaec0f0f44
[INFO] running `Command { std: "docker" "start" "-a" "0eeb5c03f58f4628f5d97b98616fe01dacb19bba82687f2d07144bbaec0f0f44", kill_on_drop: false }`
[INFO] [stderr]    Compiling proc-macro2 v1.0.67
[INFO] [stderr]    Compiling unicode-ident v1.0.12
[INFO] [stderr]    Compiling libc v0.2.148
[INFO] [stderr]    Compiling autocfg v1.1.0
[INFO] [stderr]     Checking cfg-if v1.0.0
[INFO] [stderr]    Compiling version_check v0.9.4
[INFO] [stderr]     Checking once_cell v1.18.0
[INFO] [stderr]     Checking log v0.4.20
[INFO] [stderr]    Compiling futures-core v0.3.28
[INFO] [stderr]     Checking memchr v2.6.3
[INFO] [stderr]     Checking smallvec v1.11.1
[INFO] [stderr]    Compiling parking_lot_core v0.9.8
[INFO] [stderr]    Compiling syn v1.0.109
[INFO] [stderr]     Checking bitflags v2.4.0
[INFO] [stderr]     Checking scopeguard v1.2.0
[INFO] [stderr]     Checking pin-project-lite v0.2.13
[INFO] [stderr]    Compiling rustix v0.38.15
[INFO] [stderr]    Compiling equivalent v1.0.1
[INFO] [stderr]     Checking bitflags v1.3.2
[INFO] [stderr]    Compiling typenum v1.17.0
[INFO] [stderr]    Compiling hashbrown v0.14.1
[INFO] [stderr]    Compiling signal-hook v0.3.17
[INFO] [stderr]    Compiling heck v0.4.1
[INFO] [stderr]     Checking lazy_static v1.4.0
[INFO] [stderr]    Compiling toml_datetime v0.6.3
[INFO] [stderr]    Compiling winnow v0.5.15
[INFO] [stderr]     Checking linux-raw-sys v0.4.8
[INFO] [stderr]    Compiling rustversion v1.0.14
[INFO] [stderr]    Compiling serde v1.0.188
[INFO] [stderr]    Compiling ahash v0.8.7
[INFO] [stderr]    Compiling lock_api v0.4.10
[INFO] [stderr]    Compiling memoffset v0.6.5
[INFO] [stderr]    Compiling generic-array v0.14.7
[INFO] [stderr]     Checking aho-corasick v1.1.1
[INFO] [stderr]    Compiling slab v0.4.9
[INFO] [stderr]     Checking futures-sink v0.3.28
[INFO] [stderr]     Checking unicode-width v0.1.11
[INFO] [stderr]     Checking regex-syntax v0.7.5
[INFO] [stderr]    Compiling futures-channel v0.3.28
[INFO] [stderr]    Compiling futures-task v0.3.28
[INFO] [stderr]     Checking zerocopy v0.7.32
[INFO] [stderr]     Checking utf8parse v0.2.1
[INFO] [stderr]    Compiling quote v1.0.33
[INFO] [stderr]    Compiling indexmap v2.0.2
[INFO] [stderr]     Checking anstyle-parse v0.2.2
[INFO] [stderr]    Compiling memoffset v0.7.1
[INFO] [stderr]    Compiling unicase v2.7.0
[INFO] [stderr]    Compiling syn v2.0.37
[INFO] [stderr]     Checking tracing-core v0.1.31
[INFO] [stderr]     Checking anstyle v1.0.4
[INFO] [stderr]     Checking byteorder v1.4.3
[INFO] [stderr]    Compiling futures-util v0.3.28
[INFO] [stderr]     Checking colorchoice v1.0.0
[INFO] [stderr]     Checking anstyle-query v1.0.0
[INFO] [stderr]     Checking allocator-api2 v0.2.16
[INFO] [stderr]     Checking anstream v0.6.11
[INFO] [stderr]    Compiling num-traits v0.2.16
[INFO] [stderr]    Compiling thiserror v1.0.49
[INFO] [stderr]    Compiling paste v1.0.14
[INFO] [stderr]     Checking signal-hook-registry v1.4.1
[INFO] [stderr]     Checking mio v0.8.8
[INFO] [stderr]    Compiling cc v1.0.83
[INFO] [stderr]     Checking getrandom v0.2.10
[INFO] [stderr]     Checking parking_lot v0.12.1
[INFO] [stderr]     Checking num_cpus v1.16.0
[INFO] [stderr]     Checking socket2 v0.5.4
[INFO] [stderr]     Checking regex-automata v0.3.9
[INFO] [stderr]     Checking nix v0.24.3
[INFO] [stderr]     Checking pin-utils v0.1.0
[INFO] [stderr]     Checking futures-io v0.3.28
[INFO] [stderr]     Checking regex-syntax v0.6.29
[INFO] [stderr]     Checking bytes v1.5.0
[INFO] [stderr]     Checking signal-hook-mio v0.2.3
[INFO] [stderr]     Checking rand_core v0.6.4
[INFO] [stderr]     Checking crossterm v0.27.0
[INFO] [stderr]     Checking crypto-common v0.1.6
[INFO] [stderr]     Checking block-buffer v0.10.4
[INFO] [stderr]     Checking terminal_size v0.3.0
[INFO] [stderr]     Checking gethostname v0.2.3
[INFO] [stderr]    Compiling async-trait v0.1.73
[INFO] [stderr]     Checking clap_lex v0.5.1
[INFO] [stderr]    Compiling anyhow v1.0.75
[INFO] [stderr]     Checking static_assertions v1.1.0
[INFO] [stderr]     Checking ppv-lite86 v0.2.17
[INFO] [stderr]     Checking strsim v0.10.0
[INFO] [stderr]     Checking overload v0.1.1
[INFO] [stderr]     Checking adler v1.0.2
[INFO] [stderr]     Checking gimli v0.28.0
[INFO] [stderr]     Checking either v1.9.0
[INFO] [stderr]     Checking miniz_oxide v0.7.1
[INFO] [stderr]    Compiling toml_edit v0.19.15
[INFO] [stderr]     Checking itertools v0.12.0
[INFO] [stderr]     Checking rand_chacha v0.3.1
[INFO] [stderr]     Checking clap_builder v4.4.6
[INFO] [stderr]     Checking nu-ansi-term v0.46.0
[INFO] [stderr]     Checking nix v0.26.4
[INFO] [stderr]     Checking digest v0.10.7
[INFO] [stderr]     Checking lru v0.12.1
[INFO] [stderr]     Checking os_pipe v1.1.4
[INFO] [stderr]    Compiling backtrace v0.3.69
[INFO] [stderr]     Checking shared_child v1.0.0
[INFO] [stderr]     Checking tracing-log v0.1.3
[INFO] [stderr]     Checking object v0.32.1
[INFO] [stderr]     Checking sharded-slab v0.1.6
[INFO] [stderr]     Checking thread_local v1.1.7
[INFO] [stderr]     Checking is-docker v0.2.0
[INFO] [stderr]     Checking unicode-segmentation v1.10.1
[INFO] [stderr]     Checking cassowary v0.3.0
[INFO] [stderr] error: could not compile `syn` (lib)
[INFO] [stderr] 
[INFO] [stderr] Caused by:
[INFO] [stderr]   process didn't exit successfully: `/opt/rustwide/rustup-home/toolchains/nightly-2024-02-05-x86_64-unknown-linux-gnu/bin/rustc --crate-name syn --edition=2021 /opt/rustwide/cargo-home/registry/src/index.crates.io-6f17d22bba15001f/syn-2.0.37/src/lib.rs --error-format=json --json=diagnostic-rendered-ansi,artifacts,future-incompat --crate-type lib --emit=dep-info,metadata,link -C embed-bitcode=no --cfg 'feature="clone-impls"' --cfg 'feature="default"' --cfg 'feature="derive"' --cfg 'feature="extra-traits"' --cfg 'feature="full"' --cfg 'feature="parsing"' --cfg 'feature="printing"' --cfg 'feature="proc-macro"' --cfg 'feature="quote"' --cfg 'feature="visit-mut"' -Zunstable-options --check-cfg 'cfg(feature, values("clone-impls", "default", "derive", "extra-traits", "fold", "full", "parsing", "printing", "proc-macro", "quote", "test", "visit", "visit-mut"))' -C metadata=eb0203385c9bdaae -C extra-filename=-eb0203385c9bdaae --out-dir /opt/rustwide/target/debug/deps -L dependency=/opt/rustwide/target/debug/deps --extern proc_macro2=/opt/rustwide/target/debug/deps/libproc_macro2-0cefa4e6e2816f1a.rmeta --extern quote=/opt/rustwide/target/debug/deps/libquote-1d0d88fcf2b35c9e.rmeta --extern unicode_ident=/opt/rustwide/target/debug/deps/libunicode_ident-f8d62a079c79a15a.rmeta --cap-lints allow --cap-lints=forbid -Dunexpected_cfgs` (signal: 9, SIGKILL: kill)
[INFO] [stderr] warning: build failed, waiting for other jobs to finish...
[INFO] running `Command { std: "docker" "inspect" "0eeb5c03f58f4628f5d97b98616fe01dacb19bba82687f2d07144bbaec0f0f44", kill_on_drop: false }`
[INFO] running `Command { std: "docker" "rm" "-f" "0eeb5c03f58f4628f5d97b98616fe01dacb19bba82687f2d07144bbaec0f0f44", kill_on_drop: false }`
[INFO] [stdout] 0eeb5c03f58f4628f5d97b98616fe01dacb19bba82687f2d07144bbaec0f0f44
