[INFO] cloning repository https://github.com/r-bar/seed-wasm-experiment
[INFO] running `Command { std: "git" "-c" "credential.helper=" "-c" "credential.helper=/workspace/cargo-home/bin/git-credential-null" "clone" "--bare" "https://github.com/r-bar/seed-wasm-experiment" "/workspace/cache/git-repos/https%3A%2F%2Fgithub.com%2Fr-bar%2Fseed-wasm-experiment", kill_on_drop: false }`
[INFO] [stderr] Cloning into bare repository '/workspace/cache/git-repos/https%3A%2F%2Fgithub.com%2Fr-bar%2Fseed-wasm-experiment'...
[INFO] running `Command { std: "git" "rev-parse" "HEAD", kill_on_drop: false }`
[INFO] [stdout] 5baf8215344a86b61e3cf1f41c094c1c85fe9c8e
[INFO] checking r-bar/seed-wasm-experiment against nightly-2024-02-05 for check-cfg
[INFO] running `Command { std: "git" "clone" "/workspace/cache/git-repos/https%3A%2F%2Fgithub.com%2Fr-bar%2Fseed-wasm-experiment" "/workspace/builds/worker-2-tc1/source", kill_on_drop: false }`
[INFO] [stderr] Cloning into '/workspace/builds/worker-2-tc1/source'...
[INFO] [stderr] done.
[INFO] validating manifest of git repo https://github.com/r-bar/seed-wasm-experiment on toolchain nightly-2024-02-05
[INFO] running `Command { std: CARGO_HOME="/workspace/cargo-home" RUSTUP_HOME="/workspace/rustup-home" "/workspace/cargo-home/bin/cargo" "+nightly-2024-02-05" "metadata" "--manifest-path" "Cargo.toml" "--no-deps", kill_on_drop: false }`
[INFO] started tweaking git repo https://github.com/r-bar/seed-wasm-experiment
[INFO] finished tweaking git repo https://github.com/r-bar/seed-wasm-experiment
[INFO] tweaked toml for git repo https://github.com/r-bar/seed-wasm-experiment written to /workspace/builds/worker-2-tc1/source/Cargo.toml
[INFO] crate git repo https://github.com/r-bar/seed-wasm-experiment already has a lockfile, it will not be regenerated
[INFO] running `Command { std: CARGO_HOME="/workspace/cargo-home" RUSTUP_HOME="/workspace/rustup-home" "/workspace/cargo-home/bin/cargo" "+nightly-2024-02-05" "fetch" "--manifest-path" "Cargo.toml", kill_on_drop: false }`
[INFO] [stderr] warning: Found `debug_assertions` in `target.'cfg(...)'.dependencies`. This value is not supported for selecting dependencies and will not work as expected. To learn more visit https://doc.rust-lang.org/cargo/reference/specifying-dependencies.html#platform-specific-dependencies
[INFO] [stderr]     Updating crates.io index
[INFO] [stderr]  Downloading crates ...
[INFO] [stderr]   Downloaded js-sys v0.3.25
[INFO] [stderr]   Downloaded wasm-bindgen-webidl v0.2.48
[INFO] [stderr]   Downloaded web-sys v0.3.25
[INFO] [stderr]   Downloaded getopts v0.2.19
[INFO] [stderr]   Downloaded wasm-bindgen-futures v0.3.25
[INFO] [stderr]   Downloaded enclose v1.1.6
[INFO] [stderr]   Downloaded wasm-bindgen-test-macro v0.2.48
[INFO] [stderr]   Downloaded wasm-bindgen-test v0.2.48
[INFO] [stderr]   Downloaded seed v0.3.7
[INFO] [stderr]   Downloaded pulldown-cmark v0.5.2
[INFO] running `Command { std: "docker" "create" "-v" "/var/lib/crater-agent-workspace/builds/worker-2-tc1/target:/opt/rustwide/target:rw,Z" "-v" "/var/lib/crater-agent-workspace/builds/worker-2-tc1/source:/opt/rustwide/workdir:ro,Z" "-v" "/var/lib/crater-agent-workspace/cargo-home:/opt/rustwide/cargo-home:ro,Z" "-v" "/var/lib/crater-agent-workspace/rustup-home:/opt/rustwide/rustup-home:ro,Z" "-e" "SOURCE_DIR=/opt/rustwide/workdir" "-e" "CARGO_TARGET_DIR=/opt/rustwide/target" "-e" "CARGO_HOME=/opt/rustwide/cargo-home" "-e" "RUSTUP_HOME=/opt/rustwide/rustup-home" "-w" "/opt/rustwide/workdir" "-m" "1610612736" "--user" "0:0" "--network" "none" "ghcr.io/rust-lang/crates-build-env/linux@sha256:2788e3201cd34a07e3172128adcd8b3090168a8e3bcc40d7c032b9dda1df7d1c" "/opt/rustwide/cargo-home/bin/cargo" "+nightly-2024-02-05" "metadata" "--no-deps" "--format-version=1", kill_on_drop: false }`
[INFO] [stdout] 2bed9da0ab9c54f3eb259d1f7dd1124ba87315528738bdc2b7dd9c183d2fc7f1
[INFO] running `Command { std: "docker" "start" "-a" "2bed9da0ab9c54f3eb259d1f7dd1124ba87315528738bdc2b7dd9c183d2fc7f1", kill_on_drop: false }`
[INFO] running `Command { std: "docker" "inspect" "2bed9da0ab9c54f3eb259d1f7dd1124ba87315528738bdc2b7dd9c183d2fc7f1", kill_on_drop: false }`
[INFO] running `Command { std: "docker" "rm" "-f" "2bed9da0ab9c54f3eb259d1f7dd1124ba87315528738bdc2b7dd9c183d2fc7f1", kill_on_drop: false }`
[INFO] [stdout] 2bed9da0ab9c54f3eb259d1f7dd1124ba87315528738bdc2b7dd9c183d2fc7f1
[INFO] running `Command { std: "docker" "create" "-v" "/var/lib/crater-agent-workspace/builds/worker-2-tc1/target:/opt/rustwide/target:rw,Z" "-v" "/var/lib/crater-agent-workspace/builds/worker-2-tc1/source:/opt/rustwide/workdir:ro,Z" "-v" "/var/lib/crater-agent-workspace/cargo-home:/opt/rustwide/cargo-home:ro,Z" "-v" "/var/lib/crater-agent-workspace/rustup-home:/opt/rustwide/rustup-home:ro,Z" "-e" "SOURCE_DIR=/opt/rustwide/workdir" "-e" "CARGO_TARGET_DIR=/opt/rustwide/target" "-e" "CARGO_INCREMENTAL=0" "-e" "RUST_BACKTRACE=full" "-e" "RUSTFLAGS=--cap-lints=forbid" "-e" "RUSTDOCFLAGS=--cap-lints=forbid" "-e" "CARGO_HOME=/opt/rustwide/cargo-home" "-e" "RUSTUP_HOME=/opt/rustwide/rustup-home" "-w" "/opt/rustwide/workdir" "-m" "1610612736" "--user" "0:0" "--network" "none" "ghcr.io/rust-lang/crates-build-env/linux@sha256:2788e3201cd34a07e3172128adcd8b3090168a8e3bcc40d7c032b9dda1df7d1c" "/opt/rustwide/cargo-home/bin/cargo" "+nightly-2024-02-05" "check" "--frozen" "--all" "--all-targets" "--message-format=json", kill_on_drop: false }`
[INFO] [stdout] 5fc97ae551d0f2587d6d1d01c594a98521ac6e43a2392110253152784222ad90
[INFO] running `Command { std: "docker" "start" "-a" "5fc97ae551d0f2587d6d1d01c594a98521ac6e43a2392110253152784222ad90", kill_on_drop: false }`
[INFO] [stderr] warning: Found `debug_assertions` in `target.'cfg(...)'.dependencies`. This value is not supported for selecting dependencies and will not work as expected. To learn more visit https://doc.rust-lang.org/cargo/reference/specifying-dependencies.html#platform-specific-dependencies
[INFO] [stderr]    Compiling proc-macro2 v0.4.30
[INFO] [stderr]    Compiling unicode-xid v0.1.0
[INFO] [stderr]    Compiling syn v0.15.39
[INFO] [stderr]    Compiling cfg-if v0.1.9
[INFO] [stderr]    Compiling log v0.4.7
[INFO] [stderr]    Compiling wasm-bindgen-shared v0.2.48
[INFO] [stderr]    Compiling version_check v0.1.5
[INFO] [stderr]    Compiling lazy_static v1.3.0
[INFO] [stderr]    Compiling bumpalo v2.5.0
[INFO] [stderr]    Compiling memchr v2.2.1
[INFO] [stderr]    Compiling serde v1.0.94
[INFO] [stderr]    Compiling libc v0.2.59
[INFO] [stderr]    Compiling cc v1.0.37
[INFO] [stderr]    Compiling ryu v1.0.0
[INFO] [stderr]    Compiling nom v4.2.3
[INFO] [stderr]    Compiling failure_derive v0.1.5
[INFO] [stderr]     Checking itoa v0.4.4
[INFO] [stderr]    Compiling wasm-bindgen v0.2.48
[INFO] [stderr]    Compiling rustc-demangle v0.1.15
[INFO] [stderr]    Compiling unicode-segmentation v1.3.0
[INFO] [stderr]    Compiling quote v0.6.13
[INFO] [stderr]    Compiling unicase v2.4.0
[INFO] [stderr]    Compiling heck v0.3.1
[INFO] [stderr]    Compiling bitflags v1.1.0
[INFO] [stderr]    Compiling sourcefile v0.1.4
[INFO] [stderr]    Compiling pulldown-cmark v0.5.2
[INFO] [stderr]     Checking unicode-width v0.1.5
[INFO] [stderr]     Checking futures v0.1.28
[INFO] [stderr]     Checking getopts v0.2.19
[INFO] [stderr]    Compiling backtrace-sys v0.1.30
[INFO] [stderr]     Checking enclose v1.1.6
[INFO] [stderr]     Checking indexmap v1.0.2
[INFO] [stderr]    Compiling wasm-bindgen-test-macro v0.2.48
[INFO] [stderr]    Compiling weedle v0.10.0
[INFO] [stderr]     Checking scoped-tls v1.0.0
[INFO] [stderr]    Compiling backtrace v0.3.32
[INFO] [stderr]    Compiling wasm-bindgen-backend v0.2.48
[INFO] [stderr]    Compiling synstructure v0.10.2
[INFO] [stderr]    Compiling serde_derive v1.0.94
[INFO] [stderr]    Compiling wasm-bindgen-macro-support v0.2.48
[INFO] [stderr]    Compiling failure v0.1.5
[INFO] [stderr]    Compiling wasm-bindgen-webidl v0.2.48
[INFO] [stderr]    Compiling wasm-bindgen-macro v0.2.48
[INFO] [stderr]    Compiling web-sys v0.3.25
[INFO] [stderr]     Checking serde_json v1.0.40
[INFO] [stderr]     Checking js-sys v0.3.25
[INFO] [stderr]     Checking console_error_panic_hook v0.1.6
[INFO] [stderr]     Checking wasm-bindgen-futures v0.3.25
[INFO] [stderr]     Checking wasm-bindgen-test v0.2.48
[INFO] [stderr]     Checking seed v0.3.7
[INFO] [stderr]     Checking rust-webpack-template v0.1.0 (/opt/rustwide/workdir)
[INFO] [stdout] warning: `...` range patterns are deprecated
[INFO] [stdout]    --> src/lib.rs:117:11
[INFO] [stdout]     |
[INFO] [stdout] 117 |         0 ... 5 => "Not very many 🙁",
[INFO] [stdout]     |           ^^^ help: use `..=` for an inclusive range
[INFO] [stdout]     |
[INFO] [stdout]     = warning: this is accepted in the current edition (Rust 2018) but is a hard error in Rust 2021!
[INFO] [stdout]     = note: for more information, see <https://doc.rust-lang.org/nightly/edition-guide/rust-2021/warnings-promoted-to-error.html>
[INFO] [stdout]     = note: `#[warn(ellipsis_inclusive_range_patterns)]` on by default
[INFO] [stdout] 
[INFO] [stdout] 
[INFO] [stdout] warning: `...` range patterns are deprecated
[INFO] [stdout]    --> src/lib.rs:118:11
[INFO] [stdout]     |
[INFO] [stdout] 118 |         6 ... 9 => "I got my first real six-string 😐",
[INFO] [stdout]     |           ^^^ help: use `..=` for an inclusive range
[INFO] [stdout]     |
[INFO] [stdout]     = warning: this is accepted in the current edition (Rust 2018) but is a hard error in Rust 2021!
[INFO] [stdout]     = note: for more information, see <https://doc.rust-lang.org/nightly/edition-guide/rust-2021/warnings-promoted-to-error.html>
[INFO] [stdout] 
[INFO] [stdout] 
[INFO] [stdout] warning: `...` range patterns are deprecated
[INFO] [stdout]    --> src/lib.rs:119:12
[INFO] [stdout]     |
[INFO] [stdout] 119 |         10 ... 11 => "Spinal Tap 🙂",
[INFO] [stdout]     |            ^^^ help: use `..=` for an inclusive range
[INFO] [stdout]     |
[INFO] [stdout]     = warning: this is accepted in the current edition (Rust 2018) but is a hard error in Rust 2021!
[INFO] [stdout]     = note: for more information, see <https://doc.rust-lang.org/nightly/edition-guide/rust-2021/warnings-promoted-to-error.html>
[INFO] [stdout] 
[INFO] [stdout] 
[INFO] [stdout] warning: unused variable: `model`
[INFO] [stdout]   --> src/lib.rs:46:15
[INFO] [stdout]    |
[INFO] [stdout] 46 | fn fetch_data(model: &mut Model) -> impl Future<Item = Msg, Error = Msg> {
[INFO] [stdout]    |               ^^^^^ help: if this is intentional, prefix it with an underscore: `_model`
[INFO] [stdout]    |
[INFO] [stdout]    = note: `#[warn(unused_variables)]` on by default
[INFO] [stdout] 
[INFO] [stdout] 
[INFO] [stdout] warning: `...` range patterns are deprecated
[INFO] [stdout]    --> src/lib.rs:117:11
[INFO] [stdout]     |
[INFO] [stdout] 117 |         0 ... 5 => "Not very many 🙁",
[INFO] [stdout]     |           ^^^ help: use `..=` for an inclusive range
[INFO] [stdout]     |
[INFO] [stdout]     = warning: this is accepted in the current edition (Rust 2018) but is a hard error in Rust 2021!
[INFO] [stdout]     = note: for more information, see <https://doc.rust-lang.org/nightly/edition-guide/rust-2021/warnings-promoted-to-error.html>
[INFO] [stdout]     = note: `#[warn(ellipsis_inclusive_range_patterns)]` on by default
[INFO] [stdout] 
[INFO] [stdout] 
[INFO] [stdout] warning: `...` range patterns are deprecated
[INFO] [stdout]    --> src/lib.rs:118:11
[INFO] [stdout]     |
[INFO] [stdout] 118 |         6 ... 9 => "I got my first real six-string 😐",
[INFO] [stdout]     |           ^^^ help: use `..=` for an inclusive range
[INFO] [stdout]     |
[INFO] [stdout]     = warning: this is accepted in the current edition (Rust 2018) but is a hard error in Rust 2021!
[INFO] [stdout]     = note: for more information, see <https://doc.rust-lang.org/nightly/edition-guide/rust-2021/warnings-promoted-to-error.html>
[INFO] [stdout] 
[INFO] [stdout] 
[INFO] [stdout] warning: `...` range patterns are deprecated
[INFO] [stdout]    --> src/lib.rs:119:12
[INFO] [stdout]     |
[INFO] [stdout] 119 |         10 ... 11 => "Spinal Tap 🙂",
[INFO] [stdout]     |            ^^^ help: use `..=` for an inclusive range
[INFO] [stdout]     |
[INFO] [stdout]     = warning: this is accepted in the current edition (Rust 2018) but is a hard error in Rust 2021!
[INFO] [stdout]     = note: for more information, see <https://doc.rust-lang.org/nightly/edition-guide/rust-2021/warnings-promoted-to-error.html>
[INFO] [stdout] 
[INFO] [stdout] 
[INFO] [stdout] warning: unused variable: `model`
[INFO] [stdout]   --> src/lib.rs:46:15
[INFO] [stdout]    |
[INFO] [stdout] 46 | fn fetch_data(model: &mut Model) -> impl Future<Item = Msg, Error = Msg> {
[INFO] [stdout]    |               ^^^^^ help: if this is intentional, prefix it with an underscore: `_model`
[INFO] [stdout]    |
[INFO] [stdout]    = note: `#[warn(unused_variables)]` on by default
[INFO] [stdout] 
[INFO] [stdout] 
[INFO] [stdout] warning: variants `Log` and `NoOp` are never constructed
[INFO] [stdout]   --> src/lib.rs:60:5
[INFO] [stdout]    |
[INFO] [stdout] 54 | enum Msg {
[INFO] [stdout]    |      --- variants in this enum
[INFO] [stdout] ...
[INFO] [stdout] 60 |     Log(String),
[INFO] [stdout]    |     ^^^
[INFO] [stdout] 61 |     NoOp,
[INFO] [stdout]    |     ^^^^
[INFO] [stdout]    |
[INFO] [stdout]    = note: `Msg` has derived impls for the traits `Debug` and `Clone`, but these are intentionally ignored during dead code analysis
[INFO] [stdout]    = note: `#[warn(dead_code)]` on by default
[INFO] [stdout] 
[INFO] [stdout] 
[INFO] [stdout] warning: 5 warnings emitted
[INFO] [stdout] 
[INFO] [stdout] 
[INFO] [stdout] warning: variants `Log` and `NoOp` are never constructed
[INFO] [stdout]   --> src/lib.rs:60:5
[INFO] [stdout]    |
[INFO] [stdout] 54 | enum Msg {
[INFO] [stdout]    |      --- variants in this enum
[INFO] [stdout] ...
[INFO] [stdout] 60 |     Log(String),
[INFO] [stdout]    |     ^^^
[INFO] [stdout] 61 |     NoOp,
[INFO] [stdout]    |     ^^^^
[INFO] [stdout]    |
[INFO] [stdout]    = note: `Msg` has derived impls for the traits `Debug` and `Clone`, but these are intentionally ignored during dead code analysis
[INFO] [stdout]    = note: `#[warn(dead_code)]` on by default
[INFO] [stdout] 
[INFO] [stdout] 
[INFO] [stdout] warning: 5 warnings emitted
[INFO] [stdout] 
[INFO] [stdout] 
[INFO] [stderr]     Finished dev [unoptimized + debuginfo] target(s) in 20.76s
[INFO] [stderr] warning: the following packages contain code that will be rejected by a future version of Rust: nom v4.2.3
[INFO] [stderr] note: to see what the problems were, use the option `--future-incompat-report`, or run `cargo report future-incompatibilities --id 1`
[INFO] running `Command { std: "docker" "inspect" "5fc97ae551d0f2587d6d1d01c594a98521ac6e43a2392110253152784222ad90", kill_on_drop: false }`
[INFO] running `Command { std: "docker" "rm" "-f" "5fc97ae551d0f2587d6d1d01c594a98521ac6e43a2392110253152784222ad90", kill_on_drop: false }`
[INFO] [stdout] 5fc97ae551d0f2587d6d1d01c594a98521ac6e43a2392110253152784222ad90
[INFO] checking r-bar/seed-wasm-experiment against nightly-2024-02-05+rustflags=-Dunexpected_cfgs+cargoflags=-Zcheck-cfg for check-cfg
[INFO] running `Command { std: "git" "clone" "/workspace/cache/git-repos/https%3A%2F%2Fgithub.com%2Fr-bar%2Fseed-wasm-experiment" "/workspace/builds/worker-2-tc2/source", kill_on_drop: false }`
[INFO] [stderr] Cloning into '/workspace/builds/worker-2-tc2/source'...
[INFO] [stderr] done.
[INFO] validating manifest of git repo https://github.com/r-bar/seed-wasm-experiment on toolchain nightly-2024-02-05
[INFO] running `Command { std: CARGO_HOME="/workspace/cargo-home" RUSTUP_HOME="/workspace/rustup-home" "/workspace/cargo-home/bin/cargo" "+nightly-2024-02-05" "metadata" "--manifest-path" "Cargo.toml" "--no-deps", kill_on_drop: false }`
[INFO] started tweaking git repo https://github.com/r-bar/seed-wasm-experiment
[INFO] finished tweaking git repo https://github.com/r-bar/seed-wasm-experiment
[INFO] tweaked toml for git repo https://github.com/r-bar/seed-wasm-experiment written to /workspace/builds/worker-2-tc2/source/Cargo.toml
[INFO] crate git repo https://github.com/r-bar/seed-wasm-experiment already has a lockfile, it will not be regenerated
[INFO] running `Command { std: CARGO_HOME="/workspace/cargo-home" RUSTUP_HOME="/workspace/rustup-home" "/workspace/cargo-home/bin/cargo" "+nightly-2024-02-05" "fetch" "--manifest-path" "Cargo.toml", kill_on_drop: false }`
[INFO] [stderr] warning: Found `debug_assertions` in `target.'cfg(...)'.dependencies`. This value is not supported for selecting dependencies and will not work as expected. To learn more visit https://doc.rust-lang.org/cargo/reference/specifying-dependencies.html#platform-specific-dependencies
[INFO] running `Command { std: "docker" "create" "-v" "/var/lib/crater-agent-workspace/builds/worker-2-tc2/target:/opt/rustwide/target:rw,Z" "-v" "/var/lib/crater-agent-workspace/builds/worker-2-tc2/source:/opt/rustwide/workdir:ro,Z" "-v" "/var/lib/crater-agent-workspace/cargo-home:/opt/rustwide/cargo-home:ro,Z" "-v" "/var/lib/crater-agent-workspace/rustup-home:/opt/rustwide/rustup-home:ro,Z" "-e" "SOURCE_DIR=/opt/rustwide/workdir" "-e" "CARGO_TARGET_DIR=/opt/rustwide/target" "-e" "CARGO_HOME=/opt/rustwide/cargo-home" "-e" "RUSTUP_HOME=/opt/rustwide/rustup-home" "-w" "/opt/rustwide/workdir" "-m" "1610612736" "--user" "0:0" "--network" "none" "ghcr.io/rust-lang/crates-build-env/linux@sha256:2788e3201cd34a07e3172128adcd8b3090168a8e3bcc40d7c032b9dda1df7d1c" "/opt/rustwide/cargo-home/bin/cargo" "+nightly-2024-02-05" "metadata" "--no-deps" "--format-version=1", kill_on_drop: false }`
[INFO] [stdout] b5d3e74b54255d587bb1c9de6e6a8d69565766c47187d44799c9ffa682a4595f
[INFO] running `Command { std: "docker" "start" "-a" "b5d3e74b54255d587bb1c9de6e6a8d69565766c47187d44799c9ffa682a4595f", kill_on_drop: false }`
[INFO] running `Command { std: "docker" "inspect" "b5d3e74b54255d587bb1c9de6e6a8d69565766c47187d44799c9ffa682a4595f", kill_on_drop: false }`
[INFO] running `Command { std: "docker" "rm" "-f" "b5d3e74b54255d587bb1c9de6e6a8d69565766c47187d44799c9ffa682a4595f", kill_on_drop: false }`
[INFO] [stdout] b5d3e74b54255d587bb1c9de6e6a8d69565766c47187d44799c9ffa682a4595f
[INFO] running `Command { std: "docker" "create" "-v" "/var/lib/crater-agent-workspace/builds/worker-2-tc2/target:/opt/rustwide/target:rw,Z" "-v" "/var/lib/crater-agent-workspace/builds/worker-2-tc2/source:/opt/rustwide/workdir:ro,Z" "-v" "/var/lib/crater-agent-workspace/cargo-home:/opt/rustwide/cargo-home:ro,Z" "-v" "/var/lib/crater-agent-workspace/rustup-home:/opt/rustwide/rustup-home:ro,Z" "-e" "SOURCE_DIR=/opt/rustwide/workdir" "-e" "CARGO_TARGET_DIR=/opt/rustwide/target" "-e" "CARGO_INCREMENTAL=0" "-e" "RUST_BACKTRACE=full" "-e" "RUSTFLAGS=--cap-lints=forbid -Dunexpected_cfgs" "-e" "RUSTDOCFLAGS=--cap-lints=forbid" "-e" "CARGO_HOME=/opt/rustwide/cargo-home" "-e" "RUSTUP_HOME=/opt/rustwide/rustup-home" "-w" "/opt/rustwide/workdir" "-m" "1610612736" "--user" "0:0" "--network" "none" "ghcr.io/rust-lang/crates-build-env/linux@sha256:2788e3201cd34a07e3172128adcd8b3090168a8e3bcc40d7c032b9dda1df7d1c" "/opt/rustwide/cargo-home/bin/cargo" "+nightly-2024-02-05" "check" "--frozen" "--all" "--all-targets" "--message-format=json" "-Zcheck-cfg", kill_on_drop: false }`
[INFO] [stdout] 4685c54553cf18c30c59f87ecc648ddf12c8d77dace0907ba3e8c910e10220c5
[INFO] running `Command { std: "docker" "start" "-a" "4685c54553cf18c30c59f87ecc648ddf12c8d77dace0907ba3e8c910e10220c5", kill_on_drop: false }`
[INFO] [stderr] warning: Found `debug_assertions` in `target.'cfg(...)'.dependencies`. This value is not supported for selecting dependencies and will not work as expected. To learn more visit https://doc.rust-lang.org/cargo/reference/specifying-dependencies.html#platform-specific-dependencies
[INFO] [stderr]    Compiling proc-macro2 v0.4.30
[INFO] [stderr]    Compiling unicode-xid v0.1.0
[INFO] [stderr]    Compiling syn v0.15.39
[INFO] [stderr]    Compiling log v0.4.7
[INFO] [stderr]    Compiling cfg-if v0.1.9
[INFO] [stderr]    Compiling wasm-bindgen-shared v0.2.48
[INFO] [stderr]    Compiling version_check v0.1.5
[INFO] [stderr]    Compiling lazy_static v1.3.0
[INFO] [stderr]    Compiling bumpalo v2.5.0
[INFO] [stderr]    Compiling memchr v2.2.1
[INFO] [stderr]    Compiling ryu v1.0.0
[INFO] [stderr]    Compiling serde v1.0.94
[INFO] [stderr]    Compiling cc v1.0.37
[INFO] [stderr]    Compiling libc v0.2.59
[INFO] [stderr]    Compiling nom v4.2.3
[INFO] [stdout] error: linking with `cc` failed: exit status: 1
[INFO] [stdout]   |
[INFO] [stdout]   = note: LC_ALL="C" PATH="/opt/rustwide/rustup-home/toolchains/nightly-2024-02-05-x86_64-unknown-linux-gnu/lib/rustlib/x86_64-unknown-linux-gnu/bin:/opt/rustwide/cargo-home/bin:/usr/local/sbin:/usr/local/bin:/usr/sbin:/usr/bin:/sbin:/bin" VSLANG="1033" "cc" "-m64" "/tmp/rustctXzx7s/symbols.o" "/opt/rustwide/target/debug/build/serde-2705fba3d43c936a/build_script_build-2705fba3d43c936a.build_script_build.7ab6e6771f46b715-cgu.0.rcgu.o" "/opt/rustwide/target/debug/build/serde-2705fba3d43c936a/build_script_build-2705fba3d43c936a.4az8nzk3cag4scgf.rcgu.o" "-Wl,--as-needed" "-L" "/opt/rustwide/target/debug/deps" "-L" "/opt/rustwide/rustup-home/toolchains/nightly-2024-02-05-x86_64-unknown-linux-gnu/lib/rustlib/x86_64-unknown-linux-gnu/lib" "-Wl,-Bstatic" "/opt/rustwide/rustup-home/toolchains/nightly-2024-02-05-x86_64-unknown-linux-gnu/lib/rustlib/x86_64-unknown-linux-gnu/lib/libstd-075c79122bf4ef22.rlib" "/opt/rustwide/rustup-home/toolchains/nightly-2024-02-05-x86_64-unknown-linux-gnu/lib/rustlib/x86_64-unknown-linux-gnu/lib/libpanic_unwind-89ad4240c90c0e03.rlib" "/opt/rustwide/rustup-home/toolchains/nightly-2024-02-05-x86_64-unknown-linux-gnu/lib/rustlib/x86_64-unknown-linux-gnu/lib/libobject-39985665fb91a3c2.rlib" "/opt/rustwide/rustup-home/toolchains/nightly-2024-02-05-x86_64-unknown-linux-gnu/lib/rustlib/x86_64-unknown-linux-gnu/lib/libmemchr-8666dad6789c0484.rlib" "/opt/rustwide/rustup-home/toolchains/nightly-2024-02-05-x86_64-unknown-linux-gnu/lib/rustlib/x86_64-unknown-linux-gnu/lib/libaddr2line-7b871242ae961a4e.rlib" "/opt/rustwide/rustup-home/toolchains/nightly-2024-02-05-x86_64-unknown-linux-gnu/lib/rustlib/x86_64-unknown-linux-gnu/lib/libgimli-8d4074793ba35678.rlib" "/opt/rustwide/rustup-home/toolchains/nightly-2024-02-05-x86_64-unknown-linux-gnu/lib/rustlib/x86_64-unknown-linux-gnu/lib/librustc_demangle-ec84eb0416770982.rlib" "/opt/rustwide/rustup-home/toolchains/nightly-2024-02-05-x86_64-unknown-linux-gnu/lib/rustlib/x86_64-unknown-linux-gnu/lib/libstd_detect-68539ddfb3806005.rlib" "/opt/rustwide/rustup-home/toolchains/nightly-2024-02-05-x86_64-unknown-linux-gnu/lib/rustlib/x86_64-unknown-linux-gnu/lib/libhashbrown-ac61d465c61f24ac.rlib" "/opt/rustwide/rustup-home/toolchains/nightly-2024-02-05-x86_64-unknown-linux-gnu/lib/rustlib/x86_64-unknown-linux-gnu/lib/librustc_std_workspace_alloc-19d2d9343e8c3ab1.rlib" "/opt/rustwide/rustup-home/toolchains/nightly-2024-02-05-x86_64-unknown-linux-gnu/lib/rustlib/x86_64-unknown-linux-gnu/lib/libminiz_oxide-e762a6d65f031366.rlib" "/opt/rustwide/rustup-home/toolchains/nightly-2024-02-05-x86_64-unknown-linux-gnu/lib/rustlib/x86_64-unknown-linux-gnu/lib/libadler-e85e489d4408465b.rlib" "/opt/rustwide/rustup-home/toolchains/nightly-2024-02-05-x86_64-unknown-linux-gnu/lib/rustlib/x86_64-unknown-linux-gnu/lib/libunwind-da335adb5acc7119.rlib" "/opt/rustwide/rustup-home/toolchains/nightly-2024-02-05-x86_64-unknown-linux-gnu/lib/rustlib/x86_64-unknown-linux-gnu/lib/libcfg_if-527e3e7decf6a631.rlib" "/opt/rustwide/rustup-home/toolchains/nightly-2024-02-05-x86_64-unknown-linux-gnu/lib/rustlib/x86_64-unknown-linux-gnu/lib/liblibc-5f8c8143cdb8d04b.rlib" "/opt/rustwide/rustup-home/toolchains/nightly-2024-02-05-x86_64-unknown-linux-gnu/lib/rustlib/x86_64-unknown-linux-gnu/lib/liballoc-b905197320c3903d.rlib" "/opt/rustwide/rustup-home/toolchains/nightly-2024-02-05-x86_64-unknown-linux-gnu/lib/rustlib/x86_64-unknown-linux-gnu/lib/librustc_std_workspace_core-9686387289eaa322.rlib" "/opt/rustwide/rustup-home/toolchains/nightly-2024-02-05-x86_64-unknown-linux-gnu/lib/rustlib/x86_64-unknown-linux-gnu/lib/libcore-632ae0f28c5e55ff.rlib" "/opt/rustwide/rustup-home/toolchains/nightly-2024-02-05-x86_64-unknown-linux-gnu/lib/rustlib/x86_64-unknown-linux-gnu/lib/libcompiler_builtins-3166674eacfcf914.rlib" "-Wl,-Bdynamic" "-lgcc_s" "-lutil" "-lrt" "-lpthread" "-lm" "-ldl" "-lc" "-Wl,--eh-frame-hdr" "-Wl,-z,noexecstack" "-L" "/opt/rustwide/rustup-home/toolchains/nightly-2024-02-05-x86_64-unknown-linux-gnu/lib/rustlib/x86_64-unknown-linux-gnu/lib" "-o" "/opt/rustwide/target/debug/build/serde-2705fba3d43c936a/build_script_build-2705fba3d43c936a" "-Wl,--gc-sections" "-pie" "-Wl,-z,relro,-z,now" "-nodefaultlibs"
[INFO] [stdout]   = note: /usr/bin/ld: final link failed: No space left on device
[INFO] [stdout]           collect2: error: ld returned 1 exit status
[INFO] [stdout]           
[INFO] [stdout] 
[INFO] [stdout] 
[INFO] [stdout] error: aborting due to 1 previous error
[INFO] [stdout] 
[INFO] [stdout] 
[INFO] [stderr]     Checking itoa v0.4.4
[INFO] [stderr] error: could not compile `serde` (build script) due to 2 previous errors
[INFO] [stderr] warning: build failed, waiting for other jobs to finish...
[INFO] [stdout] error: failed to write /tmp/rustc4G8imZ/lib.rmeta: No space left on device (os error 28)
[INFO] [stdout] 
[INFO] [stdout] 
[INFO] [stdout] error: aborting due to 1 previous error
[INFO] [stdout] 
[INFO] [stdout] 
[INFO] [stderr] error: could not compile `bumpalo` (lib) due to 2 previous errors
[INFO] [stdout] error: couldn't create a temp dir: No space left on device (os error 28) at path "/opt/rustwide/target/debug/deps/rmeta3Tlv1F"
[INFO] [stdout] 
[INFO] [stdout] 
[INFO] [stdout] error: linking with `cc` failed: exit status: 1
[INFO] [stdout]   |
[INFO] [stdout]   = note: LC_ALL="C" PATH="/opt/rustwide/rustup-home/toolchains/nightly-2024-02-05-x86_64-unknown-linux-gnu/lib/rustlib/x86_64-unknown-linux-gnu/bin:/opt/rustwide/cargo-home/bin:/usr/local/sbin:/usr/local/bin:/usr/sbin:/usr/bin:/sbin:/bin" VSLANG="1033" "cc" "-m64" "/tmp/rustcOwQt9J/symbols.o" "/opt/rustwide/target/debug/build/libc-8421b13281f3ba9d/build_script_build-8421b13281f3ba9d.build_script_build.b40e6a956e35b03d-cgu.0.rcgu.o" "/opt/rustwide/target/debug/build/libc-8421b13281f3ba9d/build_script_build-8421b13281f3ba9d.1wr403zrv9mmbvts.rcgu.o" "-Wl,--as-needed" "-L" "/opt/rustwide/target/debug/deps" "-L" "/opt/rustwide/rustup-home/toolchains/nightly-2024-02-05-x86_64-unknown-linux-gnu/lib/rustlib/x86_64-unknown-linux-gnu/lib" "-Wl,-Bstatic" "/opt/rustwide/rustup-home/toolchains/nightly-2024-02-05-x86_64-unknown-linux-gnu/lib/rustlib/x86_64-unknown-linux-gnu/lib/libstd-075c79122bf4ef22.rlib" "/opt/rustwide/rustup-home/toolchains/nightly-2024-02-05-x86_64-unknown-linux-gnu/lib/rustlib/x86_64-unknown-linux-gnu/lib/libpanic_unwind-89ad4240c90c0e03.rlib" "/opt/rustwide/rustup-home/toolchains/nightly-2024-02-05-x86_64-unknown-linux-gnu/lib/rustlib/x86_64-unknown-linux-gnu/lib/libobject-39985665fb91a3c2.rlib" "/opt/rustwide/rustup-home/toolchains/nightly-2024-02-05-x86_64-unknown-linux-gnu/lib/rustlib/x86_64-unknown-linux-gnu/lib/libmemchr-8666dad6789c0484.rlib" "/opt/rustwide/rustup-home/toolchains/nightly-2024-02-05-x86_64-unknown-linux-gnu/lib/rustlib/x86_64-unknown-linux-gnu/lib/libaddr2line-7b871242ae961a4e.rlib" "/opt/rustwide/rustup-home/toolchains/nightly-2024-02-05-x86_64-unknown-linux-gnu/lib/rustlib/x86_64-unknown-linux-gnu/lib/libgimli-8d4074793ba35678.rlib" "/opt/rustwide/rustup-home/toolchains/nightly-2024-02-05-x86_64-unknown-linux-gnu/lib/rustlib/x86_64-unknown-linux-gnu/lib/librustc_demangle-ec84eb0416770982.rlib" "/opt/rustwide/rustup-home/toolchains/nightly-2024-02-05-x86_64-unknown-linux-gnu/lib/rustlib/x86_64-unknown-linux-gnu/lib/libstd_detect-68539ddfb3806005.rlib" "/opt/rustwide/rustup-home/toolchains/nightly-2024-02-05-x86_64-unknown-linux-gnu/lib/rustlib/x86_64-unknown-linux-gnu/lib/libhashbrown-ac61d465c61f24ac.rlib" "/opt/rustwide/rustup-home/toolchains/nightly-2024-02-05-x86_64-unknown-linux-gnu/lib/rustlib/x86_64-unknown-linux-gnu/lib/librustc_std_workspace_alloc-19d2d9343e8c3ab1.rlib" "/opt/rustwide/rustup-home/toolchains/nightly-2024-02-05-x86_64-unknown-linux-gnu/lib/rustlib/x86_64-unknown-linux-gnu/lib/libminiz_oxide-e762a6d65f031366.rlib" "/opt/rustwide/rustup-home/toolchains/nightly-2024-02-05-x86_64-unknown-linux-gnu/lib/rustlib/x86_64-unknown-linux-gnu/lib/libadler-e85e489d4408465b.rlib" "/opt/rustwide/rustup-home/toolchains/nightly-2024-02-05-x86_64-unknown-linux-gnu/lib/rustlib/x86_64-unknown-linux-gnu/lib/libunwind-da335adb5acc7119.rlib" "/opt/rustwide/rustup-home/toolchains/nightly-2024-02-05-x86_64-unknown-linux-gnu/lib/rustlib/x86_64-unknown-linux-gnu/lib/libcfg_if-527e3e7decf6a631.rlib" "/opt/rustwide/rustup-home/toolchains/nightly-2024-02-05-x86_64-unknown-linux-gnu/lib/rustlib/x86_64-unknown-linux-gnu/lib/liblibc-5f8c8143cdb8d04b.rlib" "/opt/rustwide/rustup-home/toolchains/nightly-2024-02-05-x86_64-unknown-linux-gnu/lib/rustlib/x86_64-unknown-linux-gnu/lib/liballoc-b905197320c3903d.rlib" "/opt/rustwide/rustup-home/toolchains/nightly-2024-02-05-x86_64-unknown-linux-gnu/lib/rustlib/x86_64-unknown-linux-gnu/lib/librustc_std_workspace_core-9686387289eaa322.rlib" "/opt/rustwide/rustup-home/toolchains/nightly-2024-02-05-x86_64-unknown-linux-gnu/lib/rustlib/x86_64-unknown-linux-gnu/lib/libcore-632ae0f28c5e55ff.rlib" "/opt/rustwide/rustup-home/toolchains/nightly-2024-02-05-x86_64-unknown-linux-gnu/lib/rustlib/x86_64-unknown-linux-gnu/lib/libcompiler_builtins-3166674eacfcf914.rlib" "-Wl,-Bdynamic" "-lgcc_s" "-lutil" "-lrt" "-lpthread" "-lm" "-ldl" "-lc" "-Wl,--eh-frame-hdr" "-Wl,-z,noexecstack" "-L" "/opt/rustwide/rustup-home/toolchains/nightly-2024-02-05-x86_64-unknown-linux-gnu/lib/rustlib/x86_64-unknown-linux-gnu/lib" "-o" "/opt/rustwide/target/debug/build/libc-8421b13281f3ba9d/build_script_build-8421b13281f3ba9d" "-Wl,--gc-sections" "-pie" "-Wl,-z,relro,-z,now" "-nodefaultlibs"
[INFO] [stdout]   = note: /usr/bin/ld: final link failed: No space left on device
[INFO] [stdout]           collect2: error: ld returned 1 exit status
[INFO] [stdout]           
[INFO] [stdout] 
[INFO] [stdout] 
[INFO] [stdout] error: aborting due to 1 previous error
[INFO] [stdout] 
[INFO] [stdout] 
[INFO] [stderr] error: could not compile `itoa` (lib) due to 1 previous error
[INFO] [stderr] error: could not compile `libc` (build script) due to 2 previous errors
[INFO] [stdout] error: linking with `cc` failed: exit status: 1
[INFO] [stdout]   |
[INFO] [stdout]   = note: LC_ALL="C" PATH="/opt/rustwide/rustup-home/toolchains/nightly-2024-02-05-x86_64-unknown-linux-gnu/lib/rustlib/x86_64-unknown-linux-gnu/bin:/opt/rustwide/cargo-home/bin:/usr/local/sbin:/usr/local/bin:/usr/sbin:/usr/bin:/sbin:/bin" VSLANG="1033" "cc" "-m64" "/tmp/rustcAHhsXg/symbols.o" "/opt/rustwide/target/debug/build/nom-529cde5b56db65a1/build_script_build-529cde5b56db65a1.build_script_build.acda37ac89fbe2e4-cgu.0.rcgu.o" "/opt/rustwide/target/debug/build/nom-529cde5b56db65a1/build_script_build-529cde5b56db65a1.3568bvnnayqhy2fc.rcgu.o" "-Wl,--as-needed" "-L" "/opt/rustwide/target/debug/deps" "-L" "/opt/rustwide/rustup-home/toolchains/nightly-2024-02-05-x86_64-unknown-linux-gnu/lib/rustlib/x86_64-unknown-linux-gnu/lib" "-Wl,-Bstatic" "/opt/rustwide/target/debug/deps/libversion_check-d41c5003502de5c5.rlib" "/opt/rustwide/rustup-home/toolchains/nightly-2024-02-05-x86_64-unknown-linux-gnu/lib/rustlib/x86_64-unknown-linux-gnu/lib/libstd-075c79122bf4ef22.rlib" "/opt/rustwide/rustup-home/toolchains/nightly-2024-02-05-x86_64-unknown-linux-gnu/lib/rustlib/x86_64-unknown-linux-gnu/lib/libpanic_unwind-89ad4240c90c0e03.rlib" "/opt/rustwide/rustup-home/toolchains/nightly-2024-02-05-x86_64-unknown-linux-gnu/lib/rustlib/x86_64-unknown-linux-gnu/lib/libobject-39985665fb91a3c2.rlib" "/opt/rustwide/rustup-home/toolchains/nightly-2024-02-05-x86_64-unknown-linux-gnu/lib/rustlib/x86_64-unknown-linux-gnu/lib/libmemchr-8666dad6789c0484.rlib" "/opt/rustwide/rustup-home/toolchains/nightly-2024-02-05-x86_64-unknown-linux-gnu/lib/rustlib/x86_64-unknown-linux-gnu/lib/libaddr2line-7b871242ae961a4e.rlib" "/opt/rustwide/rustup-home/toolchains/nightly-2024-02-05-x86_64-unknown-linux-gnu/lib/rustlib/x86_64-unknown-linux-gnu/lib/libgimli-8d4074793ba35678.rlib" "/opt/rustwide/rustup-home/toolchains/nightly-2024-02-05-x86_64-unknown-linux-gnu/lib/rustlib/x86_64-unknown-linux-gnu/lib/librustc_demangle-ec84eb0416770982.rlib" "/opt/rustwide/rustup-home/toolchains/nightly-2024-02-05-x86_64-unknown-linux-gnu/lib/rustlib/x86_64-unknown-linux-gnu/lib/libstd_detect-68539ddfb3806005.rlib" "/opt/rustwide/rustup-home/toolchains/nightly-2024-02-05-x86_64-unknown-linux-gnu/lib/rustlib/x86_64-unknown-linux-gnu/lib/libhashbrown-ac61d465c61f24ac.rlib" "/opt/rustwide/rustup-home/toolchains/nightly-2024-02-05-x86_64-unknown-linux-gnu/lib/rustlib/x86_64-unknown-linux-gnu/lib/librustc_std_workspace_alloc-19d2d9343e8c3ab1.rlib" "/opt/rustwide/rustup-home/toolchains/nightly-2024-02-05-x86_64-unknown-linux-gnu/lib/rustlib/x86_64-unknown-linux-gnu/lib/libminiz_oxide-e762a6d65f031366.rlib" "/opt/rustwide/rustup-home/toolchains/nightly-2024-02-05-x86_64-unknown-linux-gnu/lib/rustlib/x86_64-unknown-linux-gnu/lib/libadler-e85e489d4408465b.rlib" "/opt/rustwide/rustup-home/toolchains/nightly-2024-02-05-x86_64-unknown-linux-gnu/lib/rustlib/x86_64-unknown-linux-gnu/lib/libunwind-da335adb5acc7119.rlib" "/opt/rustwide/rustup-home/toolchains/nightly-2024-02-05-x86_64-unknown-linux-gnu/lib/rustlib/x86_64-unknown-linux-gnu/lib/libcfg_if-527e3e7decf6a631.rlib" "/opt/rustwide/rustup-home/toolchains/nightly-2024-02-05-x86_64-unknown-linux-gnu/lib/rustlib/x86_64-unknown-linux-gnu/lib/liblibc-5f8c8143cdb8d04b.rlib" "/opt/rustwide/rustup-home/toolchains/nightly-2024-02-05-x86_64-unknown-linux-gnu/lib/rustlib/x86_64-unknown-linux-gnu/lib/liballoc-b905197320c3903d.rlib" "/opt/rustwide/rustup-home/toolchains/nightly-2024-02-05-x86_64-unknown-linux-gnu/lib/rustlib/x86_64-unknown-linux-gnu/lib/librustc_std_workspace_core-9686387289eaa322.rlib" "/opt/rustwide/rustup-home/toolchains/nightly-2024-02-05-x86_64-unknown-linux-gnu/lib/rustlib/x86_64-unknown-linux-gnu/lib/libcore-632ae0f28c5e55ff.rlib" "/opt/rustwide/rustup-home/toolchains/nightly-2024-02-05-x86_64-unknown-linux-gnu/lib/rustlib/x86_64-unknown-linux-gnu/lib/libcompiler_builtins-3166674eacfcf914.rlib" "-Wl,-Bdynamic" "-lgcc_s" "-lutil" "-lrt" "-lpthread" "-lm" "-ldl" "-lc" "-Wl,--eh-frame-hdr" "-Wl,-z,noexecstack" "-L" "/opt/rustwide/rustup-home/toolchains/nightly-2024-02-05-x86_64-unknown-linux-gnu/lib/rustlib/x86_64-unknown-linux-gnu/lib" "-o" "/opt/rustwide/target/debug/build/nom-529cde5b56db65a1/build_script_build-529cde5b56db65a1" "-Wl,--gc-sections" "-pie" "-Wl,-z,relro,-z,now" "-nodefaultlibs"
[INFO] [stdout]   = note: /usr/bin/ld: final link failed: No space left on device
[INFO] [stdout]           collect2: error: ld returned 1 exit status
[INFO] [stdout]           
[INFO] [stdout] 
[INFO] [stdout] 
[INFO] [stdout] error: aborting due to 1 previous error
[INFO] [stdout] 
[INFO] [stdout] 
[INFO] [stderr] error: could not compile `nom` (build script) due to 2 previous errors
[INFO] [stderr] LLVM ERROR: IO failure on output stream: No space left on device
[INFO] [stderr] LLVM ERROR: IO failure on output stream: No space left on device
[INFO] [stderr] error: could not compile `proc-macro2` (lib)
[INFO] [stderr] error: could not compile `cc` (lib)
[INFO] running `Command { std: "docker" "inspect" "4685c54553cf18c30c59f87ecc648ddf12c8d77dace0907ba3e8c910e10220c5", kill_on_drop: false }`
[INFO] running `Command { std: "docker" "rm" "-f" "4685c54553cf18c30c59f87ecc648ddf12c8d77dace0907ba3e8c910e10220c5", kill_on_drop: false }`
[INFO] [stdout] 4685c54553cf18c30c59f87ecc648ddf12c8d77dace0907ba3e8c910e10220c5
