[INFO] cloning repository https://github.com/davidsiska-vega/vega_mm_bot_rust
[INFO] running `Command { std: "git" "-c" "credential.helper=" "-c" "credential.helper=/workspace/cargo-home/bin/git-credential-null" "clone" "--bare" "https://github.com/davidsiska-vega/vega_mm_bot_rust" "/workspace/cache/git-repos/https%3A%2F%2Fgithub.com%2Fdavidsiska-vega%2Fvega_mm_bot_rust", kill_on_drop: false }`
[INFO] [stderr] Cloning into bare repository '/workspace/cache/git-repos/https%3A%2F%2Fgithub.com%2Fdavidsiska-vega%2Fvega_mm_bot_rust'...
[INFO] running `Command { std: "git" "rev-parse" "HEAD", kill_on_drop: false }`
[INFO] [stdout] 7dabf0965d09335036b14f2545e5df8075bc63c4
[INFO] checking davidsiska-vega/vega_mm_bot_rust against nightly-2024-02-05 for check-cfg
[INFO] running `Command { std: "git" "clone" "/workspace/cache/git-repos/https%3A%2F%2Fgithub.com%2Fdavidsiska-vega%2Fvega_mm_bot_rust" "/workspace/builds/worker-1-tc1/source", kill_on_drop: false }`
[INFO] [stderr] Cloning into '/workspace/builds/worker-1-tc1/source'...
[INFO] [stderr] done.
[INFO] validating manifest of git repo https://github.com/davidsiska-vega/vega_mm_bot_rust on toolchain nightly-2024-02-05
[INFO] running `Command { std: CARGO_HOME="/workspace/cargo-home" RUSTUP_HOME="/workspace/rustup-home" "/workspace/cargo-home/bin/cargo" "+nightly-2024-02-05" "metadata" "--manifest-path" "Cargo.toml" "--no-deps", kill_on_drop: false }`
[INFO] started tweaking git repo https://github.com/davidsiska-vega/vega_mm_bot_rust
[INFO] finished tweaking git repo https://github.com/davidsiska-vega/vega_mm_bot_rust
[INFO] tweaked toml for git repo https://github.com/davidsiska-vega/vega_mm_bot_rust written to /workspace/builds/worker-1-tc1/source/Cargo.toml
[INFO] crate git repo https://github.com/davidsiska-vega/vega_mm_bot_rust already has a lockfile, it will not be regenerated
[INFO] running `Command { std: CARGO_HOME="/workspace/cargo-home" RUSTUP_HOME="/workspace/rustup-home" "/workspace/cargo-home/bin/cargo" "+nightly-2024-02-05" "fetch" "--manifest-path" "Cargo.toml", kill_on_drop: false }`
[INFO] [stderr]     Updating git repository `https://github.com/jeremyletang/vega-rust-sdk`
[INFO] [stderr]  Downloading crates ...
[INFO] [stderr]   Downloaded ed25519-compact v2.0.6
[INFO] [stderr]   Downloaded async-trait v0.1.76
[INFO] running `Command { std: "docker" "create" "-v" "/var/lib/crater-agent-workspace/builds/worker-1-tc1/target:/opt/rustwide/target:rw,Z" "-v" "/var/lib/crater-agent-workspace/builds/worker-1-tc1/source:/opt/rustwide/workdir:ro,Z" "-v" "/var/lib/crater-agent-workspace/cargo-home:/opt/rustwide/cargo-home:ro,Z" "-v" "/var/lib/crater-agent-workspace/rustup-home:/opt/rustwide/rustup-home:ro,Z" "-e" "SOURCE_DIR=/opt/rustwide/workdir" "-e" "CARGO_TARGET_DIR=/opt/rustwide/target" "-e" "CARGO_HOME=/opt/rustwide/cargo-home" "-e" "RUSTUP_HOME=/opt/rustwide/rustup-home" "-w" "/opt/rustwide/workdir" "-m" "1610612736" "--user" "0:0" "--network" "none" "ghcr.io/rust-lang/crates-build-env/linux@sha256:2788e3201cd34a07e3172128adcd8b3090168a8e3bcc40d7c032b9dda1df7d1c" "/opt/rustwide/cargo-home/bin/cargo" "+nightly-2024-02-05" "metadata" "--no-deps" "--format-version=1", kill_on_drop: false }`
[INFO] [stdout] f671cd9b0bbb00cab935bea6ac7bd4af36f0b43773a58569952a085fad0e38cb
[INFO] running `Command { std: "docker" "start" "-a" "f671cd9b0bbb00cab935bea6ac7bd4af36f0b43773a58569952a085fad0e38cb", kill_on_drop: false }`
[INFO] running `Command { std: "docker" "inspect" "f671cd9b0bbb00cab935bea6ac7bd4af36f0b43773a58569952a085fad0e38cb", kill_on_drop: false }`
[INFO] running `Command { std: "docker" "rm" "-f" "f671cd9b0bbb00cab935bea6ac7bd4af36f0b43773a58569952a085fad0e38cb", kill_on_drop: false }`
[INFO] [stdout] f671cd9b0bbb00cab935bea6ac7bd4af36f0b43773a58569952a085fad0e38cb
[INFO] running `Command { std: "docker" "create" "-v" "/var/lib/crater-agent-workspace/builds/worker-1-tc1/target:/opt/rustwide/target:rw,Z" "-v" "/var/lib/crater-agent-workspace/builds/worker-1-tc1/source:/opt/rustwide/workdir:ro,Z" "-v" "/var/lib/crater-agent-workspace/cargo-home:/opt/rustwide/cargo-home:ro,Z" "-v" "/var/lib/crater-agent-workspace/rustup-home:/opt/rustwide/rustup-home:ro,Z" "-e" "SOURCE_DIR=/opt/rustwide/workdir" "-e" "CARGO_TARGET_DIR=/opt/rustwide/target" "-e" "CARGO_INCREMENTAL=0" "-e" "RUST_BACKTRACE=full" "-e" "RUSTFLAGS=--cap-lints=forbid" "-e" "RUSTDOCFLAGS=--cap-lints=forbid" "-e" "CARGO_HOME=/opt/rustwide/cargo-home" "-e" "RUSTUP_HOME=/opt/rustwide/rustup-home" "-w" "/opt/rustwide/workdir" "-m" "1610612736" "--user" "0:0" "--network" "none" "ghcr.io/rust-lang/crates-build-env/linux@sha256:2788e3201cd34a07e3172128adcd8b3090168a8e3bcc40d7c032b9dda1df7d1c" "/opt/rustwide/cargo-home/bin/cargo" "+nightly-2024-02-05" "check" "--frozen" "--all" "--all-targets" "--message-format=json", kill_on_drop: false }`
[INFO] [stdout] 6559b9118ec7e49fd8a31bed47268be5e73f60ae79405af99587ca17b305c6de
[INFO] running `Command { std: "docker" "start" "-a" "6559b9118ec7e49fd8a31bed47268be5e73f60ae79405af99587ca17b305c6de", kill_on_drop: false }`
[INFO] [stderr]    Compiling proc-macro2 v1.0.73
[INFO] [stderr]    Compiling libc v0.2.151
[INFO] [stderr]     Checking bytes v1.5.0
[INFO] [stderr]     Checking once_cell v1.19.0
[INFO] [stderr]     Checking memchr v2.7.1
[INFO] [stderr]     Checking futures-core v0.3.30
[INFO] [stderr]    Compiling typenum v1.17.0
[INFO] [stderr]     Checking byteorder v1.5.0
[INFO] [stderr]    Compiling either v1.9.0
[INFO] [stderr]    Compiling anyhow v1.0.78
[INFO] [stderr]     Checking futures-sink v0.3.30
[INFO] [stderr]     Checking futures v0.1.31
[INFO] [stderr]     Checking futures-channel v0.3.30
[INFO] [stderr]    Compiling itertools v0.11.0
[INFO] [stderr]    Compiling ahash v0.8.7
[INFO] [stderr]    Compiling quote v1.0.34
[INFO] [stderr]     Checking iovec v0.1.4
[INFO] [stderr]    Compiling syn v2.0.44
[INFO] [stderr]    Compiling cc v1.0.83
[INFO] [stderr]     Checking bytes v0.4.12
[INFO] [stderr]     Checking socket2 v0.5.5
[INFO] [stderr]     Checking num_cpus v1.16.0
[INFO] [stderr]     Checking mio v0.8.10
[INFO] [stderr]     Checking futures-task v0.3.30
[INFO] [stderr]     Checking generic-array v0.14.7
[INFO] [stderr]     Checking itoa v1.0.10
[INFO] [stderr]     Checking tokio-io v0.1.13
[INFO] [stderr]     Checking futures-io v0.3.30
[INFO] [stderr]     Checking getrandom v0.2.11
[INFO] [stderr]     Checking zerocopy v0.7.32
[INFO] [stderr]     Checking http v0.2.11
[INFO] [stderr]     Checking tracing-core v0.1.32
[INFO] [stderr]    Compiling rustix v0.38.28
[INFO] [stderr]     Checking allocator-api2 v0.2.16
[INFO] [stderr]     Checking rand_core v0.6.4
[INFO] [stderr]    Compiling bitflags v2.4.1
[INFO] [stderr]    Compiling linux-raw-sys v0.4.12
[INFO] [stderr]     Checking rand_chacha v0.3.1
[INFO] [stderr]     Checking hashbrown v0.14.3
[INFO] [stderr]    Compiling pkg-config v0.3.28
[INFO] [stderr]    Compiling equivalent v1.0.1
[INFO] [stderr]    Compiling regex-syntax v0.8.2
[INFO] [stderr]    Compiling serde v1.0.193
[INFO] [stderr]    Compiling prettyplease v0.2.15
[INFO] [stderr]     Checking indexmap v2.1.0
[INFO] [stderr]     Checking rand v0.8.5
[INFO] [stderr]    Compiling openssl-sys v0.9.98
[INFO] [stderr]     Checking http-body v0.4.6
[INFO] [stderr]    Compiling autotools v0.2.6
[INFO] [stderr]    Compiling indexmap v1.9.3
[INFO] [stderr]     Checking try-lock v0.2.5
[INFO] [stderr]    Compiling fixedbitset v0.4.2
[INFO] [stderr]    Compiling async-trait v0.1.76
[INFO] [stderr]    Compiling home v0.5.9
[INFO] [stderr]    Compiling fastrand v2.0.1
[INFO] [stderr]     Checking want v0.3.1
[INFO] [stderr]    Compiling protobuf-src v1.1.0+21.5
[INFO] [stderr]    Compiling axum-core v0.3.4
[INFO] [stderr]    Compiling regex-automata v0.4.3
[INFO] [stderr]    Compiling petgraph v0.6.4
[INFO] [stderr]    Compiling multimap v0.8.3
[INFO] [stderr]     Checking unicode-normalization v0.1.22
[INFO] [stderr]    Compiling which v4.4.2
[INFO] [stderr]    Compiling tempfile v3.9.0
[INFO] [stderr]    Compiling axum v0.6.20
[INFO] [stderr]     Checking crypto-common v0.1.6
[INFO] [stderr]     Checking block-buffer v0.10.4
[INFO] [stderr]     Checking aho-corasick v1.1.2
[INFO] [stderr]    Compiling num-traits v0.2.17
[INFO] [stderr]    Compiling same-file v1.0.6
[INFO] [stderr]    Compiling walkdir v2.4.0
[INFO] [stderr]    Compiling regex v1.10.2
[INFO] [stderr]     Checking digest v0.10.7
[INFO] [stderr]     Checking matchit v0.7.3
[INFO] [stderr]    Compiling openssl v0.10.62
[INFO] [stderr]     Checking sync_wrapper v0.1.2
[INFO] [stderr]     Checking cpufeatures v0.2.11
[INFO] [stderr]     Checking foreign-types-shared v0.1.1
[INFO] [stderr]     Checking anstyle-parse v0.2.3
[INFO] [stderr]     Checking foreign-types v0.3.2
[INFO] [stderr]     Checking digest v0.9.0
[INFO] [stderr]     Checking subtle v2.4.1
[INFO] [stderr]     Checking quick-error v1.2.3
[INFO] [stderr]    Compiling native-tls v0.2.11
[INFO] [stderr]     Checking anstyle-query v1.0.2
[INFO] [stderr]     Checking unicode-bidi v0.3.14
[INFO] [stderr]    Compiling thiserror v1.0.53
[INFO] [stderr]     Checking anstyle v1.0.4
[INFO] [stderr]     Checking idna v0.5.0
[INFO] [stderr]     Checking anstream v0.6.5
[INFO] [stderr]     Checking humantime v1.3.0
[INFO] [stderr]     Checking crypto-mac v0.11.1
[INFO] [stderr]     Checking block-buffer v0.9.0
[INFO] [stderr]     Checking atty v0.2.14
[INFO] [stderr]    Compiling num-bigint v0.4.4
[INFO] [stderr]     Checking ct-codecs v1.1.1
[INFO] [stderr]     Checking keccak v0.1.4
[INFO] [stderr]     Checking opaque-debug v0.3.0
[INFO] [stderr]     Checking clap_lex v0.6.0
[INFO] [stderr]     Checking bitcoin_hashes v0.11.0
[INFO] [stderr]    Compiling serde_json v1.0.109
[INFO] [stderr]     Checking termcolor v1.4.0
[INFO] [stderr]     Checking clap_builder v4.4.12
[INFO] [stderr]     Checking sha3 v0.10.8
[INFO] [stderr]     Checking ed25519-compact v2.0.6
[INFO] [stderr]    Compiling tokio-macros v2.2.0
[INFO] [stderr]    Compiling futures-macro v0.3.30
[INFO] [stderr]    Compiling prost-derive v0.12.3
[INFO] [stderr]    Compiling tracing-attributes v0.1.27
[INFO] [stderr]    Compiling serde_derive v1.0.193
[INFO] [stderr]     Checking tokio v1.35.1
[INFO] [stderr]     Checking futures-util v0.3.30
[INFO] [stderr]    Compiling pin-project-internal v1.1.3
[INFO] [stderr]     Checking tracing v0.1.40
[INFO] [stderr]    Compiling async-stream-impl v0.3.5
[INFO] [stderr]    Compiling prost v0.12.3
[INFO] [stderr]    Compiling prost-types v0.12.3
[INFO] [stderr]     Checking pin-project v1.1.3
[INFO] [stderr]    Compiling openssl-macros v0.1.1
[INFO] [stderr]     Checking async-stream v0.3.5
[INFO] [stderr]    Compiling thiserror-impl v1.0.53
[INFO] [stderr]     Checking tokio-util v0.7.10
[INFO] [stderr]    Compiling prost-build v0.12.3
[INFO] [stderr]     Checking tokio-io-timeout v1.2.0
[INFO] [stderr]     Checking tokio-stream v0.1.14
[INFO] [stderr]     Checking h2 v0.3.22
[INFO] [stderr]     Checking tower v0.4.13
[INFO] [stderr]    Compiling tonic-build v0.10.2
[INFO] [stderr]     Checking futures-executor v0.3.30
[INFO] [stderr]     Checking env_logger v0.7.1
[INFO] [stderr]    Compiling clap_derive v4.4.7
[INFO] [stderr]     Checking sha2 v0.9.9
[INFO] [stderr]     Checking url v2.5.0
[INFO] [stderr]     Checking hmac v0.11.0
[INFO] [stderr]     Checking num-integer v0.1.45
[INFO] [stderr]     Checking sha1 v0.10.6
[INFO] [stderr]     Checking utf-8 v0.7.6
[INFO] [stderr]     Checking iana-time-zone v0.1.59
[INFO] [stderr]     Checking ryu v1.0.16
[INFO] [stderr]     Checking chrono v0.4.31
[INFO] [stderr]     Checking pretty_env_logger v0.4.0
[INFO] [stderr]     Checking futures v0.3.30
[INFO] [stderr]     Checking tungstenite v0.18.0
[INFO] [stderr]     Checking lru v0.12.1
[INFO] [stderr]     Checking hyper v0.14.28
[INFO] [stderr]     Checking bip39 v2.0.0
[INFO] [stderr]     Checking clap v4.4.12
[INFO] [stderr]     Checking hyper-timeout v0.4.1
[INFO] [stderr]     Checking tonic v0.10.2
[INFO] [stderr] error: failed to run custom build command for `protobuf-src v1.1.0+21.5`
[INFO] [stderr] note: To improve backtraces for build dependencies, set the CARGO_PROFILE_DEV_BUILD_OVERRIDE_DEBUG=true environment variable to enable debug information generation.
[INFO] [stderr] 
[INFO] [stderr] Caused by:
[INFO] [stderr]   process didn't exit successfully: `/opt/rustwide/target/debug/build/protobuf-src-33cd077d19651b66/build-script-build` (exit status: 101)
[INFO] [stderr]   --- stdout
[INFO] [stderr]   running: cd "/opt/rustwide/target/debug/build/protobuf-src-2090c8cc7f2e456b/out/install/build" && CC="cc" CFLAGS="-O0 -ffunction-sections -fdata-sections -fPIC -m64" CXX="c++" CXXFLAGS="-O0 -ffunction-sections -fdata-sections -fPIC -m64" "sh" "-c" "exec \"$0\" \"$@\"" "/opt/rustwide/cargo-home/registry/src/index.crates.io-6f17d22bba15001f/protobuf-src-1.1.0+21.5/protobuf/configure" "--prefix=/opt/rustwide/target/debug/build/protobuf-src-2090c8cc7f2e456b/out/install" "--disable-shared" "--enable-static" "--disable-maintainer-mode"
[INFO] [stderr]   checking whether to enable maintainer-specific portions of Makefiles... no
[INFO] [stderr]   checking build system type... x86_64-pc-linux-gnu
[INFO] [stderr]   checking host system type... x86_64-pc-linux-gnu
[INFO] [stderr]   checking target system type... x86_64-pc-linux-gnu
[INFO] [stderr]   checking for a BSD-compatible install... /usr/bin/install -c
[INFO] [stderr]   checking whether build environment is sane... yes
[INFO] [stderr]   checking for a race-free mkdir -p... /usr/bin/mkdir -p
[INFO] [stderr]   checking for gawk... no
[INFO] [stderr]   checking for mawk... mawk
[INFO] [stderr]   checking whether make sets $(MAKE)... yes
[INFO] [stderr]   checking whether make supports nested variables... yes
[INFO] [stderr]   checking whether UID '0' is supported by ustar format... yes
[INFO] [stderr]   checking whether GID '0' is supported by ustar format... yes
[INFO] [stderr]   checking how to create a ustar tar archive... gnutar
[INFO] [stderr]   checking whether make supports nested variables... (cached) yes
[INFO] [stderr]   checking for gcc... cc
[INFO] [stderr]   checking whether the C compiler works... yes
[INFO] [stderr]   checking for C compiler default output file name... a.out
[INFO] [stderr]   checking for suffix of executables... 
[INFO] [stderr]   checking whether we are cross compiling... no
[INFO] [stderr]   checking for suffix of object files... o
[INFO] [stderr]   checking whether the compiler supports GNU C... yes
[INFO] [stderr]   checking whether cc accepts -g... yes
[INFO] [stderr]   checking for cc option to enable C11 features... none needed
[INFO] [stderr]   checking whether cc understands -c and -o together... yes
[INFO] [stderr]   checking whether make supports the include directive... yes (GNU style)
[INFO] [stderr]   checking dependency style of cc... gcc3
[INFO] [stderr]   checking whether the compiler supports GNU C++... yes
[INFO] [stderr]   checking whether c++ accepts -g... yes
[INFO] [stderr]   checking for c++ option to enable C++11 features... none needed
[INFO] [stderr]   checking dependency style of c++... gcc3
[INFO] [stderr]   checking how to run the C preprocessor... cc -E
[INFO] [stderr]   checking for gcc... gcc
[INFO] [stderr]   checking whether the compiler supports GNU C... (cached) yes
[INFO] [stderr]   checking whether gcc accepts -g... yes
[INFO] [stderr]   checking for gcc option to enable C11 features... (cached) none needed
[INFO] [stderr]   checking whether gcc understands -c and -o together... (cached) yes
[INFO] [stderr]   checking dependency style of gcc... (cached) gcc3
[INFO] [stderr]   checking how to run the C preprocessor... gcc -E
[INFO] [stderr]   checking how to run the C++ preprocessor... c++ -E
[INFO] [stderr]   checking for g++... g++
[INFO] [stderr]   checking whether the compiler supports GNU C++... (cached) yes
[INFO] [stderr]   checking whether g++ accepts -g... yes
[INFO] [stderr]   checking for g++ option to enable C++11 features... (cached) none needed
[INFO] [stderr]   checking dependency style of g++... (cached) gcc3
[INFO] [stderr]   checking how to run the C++ preprocessor... g++ -E
[INFO] [stderr]   checking for stdio.h... yes
[INFO] [stderr]   checking for stdlib.h... yes
[INFO] [stderr]   checking for string.h... yes
[INFO] [stderr]   checking for inttypes.h... yes
[INFO] [stderr]   checking for stdint.h... yes
[INFO] [stderr]   checking for strings.h... yes
[INFO] [stderr]   checking for sys/stat.h... yes
[INFO] [stderr]   checking for sys/types.h... yes
[INFO] [stderr]   checking for unistd.h... yes
[INFO] [stderr]   checking for wchar.h... yes
[INFO] [stderr]   checking for minix/config.h... no
[INFO] [stderr]   checking whether it is safe to define __EXTENSIONS__... yes
[INFO] [stderr]   checking whether _XOPEN_SOURCE should be defined... no
[INFO] [stderr]   checking for ar... ar
[INFO] [stderr]   checking the archiver (ar) interface... ar
[INFO] [stderr]   checking C++ compiler flags...... use user-supplied: -O0 -ffunction-sections -fdata-sections -fPIC -m64
[INFO] [stderr]   checking for c++ options needed to detect all undeclared functions... none needed
[INFO] [stderr]   checking whether __SUNPRO_CC is declared... no
[INFO] [stderr]   checking how to print strings... printf
[INFO] [stderr]   checking for a sed that does not truncate output... /usr/bin/sed
[INFO] [stderr]   checking for grep that handles long lines and -e... /usr/bin/grep
[INFO] [stderr]   checking for egrep... /usr/bin/grep -E
[INFO] [stderr]   checking for fgrep... /usr/bin/grep -F
[INFO] [stderr]   checking for ld used by cc... /usr/bin/ld
[INFO] [stderr]   checking if the linker (/usr/bin/ld) is GNU ld... yes
[INFO] [stderr]   checking for BSD- or MS-compatible name lister (nm)... /usr/bin/nm -B
[INFO] [stderr]   checking the name lister (/usr/bin/nm -B) interface... BSD nm
[INFO] [stderr]   checking whether ln -s works... yes
[INFO] [stderr]   checking the maximum length of command line arguments... 1572864
[INFO] [stderr]   checking how to convert x86_64-pc-linux-gnu file names to x86_64-pc-linux-gnu format... func_convert_file_noop
[INFO] [stderr]   checking how to convert x86_64-pc-linux-gnu file names to toolchain format... func_convert_file_noop
[INFO] [stderr]   checking for /usr/bin/ld option to reload object files... -r
[INFO] [stderr]   checking for file... file
[INFO] [stderr]   checking for objdump... objdump
[INFO] [stderr]   checking how to recognize dependent libraries... pass_all
[INFO] [stderr]   checking for dlltool... no
[INFO] [stderr]   checking how to associate runtime and link libraries... printf %s\n
[INFO] [stderr]   checking for archiver @FILE support... @
[INFO] [stderr]   checking for strip... strip
[INFO] [stderr]   checking for ranlib... ranlib
[INFO] [stderr]   checking command to parse /usr/bin/nm -B output from cc object... ok
[INFO] [stderr]   checking for sysroot... no
[INFO] [stderr]   checking for a working dd... /usr/bin/dd
[INFO] [stderr]   checking how to truncate binary pipes... /usr/bin/dd bs=4096 count=1
[INFO] [stderr]   checking for mt... no
[INFO] [stderr]   checking if : is a manifest tool... no
[INFO] [stderr]   checking for dlfcn.h... yes
[INFO] [stderr]   checking for objdir... .libs
[INFO] [stderr]   checking if cc supports -fno-rtti -fno-exceptions... no
[INFO] [stderr]   checking for cc option to produce PIC... -fPIC -DPIC
[INFO] [stderr]   checking if cc PIC flag -fPIC -DPIC works... yes
[INFO] [stderr]   checking if cc static flag -static works... yes
[INFO] [stderr]   checking if cc supports -c -o file.o... yes
[INFO] [stderr]   checking if cc supports -c -o file.o... (cached) yes
[INFO] [stderr]   checking whether the cc linker (/usr/bin/ld -m elf_x86_64) supports shared libraries... yes
[INFO] [stderr]   checking dynamic linker characteristics... GNU/Linux ld.so
[INFO] [stderr]   checking how to hardcode library paths into programs... immediate
[INFO] [stderr]   checking whether stripping libraries is possible... yes
[INFO] [stderr]   checking if libtool supports shared libraries... yes
[INFO] [stderr]   checking whether to build shared libraries... no
[INFO] [stderr]   checking whether to build static libraries... yes
[INFO] [stderr]   checking how to run the C++ preprocessor... c++ -E
[INFO] [stderr]   checking for ld used by c++... /usr/bin/ld -m elf_x86_64
[INFO] [stderr]   checking if the linker (/usr/bin/ld -m elf_x86_64) is GNU ld... yes
[INFO] [stderr]   checking whether the c++ linker (/usr/bin/ld -m elf_x86_64) supports shared libraries... yes
[INFO] [stderr]   checking for c++ option to produce PIC... -fPIC -DPIC
[INFO] [stderr]   checking if c++ PIC flag -fPIC -DPIC works... yes
[INFO] [stderr]   checking if c++ static flag -static works... yes
[INFO] [stderr]   checking if c++ supports -c -o file.o... yes
[INFO] [stderr]   checking if c++ supports -c -o file.o... (cached) yes
[INFO] [stderr]   checking whether the c++ linker (/usr/bin/ld -m elf_x86_64) supports shared libraries... yes
[INFO] [stderr]   checking dynamic linker characteristics... (cached) GNU/Linux ld.so
[INFO] [stderr]   checking how to hardcode library paths into programs... immediate
[INFO] [stderr]   checking whether the linker supports version scripts... yes
[INFO] [stderr]   checking for egrep... (cached) /usr/bin/grep -E
[INFO] [stderr]   checking for fcntl.h... yes
[INFO] [stderr]   checking for inttypes.h... (cached) yes
[INFO] [stderr]   checking for limits.h... yes
[INFO] [stderr]   checking for stdlib.h... (cached) yes
[INFO] [stderr]   checking for unistd.h... (cached) yes
[INFO] [stderr]   checking for working memcmp... yes
[INFO] [stderr]   checking for working strtod... yes
[INFO] [stderr]   checking for ftruncate... yes
[INFO] [stderr]   checking for memset... yes
[INFO] [stderr]   checking for mkdir... yes
[INFO] [stderr]   checking for strchr... yes
[INFO] [stderr]   checking for strerror... yes
[INFO] [stderr]   checking for strtol... yes
[INFO] [stderr]   checking zlib version... ok (1.2.0.4 or later)
[INFO] [stderr]   checking for library containing zlibVersion... -lz
[INFO] [stderr]   checking whether c++ supports C++11 features by default... yes
[INFO] [stderr]   checking whether -latomic is needed... no
[INFO] [stderr]   checking whether cc is Clang... no
[INFO] [stderr]   checking whether pthreads work with "-pthread" and "-lpthread"... yes
[INFO] [stderr]   checking for joinable pthread attribute... PTHREAD_CREATE_JOINABLE
[INFO] [stderr]   checking whether more special flags are required for pthreads... no
[INFO] [stderr]   checking for PTHREAD_PRIO_INHERIT... yes
[INFO] [stderr]   checking the location of hash_map... <unordered_map>
[INFO] [stderr]   checking whether -llog is needed... no
[INFO] [stderr]   checking that generated files are newer than configure... done
[INFO] [stderr]   configure: creating ./config.status
[INFO] [stderr]   config.status: creating Makefile
[INFO] [stderr]   config.status: creating src/Makefile
[INFO] [stderr]   config.status: creating benchmarks/Makefile
[INFO] [stderr]   config.status: creating conformance/Makefile
[INFO] [stderr]   config.status: creating protobuf.pc
[INFO] [stderr]   config.status: creating protobuf-lite.pc
[INFO] [stderr]   config.status: creating config.h
[INFO] [stderr]   config.status: executing depfiles commands
[INFO] [stderr]   config.status: executing libtool commands
[INFO] [stderr]   === configuring in third_party/googletest (/opt/rustwide/target/debug/build/protobuf-src-2090c8cc7f2e456b/out/install/build/third_party/googletest)
[INFO] [stderr]   configure: running /bin/bash /opt/rustwide/cargo-home/registry/src/index.crates.io-6f17d22bba15001f/protobuf-src-1.1.0+21.5/protobuf/third_party/googletest/configure --disable-option-checking '--prefix=/opt/rustwide/target/debug/build/protobuf-src-2090c8cc7f2e456b/out/install'  '--disable-shared' '--enable-static' '--disable-maintainer-mode' 'CC=cc' 'CFLAGS=-O0 -ffunction-sections -fdata-sections -fPIC -m64' 'CXX=c++' 'CXXFLAGS=-O0 -ffunction-sections -fdata-sections -fPIC -m64' --cache-file=/dev/null --srcdir=/opt/rustwide/cargo-home/registry/src/index.crates.io-6f17d22bba15001f/protobuf-src-1.1.0+21.5/protobuf/third_party/googletest
[INFO] [stderr]   checking for a BSD-compatible install... /usr/bin/install -c
[INFO] [stderr]   checking whether build environment is sane... yes
[INFO] [stderr]   checking for a race-free mkdir -p... /usr/bin/mkdir -p
[INFO] [stderr]   checking for gawk... no
[INFO] [stderr]   checking for mawk... mawk
[INFO] [stderr]   checking whether make sets $(MAKE)... yes
[INFO] [stderr]   checking whether make supports nested variables... yes
[INFO] [stderr]   checking that generated files are newer than configure... done
[INFO] [stderr]   configure: creating ./config.status
[INFO] [stderr]   config.status: creating Makefile
[INFO] [stderr]   === configuring in googletest (/opt/rustwide/target/debug/build/protobuf-src-2090c8cc7f2e456b/out/install/build/third_party/googletest/googletest)
[INFO] [stderr]   configure: running /bin/bash /opt/rustwide/cargo-home/registry/src/index.crates.io-6f17d22bba15001f/protobuf-src-1.1.0+21.5/protobuf/third_party/googletest/googletest/configure --disable-option-checking '--prefix=/opt/rustwide/target/debug/build/protobuf-src-2090c8cc7f2e456b/out/install'  '--disable-shared' '--enable-static' '--disable-maintainer-mode' 'CC=cc' 'CFLAGS=-O0 -ffunction-sections -fdata-sections -fPIC -m64' 'CXX=c++' 'CXXFLAGS=-O0 -ffunction-sections -fdata-sections -fPIC -m64' --cache-file=/dev/null --srcdir=/opt/rustwide/cargo-home/registry/src/index.crates.io-6f17d22bba15001f/protobuf-src-1.1.0+21.5/protobuf/third_party/googletest/googletest
[INFO] [stderr]   checking for a BSD-compatible install... /usr/bin/install -c
[INFO] [stderr]   checking whether build environment is sane... yes
[INFO] [stderr]   checking for a race-free mkdir -p... /usr/bin/mkdir -p
[INFO] [stderr]   checking for gawk... no
[INFO] [stderr]   checking for mawk... mawk
[INFO] [stderr]   checking whether make sets $(MAKE)... yes
[INFO] [stderr]   checking whether make supports nested variables... yes
[INFO] [stderr]   checking for gcc... cc
[INFO] [stderr]   checking whether the C compiler works... yes
[INFO] [stderr]   checking for C compiler default output file name... a.out
[INFO] [stderr]   checking for suffix of executables... 
[INFO] [stderr]   checking whether we are cross compiling... no
[INFO] [stderr]   checking for suffix of object files... o
[INFO] [stderr]   checking whether the compiler supports GNU C... yes
[INFO] [stderr]   checking whether cc accepts -g... yes
[INFO] [stderr]   checking for cc option to enable C11 features... none needed
[INFO] [stderr]   checking whether cc understands -c and -o together... yes
[INFO] [stderr]   checking whether make supports the include directive... yes (GNU style)
[INFO] [stderr]   checking dependency style of cc... gcc3
[INFO] [stderr]   checking whether the compiler supports GNU C++... yes
[INFO] [stderr]   checking whether c++ accepts -g... yes
[INFO] [stderr]   checking for c++ option to enable C++11 features... none needed
[INFO] [stderr]   checking dependency style of c++... gcc3
[INFO] [stderr]   checking build system type... x86_64-pc-linux-gnu
[INFO] [stderr]   checking host system type... x86_64-pc-linux-gnu
[INFO] [stderr]   checking how to print strings... printf
[INFO] [stderr]   checking for a sed that does not truncate output... /usr/bin/sed
[INFO] [stderr]   checking for grep that handles long lines and -e... /usr/bin/grep
[INFO] [stderr]   checking for egrep... /usr/bin/grep -E
[INFO] [stderr]   checking for fgrep... /usr/bin/grep -F
[INFO] [stderr]   checking for ld used by cc... /usr/bin/ld
[INFO] [stderr]   checking if the linker (/usr/bin/ld) is GNU ld... yes
[INFO] [stderr]   checking for BSD- or MS-compatible name lister (nm)... /usr/bin/nm -B
[INFO] [stderr]   checking the name lister (/usr/bin/nm -B) interface... BSD nm
[INFO] [stderr]   checking whether ln -s works... yes
[INFO] [stderr]   checking the maximum length of command line arguments... 1572864
[INFO] [stderr]   checking how to convert x86_64-pc-linux-gnu file names to x86_64-pc-linux-gnu format... func_convert_file_noop
[INFO] [stderr]   checking how to convert x86_64-pc-linux-gnu file names to toolchain format... func_convert_file_noop
[INFO] [stderr]   checking for /usr/bin/ld option to reload object files... -r
[INFO] [stderr]   checking for file... file
[INFO] [stderr]   checking for objdump... objdump
[INFO] [stderr]   checking how to recognize dependent libraries... pass_all
[INFO] [stderr]   checking for dlltool... no
[INFO] [stderr]   checking how to associate runtime and link libraries... printf %s\n
[INFO] [stderr]   checking for ar... ar
[INFO] [stderr]   checking for archiver @FILE support... @
[INFO] [stderr]   checking for strip... strip
[INFO] [stderr]   checking for ranlib... ranlib
[INFO] [stderr]   checking command to parse /usr/bin/nm -B output from cc object... ok
[INFO] [stderr]   checking for sysroot... no
[INFO] [stderr]   checking for a working dd... /usr/bin/dd
[INFO] [stderr]   checking how to truncate binary pipes... /usr/bin/dd bs=4096 count=1
[INFO] [stderr]   checking for mt... no
[INFO] [stderr]   checking if : is a manifest tool... no
[INFO] [stderr]   checking for stdio.h... yes
[INFO] [stderr]   checking for stdlib.h... yes
[INFO] [stderr]   checking for string.h... yes
[INFO] [stderr]   checking for inttypes.h... yes
[INFO] [stderr]   checking for stdint.h... yes
[INFO] [stderr]   checking for strings.h... yes
[INFO] [stderr]   checking for sys/stat.h... yes
[INFO] [stderr]   checking for sys/types.h... yes
[INFO] [stderr]   checking for unistd.h... yes
[INFO] [stderr]   checking for dlfcn.h... yes
[INFO] [stderr]   checking for objdir... .libs
[INFO] [stderr]   checking if cc supports -fno-rtti -fno-exceptions... no
[INFO] [stderr]   checking for cc option to produce PIC... -fPIC -DPIC
[INFO] [stderr]   checking if cc PIC flag -fPIC -DPIC works... yes
[INFO] [stderr]   checking if cc static flag -static works... yes
[INFO] [stderr]   checking if cc supports -c -o file.o... yes
[INFO] [stderr]   checking if cc supports -c -o file.o... (cached) yes
[INFO] [stderr]   checking whether the cc linker (/usr/bin/ld -m elf_x86_64) supports shared libraries... yes
[INFO] [stderr]   checking dynamic linker characteristics... GNU/Linux ld.so
[INFO] [stderr]   checking how to hardcode library paths into programs... immediate
[INFO] [stderr]   checking whether stripping libraries is possible... yes
[INFO] [stderr]   checking if libtool supports shared libraries... yes
[INFO] [stderr]   checking whether to build shared libraries... no
[INFO] [stderr]   checking whether to build static libraries... yes
[INFO] [stderr]   checking how to run the C++ preprocessor... c++ -E
[INFO] [stderr]   checking for ld used by c++... /usr/bin/ld -m elf_x86_64
[INFO] [stderr]   checking if the linker (/usr/bin/ld -m elf_x86_64) is GNU ld... yes
[INFO] [stderr]   checking whether the c++ linker (/usr/bin/ld -m elf_x86_64) supports shared libraries... yes
[INFO] [stderr]   checking for c++ option to produce PIC... -fPIC -DPIC
[INFO] [stderr]   checking if c++ PIC flag -fPIC -DPIC works... yes
[INFO] [stderr]   checking if c++ static flag -static works... yes
[INFO] [stderr]   checking if c++ supports -c -o file.o... yes
[INFO] [stderr]   checking if c++ supports -c -o file.o... (cached) yes
[INFO] [stderr]   checking whether the c++ linker (/usr/bin/ld -m elf_x86_64) supports shared libraries... yes
[INFO] [stderr]   checking dynamic linker characteristics... (cached) GNU/Linux ld.so
[INFO] [stderr]   checking how to hardcode library paths into programs... immediate
[INFO] [stderr]   checking for python... :
[INFO] [stderr]   checking for the pthreads library -lpthreads... no
[INFO] [stderr]   checking whether pthreads work without any flags... yes
[INFO] [stderr]   checking for joinable pthread attribute... PTHREAD_CREATE_JOINABLE
[INFO] [stderr]   checking if more special flags are required for pthreads... no
[INFO] [stderr]   checking whether to check for GCC pthread/shared inconsistencies... yes
[INFO] [stderr]   checking whether -pthread is sufficient with -shared... yes
[INFO] [stderr]   checking that generated files are newer than configure... done
[INFO] [stderr]   configure: creating ./config.status
[INFO] [stderr]   config.status: creating Makefile
[INFO] [stderr]   config.status: creating scripts/gtest-config
[INFO] [stderr]   config.status: creating build-aux/config.h
[INFO] [stderr]   config.status: executing depfiles commands
[INFO] [stderr]   config.status: executing libtool commands
[INFO] [stderr]   === configuring in googlemock (/opt/rustwide/target/debug/build/protobuf-src-2090c8cc7f2e456b/out/install/build/third_party/googletest/googlemock)
[INFO] [stderr]   configure: running /bin/bash /opt/rustwide/cargo-home/registry/src/index.crates.io-6f17d22bba15001f/protobuf-src-1.1.0+21.5/protobuf/third_party/googletest/googlemock/configure --disable-option-checking '--prefix=/opt/rustwide/target/debug/build/protobuf-src-2090c8cc7f2e456b/out/install'  '--disable-shared' '--enable-static' '--disable-maintainer-mode' 'CC=cc' 'CFLAGS=-O0 -ffunction-sections -fdata-sections -fPIC -m64' 'CXX=c++' 'CXXFLAGS=-O0 -ffunction-sections -fdata-sections -fPIC -m64' --cache-file=/dev/null --srcdir=/opt/rustwide/cargo-home/registry/src/index.crates.io-6f17d22bba15001f/protobuf-src-1.1.0+21.5/protobuf/third_party/googletest/googlemock
[INFO] [stderr]   checking for a BSD-compatible install... /usr/bin/install -c
[INFO] [stderr]   checking whether build environment is sane... yes
[INFO] [stderr]   checking for a race-free mkdir -p... /usr/bin/mkdir -p
[INFO] [stderr]   checking for gawk... no
[INFO] [stderr]   checking for mawk... mawk
[INFO] [stderr]   checking whether make sets $(MAKE)... yes
[INFO] [stderr]   checking whether make supports nested variables... yes
[INFO] [stderr]   checking for gcc... cc
[INFO] [stderr]   checking whether the C compiler works... yes
[INFO] [stderr]   checking for C compiler default output file name... a.out
[INFO] [stderr]   checking for suffix of executables... 
[INFO] [stderr]   checking whether we are cross compiling... no
[INFO] [stderr]   checking for suffix of object files... o
[INFO] [stderr]   checking whether the compiler supports GNU C... yes
[INFO] [stderr]   checking whether cc accepts -g... yes
[INFO] [stderr]   checking for cc option to enable C11 features... none needed
[INFO] [stderr]   checking whether cc understands -c and -o together... yes
[INFO] [stderr]   checking whether make supports the include directive... yes (GNU style)
[INFO] [stderr]   checking dependency style of cc... gcc3
[INFO] [stderr]   checking whether the compiler supports GNU C++... yes
[INFO] [stderr]   checking whether c++ accepts -g... yes
[INFO] [stderr]   checking for c++ option to enable C++11 features... none needed
[INFO] [stderr]   checking dependency style of c++... gcc3
[INFO] [stderr]   checking build system type... x86_64-pc-linux-gnu
[INFO] [stderr]   checking host system type... x86_64-pc-linux-gnu
[INFO] [stderr]   checking how to print strings... printf
[INFO] [stderr]   checking for a sed that does not truncate output... /usr/bin/sed
[INFO] [stderr]   checking for grep that handles long lines and -e... /usr/bin/grep
[INFO] [stderr]   checking for egrep... /usr/bin/grep -E
[INFO] [stderr]   checking for fgrep... /usr/bin/grep -F
[INFO] [stderr]   checking for ld used by cc... /usr/bin/ld
[INFO] [stderr]   checking if the linker (/usr/bin/ld) is GNU ld... yes
[INFO] [stderr]   checking for BSD- or MS-compatible name lister (nm)... /usr/bin/nm -B
[INFO] [stderr]   checking the name lister (/usr/bin/nm -B) interface... BSD nm
[INFO] [stderr]   checking whether ln -s works... yes
[INFO] [stderr]   checking the maximum length of command line arguments... 1572864
[INFO] [stderr]   checking how to convert x86_64-pc-linux-gnu file names to x86_64-pc-linux-gnu format... func_convert_file_noop
[INFO] [stderr]   checking how to convert x86_64-pc-linux-gnu file names to toolchain format... func_convert_file_noop
[INFO] [stderr]   checking for /usr/bin/ld option to reload object files... -r
[INFO] [stderr]   checking for file... file
[INFO] [stderr]   checking for objdump... objdump
[INFO] [stderr]   checking how to recognize dependent libraries... pass_all
[INFO] [stderr]   checking for dlltool... no
[INFO] [stderr]   checking how to associate runtime and link libraries... printf %s\n
[INFO] [stderr]   checking for ar... ar
[INFO] [stderr]   checking for archiver @FILE support... @
[INFO] [stderr]   checking for strip... strip
[INFO] [stderr]   checking for ranlib... ranlib
[INFO] [stderr]   checking command to parse /usr/bin/nm -B output from cc object... ok
[INFO] [stderr]   checking for sysroot... no
[INFO] [stderr]   checking for a working dd... /usr/bin/dd
[INFO] [stderr]   checking how to truncate binary pipes... /usr/bin/dd bs=4096 count=1
[INFO] [stderr]   checking for mt... no
[INFO] [stderr]   checking if : is a manifest tool... no
[INFO] [stderr]   checking for stdio.h... yes
[INFO] [stderr]   checking for stdlib.h... yes
[INFO] [stderr]   checking for string.h... yes
[INFO] [stderr]   checking for inttypes.h... yes
[INFO] [stderr]   checking for stdint.h... yes
[INFO] [stderr]   checking for strings.h... yes
[INFO] [stderr]   checking for sys/stat.h... yes
[INFO] [stderr]   checking for sys/types.h... yes
[INFO] [stderr]   checking for unistd.h... yes
[INFO] [stderr]   checking for dlfcn.h... yes
[INFO] [stderr]   checking for objdir... .libs
[INFO] [stderr]   checking if cc supports -fno-rtti -fno-exceptions... no
[INFO] [stderr]   checking for cc option to produce PIC... -fPIC -DPIC
[INFO] [stderr]   checking if cc PIC flag -fPIC -DPIC works... yes
[INFO] [stderr]   checking if cc static flag -static works... yes
[INFO] [stderr]   checking if cc supports -c -o file.o... yes
[INFO] [stderr]   checking if cc supports -c -o file.o... (cached) yes
[INFO] [stderr]   checking whether the cc linker (/usr/bin/ld -m elf_x86_64) supports shared libraries... yes
[INFO] [stderr]   checking dynamic linker characteristics... GNU/Linux ld.so
[INFO] [stderr]   checking how to hardcode library paths into programs... immediate
[INFO] [stderr]   checking whether stripping libraries is possible... yes
[INFO] [stderr]   checking if libtool supports shared libraries... yes
[INFO] [stderr]   checking whether to build shared libraries... no
[INFO] [stderr]   checking whether to build static libraries... yes
[INFO] [stderr]   checking how to run the C++ preprocessor... c++ -E
[INFO] [stderr]   checking for ld used by c++... /usr/bin/ld -m elf_x86_64
[INFO] [stderr]   checking if the linker (/usr/bin/ld -m elf_x86_64) is GNU ld... yes
[INFO] [stderr]   checking whether the c++ linker (/usr/bin/ld -m elf_x86_64) supports shared libraries... yes
[INFO] [stderr]   checking for c++ option to produce PIC... -fPIC -DPIC
[INFO] [stderr]   checking if c++ PIC flag -fPIC -DPIC works... yes
[INFO] [stderr]   checking if c++ static flag -static works... yes
[INFO] [stderr]   checking if c++ supports -c -o file.o... yes
[INFO] [stderr]   checking if c++ supports -c -o file.o... (cached) yes
[INFO] [stderr]   checking whether the c++ linker (/usr/bin/ld -m elf_x86_64) supports shared libraries... yes
[INFO] [stderr]   checking dynamic linker characteristics... (cached) GNU/Linux ld.so
[INFO] [stderr]   checking how to hardcode library paths into programs... immediate
[INFO] [stderr]   checking for python... :
[INFO] [stderr]   checking for the pthreads library -lpthreads... no
[INFO] [stderr]   checking whether pthreads work without any flags... yes
[INFO] [stderr]   checking for joinable pthread attribute... PTHREAD_CREATE_JOINABLE
[INFO] [stderr]   checking if more special flags are required for pthreads... no
[INFO] [stderr]   checking whether to check for GCC pthread/shared inconsistencies... yes
[INFO] [stderr]   checking whether -pthread is sufficient with -shared... yes
[INFO] [stderr]   checking for gtest-config... no
[INFO] [stderr]   checking that generated files are newer than configure... done
[INFO] [stderr]   configure: creating ./config.status
[INFO] [stderr]   config.status: creating Makefile
[INFO] [stderr]   config.status: creating scripts/gmock-config
[INFO] [stderr]   config.status: creating build-aux/config.h
[INFO] [stderr]   config.status: executing depfiles commands
[INFO] [stderr]   config.status: executing libtool commands
[INFO] [stderr]   running: cd "/opt/rustwide/target/debug/build/protobuf-src-2090c8cc7f2e456b/out/install/build" && MAKEFLAGS="-j --jobserver-fds=7,8 --jobserver-auth=7,8" "sh" "-c" "exec \"$0\" \"$@\"" "make" "install"
[INFO] [stderr]   Making install in .
[INFO] [stderr]   make[1]: Entering directory '/opt/rustwide/target/debug/build/protobuf-src-2090c8cc7f2e456b/out/install/build'
[INFO] [stderr]   make[2]: Entering directory '/opt/rustwide/target/debug/build/protobuf-src-2090c8cc7f2e456b/out/install/build'
[INFO] [stderr]   make[2]: Nothing to be done for 'install-exec-am'.
[INFO] [stderr]    /usr/bin/mkdir -p '/opt/rustwide/target/debug/build/protobuf-src-2090c8cc7f2e456b/out/install/lib/pkgconfig'
[INFO] [stderr]    /usr/bin/install -c -m 644 protobuf.pc protobuf-lite.pc '/opt/rustwide/target/debug/build/protobuf-src-2090c8cc7f2e456b/out/install/lib/pkgconfig'
[INFO] [stderr]   make[2]: Leaving directory '/opt/rustwide/target/debug/build/protobuf-src-2090c8cc7f2e456b/out/install/build'
[INFO] [stderr]   make[1]: Leaving directory '/opt/rustwide/target/debug/build/protobuf-src-2090c8cc7f2e456b/out/install/build'
[INFO] [stderr]   Making install in src
[INFO] [stderr]   make[1]: Entering directory '/opt/rustwide/target/debug/build/protobuf-src-2090c8cc7f2e456b/out/install/build/src'
[INFO] [stderr]     CXX      google/protobuf/wire_format.lo
[INFO] [stderr]     CXX      google/protobuf/wrappers.pb.lo
[INFO] [stderr]     CXX      google/protobuf/compiler/code_generator.lo
[INFO] [stderr]     CXX      google/protobuf/compiler/command_line_interface.lo
[INFO] [stderr]     CXX      google/protobuf/compiler/plugin.lo
[INFO] [stderr]     CXX      google/protobuf/compiler/plugin.pb.lo
[INFO] [stderr]     CXX      google/protobuf/compiler/subprocess.lo
[INFO] [stderr]     CXX      google/protobuf/compiler/zip_writer.lo
[INFO] [stderr]     CXX      google/protobuf/compiler/main.o
[INFO] [stderr]     CXX      google/protobuf/any_lite.lo
[INFO] [stderr]     CXX      google/protobuf/arena.lo
[INFO] [stderr]     CXX      google/protobuf/arenastring.lo
[INFO] [stderr]     CXX      google/protobuf/arenaz_sampler.lo
[INFO] [stderr]     CXX      google/protobuf/extension_set.lo
[INFO] [stderr]     CXX      google/protobuf/generated_enum_util.lo
[INFO] [stderr]     CXX      google/protobuf/generated_message_tctable_lite.lo
[INFO] [stderr]     CXX      google/protobuf/generated_message_util.lo
[INFO] [stderr]     CXX      google/protobuf/implicit_weak_message.lo
[INFO] [stderr]     CXX      google/protobuf/inlined_string_field.lo
[INFO] [stderr]     CXX      google/protobuf/io/coded_stream.lo
[INFO] [stderr]     CXX      google/protobuf/io/io_win32.lo
[INFO] [stderr]     CXX      google/protobuf/io/strtod.lo
[INFO] [stderr]     CXX      google/protobuf/io/zero_copy_stream.lo
[INFO] [stderr]     CXX      google/protobuf/io/zero_copy_stream_impl.lo
[INFO] [stderr]     CXX      google/protobuf/io/zero_copy_stream_impl_lite.lo
[INFO] [stderr]     CXX      google/protobuf/map.lo
[INFO] [stderr]     CXX      google/protobuf/message_lite.lo
[INFO] [stderr]     CXX      google/protobuf/parse_context.lo
[INFO] [stderr]     CXX      google/protobuf/repeated_field.lo
[INFO] [stderr]     CXX      google/protobuf/repeated_ptr_field.lo
[INFO] [stderr]     CXX      google/protobuf/stubs/bytestream.lo
[INFO] [stderr]     CXX      google/protobuf/stubs/common.lo
[INFO] [stderr]     CXX      google/protobuf/stubs/int128.lo
[INFO] [stderr]     CXX      google/protobuf/stubs/status.lo
[INFO] [stderr]     CXX      google/protobuf/stubs/statusor.lo
[INFO] [stderr]     CXX      google/protobuf/stubs/stringpiece.lo
[INFO] [stderr]     CXX      google/protobuf/stubs/stringprintf.lo
[INFO] [stderr]     CXX      google/protobuf/stubs/structurally_valid.lo
[INFO] [stderr]     CXX      google/protobuf/stubs/strutil.lo
[INFO] [stderr]     CXX      google/protobuf/stubs/time.lo
[INFO] [stderr]     CXX      google/protobuf/wire_format_lite.lo
[INFO] [stderr]     CXX      google/protobuf/any.lo
[INFO] [stderr]     CXX      google/protobuf/any.pb.lo
[INFO] [stderr]     CXX      google/protobuf/api.pb.lo
[INFO] [stderr]     CXX      google/protobuf/compiler/importer.lo
[INFO] [stderr]     CXX      google/protobuf/compiler/parser.lo
[INFO] [stderr]     CXX      google/protobuf/descriptor.lo
[INFO] [stderr]     CXX      google/protobuf/descriptor.pb.lo
[INFO] [stderr]     CXX      google/protobuf/descriptor_database.lo
[INFO] [stderr]     CXX      google/protobuf/duration.pb.lo
[INFO] [stderr]     CXX      google/protobuf/dynamic_message.lo
[INFO] [stderr]     CXX      google/protobuf/empty.pb.lo
[INFO] [stderr]     CXX      google/protobuf/extension_set_heavy.lo
[INFO] [stderr]     CXX      google/protobuf/field_mask.pb.lo
[INFO] [stderr]     CXX      google/protobuf/generated_message_bases.lo
[INFO] [stderr]     CXX      google/protobuf/generated_message_reflection.lo
[INFO] [stderr]     CXX      google/protobuf/generated_message_tctable_full.lo
[INFO] [stderr]     CXX      google/protobuf/io/gzip_stream.lo
[INFO] [stderr]     CXX      google/protobuf/io/printer.lo
[INFO] [stderr]     CXX      google/protobuf/io/tokenizer.lo
[INFO] [stderr]     CXX      google/protobuf/map_field.lo
[INFO] [stderr]     CXX      google/protobuf/message.lo
[INFO] [stderr]     CXX      google/protobuf/reflection_ops.lo
[INFO] [stderr]     CXX      google/protobuf/service.lo
[INFO] [stderr]     CXX      google/protobuf/source_context.pb.lo
[INFO] [stderr]     CXX      google/protobuf/struct.pb.lo
[INFO] [stderr]     CXX      google/protobuf/stubs/substitute.lo
[INFO] [stderr]     CXX      google/protobuf/text_format.lo
[INFO] [stderr]     CXX      google/protobuf/timestamp.pb.lo
[INFO] [stderr]     CXX      google/protobuf/type.pb.lo
[INFO] [stderr]     CXX      google/protobuf/unknown_field_set.lo
[INFO] [stderr]     CXX      google/protobuf/util/delimited_message_util.lo
[INFO] [stderr]     CXX      google/protobuf/util/field_comparator.lo
[INFO] [stderr]     CXX      google/protobuf/util/field_mask_util.lo
[INFO] [stderr]     CXX      google/protobuf/util/internal/datapiece.lo
[INFO] [stderr]     CXX      google/protobuf/util/internal/default_value_objectwriter.lo
[INFO] [stderr]     CXX      google/protobuf/util/internal/error_listener.lo
[INFO] [stderr]     CXX      google/protobuf/util/internal/field_mask_utility.lo
[INFO] [stderr]     CXX      google/protobuf/util/internal/json_escaping.lo
[INFO] [stderr]     CXX      google/protobuf/util/internal/json_objectwriter.lo
[INFO] [stderr]     CXX      google/protobuf/util/internal/json_stream_parser.lo
[INFO] [stderr]     CXX      google/protobuf/util/internal/object_writer.lo
[INFO] [stderr]     CXX      google/protobuf/util/internal/proto_writer.lo
[INFO] [stderr]     CXX      google/protobuf/util/internal/protostream_objectsource.lo
[INFO] [stderr]     CXX      google/protobuf/util/internal/protostream_objectwriter.lo
[INFO] [stderr]     CXX      google/protobuf/util/internal/type_info.lo
[INFO] [stderr]     CXX      google/protobuf/util/internal/utility.lo
[INFO] [stderr]     CXX      google/protobuf/util/json_util.lo
[INFO] [stderr]     CXX      google/protobuf/util/message_differencer.lo
[INFO] [stderr]     CXX      google/protobuf/util/time_util.lo
[INFO] [stderr]     CXX      google/protobuf/util/type_resolver_util.lo
[INFO] [stderr]     CXX      google/protobuf/compiler/cpp/enum.lo
[INFO] [stderr]     CXX      google/protobuf/compiler/cpp/enum_field.lo
[INFO] [stderr]     CXX      google/protobuf/compiler/cpp/extension.lo
[INFO] [stderr]     CXX      google/protobuf/compiler/cpp/field.lo
[INFO] [stderr]     CXX      google/protobuf/compiler/cpp/file.lo
[INFO] [stderr]     CXX      google/protobuf/compiler/cpp/generator.lo
[INFO] [stderr]     CXX      google/protobuf/compiler/cpp/helpers.lo
[INFO] [stderr]     CXX      google/protobuf/compiler/cpp/map_field.lo
[INFO] [stderr]     CXX      google/protobuf/compiler/cpp/message.lo
[INFO] [stderr]     CXX      google/protobuf/compiler/cpp/message_field.lo
[INFO] [stderr]     CXX      google/protobuf/compiler/cpp/padding_optimizer.lo
[INFO] [stderr]     CXX      google/protobuf/compiler/cpp/parse_function_generator.lo
[INFO] [stderr]     CXX      google/protobuf/compiler/cpp/primitive_field.lo
[INFO] [stderr]   make[1]: Leaving directory '/opt/rustwide/target/debug/build/protobuf-src-2090c8cc7f2e456b/out/install/build/src'
[INFO] [stderr] 
[INFO] [stderr]   --- stderr
[INFO] [stderr]   In file included from /opt/rustwide/cargo-home/registry/src/index.crates.io-6f17d22bba15001f/protobuf-src-1.1.0+21.5/protobuf/src/google/protobuf/generated_message_tctable_lite.cc:36:
[INFO] [stderr]   /opt/rustwide/cargo-home/registry/src/index.crates.io-6f17d22bba15001f/protobuf-src-1.1.0+21.5/protobuf/src/google/protobuf/generated_message_tctable_impl.h: In function 'void google::protobuf::internal::AlignFail(uintptr_t) [with long unsigned int align = 4]':
[INFO] [stderr]   /opt/rustwide/cargo-home/registry/src/index.crates.io-6f17d22bba15001f/protobuf-src-1.1.0+21.5/protobuf/src/google/protobuf/generated_message_tctable_impl.h:256:1: warning: 'noreturn' function does return
[INFO] [stderr]     256 | }
[INFO] [stderr]         | ^
[INFO] [stderr]   /opt/rustwide/cargo-home/registry/src/index.crates.io-6f17d22bba15001f/protobuf-src-1.1.0+21.5/protobuf/src/google/protobuf/generated_message_tctable_impl.h: In function 'void google::protobuf::internal::AlignFail(uintptr_t) [with long unsigned int align = 8]':
[INFO] [stderr]   /opt/rustwide/cargo-home/registry/src/index.crates.io-6f17d22bba15001f/protobuf-src-1.1.0+21.5/protobuf/src/google/protobuf/generated_message_tctable_impl.h:256:1: warning: 'noreturn' function does return
[INFO] [stderr]   c++: fatal error: Killed signal terminated program cc1plus
[INFO] [stderr]   compilation terminated.
[INFO] [stderr]   make[1]: *** [Makefile:4514: google/protobuf/compiler/cpp/file.lo] Error 1
[INFO] [stderr]   make[1]: *** Waiting for unfinished jobs....
[INFO] [stderr]   make: *** [Makefile:1757: install-recursive] Error 1
[INFO] [stderr]   thread 'main' panicked at /opt/rustwide/cargo-home/registry/src/index.crates.io-6f17d22bba15001f/autotools-0.2.6/src/lib.rs:781:5:
[INFO] [stderr] 
[INFO] [stderr]   command did not execute successfully, got: exit status: 2
[INFO] [stderr] 
[INFO] [stderr]   build script failed, must exit now
[INFO] [stderr]   stack backtrace:
[INFO] [stderr]      0:     0x55a60a3e4b06 - std::backtrace_rs::backtrace::libunwind::trace::heebc7766b165eb2a
[INFO] [stderr]                                  at /rustc/268dbbbc4b3fd71c5f360a4d0728295252430b5b/library/std/src/../../backtrace/src/backtrace/libunwind.rs:104:5
[INFO] [stderr]      1:     0x55a60a3e4b06 - std::backtrace_rs::backtrace::trace_unsynchronized::ha677020d8fc0296d
[INFO] [stderr]                                  at /rustc/268dbbbc4b3fd71c5f360a4d0728295252430b5b/library/std/src/../../backtrace/src/backtrace/mod.rs:66:5
[INFO] [stderr]      2:     0x55a60a3e4b06 - std::sys_common::backtrace::_print_fmt::hcaff2fd86a1aeaa3
[INFO] [stderr]                                  at /rustc/268dbbbc4b3fd71c5f360a4d0728295252430b5b/library/std/src/sys_common/backtrace.rs:68:5
[INFO] [stderr]      3:     0x55a60a3e4b06 - <std::sys_common::backtrace::_print::DisplayBacktrace as core::fmt::Display>::fmt::hc2446d8aa0059188
[INFO] [stderr]                                  at /rustc/268dbbbc4b3fd71c5f360a4d0728295252430b5b/library/std/src/sys_common/backtrace.rs:44:22
[INFO] [stderr]      4:     0x55a60a409db0 - core::fmt::rt::Argument::fmt::h2fbb6454da37999b
[INFO] [stderr]                                  at /rustc/268dbbbc4b3fd71c5f360a4d0728295252430b5b/library/core/src/fmt/rt.rs:142:9
[INFO] [stderr]      5:     0x55a60a409db0 - core::fmt::write::had96bdeda7d49d3a
[INFO] [stderr]                                  at /rustc/268dbbbc4b3fd71c5f360a4d0728295252430b5b/library/core/src/fmt/mod.rs:1120:17
[INFO] [stderr]      6:     0x55a60a3e214f - std::io::Write::write_fmt::h30b1f36eea05b391
[INFO] [stderr]                                  at /rustc/268dbbbc4b3fd71c5f360a4d0728295252430b5b/library/std/src/io/mod.rs:1849:15
[INFO] [stderr]      7:     0x55a60a3e48e4 - std::sys_common::backtrace::_print::hc333bb91ae972137
[INFO] [stderr]                                  at /rustc/268dbbbc4b3fd71c5f360a4d0728295252430b5b/library/std/src/sys_common/backtrace.rs:47:5
[INFO] [stderr]      8:     0x55a60a3e48e4 - std::sys_common::backtrace::print::h18fd3c71a95a3169
[INFO] [stderr]                                  at /rustc/268dbbbc4b3fd71c5f360a4d0728295252430b5b/library/std/src/sys_common/backtrace.rs:34:9
[INFO] [stderr]      9:     0x55a60a3e61c7 - std::panicking::default_hook::{{closure}}::ha3473f9bcb4e9a37
[INFO] [stderr]     10:     0x55a60a3e5f29 - std::panicking::default_hook::h23d9d43185db6584
[INFO] [stderr]                                  at /rustc/268dbbbc4b3fd71c5f360a4d0728295252430b5b/library/std/src/panicking.rs:292:9
[INFO] [stderr]     11:     0x55a60a3e6658 - std::panicking::rust_panic_with_hook::h94aceaa7df3a6edd
[INFO] [stderr]                                  at /rustc/268dbbbc4b3fd71c5f360a4d0728295252430b5b/library/std/src/panicking.rs:781:13
[INFO] [stderr]     12:     0x55a60a3e6532 - std::panicking::begin_panic_handler::{{closure}}::h9905d45d1d82fc42
[INFO] [stderr]                                  at /rustc/268dbbbc4b3fd71c5f360a4d0728295252430b5b/library/std/src/panicking.rs:659:13
[INFO] [stderr]     13:     0x55a60a3e5006 - std::sys_common::backtrace::__rust_end_short_backtrace::hb02085545dc143b9
[INFO] [stderr]                                  at /rustc/268dbbbc4b3fd71c5f360a4d0728295252430b5b/library/std/src/sys_common/backtrace.rs:171:18
[INFO] [stderr]     14:     0x55a60a3e6284 - rust_begin_unwind
[INFO] [stderr]                                  at /rustc/268dbbbc4b3fd71c5f360a4d0728295252430b5b/library/std/src/panicking.rs:647:5
[INFO] [stderr]     15:     0x55a60a36d845 - core::panicking::panic_fmt::h6dca3983f8a9f4d0
[INFO] [stderr]                                  at /rustc/268dbbbc4b3fd71c5f360a4d0728295252430b5b/library/core/src/panicking.rs:72:14
[INFO] [stderr]     16:     0x55a60a37fd41 - autotools::fail::h5fced9127abfe752
[INFO] [stderr]     17:     0x55a60a37e085 - autotools::Config::build::h0add66761adf6fd0
[INFO] [stderr]     18:     0x55a60a374b2b - build_script_build::main::h244c25bb7dc2d06c
[INFO] [stderr]     19:     0x55a60a36fdc3 - core::ops::function::FnOnce::call_once::had324947dbd165d8
[INFO] [stderr]     20:     0x55a60a36f5e6 - std::sys_common::backtrace::__rust_begin_short_backtrace::h4ebef225d9072a80
[INFO] [stderr]     21:     0x55a60a36f929 - std::rt::lang_start::{{closure}}::h1a0ca9dee97a8370
[INFO] [stderr]     22:     0x55a60a3dd941 - core::ops::function::impls::<impl core::ops::function::FnOnce<A> for &F>::call_once::h298d8ff12ebcec8c
[INFO] [stderr]                                  at /rustc/268dbbbc4b3fd71c5f360a4d0728295252430b5b/library/core/src/ops/function.rs:284:13
[INFO] [stderr]     23:     0x55a60a3dd941 - std::panicking::try::do_call::hbd0ffb05da5bd343
[INFO] [stderr]                                  at /rustc/268dbbbc4b3fd71c5f360a4d0728295252430b5b/library/std/src/panicking.rs:554:40
[INFO] [stderr]     24:     0x55a60a3dd941 - std::panicking::try::h11c9a152defd5d2a
[INFO] [stderr]                                  at /rustc/268dbbbc4b3fd71c5f360a4d0728295252430b5b/library/std/src/panicking.rs:518:19
[INFO] [stderr]     25:     0x55a60a3dd941 - std::panic::catch_unwind::h0d6db2fa902b4d64
[INFO] [stderr]                                  at /rustc/268dbbbc4b3fd71c5f360a4d0728295252430b5b/library/std/src/panic.rs:142:14
[INFO] [stderr]     26:     0x55a60a3dd941 - std::rt::lang_start_internal::{{closure}}::hdcc09b4aad7ef821
[INFO] [stderr]                                  at /rustc/268dbbbc4b3fd71c5f360a4d0728295252430b5b/library/std/src/rt.rs:148:48
[INFO] [stderr]     27:     0x55a60a3dd941 - std::panicking::try::do_call::h3ffd2f162d60900f
[INFO] [stderr]                                  at /rustc/268dbbbc4b3fd71c5f360a4d0728295252430b5b/library/std/src/panicking.rs:554:40
[INFO] [stderr]     28:     0x55a60a3dd941 - std::panicking::try::heeba82b9c3e190fb
[INFO] [stderr]                                  at /rustc/268dbbbc4b3fd71c5f360a4d0728295252430b5b/library/std/src/panicking.rs:518:19
[INFO] [stderr]     29:     0x55a60a3dd941 - std::panic::catch_unwind::hdaab8f1c188f387f
[INFO] [stderr]                                  at /rustc/268dbbbc4b3fd71c5f360a4d0728295252430b5b/library/std/src/panic.rs:142:14
[INFO] [stderr]     30:     0x55a60a3dd941 - std::rt::lang_start_internal::h9989e088c48b7903
[INFO] [stderr]                                  at /rustc/268dbbbc4b3fd71c5f360a4d0728295252430b5b/library/std/src/rt.rs:148:20
[INFO] [stderr]     31:     0x55a60a36f907 - std::rt::lang_start::h87e06da2e745b938
[INFO] [stderr]     32:     0x55a60a374fd5 - main
[INFO] [stderr]     33:     0x7fa6f18e3d90 - <unknown>
[INFO] [stderr]     34:     0x7fa6f18e3e40 - __libc_start_main
[INFO] [stderr]     35:     0x55a60a36e065 - _start
[INFO] [stderr]     36:                0x0 - <unknown>
[INFO] running `Command { std: "docker" "inspect" "6559b9118ec7e49fd8a31bed47268be5e73f60ae79405af99587ca17b305c6de", kill_on_drop: false }`
[INFO] running `Command { std: "docker" "rm" "-f" "6559b9118ec7e49fd8a31bed47268be5e73f60ae79405af99587ca17b305c6de", kill_on_drop: false }`
[INFO] [stdout] 6559b9118ec7e49fd8a31bed47268be5e73f60ae79405af99587ca17b305c6de
[INFO] checking davidsiska-vega/vega_mm_bot_rust against nightly-2024-02-05+rustflags=-Dunexpected_cfgs+cargoflags=-Zcheck-cfg for check-cfg
[INFO] running `Command { std: "git" "clone" "/workspace/cache/git-repos/https%3A%2F%2Fgithub.com%2Fdavidsiska-vega%2Fvega_mm_bot_rust" "/workspace/builds/worker-1-tc2/source", kill_on_drop: false }`
[INFO] [stderr] Cloning into '/workspace/builds/worker-1-tc2/source'...
[INFO] [stderr] done.
[INFO] validating manifest of git repo https://github.com/davidsiska-vega/vega_mm_bot_rust on toolchain nightly-2024-02-05
[INFO] running `Command { std: CARGO_HOME="/workspace/cargo-home" RUSTUP_HOME="/workspace/rustup-home" "/workspace/cargo-home/bin/cargo" "+nightly-2024-02-05" "metadata" "--manifest-path" "Cargo.toml" "--no-deps", kill_on_drop: false }`
[INFO] started tweaking git repo https://github.com/davidsiska-vega/vega_mm_bot_rust
[INFO] finished tweaking git repo https://github.com/davidsiska-vega/vega_mm_bot_rust
[INFO] tweaked toml for git repo https://github.com/davidsiska-vega/vega_mm_bot_rust written to /workspace/builds/worker-1-tc2/source/Cargo.toml
[INFO] crate git repo https://github.com/davidsiska-vega/vega_mm_bot_rust already has a lockfile, it will not be regenerated
[INFO] running `Command { std: CARGO_HOME="/workspace/cargo-home" RUSTUP_HOME="/workspace/rustup-home" "/workspace/cargo-home/bin/cargo" "+nightly-2024-02-05" "fetch" "--manifest-path" "Cargo.toml", kill_on_drop: false }`
[INFO] running `Command { std: "docker" "create" "-v" "/var/lib/crater-agent-workspace/builds/worker-1-tc2/target:/opt/rustwide/target:rw,Z" "-v" "/var/lib/crater-agent-workspace/builds/worker-1-tc2/source:/opt/rustwide/workdir:ro,Z" "-v" "/var/lib/crater-agent-workspace/cargo-home:/opt/rustwide/cargo-home:ro,Z" "-v" "/var/lib/crater-agent-workspace/rustup-home:/opt/rustwide/rustup-home:ro,Z" "-e" "SOURCE_DIR=/opt/rustwide/workdir" "-e" "CARGO_TARGET_DIR=/opt/rustwide/target" "-e" "CARGO_HOME=/opt/rustwide/cargo-home" "-e" "RUSTUP_HOME=/opt/rustwide/rustup-home" "-w" "/opt/rustwide/workdir" "-m" "1610612736" "--user" "0:0" "--network" "none" "ghcr.io/rust-lang/crates-build-env/linux@sha256:2788e3201cd34a07e3172128adcd8b3090168a8e3bcc40d7c032b9dda1df7d1c" "/opt/rustwide/cargo-home/bin/cargo" "+nightly-2024-02-05" "metadata" "--no-deps" "--format-version=1", kill_on_drop: false }`
[INFO] [stdout] a8b9a78f1190be5288d07f1baff29d2c40b11820a845c334e20fe3d58009f317
[INFO] running `Command { std: "docker" "start" "-a" "a8b9a78f1190be5288d07f1baff29d2c40b11820a845c334e20fe3d58009f317", kill_on_drop: false }`
[INFO] running `Command { std: "docker" "inspect" "a8b9a78f1190be5288d07f1baff29d2c40b11820a845c334e20fe3d58009f317", kill_on_drop: false }`
[INFO] running `Command { std: "docker" "rm" "-f" "a8b9a78f1190be5288d07f1baff29d2c40b11820a845c334e20fe3d58009f317", kill_on_drop: false }`
[INFO] [stdout] a8b9a78f1190be5288d07f1baff29d2c40b11820a845c334e20fe3d58009f317
[INFO] running `Command { std: "docker" "create" "-v" "/var/lib/crater-agent-workspace/builds/worker-1-tc2/target:/opt/rustwide/target:rw,Z" "-v" "/var/lib/crater-agent-workspace/builds/worker-1-tc2/source:/opt/rustwide/workdir:ro,Z" "-v" "/var/lib/crater-agent-workspace/cargo-home:/opt/rustwide/cargo-home:ro,Z" "-v" "/var/lib/crater-agent-workspace/rustup-home:/opt/rustwide/rustup-home:ro,Z" "-e" "SOURCE_DIR=/opt/rustwide/workdir" "-e" "CARGO_TARGET_DIR=/opt/rustwide/target" "-e" "CARGO_INCREMENTAL=0" "-e" "RUST_BACKTRACE=full" "-e" "RUSTFLAGS=--cap-lints=forbid -Dunexpected_cfgs" "-e" "RUSTDOCFLAGS=--cap-lints=forbid" "-e" "CARGO_HOME=/opt/rustwide/cargo-home" "-e" "RUSTUP_HOME=/opt/rustwide/rustup-home" "-w" "/opt/rustwide/workdir" "-m" "1610612736" "--user" "0:0" "--network" "none" "ghcr.io/rust-lang/crates-build-env/linux@sha256:2788e3201cd34a07e3172128adcd8b3090168a8e3bcc40d7c032b9dda1df7d1c" "/opt/rustwide/cargo-home/bin/cargo" "+nightly-2024-02-05" "check" "--frozen" "--all" "--all-targets" "--message-format=json" "-Zcheck-cfg", kill_on_drop: false }`
[INFO] [stdout] 0c60edebf6b08018b5bab4d7b0d54acbb9972cf5c71025f28e000ceabff43d68
[INFO] running `Command { std: "docker" "start" "-a" "0c60edebf6b08018b5bab4d7b0d54acbb9972cf5c71025f28e000ceabff43d68", kill_on_drop: false }`
[INFO] [stderr]    Compiling proc-macro2 v1.0.73
[INFO] [stderr]    Compiling libc v0.2.151
[INFO] [stderr]     Checking once_cell v1.19.0
[INFO] [stderr]     Checking bytes v1.5.0
[INFO] [stderr]     Checking memchr v2.7.1
[INFO] [stderr]     Checking futures-core v0.3.30
[INFO] [stderr]     Checking byteorder v1.5.0
[INFO] [stderr]    Compiling typenum v1.17.0
[INFO] [stderr]     Checking futures-sink v0.3.30
[INFO] [stderr]    Compiling either v1.9.0
[INFO] [stderr]    Compiling anyhow v1.0.78
[INFO] [stderr]     Checking futures v0.1.31
[INFO] [stderr]    Compiling itertools v0.11.0
[INFO] [stderr]     Checking futures-channel v0.3.30
[INFO] [stderr]    Compiling ahash v0.8.7
[INFO] [stderr]    Compiling quote v1.0.34
[INFO] [stderr]    Compiling syn v2.0.44
[INFO] [stderr]     Checking iovec v0.1.4
[INFO] [stderr]    Compiling cc v1.0.83
[INFO] [stderr]     Checking bytes v0.4.12
[INFO] [stderr]     Checking socket2 v0.5.5
[INFO] [stderr]     Checking num_cpus v1.16.0
[INFO] [stderr]     Checking mio v0.8.10
[INFO] [stderr]     Checking futures-io v0.3.30
[INFO] [stderr]     Checking itoa v1.0.10
[INFO] [stderr]     Checking tokio-io v0.1.13
[INFO] [stderr]     Checking futures-task v0.3.30
[INFO] [stderr]     Checking getrandom v0.2.11
[INFO] [stderr]     Checking zerocopy v0.7.32
[INFO] [stderr]     Checking generic-array v0.14.7
[INFO] [stderr]     Checking http v0.2.11
[INFO] [stderr]     Checking tracing-core v0.1.32
[INFO] [stderr]     Checking allocator-api2 v0.2.16
[INFO] [stderr]    Compiling rustix v0.38.28
[INFO] [stderr]     Checking rand_core v0.6.4
[INFO] [stderr]    Compiling linux-raw-sys v0.4.12
[INFO] [stderr]     Checking hashbrown v0.14.3
[INFO] [stderr]    Compiling bitflags v2.4.1
[INFO] [stderr]     Checking rand_chacha v0.3.1
[INFO] [stderr]    Compiling serde v1.0.193
[INFO] [stderr]    Compiling regex-syntax v0.8.2
[INFO] [stderr]    Compiling pkg-config v0.3.28
[INFO] [stderr]    Compiling prettyplease v0.2.15
[INFO] [stderr]    Compiling equivalent v1.0.1
[INFO] [stderr]     Checking indexmap v2.1.0
[INFO] [stderr]     Checking rand v0.8.5
[INFO] [stderr]    Compiling openssl-sys v0.9.98
[INFO] [stderr]     Checking http-body v0.4.6
[INFO] [stderr]    Compiling autotools v0.2.6
[INFO] [stderr]    Compiling indexmap v1.9.3
[INFO] [stderr]     Checking try-lock v0.2.5
[INFO] [stderr]    Compiling async-trait v0.1.76
[INFO] [stderr]    Compiling fastrand v2.0.1
[INFO] [stderr]    Compiling fixedbitset v0.4.2
[INFO] [stderr]    Compiling home v0.5.9
[INFO] [stderr]    Compiling petgraph v0.6.4
[INFO] [stderr]    Compiling regex-automata v0.4.3
[INFO] [stderr]     Checking want v0.3.1
[INFO] [stderr]    Compiling protobuf-src v1.1.0+21.5
[INFO] [stderr]    Compiling axum-core v0.3.4
[INFO] [stderr]    Compiling multimap v0.8.3
[INFO] [stderr]    Compiling tempfile v3.9.0
[INFO] [stderr]    Compiling which v4.4.2
[INFO] [stderr]     Checking unicode-normalization v0.1.22
[INFO] [stderr]     Checking block-buffer v0.10.4
[INFO] [stderr]     Checking crypto-common v0.1.6
[INFO] [stderr]    Compiling axum v0.6.20
[INFO] [stderr]     Checking aho-corasick v1.1.2
[INFO] [stderr]    Compiling num-traits v0.2.17
[INFO] [stderr]    Compiling same-file v1.0.6
[INFO] [stderr]    Compiling walkdir v2.4.0
[INFO] [stderr]    Compiling regex v1.10.2
[INFO] [stderr]     Checking digest v0.10.7
[INFO] [stderr]     Checking cpufeatures v0.2.11
[INFO] [stderr]     Checking matchit v0.7.3
[INFO] [stderr]    Compiling openssl v0.10.62
[INFO] [stderr]     Checking foreign-types-shared v0.1.1
[INFO] [stderr]     Checking sync_wrapper v0.1.2
[INFO] [stderr]     Checking foreign-types v0.3.2
[INFO] [stderr]     Checking anstyle-parse v0.2.3
[INFO] [stderr]     Checking digest v0.9.0
[INFO] [stderr]    Compiling thiserror v1.0.53
[INFO] [stderr]     Checking subtle v2.4.1
[INFO] [stderr]     Checking anstyle v1.0.4
[INFO] [stderr]     Checking anstyle-query v1.0.2
[INFO] [stderr]    Compiling native-tls v0.2.11
[INFO] [stderr]     Checking quick-error v1.2.3
[INFO] [stderr]     Checking unicode-bidi v0.3.14
[INFO] [stderr]     Checking humantime v1.3.0
[INFO] [stderr]     Checking anstream v0.6.5
[INFO] [stderr]     Checking crypto-mac v0.11.1
[INFO] [stderr]     Checking block-buffer v0.9.0
[INFO] [stderr]     Checking atty v0.2.14
[INFO] [stderr]     Checking idna v0.5.0
[INFO] [stderr]    Compiling num-bigint v0.4.4
[INFO] [stderr]    Compiling serde_json v1.0.109
[INFO] [stderr]     Checking clap_lex v0.6.0
[INFO] [stderr]    Compiling tokio-macros v2.2.0
[INFO] [stderr]    Compiling futures-macro v0.3.30
[INFO] [stderr]    Compiling prost-derive v0.12.3
[INFO] [stderr]    Compiling tracing-attributes v0.1.27
[INFO] [stderr]    Compiling serde_derive v1.0.193
[INFO] [stderr]    Compiling pin-project-internal v1.1.3
[INFO] [stderr]     Checking tokio v1.35.1
[INFO] [stderr]     Checking futures-util v0.3.30
[INFO] [stderr]     Checking pin-project v1.1.3
[INFO] [stderr]    Compiling async-stream-impl v0.3.5
[INFO] [stderr]     Checking tracing v0.1.40
[INFO] [stderr]    Compiling openssl-macros v0.1.1
[INFO] [stderr]    Compiling prost v0.12.3
[INFO] [stderr]     Checking async-stream v0.3.5
[INFO] [stderr]    Compiling prost-types v0.12.3
[INFO] [stderr]    Compiling thiserror-impl v1.0.53
[INFO] [stderr]    Compiling prost-build v0.12.3
[INFO] [stderr]     Checking ct-codecs v1.1.1
[INFO] [stderr]     Checking opaque-debug v0.3.0
[INFO] [stderr]    Compiling tonic-build v0.10.2
[INFO] [stderr]     Checking tokio-util v0.7.10
[INFO] [stderr]     Checking h2 v0.3.22
[INFO] [stderr]     Checking tower v0.4.13
[INFO] [stderr]     Checking tokio-io-timeout v1.2.0
[INFO] [stderr]     Checking tokio-stream v0.1.14
[INFO] [stderr]     Checking termcolor v1.4.0
[INFO] [stderr]     Checking keccak v0.1.4
[INFO] [stderr]     Checking bitcoin_hashes v0.11.0
[INFO] [stderr]     Checking env_logger v0.7.1
[INFO] [stderr]     Checking sha3 v0.10.8
[INFO] [stderr]     Checking sha2 v0.9.9
[INFO] [stderr]     Checking clap_builder v4.4.12
[INFO] [stderr]     Checking ed25519-compact v2.0.6
[INFO] [stderr]     Checking futures-executor v0.3.30
[INFO] [stderr]     Checking url v2.5.0
[INFO] [stderr]    Compiling clap_derive v4.4.7
[INFO] [stderr]     Checking num-integer v0.1.45
[INFO] [stderr]     Checking hmac v0.11.0
[INFO] [stderr]     Checking sha1 v0.10.6
[INFO] [stderr]     Checking utf-8 v0.7.6
[INFO] [stderr]     Checking ryu v1.0.16
[INFO] [stderr]     Checking iana-time-zone v0.1.59
[INFO] [stderr]     Checking tungstenite v0.18.0
[INFO] [stderr]     Checking bip39 v2.0.0
[INFO] [stderr]     Checking chrono v0.4.31
[INFO] [stderr]     Checking hyper v0.14.28
[INFO] [stderr]     Checking futures v0.3.30
[INFO] [stderr]     Checking pretty_env_logger v0.4.0
[INFO] [stderr]     Checking lru v0.12.1
[INFO] [stderr]     Checking clap v4.4.12
[INFO] [stderr]     Checking hyper-timeout v0.4.1
[INFO] [stderr]     Checking tonic v0.10.2
[INFO] [stderr]    Compiling vega_protobufs v0.1.0 (https://github.com/jeremyletang/vega-rust-sdk#b0501a8a)
[INFO] [stderr]     Checking vega_crypto v0.1.0 (https://github.com/jeremyletang/vega-rust-sdk#b0501a8a)
[INFO] [stderr]     Checking basic_mm_bot v0.1.0 (/opt/rustwide/workdir)
[INFO] [stdout] warning: unused import: `Arg`
[INFO] [stdout]  --> src/main.rs:1:12
[INFO] [stdout]   |
[INFO] [stdout] 1 | use clap::{Arg, Parser};
[INFO] [stdout]   |            ^^^
[INFO] [stdout]   |
[INFO] [stdout]   = note: `#[warn(unused_imports)]` on by default
[INFO] [stdout] 
[INFO] [stdout] 
[INFO] [stdout] warning: unused import: `futures_util::lock::MutexGuard as FuturesUtilsMutexGuard`
[INFO] [stdout]  --> src/strategy2.rs:1:5
[INFO] [stdout]   |
[INFO] [stdout] 1 | use futures_util::lock::MutexGuard as FuturesUtilsMutexGuard;
[INFO] [stdout]   |     ^^^^^^^^^^^^^^^^^^^^^^^^^^^^^^^^^^^^^^^^^^^^^^^^^^^^^^^^
[INFO] [stdout] 
[INFO] [stdout] 
[INFO] [stdout] warning: unused import: `Arg`
[INFO] [stdout]  --> src/main.rs:1:12
[INFO] [stdout]   |
[INFO] [stdout] 1 | use clap::{Arg, Parser};
[INFO] [stdout]   |            ^^^
[INFO] [stdout]   |
[INFO] [stdout]   = note: `#[warn(unused_imports)]` on by default
[INFO] [stdout] 
[INFO] [stdout] 
[INFO] [stdout] warning: unused import: `vega_protobufs::vega::events::v1::ExpiredOrders`
[INFO] [stdout]  --> src/strategy2.rs:4:5
[INFO] [stdout]   |
[INFO] [stdout] 4 | use vega_protobufs::vega::events::v1::ExpiredOrders;
[INFO] [stdout]   |     ^^^^^^^^^^^^^^^^^^^^^^^^^^^^^^^^^^^^^^^^^^^^^^^
[INFO] [stdout] 
[INFO] [stdout] 
[INFO] [stdout] warning: unused import: `core::num`
[INFO] [stdout]  --> src/strategy2.rs:5:5
[INFO] [stdout]   |
[INFO] [stdout] 5 | use core::num;
[INFO] [stdout]   |     ^^^^^^^^^
[INFO] [stdout] 
[INFO] [stdout] 
[INFO] [stdout] warning: unused import: `futures_util::lock::MutexGuard as FuturesUtilsMutexGuard`
[INFO] [stdout]  --> src/strategy2.rs:1:5
[INFO] [stdout]   |
[INFO] [stdout] 1 | use futures_util::lock::MutexGuard as FuturesUtilsMutexGuard;
[INFO] [stdout]   |     ^^^^^^^^^^^^^^^^^^^^^^^^^^^^^^^^^^^^^^^^^^^^^^^^^^^^^^^^
[INFO] [stdout] 
[INFO] [stdout] 
[INFO] [stdout] warning: unused import: `num_traits::cast::FromPrimitive`
[INFO] [stdout]  --> src/strategy2.rs:8:5
[INFO] [stdout]   |
[INFO] [stdout] 8 | use num_traits::cast::FromPrimitive;
[INFO] [stdout]   |     ^^^^^^^^^^^^^^^^^^^^^^^^^^^^^^^
[INFO] [stdout] 
[INFO] [stdout] 
[INFO] [stdout] warning: unused import: `vega_protobufs::vega::events::v1::ExpiredOrders`
[INFO] [stdout]  --> src/strategy2.rs:4:5
[INFO] [stdout]   |
[INFO] [stdout] 4 | use vega_protobufs::vega::events::v1::ExpiredOrders;
[INFO] [stdout]   |     ^^^^^^^^^^^^^^^^^^^^^^^^^^^^^^^^^^^^^^^^^^^^^^^
[INFO] [stdout] 
[INFO] [stdout] 
[INFO] [stdout] warning: unused import: `core::num`
[INFO] [stdout]  --> src/strategy2.rs:5:5
[INFO] [stdout]   |
[INFO] [stdout] 5 | use core::num;
[INFO] [stdout]   |     ^^^^^^^^^
[INFO] [stdout] 
[INFO] [stdout] 
[INFO] [stdout] warning: unused import: `num_traits::cast::FromPrimitive`
[INFO] [stdout]  --> src/strategy2.rs:8:5
[INFO] [stdout]   |
[INFO] [stdout] 8 | use num_traits::cast::FromPrimitive;
[INFO] [stdout]   |     ^^^^^^^^^^^^^^^^^^^^^^^^^^^^^^^
[INFO] [stdout] 
[INFO] [stdout] 
[INFO] [stdout] warning: unused imports: `LiquidityProvisionAmendment`, `LiquidityProvisionCancellation`, `LiquidityProvisionSubmission`
[INFO] [stdout]   --> src/strategy2.rs:21:9
[INFO] [stdout]    |
[INFO] [stdout] 21 |         LiquidityProvisionSubmission,
[INFO] [stdout]    |         ^^^^^^^^^^^^^^^^^^^^^^^^^^^^
[INFO] [stdout] 22 |         LiquidityProvisionAmendment,
[INFO] [stdout]    |         ^^^^^^^^^^^^^^^^^^^^^^^^^^^
[INFO] [stdout] 23 |         LiquidityProvisionCancellation,
[INFO] [stdout]    |         ^^^^^^^^^^^^^^^^^^^^^^^^^^^^^^
[INFO] [stdout] 
[INFO] [stdout] 
[INFO] [stdout] warning: unused import: `Position`
[INFO] [stdout]   --> src/strategy2.rs:29:35
[INFO] [stdout]    |
[INFO] [stdout] 29 | use vega_protobufs::vega::{Asset, Position};
[INFO] [stdout]    |                                   ^^^^^^^^
[INFO] [stdout] 
[INFO] [stdout] 
[INFO] [stdout] warning: unused import: `vega_protobufs::vega::MarketData`
[INFO] [stdout]   --> src/strategy2.rs:30:5
[INFO] [stdout]    |
[INFO] [stdout] 30 | use vega_protobufs::vega::MarketData;
[INFO] [stdout]    |     ^^^^^^^^^^^^^^^^^^^^^^^^^^^^^^^^
[INFO] [stdout] 
[INFO] [stdout] 
[INFO] [stdout] warning: unused import: `vega_store2`
[INFO] [stdout]   --> src/strategy2.rs:33:21
[INFO] [stdout]    |
[INFO] [stdout] 33 | use crate::{Config, vega_store2};
[INFO] [stdout]    |                     ^^^^^^^^^^^
[INFO] [stdout] 
[INFO] [stdout] 
[INFO] [stdout] warning: unused import: `self`
[INFO] [stdout]   --> src/strategy2.rs:35:30
[INFO] [stdout]    |
[INFO] [stdout] 35 | use crate::estimate_params::{self, estimate_lambda2, estimate_kappa};
[INFO] [stdout]    |                              ^^^^
[INFO] [stdout] 
[INFO] [stdout] 
[INFO] [stdout] warning: unused import: `futures_util::lock::MutexGuard as FuturesUtilsMutexGuard`
[INFO] [stdout]  --> src/liquidity_vega.rs:1:5
[INFO] [stdout]   |
[INFO] [stdout] 1 | use futures_util::lock::MutexGuard as FuturesUtilsMutexGuard;
[INFO] [stdout]   |     ^^^^^^^^^^^^^^^^^^^^^^^^^^^^^^^^^^^^^^^^^^^^^^^^^^^^^^^^
[INFO] [stdout] 
[INFO] [stdout] 
[INFO] [stdout] warning: unused import: `num_traits::ToPrimitive`
[INFO] [stdout]  --> src/liquidity_vega.rs:3:5
[INFO] [stdout]   |
[INFO] [stdout] 3 | use num_traits::ToPrimitive;
[INFO] [stdout]   |     ^^^^^^^^^^^^^^^^^^^^^^^
[INFO] [stdout] 
[INFO] [stdout] 
[INFO] [stdout] warning: unused import: `vega_protobufs::vega::events::v1::ExpiredOrders`
[INFO] [stdout]  --> src/liquidity_vega.rs:4:5
[INFO] [stdout]   |
[INFO] [stdout] 4 | use vega_protobufs::vega::events::v1::ExpiredOrders;
[INFO] [stdout]   |     ^^^^^^^^^^^^^^^^^^^^^^^^^^^^^^^^^^^^^^^^^^^^^^^
[INFO] [stdout] 
[INFO] [stdout] 
[INFO] [stdout] warning: unused import: `core::num`
[INFO] [stdout]  --> src/liquidity_vega.rs:5:5
[INFO] [stdout]   |
[INFO] [stdout] 5 | use core::num;
[INFO] [stdout]   |     ^^^^^^^^^
[INFO] [stdout] 
[INFO] [stdout] 
[INFO] [stdout] warning: unused imports: `SystemTime`, `UNIX_EPOCH`
[INFO] [stdout]  --> src/liquidity_vega.rs:6:17
[INFO] [stdout]   |
[INFO] [stdout] 6 | use std::time::{SystemTime, UNIX_EPOCH};
[INFO] [stdout]   |                 ^^^^^^^^^^  ^^^^^^^^^^
[INFO] [stdout] 
[INFO] [stdout] 
[INFO] [stdout] warning: unused import: `num_bigint::BigUint`
[INFO] [stdout]  --> src/liquidity_vega.rs:7:5
[INFO] [stdout]   |
[INFO] [stdout] 7 | use num_bigint::BigUint;
[INFO] [stdout]   |     ^^^^^^^^^^^^^^^^^^^
[INFO] [stdout] 
[INFO] [stdout] 
[INFO] [stdout] warning: unused import: `num_traits::cast::FromPrimitive`
[INFO] [stdout]  --> src/liquidity_vega.rs:8:5
[INFO] [stdout]   |
[INFO] [stdout] 8 | use num_traits::cast::FromPrimitive;
[INFO] [stdout]   |     ^^^^^^^^^^^^^^^^^^^^^^^^^^^^^^^
[INFO] [stdout] 
[INFO] [stdout] 
[INFO] [stdout] warning: unused imports: `LiquidityProvisionAmendment`, `LiquidityProvisionCancellation`, `LiquidityProvisionSubmission`
[INFO] [stdout]   --> src/strategy2.rs:21:9
[INFO] [stdout]    |
[INFO] [stdout] 21 |         LiquidityProvisionSubmission,
[INFO] [stdout]    |         ^^^^^^^^^^^^^^^^^^^^^^^^^^^^
[INFO] [stdout] 22 |         LiquidityProvisionAmendment,
[INFO] [stdout]    |         ^^^^^^^^^^^^^^^^^^^^^^^^^^^
[INFO] [stdout] 23 |         LiquidityProvisionCancellation,
[INFO] [stdout]    |         ^^^^^^^^^^^^^^^^^^^^^^^^^^^^^^
[INFO] [stdout] 
[INFO] [stdout] 
[INFO] [stdout] warning: unused import: `Position`
[INFO] [stdout]   --> src/strategy2.rs:29:35
[INFO] [stdout]    |
[INFO] [stdout] 29 | use vega_protobufs::vega::{Asset, Position};
[INFO] [stdout]    |                                   ^^^^^^^^
[INFO] [stdout] 
[INFO] [stdout] 
[INFO] [stdout] warning: unused import: `std::time::Duration`
[INFO] [stdout]   --> src/liquidity_vega.rs:10:5
[INFO] [stdout]    |
[INFO] [stdout] 10 | use std::time::Duration;
[INFO] [stdout]    |     ^^^^^^^^^^^^^^^^^^^
[INFO] [stdout] 
[INFO] [stdout] 
[INFO] [stdout] warning: unused import: `vega_protobufs::vega::MarketData`
[INFO] [stdout]   --> src/strategy2.rs:30:5
[INFO] [stdout]    |
[INFO] [stdout] 30 | use vega_protobufs::vega::MarketData;
[INFO] [stdout]    |     ^^^^^^^^^^^^^^^^^^^^^^^^^^^^^^^^
[INFO] [stdout] 
[INFO] [stdout] 
[INFO] [stdout] warning: unused import: `tokio::time`
[INFO] [stdout]   --> src/liquidity_vega.rs:11:5
[INFO] [stdout]    |
[INFO] [stdout] 11 | use tokio::time;
[INFO] [stdout]    |     ^^^^^^^^^^^
[INFO] [stdout] 
[INFO] [stdout] 
[INFO] [stdout] warning: unused import: `vega_store2`
[INFO] [stdout]   --> src/strategy2.rs:33:21
[INFO] [stdout]    |
[INFO] [stdout] 33 | use crate::{Config, vega_store2};
[INFO] [stdout]    |                     ^^^^^^^^^^^
[INFO] [stdout] 
[INFO] [stdout] 
[INFO] [stdout] warning: unused import: `self`
[INFO] [stdout]   --> src/strategy2.rs:35:30
[INFO] [stdout]    |
[INFO] [stdout] 35 | use crate::estimate_params::{self, estimate_lambda2, estimate_kappa};
[INFO] [stdout]    |                              ^^^^
[INFO] [stdout] 
[INFO] [stdout] 
[INFO] [stdout] warning: unused import: `futures_util::lock::MutexGuard as FuturesUtilsMutexGuard`
[INFO] [stdout]  --> src/liquidity_vega.rs:1:5
[INFO] [stdout]   |
[INFO] [stdout] 1 | use futures_util::lock::MutexGuard as FuturesUtilsMutexGuard;
[INFO] [stdout]   |     ^^^^^^^^^^^^^^^^^^^^^^^^^^^^^^^^^^^^^^^^^^^^^^^^^^^^^^^^
[INFO] [stdout] 
[INFO] [stdout] 
[INFO] [stdout] warning: unused import: `num_traits::ToPrimitive`
[INFO] [stdout]  --> src/liquidity_vega.rs:3:5
[INFO] [stdout]   |
[INFO] [stdout] 3 | use num_traits::ToPrimitive;
[INFO] [stdout]   |     ^^^^^^^^^^^^^^^^^^^^^^^
[INFO] [stdout] 
[INFO] [stdout] 
[INFO] [stdout] warning: unused import: `vega_protobufs::vega::events::v1::ExpiredOrders`
[INFO] [stdout]  --> src/liquidity_vega.rs:4:5
[INFO] [stdout]   |
[INFO] [stdout] 4 | use vega_protobufs::vega::events::v1::ExpiredOrders;
[INFO] [stdout]   |     ^^^^^^^^^^^^^^^^^^^^^^^^^^^^^^^^^^^^^^^^^^^^^^^
[INFO] [stdout] 
[INFO] [stdout] 
[INFO] [stdout] warning: unused import: `core::num`
[INFO] [stdout]  --> src/liquidity_vega.rs:5:5
[INFO] [stdout]   |
[INFO] [stdout] 5 | use core::num;
[INFO] [stdout]   |     ^^^^^^^^^
[INFO] [stdout] 
[INFO] [stdout] 
[INFO] [stdout] warning: unused imports: `SystemTime`, `UNIX_EPOCH`
[INFO] [stdout]  --> src/liquidity_vega.rs:6:17
[INFO] [stdout]   |
[INFO] [stdout] 6 | use std::time::{SystemTime, UNIX_EPOCH};
[INFO] [stdout]   |                 ^^^^^^^^^^  ^^^^^^^^^^
[INFO] [stdout] 
[INFO] [stdout] 
[INFO] [stdout] warning: unused import: `num_bigint::BigUint`
[INFO] [stdout]  --> src/liquidity_vega.rs:7:5
[INFO] [stdout]   |
[INFO] [stdout] 7 | use num_bigint::BigUint;
[INFO] [stdout]   |     ^^^^^^^^^^^^^^^^^^^
[INFO] [stdout] 
[INFO] [stdout] 
[INFO] [stdout] warning: unused import: `num_traits::cast::FromPrimitive`
[INFO] [stdout]  --> src/liquidity_vega.rs:8:5
[INFO] [stdout]   |
[INFO] [stdout] 8 | use num_traits::cast::FromPrimitive;
[INFO] [stdout]   |     ^^^^^^^^^^^^^^^^^^^^^^^^^^^^^^^
[INFO] [stdout] 
[INFO] [stdout] 
[INFO] [stdout] warning: unused import: `std::time::Duration`
[INFO] [stdout]   --> src/liquidity_vega.rs:10:5
[INFO] [stdout]    |
[INFO] [stdout] 10 | use std::time::Duration;
[INFO] [stdout]    |     ^^^^^^^^^^^^^^^^^^^
[INFO] [stdout] 
[INFO] [stdout] 
[INFO] [stdout] warning: unused import: `tokio::time`
[INFO] [stdout]   --> src/liquidity_vega.rs:11:5
[INFO] [stdout]    |
[INFO] [stdout] 11 | use tokio::time;
[INFO] [stdout]    |     ^^^^^^^^^^^
[INFO] [stdout] 
[INFO] [stdout] 
[INFO] [stdout] warning: unused imports: `BatchMarketInstructions`, `Market`, `OrderCancellation`, `OrderSubmission`, `Side`, `TimeInForce`, `Type`, `instrument::Product`
[INFO] [stdout]   --> src/liquidity_vega.rs:18:9
[INFO] [stdout]    |
[INFO] [stdout] 18 |         BatchMarketInstructions, 
[INFO] [stdout]    |         ^^^^^^^^^^^^^^^^^^^^^^^
[INFO] [stdout] 19 |         OrderCancellation, 
[INFO] [stdout]    |         ^^^^^^^^^^^^^^^^^
[INFO] [stdout] 20 |         OrderSubmission,
[INFO] [stdout]    |         ^^^^^^^^^^^^^^^
[INFO] [stdout] ...
[INFO] [stdout] 25 |     instrument::Product,
[INFO] [stdout]    |     ^^^^^^^^^^^^^^^^^^^
[INFO] [stdout] 26 |     order::{TimeInForce, Type},
[INFO] [stdout]    |             ^^^^^^^^^^^  ^^^^
[INFO] [stdout] 27 |     Market, Side
[INFO] [stdout]    |     ^^^^^^  ^^^^
[INFO] [stdout] 
[INFO] [stdout] 
[INFO] [stdout] warning: unused imports: `Asset`, `Position`
[INFO] [stdout]   --> src/liquidity_vega.rs:29:28
[INFO] [stdout]    |
[INFO] [stdout] 29 | use vega_protobufs::vega::{Asset, Position};
[INFO] [stdout]    |                            ^^^^^  ^^^^^^^^
[INFO] [stdout] 
[INFO] [stdout] 
[INFO] [stdout] warning: unused import: `vega_protobufs::vega::MarketData`
[INFO] [stdout]   --> src/liquidity_vega.rs:30:5
[INFO] [stdout]    |
[INFO] [stdout] 30 | use vega_protobufs::vega::MarketData;
[INFO] [stdout]    |     ^^^^^^^^^^^^^^^^^^^^^^^^^^^^^^^^
[INFO] [stdout] 
[INFO] [stdout] 
[INFO] [stdout] warning: unused import: `binance_ws::RefPrice`
[INFO] [stdout]   --> src/liquidity_vega.rs:32:13
[INFO] [stdout]    |
[INFO] [stdout] 32 | use crate::{binance_ws::RefPrice, vega_store2::VegaStore};
[INFO] [stdout]    |             ^^^^^^^^^^^^^^^^^^^^
[INFO] [stdout] 
[INFO] [stdout] 
[INFO] [stdout] warning: unused import: `vega_store2`
[INFO] [stdout]   --> src/liquidity_vega.rs:33:21
[INFO] [stdout]    |
[INFO] [stdout] 33 | use crate::{Config, vega_store2};
[INFO] [stdout]    |                     ^^^^^^^^^^^
[INFO] [stdout] 
[INFO] [stdout] 
[INFO] [stdout] warning: unused import: `crate::opt_offsets`
[INFO] [stdout]   --> src/liquidity_vega.rs:34:5
[INFO] [stdout]    |
[INFO] [stdout] 34 | use crate::opt_offsets;
[INFO] [stdout]    |     ^^^^^^^^^^^^^^^^^^
[INFO] [stdout] 
[INFO] [stdout] 
[INFO] [stdout] warning: unused imports: `estimate_kappa`, `estimate_lambda2`, `self`
[INFO] [stdout]   --> src/liquidity_vega.rs:35:30
[INFO] [stdout]    |
[INFO] [stdout] 35 | use crate::estimate_params::{self, estimate_lambda2, estimate_kappa};
[INFO] [stdout]    |                              ^^^^  ^^^^^^^^^^^^^^^^  ^^^^^^^^^^^^^^
[INFO] [stdout] 
[INFO] [stdout] 
[INFO] [stdout] warning: unused import: `log::info`
[INFO] [stdout]  --> src/opt_offsets.rs:1:5
[INFO] [stdout]   |
[INFO] [stdout] 1 | use log::info;
[INFO] [stdout]   |     ^^^^^^^^^
[INFO] [stdout] 
[INFO] [stdout] 
[INFO] [stdout] warning: unused import: `log::info`
[INFO] [stdout]  --> src/estimate_params.rs:1:5
[INFO] [stdout]   |
[INFO] [stdout] 1 | use log::info;
[INFO] [stdout]   |     ^^^^^^^^^
[INFO] [stdout] 
[INFO] [stdout] 
[INFO] [stdout] warning: unused import: `vega_protobufs::vega::Trade`
[INFO] [stdout]  --> src/estimate_params.rs:2:5
[INFO] [stdout]   |
[INFO] [stdout] 2 | use vega_protobufs::vega::Trade;
[INFO] [stdout]   |     ^^^^^^^^^^^^^^^^^^^^^^^^^^^
[INFO] [stdout] 
[INFO] [stdout] 
[INFO] [stdout] warning: unused import: `vega_protobufs::vega::trade`
[INFO] [stdout]  --> src/estimate_params.rs:3:5
[INFO] [stdout]   |
[INFO] [stdout] 3 | use vega_protobufs::vega::trade;
[INFO] [stdout]   |     ^^^^^^^^^^^^^^^^^^^^^^^^^^^
[INFO] [stdout] 
[INFO] [stdout] 
[INFO] [stdout] warning: unused import: `crate::vega_store2::VegaStore`
[INFO] [stdout]  --> src/estimate_params.rs:5:5
[INFO] [stdout]   |
[INFO] [stdout] 5 | use crate::vega_store2::VegaStore;
[INFO] [stdout]   |     ^^^^^^^^^^^^^^^^^^^^^^^^^^^^^
[INFO] [stdout] 
[INFO] [stdout] 
[INFO] [stdout] warning: unused imports: `BatchMarketInstructions`, `Market`, `OrderCancellation`, `OrderSubmission`, `Side`, `TimeInForce`, `Type`, `instrument::Product`
[INFO] [stdout]   --> src/liquidity_vega.rs:18:9
[INFO] [stdout]    |
[INFO] [stdout] 18 |         BatchMarketInstructions, 
[INFO] [stdout]    |         ^^^^^^^^^^^^^^^^^^^^^^^
[INFO] [stdout] 19 |         OrderCancellation, 
[INFO] [stdout]    |         ^^^^^^^^^^^^^^^^^
[INFO] [stdout] 20 |         OrderSubmission,
[INFO] [stdout]    |         ^^^^^^^^^^^^^^^
[INFO] [stdout] ...
[INFO] [stdout] 25 |     instrument::Product,
[INFO] [stdout]    |     ^^^^^^^^^^^^^^^^^^^
[INFO] [stdout] 26 |     order::{TimeInForce, Type},
[INFO] [stdout]    |             ^^^^^^^^^^^  ^^^^
[INFO] [stdout] 27 |     Market, Side
[INFO] [stdout]    |     ^^^^^^  ^^^^
[INFO] [stdout] 
[INFO] [stdout] 
[INFO] [stdout] warning: unused imports: `Asset`, `Position`
[INFO] [stdout]   --> src/liquidity_vega.rs:29:28
[INFO] [stdout]    |
[INFO] [stdout] 29 | use vega_protobufs::vega::{Asset, Position};
[INFO] [stdout]    |                            ^^^^^  ^^^^^^^^
[INFO] [stdout] 
[INFO] [stdout] 
[INFO] [stdout] warning: unused import: `vega_protobufs::vega::MarketData`
[INFO] [stdout]   --> src/liquidity_vega.rs:30:5
[INFO] [stdout]    |
[INFO] [stdout] 30 | use vega_protobufs::vega::MarketData;
[INFO] [stdout]    |     ^^^^^^^^^^^^^^^^^^^^^^^^^^^^^^^^
[INFO] [stdout] 
[INFO] [stdout] 
[INFO] [stdout] warning: unused import: `binance_ws::RefPrice`
[INFO] [stdout]   --> src/liquidity_vega.rs:32:13
[INFO] [stdout]    |
[INFO] [stdout] 32 | use crate::{binance_ws::RefPrice, vega_store2::VegaStore};
[INFO] [stdout]    |             ^^^^^^^^^^^^^^^^^^^^
[INFO] [stdout] 
[INFO] [stdout] 
[INFO] [stdout] warning: unused import: `vega_store2`
[INFO] [stdout]   --> src/liquidity_vega.rs:33:21
[INFO] [stdout]    |
[INFO] [stdout] 33 | use crate::{Config, vega_store2};
[INFO] [stdout]    |                     ^^^^^^^^^^^
[INFO] [stdout] 
[INFO] [stdout] 
[INFO] [stdout] warning: unused import: `crate::opt_offsets`
[INFO] [stdout]   --> src/liquidity_vega.rs:34:5
[INFO] [stdout]    |
[INFO] [stdout] 34 | use crate::opt_offsets;
[INFO] [stdout]    |     ^^^^^^^^^^^^^^^^^^
[INFO] [stdout] 
[INFO] [stdout] 
[INFO] [stdout] warning: unused imports: `estimate_kappa`, `estimate_lambda2`, `self`
[INFO] [stdout]   --> src/liquidity_vega.rs:35:30
[INFO] [stdout]    |
[INFO] [stdout] 35 | use crate::estimate_params::{self, estimate_lambda2, estimate_kappa};
[INFO] [stdout]    |                              ^^^^  ^^^^^^^^^^^^^^^^  ^^^^^^^^^^^^^^
[INFO] [stdout] 
[INFO] [stdout] 
[INFO] [stdout] warning: unused import: `log::info`
[INFO] [stdout]  --> src/opt_offsets.rs:1:5
[INFO] [stdout]   |
[INFO] [stdout] 1 | use log::info;
[INFO] [stdout]   |     ^^^^^^^^^
[INFO] [stdout] 
[INFO] [stdout] 
[INFO] [stdout] warning: unused import: `super::*`
[INFO] [stdout]   --> src/opt_offsets.rs:86:9
[INFO] [stdout]    |
[INFO] [stdout] 86 |     use super::*;
[INFO] [stdout]    |         ^^^^^^^^
[INFO] [stdout] 
[INFO] [stdout] 
[INFO] [stdout] warning: unused import: `log::info`
[INFO] [stdout]  --> src/estimate_params.rs:1:5
[INFO] [stdout]   |
[INFO] [stdout] 1 | use log::info;
[INFO] [stdout]   |     ^^^^^^^^^
[INFO] [stdout] 
[INFO] [stdout] 
[INFO] [stdout] warning: unused import: `vega_protobufs::vega::Trade`
[INFO] [stdout]  --> src/estimate_params.rs:2:5
[INFO] [stdout]   |
[INFO] [stdout] 2 | use vega_protobufs::vega::Trade;
[INFO] [stdout]   |     ^^^^^^^^^^^^^^^^^^^^^^^^^^^
[INFO] [stdout] 
[INFO] [stdout] 
[INFO] [stdout] warning: unused import: `vega_protobufs::vega::trade`
[INFO] [stdout]  --> src/estimate_params.rs:3:5
[INFO] [stdout]   |
[INFO] [stdout] 3 | use vega_protobufs::vega::trade;
[INFO] [stdout]   |     ^^^^^^^^^^^^^^^^^^^^^^^^^^^
[INFO] [stdout] 
[INFO] [stdout] 
[INFO] [stdout] warning: unused import: `crate::vega_store2::VegaStore`
[INFO] [stdout]  --> src/estimate_params.rs:5:5
[INFO] [stdout]   |
[INFO] [stdout] 5 | use crate::vega_store2::VegaStore;
[INFO] [stdout]   |     ^^^^^^^^^^^^^^^^^^^^^^^^^^^^^
[INFO] [stdout] 
[INFO] [stdout] 
[INFO] [stdout] warning: unnecessary parentheses around `if` condition
[INFO] [stdout]   --> src/estimate_params.rs:29:12
[INFO] [stdout]    |
[INFO] [stdout] 29 |         if (init_t - t.timestamp >= ONE_MINUTE) {
[INFO] [stdout]    |            ^                                  ^
[INFO] [stdout]    |
[INFO] [stdout]    = note: `#[warn(unused_parens)]` on by default
[INFO] [stdout] help: remove these parentheses
[INFO] [stdout]    |
[INFO] [stdout] 29 -         if (init_t - t.timestamp >= ONE_MINUTE) {
[INFO] [stdout] 29 +         if init_t - t.timestamp >= ONE_MINUTE {
[INFO] [stdout]    |
[INFO] [stdout] 
[INFO] [stdout] 
[INFO] [stdout] warning: unnecessary parentheses around `if` condition
[INFO] [stdout]   --> src/estimate_params.rs:29:12
[INFO] [stdout]    |
[INFO] [stdout] 29 |         if (init_t - t.timestamp >= ONE_MINUTE) {
[INFO] [stdout]    |            ^                                  ^
[INFO] [stdout]    |
[INFO] [stdout]    = note: `#[warn(unused_parens)]` on by default
[INFO] [stdout] help: remove these parentheses
[INFO] [stdout]    |
[INFO] [stdout] 29 -         if (init_t - t.timestamp >= ONE_MINUTE) {
[INFO] [stdout] 29 +         if init_t - t.timestamp >= ONE_MINUTE {
[INFO] [stdout]    |
[INFO] [stdout] 
[INFO] [stdout] 
[INFO] [stdout] warning: unused variable: `d`
[INFO] [stdout]   --> src/strategy2.rs:60:9
[INFO] [stdout]    |
[INFO] [stdout] 60 |     let d = Decimals::new(&mkt, &asset);
[INFO] [stdout]    |         ^ help: if this is intentional, prefix it with an underscore: `_d`
[INFO] [stdout]    |
[INFO] [stdout]    = note: `#[warn(unused_variables)]` on by default
[INFO] [stdout] 
[INFO] [stdout] 
[INFO] [stdout] warning: unused variable: `d`
[INFO] [stdout]   --> src/strategy2.rs:60:9
[INFO] [stdout]    |
[INFO] [stdout] 60 |     let d = Decimals::new(&mkt, &asset);
[INFO] [stdout]    |         ^ help: if this is intentional, prefix it with an underscore: `_d`
[INFO] [stdout]    |
[INFO] [stdout]    = note: `#[warn(unused_variables)]` on by default
[INFO] [stdout] 
[INFO] [stdout] 
[INFO] [stdout] warning: unused variable: `d`
[INFO] [stdout]   --> src/liquidity_vega.rs:77:9
[INFO] [stdout]    |
[INFO] [stdout] 77 |     let d = Decimals::new(&mkt, &asset);
[INFO] [stdout]    |         ^ help: if this is intentional, prefix it with an underscore: `_d`
[INFO] [stdout] 
[INFO] [stdout] 
[INFO] [stdout] warning: unused variable: `d`
[INFO] [stdout]   --> src/liquidity_vega.rs:77:9
[INFO] [stdout]    |
[INFO] [stdout] 77 |     let d = Decimals::new(&mkt, &asset);
[INFO] [stdout]    |         ^ help: if this is intentional, prefix it with an underscore: `_d`
[INFO] [stdout] 
[INFO] [stdout] 
[INFO] [stdout] warning: unused variable: `pubkey`
[INFO] [stdout]    --> src/vega_store2.rs:309:5
[INFO] [stdout]     |
[INFO] [stdout] 309 |     pubkey: String,
[INFO] [stdout]     |     ^^^^^^ help: if this is intentional, prefix it with an underscore: `_pubkey`
[INFO] [stdout] 
[INFO] [stdout] 
[INFO] [stdout] warning: unused variable: `pubkey`
[INFO] [stdout]    --> src/vega_store2.rs:309:5
[INFO] [stdout]     |
[INFO] [stdout] 309 |     pubkey: String,
[INFO] [stdout]     |     ^^^^^^ help: if this is intentional, prefix it with an underscore: `_pubkey`
[INFO] [stdout] 
[INFO] [stdout] 
[INFO] [stdout] warning: use of deprecated associated function `chrono::NaiveDateTime::from_timestamp`: use `from_timestamp_opt()` instead
[INFO] [stdout]    --> src/vega_store2.rs:342:41
[INFO] [stdout]     |
[INFO] [stdout] 342 |     let naive_datetime = NaiveDateTime::from_timestamp(seconds as i64, nanoseconds as u32);
[INFO] [stdout]     |                                         ^^^^^^^^^^^^^^
[INFO] [stdout]     |
[INFO] [stdout]     = note: `#[warn(deprecated)]` on by default
[INFO] [stdout] 
[INFO] [stdout] 
[INFO] [stdout] warning: use of deprecated associated function `chrono::DateTime::<Tz>::from_utc`: Use TimeZone::from_utc_datetime() or DateTime::from_naive_utc_and_offset instead
[INFO] [stdout]    --> src/vega_store2.rs:345:49
[INFO] [stdout]     |
[INFO] [stdout] 345 |     let utc_datetime: DateTime<Utc> = DateTime::from_utc(naive_datetime, Utc);
[INFO] [stdout]     |                                                 ^^^^^^^^
[INFO] [stdout] 
[INFO] [stdout] 
[INFO] [stdout] warning: use of deprecated associated function `chrono::NaiveDateTime::from_timestamp`: use `from_timestamp_opt()` instead
[INFO] [stdout]    --> src/vega_store2.rs:342:41
[INFO] [stdout]     |
[INFO] [stdout] 342 |     let naive_datetime = NaiveDateTime::from_timestamp(seconds as i64, nanoseconds as u32);
[INFO] [stdout]     |                                         ^^^^^^^^^^^^^^
[INFO] [stdout]     |
[INFO] [stdout]     = note: `#[warn(deprecated)]` on by default
[INFO] [stdout] 
[INFO] [stdout] 
[INFO] [stdout] warning: use of deprecated associated function `chrono::DateTime::<Tz>::from_utc`: Use TimeZone::from_utc_datetime() or DateTime::from_naive_utc_and_offset instead
[INFO] [stdout]    --> src/vega_store2.rs:345:49
[INFO] [stdout]     |
[INFO] [stdout] 345 |     let utc_datetime: DateTime<Utc> = DateTime::from_utc(naive_datetime, Utc);
[INFO] [stdout]     |                                                 ^^^^^^^^
[INFO] [stdout] 
[INFO] [stdout] 
[INFO] [stdout] warning: unused variable: `i`
[INFO] [stdout]    --> src/strategy2.rs:513:5
[INFO] [stdout]     |
[INFO] [stdout] 513 |     i: u64,
[INFO] [stdout]     |     ^ help: if this is intentional, prefix it with an underscore: `_i`
[INFO] [stdout] 
[INFO] [stdout] 
[INFO] [stdout] warning: unused variable: `position_factor`
[INFO] [stdout]   --> src/opt_offsets.rs:21:5
[INFO] [stdout]    |
[INFO] [stdout] 21 |     position_factor: f64,
[INFO] [stdout]    |     ^^^^^^^^^^^^^^^ help: if this is intentional, prefix it with an underscore: `_position_factor`
[INFO] [stdout] 
[INFO] [stdout] 
[INFO] [stdout] warning: unused variable: `i`
[INFO] [stdout]    --> src/strategy2.rs:513:5
[INFO] [stdout]     |
[INFO] [stdout] 513 |     i: u64,
[INFO] [stdout]     |     ^ help: if this is intentional, prefix it with an underscore: `_i`
[INFO] [stdout] 
[INFO] [stdout] 
[INFO] [stdout] warning: unused variable: `position_factor`
[INFO] [stdout]   --> src/opt_offsets.rs:21:5
[INFO] [stdout]    |
[INFO] [stdout] 21 |     position_factor: f64,
[INFO] [stdout]    |     ^^^^^^^^^^^^^^^ help: if this is intentional, prefix it with an underscore: `_position_factor`
[INFO] [stdout] 
[INFO] [stdout] 
[INFO] [stdout] warning: unused variable: `ask_offset`
[INFO] [stdout]    --> src/opt_offsets.rs:125:14
[INFO] [stdout]     |
[INFO] [stdout] 125 |         let (ask_offset, submit_asks, bid_offset, submit_bids) =
[INFO] [stdout]     |              ^^^^^^^^^^ help: if this is intentional, prefix it with an underscore: `_ask_offset`
[INFO] [stdout] 
[INFO] [stdout] 
[INFO] [stdout] warning: unused variable: `ask_offset`
[INFO] [stdout]    --> src/opt_offsets.rs:136:14
[INFO] [stdout]     |
[INFO] [stdout] 136 |         let (ask_offset, submit_asks, bid_offset, submit_bids) =
[INFO] [stdout]     |              ^^^^^^^^^^ help: if this is intentional, prefix it with an underscore: `_ask_offset`
[INFO] [stdout] 
[INFO] [stdout] 
[INFO] [stdout] warning: unused variable: `bid_offset`
[INFO] [stdout]    --> src/opt_offsets.rs:147:39
[INFO] [stdout]     |
[INFO] [stdout] 147 |         let (ask_offset, submit_asks, bid_offset, submit_bids) =
[INFO] [stdout]     |                                       ^^^^^^^^^^ help: if this is intentional, prefix it with an underscore: `_bid_offset`
[INFO] [stdout] 
[INFO] [stdout] 
[INFO] [stdout] warning: unused variable: `bid_offset`
[INFO] [stdout]    --> src/opt_offsets.rs:158:39
[INFO] [stdout]     |
[INFO] [stdout] 158 |         let (ask_offset, submit_asks, bid_offset, submit_bids) =
[INFO] [stdout]     |                                       ^^^^^^^^^^ help: if this is intentional, prefix it with an underscore: `_bid_offset`
[INFO] [stdout] 
[INFO] [stdout] 
[INFO] [stdout] warning: unused variable: `lambd`
[INFO] [stdout]    --> src/estimate_params.rs:154:13
[INFO] [stdout]     |
[INFO] [stdout] 154 |         let lambd = estimate_lambda(1.0, &empty_trades_vec);
[INFO] [stdout]     |             ^^^^^ help: if this is intentional, prefix it with an underscore: `_lambd`
[INFO] [stdout] 
[INFO] [stdout] 
[INFO] [stdout] warning: function `get_order_size_mm_linear` is never used
[INFO] [stdout]    --> src/strategy2.rs:496:4
[INFO] [stdout]     |
[INFO] [stdout] 496 | fn get_order_size_mm_linear(
[INFO] [stdout]     |    ^^^^^^^^^^^^^^^^^^^^^^^^
[INFO] [stdout]     |
[INFO] [stdout]     = note: `#[warn(dead_code)]` on by default
[INFO] [stdout] 
[INFO] [stdout] 
[INFO] [stdout] warning: fields `position_decimal_places`, `price_decimal_places`, and `asset_decimal_places` are never read
[INFO] [stdout]    --> src/strategy2.rs:548:5
[INFO] [stdout]     |
[INFO] [stdout] 547 | pub struct Decimals {
[INFO] [stdout]     |            -------- fields in this struct
[INFO] [stdout] 548 |     position_decimal_places: i64,
[INFO] [stdout]     |     ^^^^^^^^^^^^^^^^^^^^^^^
[INFO] [stdout] 549 |     price_decimal_places: u64,
[INFO] [stdout]     |     ^^^^^^^^^^^^^^^^^^^^
[INFO] [stdout] 550 |     asset_decimal_places: u64,
[INFO] [stdout]     |     ^^^^^^^^^^^^^^^^^^^^
[INFO] [stdout] 
[INFO] [stdout] 
[INFO] [stdout] warning: methods `from_asset_precision`, `from_market_price_precision`, `from_market_position_precision`, `to_market_price_precision`, and `to_market_position_precision` are never used
[INFO] [stdout]    --> src/strategy2.rs:568:8
[INFO] [stdout]     |
[INFO] [stdout] 556 | impl Decimals {
[INFO] [stdout]     | ------------- methods in this implementation
[INFO] [stdout] ...
[INFO] [stdout] 568 |     fn from_asset_precision(&self, amount: f64) -> f64 {
[INFO] [stdout]     |        ^^^^^^^^^^^^^^^^^^^^
[INFO] [stdout] ...
[INFO] [stdout] 572 |     fn from_market_price_precision(&self, price: f64) -> f64 {
[INFO] [stdout]     |        ^^^^^^^^^^^^^^^^^^^^^^^^^^^
[INFO] [stdout] ...
[INFO] [stdout] 576 |     fn from_market_position_precision(&self, position: f64) -> f64 {
[INFO] [stdout]     |        ^^^^^^^^^^^^^^^^^^^^^^^^^^^^^^
[INFO] [stdout] ...
[INFO] [stdout] 580 |     fn to_market_price_precision(&self, price: f64) -> f64 {
[INFO] [stdout]     |        ^^^^^^^^^^^^^^^^^^^^^^^^^
[INFO] [stdout] ...
[INFO] [stdout] 584 |     fn to_market_position_precision(&self, position: f64) -> f64 {
[INFO] [stdout]     |        ^^^^^^^^^^^^^^^^^^^^^^^^^^^^
[INFO] [stdout] 
[INFO] [stdout] 
[INFO] [stdout] warning: method `get_assets` is never used
[INFO] [stdout]    --> src/vega_store2.rs:109:12
[INFO] [stdout]     |
[INFO] [stdout] 40  | impl VegaStore {
[INFO] [stdout]     | -------------- method in this implementation
[INFO] [stdout] ...
[INFO] [stdout] 109 |     pub fn get_assets(&self) -> Vec<Asset> {
[INFO] [stdout]     |            ^^^^^^^^^^
[INFO] [stdout] 
[INFO] [stdout] 
[INFO] [stdout] warning: function `estimate_lambda` is never used
[INFO] [stdout]   --> src/estimate_params.rs:13:8
[INFO] [stdout]    |
[INFO] [stdout] 13 | pub fn estimate_lambda(initial_lambd: f64, 
[INFO] [stdout]    |        ^^^^^^^^^^^^^^^
[INFO] [stdout] 
[INFO] [stdout] 
[INFO] [stdout] warning: enum `BuySellUnsure` is never used
[INFO] [stdout]    --> src/estimate_params.rs:112:10
[INFO] [stdout]     |
[INFO] [stdout] 112 | pub enum BuySellUnsure {
[INFO] [stdout]     |          ^^^^^^^^^^^^^
[INFO] [stdout] 
[INFO] [stdout] 
[INFO] [stdout] warning: function `trade_is_buy` is never used
[INFO] [stdout]    --> src/estimate_params.rs:118:8
[INFO] [stdout]     |
[INFO] [stdout] 118 | pub fn trade_is_buy(t: TradeStat) -> BuySellUnsure {
[INFO] [stdout]     |        ^^^^^^^^^^^^
[INFO] [stdout] 
[INFO] [stdout] 
[INFO] [stdout] warning: function `generate_trades_unif` is never used
[INFO] [stdout]    --> src/estimate_params.rs:132:12
[INFO] [stdout]     |
[INFO] [stdout] 132 |     pub fn generate_trades_unif(start_t: u64, end_t: u64, num_trades: u64) -> Vec<TradeStat> {
[INFO] [stdout]     |            ^^^^^^^^^^^^^^^^^^^^
[INFO] [stdout] 
[INFO] [stdout] 
[INFO] [stdout] warning: function `get_order_size_mm_linear` is never used
[INFO] [stdout]    --> src/strategy2.rs:496:4
[INFO] [stdout]     |
[INFO] [stdout] 496 | fn get_order_size_mm_linear(
[INFO] [stdout]     |    ^^^^^^^^^^^^^^^^^^^^^^^^
[INFO] [stdout]     |
[INFO] [stdout]     = note: `#[warn(dead_code)]` on by default
[INFO] [stdout] 
[INFO] [stdout] 
[INFO] [stdout] warning: fields `position_decimal_places`, `price_decimal_places`, and `asset_decimal_places` are never read
[INFO] [stdout]    --> src/strategy2.rs:548:5
[INFO] [stdout]     |
[INFO] [stdout] 547 | pub struct Decimals {
[INFO] [stdout]     |            -------- fields in this struct
[INFO] [stdout] 548 |     position_decimal_places: i64,
[INFO] [stdout]     |     ^^^^^^^^^^^^^^^^^^^^^^^
[INFO] [stdout] 549 |     price_decimal_places: u64,
[INFO] [stdout]     |     ^^^^^^^^^^^^^^^^^^^^
[INFO] [stdout] 550 |     asset_decimal_places: u64,
[INFO] [stdout]     |     ^^^^^^^^^^^^^^^^^^^^
[INFO] [stdout] 
[INFO] [stdout] 
[INFO] [stdout] warning: methods `from_asset_precision`, `from_market_price_precision`, `from_market_position_precision`, `to_market_price_precision`, and `to_market_position_precision` are never used
[INFO] [stdout]    --> src/strategy2.rs:568:8
[INFO] [stdout]     |
[INFO] [stdout] 556 | impl Decimals {
[INFO] [stdout]     | ------------- methods in this implementation
[INFO] [stdout] ...
[INFO] [stdout] 568 |     fn from_asset_precision(&self, amount: f64) -> f64 {
[INFO] [stdout]     |        ^^^^^^^^^^^^^^^^^^^^
[INFO] [stdout] ...
[INFO] [stdout] 572 |     fn from_market_price_precision(&self, price: f64) -> f64 {
[INFO] [stdout]     |        ^^^^^^^^^^^^^^^^^^^^^^^^^^^
[INFO] [stdout] ...
[INFO] [stdout] 576 |     fn from_market_position_precision(&self, position: f64) -> f64 {
[INFO] [stdout]     |        ^^^^^^^^^^^^^^^^^^^^^^^^^^^^^^
[INFO] [stdout] ...
[INFO] [stdout] 580 |     fn to_market_price_precision(&self, price: f64) -> f64 {
[INFO] [stdout]     |        ^^^^^^^^^^^^^^^^^^^^^^^^^
[INFO] [stdout] ...
[INFO] [stdout] 584 |     fn to_market_position_precision(&self, position: f64) -> f64 {
[INFO] [stdout]     |        ^^^^^^^^^^^^^^^^^^^^^^^^^^^^
[INFO] [stdout] 
[INFO] [stdout] 
[INFO] [stdout] warning: method `get_assets` is never used
[INFO] [stdout]    --> src/vega_store2.rs:109:12
[INFO] [stdout]     |
[INFO] [stdout] 40  | impl VegaStore {
[INFO] [stdout]     | -------------- method in this implementation
[INFO] [stdout] ...
[INFO] [stdout] 109 |     pub fn get_assets(&self) -> Vec<Asset> {
[INFO] [stdout]     |            ^^^^^^^^^^
[INFO] [stdout] 
[INFO] [stdout] 
[INFO] [stdout] warning: enum `BuySellUnsure` is never used
[INFO] [stdout]    --> src/estimate_params.rs:112:10
[INFO] [stdout]     |
[INFO] [stdout] 112 | pub enum BuySellUnsure {
[INFO] [stdout]     |          ^^^^^^^^^^^^^
[INFO] [stdout] 
[INFO] [stdout] 
[INFO] [stdout] warning: function `trade_is_buy` is never used
[INFO] [stdout]    --> src/estimate_params.rs:118:8
[INFO] [stdout]     |
[INFO] [stdout] 118 | pub fn trade_is_buy(t: TradeStat) -> BuySellUnsure {
[INFO] [stdout]     |        ^^^^^^^^^^^^
[INFO] [stdout] 
[INFO] [stdout] 
[INFO] [stdout] warning: 48 warnings emitted
[INFO] [stdout] 
[INFO] [stdout] 
[INFO] [stdout] warning: 50 warnings emitted
[INFO] [stdout] 
[INFO] [stdout] 
[INFO] [stderr]     Finished dev [unoptimized + debuginfo] target(s) in 1m 42s
[INFO] running `Command { std: "docker" "inspect" "0c60edebf6b08018b5bab4d7b0d54acbb9972cf5c71025f28e000ceabff43d68", kill_on_drop: false }`
[INFO] running `Command { std: "docker" "rm" "-f" "0c60edebf6b08018b5bab4d7b0d54acbb9972cf5c71025f28e000ceabff43d68", kill_on_drop: false }`
[INFO] [stdout] 0c60edebf6b08018b5bab4d7b0d54acbb9972cf5c71025f28e000ceabff43d68
