[INFO] cloning repository https://github.com/Ellipsis-Labs/jupiter-phoenix
[INFO] running `Command { std: "git" "-c" "credential.helper=" "-c" "credential.helper=/workspace/cargo-home/bin/git-credential-null" "clone" "--bare" "https://github.com/Ellipsis-Labs/jupiter-phoenix" "/workspace/cache/git-repos/https%3A%2F%2Fgithub.com%2FEllipsis-Labs%2Fjupiter-phoenix", kill_on_drop: false }`
[INFO] [stderr] Cloning into bare repository '/workspace/cache/git-repos/https%3A%2F%2Fgithub.com%2FEllipsis-Labs%2Fjupiter-phoenix'...
[INFO] running `Command { std: "git" "rev-parse" "HEAD", kill_on_drop: false }`
[INFO] [stdout] 5a9572f923be688a5f961f374a61b421437d9bbc
[INFO] checking Ellipsis-Labs/jupiter-phoenix against nightly-2024-02-05 for check-cfg
[INFO] running `Command { std: "git" "clone" "/workspace/cache/git-repos/https%3A%2F%2Fgithub.com%2FEllipsis-Labs%2Fjupiter-phoenix" "/workspace/builds/worker-5-tc1/source", kill_on_drop: false }`
[INFO] [stderr] Cloning into '/workspace/builds/worker-5-tc1/source'...
[INFO] [stderr] done.
[INFO] validating manifest of git repo https://github.com/Ellipsis-Labs/jupiter-phoenix on toolchain nightly-2024-02-05
[INFO] running `Command { std: CARGO_HOME="/workspace/cargo-home" RUSTUP_HOME="/workspace/rustup-home" "/workspace/cargo-home/bin/cargo" "+nightly-2024-02-05" "metadata" "--manifest-path" "Cargo.toml" "--no-deps", kill_on_drop: false }`
[INFO] started tweaking git repo https://github.com/Ellipsis-Labs/jupiter-phoenix
[INFO] finished tweaking git repo https://github.com/Ellipsis-Labs/jupiter-phoenix
[INFO] tweaked toml for git repo https://github.com/Ellipsis-Labs/jupiter-phoenix written to /workspace/builds/worker-5-tc1/source/Cargo.toml
[INFO] crate git repo https://github.com/Ellipsis-Labs/jupiter-phoenix already has a lockfile, it will not be regenerated
[INFO] running `Command { std: CARGO_HOME="/workspace/cargo-home" RUSTUP_HOME="/workspace/rustup-home" "/workspace/cargo-home/bin/cargo" "+nightly-2024-02-05" "fetch" "--manifest-path" "Cargo.toml", kill_on_drop: false }`
[INFO] [stderr] warning: dependency (phoenix-v1) specified without providing a local path, Git repository, version, or workspace dependency to use. This will be considered an error in future versions
[INFO] [stderr] warning: unused manifest key: dependencies.phoenix-v1.vesrion
[INFO] [stderr]     Updating git repository `https://github.com/jup-ag/rust-amm-implementation.git`
[INFO] [stderr]     Updating crates.io index
[INFO] [stderr]  Downloading crates ...
[INFO] [stderr]   Downloaded shank v0.0.12
[INFO] [stderr]   Downloaded oid-registry v0.6.0
[INFO] [stderr]   Downloaded solana-sdk-macro v1.14.9
[INFO] [stderr]   Downloaded solana-security-txt v1.1.0
[INFO] [stderr]   Downloaded solana-logger v1.14.9
[INFO] [stderr]   Downloaded shank_render v0.0.1
[INFO] [stderr]   Downloaded yellowstone-grpc-proto v1.6.0+solana.1.16.1
[INFO] [stderr]   Downloaded solana-rayon-threadlimit v1.14.9
[INFO] [stderr]   Downloaded shank_macro v0.0.12
[INFO] [stderr]   Downloaded ellipsis-macros v0.1.1
[INFO] [stderr]   Downloaded anchor-generate-cpi-crate v0.3.1
[INFO] [stderr]   Downloaded yellowstone-grpc-client v1.6.0+solana.1.16.1
[INFO] [stderr]   Downloaded anchor-idl v0.3.1
[INFO] [stderr]   Downloaded solana-address-lookup-table-program v1.14.9
[INFO] [stderr]   Downloaded anchor-generate-cpi-interface v0.3.1
[INFO] [stderr]   Downloaded solana-version v1.14.9
[INFO] [stderr]   Downloaded tonic-health v0.9.2
[INFO] [stderr]   Downloaded solana-account-decoder v1.14.9
[INFO] [stderr]   Downloaded solana-net-utils v1.14.9
[INFO] [stderr]   Downloaded enum_dispatch v0.3.8
[INFO] [stderr]   Downloaded solana-vote-program v1.14.9
[INFO] [stderr]   Downloaded solana-sdk v1.14.9
[INFO] [stderr]   Downloaded rustls-webpki v0.101.3
[INFO] [stderr]   Downloaded solana-zk-token-sdk v1.14.9
[INFO] [stderr]   Downloaded solana-client v1.14.9
[INFO] [stderr]   Downloaded solana-transaction-status v1.14.9
[INFO] [stderr]   Downloaded protobuf-src v1.1.0+21.5
[INFO] [stderr]   Downloaded phoenix-sdk-core v0.5.0
[INFO] [stderr]   Downloaded rust_decimal_macros v1.27.0
[INFO] [stderr]   Downloaded solana-program v1.14.9
[INFO] [stderr]   Downloaded spl-token-swap v3.0.0
[INFO] [stderr]   Downloaded phoenix-v1 v0.2.4
[INFO] [stderr]   Downloaded solana-remote-wallet v1.14.9
[INFO] [stderr]   Downloaded solana-program-runtime v1.14.9
[INFO] [stderr]   Downloaded ipnet v2.6.0
[INFO] [stderr]   Downloaded solana-perf v1.14.9
[INFO] [stderr]   Downloaded dialoguer v0.10.2
[INFO] [stderr]   Downloaded shank_macro_impl v0.0.12
[INFO] [stderr]   Downloaded solana-streamer v1.14.9
[INFO] [stderr]   Downloaded solana-faucet v1.14.9
[INFO] [stderr]   Downloaded solana-frozen-abi v1.14.9
[INFO] [stderr]   Downloaded lib-sokoban v0.3.0
[INFO] [stderr]   Downloaded solana-metrics v1.14.9
[INFO] [stderr]   Downloaded solana-cli-config v1.14.9
[INFO] [stderr]   Downloaded ellipsis-transaction-utils v0.1.0
[INFO] [stderr]   Downloaded solana-config-program v1.14.9
[INFO] [stderr]   Downloaded solana-clap-utils v1.14.9
[INFO] [stderr]   Downloaded anchor-gen v0.3.1
[INFO] [stderr]   Downloaded solana-measure v1.14.9
[INFO] [stderr]   Downloaded solana-frozen-abi-macro v1.14.9
[INFO] running `Command { std: "docker" "create" "-v" "/var/lib/crater-agent-workspace/builds/worker-5-tc1/target:/opt/rustwide/target:rw,Z" "-v" "/var/lib/crater-agent-workspace/builds/worker-5-tc1/source:/opt/rustwide/workdir:ro,Z" "-v" "/var/lib/crater-agent-workspace/cargo-home:/opt/rustwide/cargo-home:ro,Z" "-v" "/var/lib/crater-agent-workspace/rustup-home:/opt/rustwide/rustup-home:ro,Z" "-e" "SOURCE_DIR=/opt/rustwide/workdir" "-e" "CARGO_TARGET_DIR=/opt/rustwide/target" "-e" "CARGO_HOME=/opt/rustwide/cargo-home" "-e" "RUSTUP_HOME=/opt/rustwide/rustup-home" "-w" "/opt/rustwide/workdir" "-m" "1610612736" "--user" "0:0" "--network" "none" "ghcr.io/rust-lang/crates-build-env/linux@sha256:2788e3201cd34a07e3172128adcd8b3090168a8e3bcc40d7c032b9dda1df7d1c" "/opt/rustwide/cargo-home/bin/cargo" "+nightly-2024-02-05" "metadata" "--no-deps" "--format-version=1", kill_on_drop: false }`
[INFO] [stdout] bb5ff6aff8f96be204cfda96807a8aaee6752ac9f57ef4eebc0cf20fdb8d7354
[INFO] running `Command { std: "docker" "start" "-a" "bb5ff6aff8f96be204cfda96807a8aaee6752ac9f57ef4eebc0cf20fdb8d7354", kill_on_drop: false }`
[INFO] running `Command { std: "docker" "inspect" "bb5ff6aff8f96be204cfda96807a8aaee6752ac9f57ef4eebc0cf20fdb8d7354", kill_on_drop: false }`
[INFO] running `Command { std: "docker" "rm" "-f" "bb5ff6aff8f96be204cfda96807a8aaee6752ac9f57ef4eebc0cf20fdb8d7354", kill_on_drop: false }`
[INFO] [stdout] bb5ff6aff8f96be204cfda96807a8aaee6752ac9f57ef4eebc0cf20fdb8d7354
[INFO] running `Command { std: "docker" "create" "-v" "/var/lib/crater-agent-workspace/builds/worker-5-tc1/target:/opt/rustwide/target:rw,Z" "-v" "/var/lib/crater-agent-workspace/builds/worker-5-tc1/source:/opt/rustwide/workdir:ro,Z" "-v" "/var/lib/crater-agent-workspace/cargo-home:/opt/rustwide/cargo-home:ro,Z" "-v" "/var/lib/crater-agent-workspace/rustup-home:/opt/rustwide/rustup-home:ro,Z" "-e" "SOURCE_DIR=/opt/rustwide/workdir" "-e" "CARGO_TARGET_DIR=/opt/rustwide/target" "-e" "CARGO_INCREMENTAL=0" "-e" "RUST_BACKTRACE=full" "-e" "RUSTFLAGS=--cap-lints=forbid" "-e" "RUSTDOCFLAGS=--cap-lints=forbid" "-e" "CARGO_HOME=/opt/rustwide/cargo-home" "-e" "RUSTUP_HOME=/opt/rustwide/rustup-home" "-w" "/opt/rustwide/workdir" "-m" "1610612736" "--user" "0:0" "--network" "none" "ghcr.io/rust-lang/crates-build-env/linux@sha256:2788e3201cd34a07e3172128adcd8b3090168a8e3bcc40d7c032b9dda1df7d1c" "/opt/rustwide/cargo-home/bin/cargo" "+nightly-2024-02-05" "check" "--frozen" "--all" "--all-targets" "--message-format=json", kill_on_drop: false }`
[INFO] [stdout] 449431fc9d71804bbdef5ff0159a022cb70c806c71fff8f9b40cbd9dc783b0ba
[INFO] running `Command { std: "docker" "start" "-a" "449431fc9d71804bbdef5ff0159a022cb70c806c71fff8f9b40cbd9dc783b0ba", kill_on_drop: false }`
[INFO] [stderr] warning: dependency (phoenix-v1) specified without providing a local path, Git repository, version, or workspace dependency to use. This will be considered an error in future versions
[INFO] [stderr] warning: unused manifest key: dependencies.phoenix-v1.vesrion
[INFO] [stderr]    Compiling proc-macro2 v1.0.66
[INFO] [stderr]    Compiling unicode-ident v1.0.5
[INFO] [stderr]    Compiling syn v1.0.105
[INFO] [stderr]    Compiling libc v0.2.138
[INFO] [stderr]    Compiling serde_derive v1.0.149
[INFO] [stderr]    Compiling serde v1.0.149
[INFO] [stderr]    Compiling generic-array v0.14.6
[INFO] [stderr]    Compiling typenum v1.16.0
[INFO] [stderr]    Compiling thiserror v1.0.38
[INFO] [stderr]     Checking once_cell v1.16.0
[INFO] [stderr]    Compiling anyhow v1.0.66
[INFO] [stderr]     Checking itoa v1.0.9
[INFO] [stderr]    Compiling semver v1.0.14
[INFO] [stderr]    Compiling serde_json v1.0.89
[INFO] [stderr]    Compiling getrandom v0.1.16
[INFO] [stderr]    Compiling unicode-xid v0.2.4
[INFO] [stderr]    Compiling crossbeam-utils v0.8.14
[INFO] [stderr]    Compiling quote v1.0.33
[INFO] [stderr]    Compiling syn v2.0.29
[INFO] [stderr]     Checking base64 v0.13.1
[INFO] [stderr]    Compiling rustc_version v0.4.0
[INFO] [stderr]    Compiling rustversion v1.0.9
[INFO] [stderr]    Compiling crossbeam-epoch v0.9.13
[INFO] [stderr]    Compiling log v0.4.17
[INFO] [stderr]     Checking byteorder v1.4.3
[INFO] [stderr]     Checking bytes v1.3.0
[INFO] [stderr]     Checking getrandom v0.2.8
[INFO] [stderr]     Checking num_cpus v1.14.0
[INFO] [stderr]     Checking ahash v0.7.6
[INFO] [stderr]     Checking rand_core v0.6.4
[INFO] [stderr]    Compiling rayon-core v1.10.1
[INFO] [stderr]    Compiling jobserver v0.1.25
[INFO] [stderr]     Checking hashbrown v0.12.3
[INFO] [stderr]    Compiling crunchy v0.2.2
[INFO] [stderr]    Compiling cc v1.0.77
[INFO] [stderr]    Compiling futures-core v0.3.25
[INFO] [stderr]    Compiling parking_lot_core v0.9.5
[INFO] [stderr]    Compiling lock_api v0.4.9
[INFO] [stderr]     Checking block-padding v0.2.1
[INFO] [stderr]    Compiling feature-probe v0.1.1
[INFO] [stderr]     Checking rand_core v0.5.1
[INFO] [stderr]    Compiling bv v0.11.1
[INFO] [stderr]    Compiling im v15.1.0
[INFO] [stderr]    Compiling bumpalo v3.11.1
[INFO] [stderr]     Checking parking_lot v0.12.1
[INFO] [stderr]    Compiling solana-frozen-abi-macro v1.14.9
[INFO] [stderr]    Compiling tokio v1.23.0
[INFO] [stderr]     Checking rand_chacha v0.2.2
[INFO] [stderr]     Checking mio v0.8.5
[INFO] [stderr]     Checking socket2 v0.4.7
[INFO] [stderr]     Checking signal-hook-registry v1.4.0
[INFO] [stderr]    Compiling solana-frozen-abi v1.14.9
[INFO] [stderr]    Compiling blake3 v1.3.3
[INFO] [stderr]    Compiling ring v0.16.20
[INFO] [stderr]    Compiling wasm-bindgen v0.2.83
[INFO] [stderr]    Compiling bs58 v0.4.0
[INFO] [stderr]     Checking rand v0.7.3
[INFO] [stderr]     Checking crossbeam-deque v0.8.2
[INFO] [stderr]     Checking crossbeam-channel v0.5.6
[INFO] [stderr]    Compiling num-integer v0.1.45
[INFO] [stderr]     Checking futures-sink v0.3.25
[INFO] [stderr]    Compiling futures-channel v0.3.25
[INFO] [stderr]    Compiling futures-task v0.3.25
[INFO] [stderr]    Compiling solana-program v1.14.9
[INFO] [stderr]     Checking bitmaps v2.1.0
[INFO] [stderr]     Checking arrayref v0.3.6
[INFO] [stderr]    Compiling futures-util v0.3.25
[INFO] [stderr]     Checking arrayvec v0.7.2
[INFO] [stderr]     Checking keccak v0.1.3
[INFO] [stderr]     Checking rayon v1.6.0
[INFO] [stderr]     Checking rand_xoshiro v0.6.0
[INFO] [stderr]     Checking sized-chunks v0.6.5
[INFO] [stderr]     Checking futures-io v0.3.25
[INFO] [stderr]     Checking constant_time_eq v0.2.4
[INFO] [stderr]    Compiling synstructure v0.12.6
[INFO] [stderr]    Compiling wasm-bindgen-backend v0.2.83
[INFO] [stderr]    Compiling bytemuck_derive v1.4.1
[INFO] [stderr]    Compiling borsh-schema-derive-internal v0.9.3
[INFO] [stderr]    Compiling borsh-derive-internal v0.9.3
[INFO] [stderr]     Checking hashbrown v0.11.2
[INFO] [stderr]     Checking memmap2 v0.5.8
[INFO] [stderr]    Compiling wasm-bindgen-macro-support v0.2.83
[INFO] [stderr]     Checking base64 v0.12.3
[INFO] [stderr]     Checking itertools v0.10.5
[INFO] [stderr]     Checking bytemuck v1.13.0
[INFO] [stderr]     Checking tracing-core v0.1.30
[INFO] [stderr]    Compiling indexmap v1.9.2
[INFO] [stderr]     Checking aho-corasick v0.7.20
[INFO] [stderr]     Checking regex-syntax v0.6.28
[INFO] [stderr]     Checking http v0.2.9
[INFO] [stderr]     Checking atty v0.2.14
[INFO] [stderr]     Checking termcolor v1.1.3
[INFO] [stderr]     Checking signature v1.6.4
[INFO] [stderr]     Checking humantime v2.1.0
[INFO] [stderr]     Checking sct v0.7.0
[INFO] [stderr]     Checking ed25519 v1.5.2
[INFO] [stderr]     Checking time v0.1.45
[INFO] [stderr]    Compiling solana-sdk v1.14.9
[INFO] [stderr]     Checking iana-time-zone v0.1.53
[INFO] [stderr]     Checking derivation-path v0.2.0
[INFO] [stderr]     Checking http-body v0.4.5
[INFO] [stderr]     Checking webpki v0.22.0
[INFO] [stderr]     Checking qstring v0.7.2
[INFO] [stderr]     Checking uriparse v0.6.4
[INFO] [stderr]     Checking assert_matches v1.5.0
[INFO] [stderr]    Compiling rustls v0.20.7
[INFO] [stderr]     Checking rustls-pemfile v1.0.1
[INFO] [stderr]    Compiling ryu v1.0.11
[INFO] [stderr]     Checking miniz_oxide v0.6.2
[INFO] [stderr]     Checking alloc-no-stdlib v2.0.4
[INFO] [stderr]     Checking url v2.3.1
[INFO] [stderr]     Checking webpki-roots v0.22.5
[INFO] [stderr]     Checking alloc-stdlib v0.2.2
[INFO] [stderr]    Compiling unicode-segmentation v1.10.0
[INFO] [stderr]     Checking brotli-decompressor v2.3.2
[INFO] [stderr]    Compiling thiserror-impl v1.0.38
[INFO] [stderr]    Compiling zeroize_derive v1.3.3
[INFO] [stderr]    Compiling tokio-macros v1.8.2
[INFO] [stderr]    Compiling wasm-bindgen-macro v0.2.83
[INFO] [stderr]    Compiling num-derive v0.3.3
[INFO] [stderr]    Compiling solana-sdk-macro v1.14.9
[INFO] [stderr]    Compiling futures-macro v0.3.25
[INFO] [stderr]     Checking zeroize v1.3.0
[INFO] [stderr]    Compiling tracing-attributes v0.1.23
[INFO] [stderr]     Checking regex v1.7.0
[INFO] [stderr]     Checking flate2 v1.0.25
[INFO] [stderr]     Checking brotli v3.3.4
[INFO] [stderr]    Compiling heck v0.3.3
[INFO] [stderr]    Compiling proc-macro2-diagnostics v0.9.1
[INFO] [stderr]    Compiling bs58 v0.3.1
[INFO] [stderr]     Checking ipnet v2.6.0
[INFO] [stderr]    Compiling enum-iterator-derive v0.8.1
[INFO] [stderr]     Checking env_logger v0.9.3
[INFO] [stderr]     Checking solana-logger v1.14.9
[INFO] [stderr]     Checking rand_chacha v0.3.1
[INFO] [stderr]     Checking gethostname v0.2.3
[INFO] [stderr]    Compiling solana-program-runtime v1.14.9
[INFO] [stderr]     Checking tracing v0.1.37
[INFO] [stderr]     Checking rand v0.8.5
[INFO] [stderr]     Checking eager v0.1.0
[INFO] [stderr]     Checking enum-iterator v0.8.1
[INFO] [stderr]    Compiling solana-vote-program v1.14.9
[INFO] [stderr]    Compiling proc-macro2 v0.4.30
[INFO] [stderr]    Compiling prost-derive v0.11.9
[INFO] [stderr]     Checking tokio-util v0.7.4
[INFO] [stderr]     Checking tokio-rustls v0.23.4
[INFO] [stderr]     Checking h2 v0.3.20
[INFO] [stderr]     Checking async-compression v0.3.15
[INFO] [stderr]    Compiling unicode-xid v0.1.0
[INFO] [stderr]     Checking rustls-native-certs v0.6.2
[INFO] [stderr]     Checking merlin v3.0.0
[INFO] [stderr]    Compiling zstd-sys v2.0.4+zstd.1.5.2
[INFO] [stderr]    Compiling time-core v0.1.0
[INFO] [stderr]     Checking unicode-width v0.1.10
[INFO] [stderr]    Compiling syn v0.15.44
[INFO] [stderr]    Compiling async-trait v0.1.73
[INFO] [stderr]     Checking serde_bytes v0.11.7
[INFO] [stderr]     Checking bincode v1.3.3
[INFO] [stderr]     Checking crypto-common v0.1.6
[INFO] [stderr]     Checking block-buffer v0.10.3
[INFO] [stderr]     Checking digest v0.9.0
[INFO] [stderr]    Compiling toml v0.5.9
[INFO] [stderr]     Checking block-buffer v0.9.0
[INFO] [stderr]     Checking crypto-mac v0.8.0
[INFO] [stderr]     Checking digest v0.10.6
[INFO] [stderr]     Checking sha2 v0.9.9
[INFO] [stderr]     Checking hmac v0.8.1
[INFO] [stderr]     Checking curve25519-dalek v3.2.1
[INFO] [stderr]     Checking hmac-drbg v0.3.0
[INFO] [stderr]     Checking sha2 v0.10.6
[INFO] [stderr]     Checking pbkdf2 v0.4.0
[INFO] [stderr]     Checking libsecp256k1-core v0.2.2
[INFO] [stderr]     Checking tiny-bip39 v0.8.2
[INFO] [stderr]     Checking sha3 v0.10.6
[INFO] [stderr]     Checking hmac v0.12.1
[INFO] [stderr]     Checking pbkdf2 v0.11.0
[INFO] [stderr]     Checking chrono v0.4.23
[INFO] [stderr]     Checking hyper v0.14.27
[INFO] [stderr]    Compiling proc-macro-crate v0.1.5
[INFO] [stderr]     Checking ed25519-dalek v1.0.1
[INFO] [stderr]     Checking ed25519-dalek-bip32 v0.2.0
[INFO] [stderr]     Checking serde_urlencoded v0.7.1
[INFO] [stderr]    Compiling proc-macro-crate v1.2.1
[INFO] [stderr]    Compiling libsecp256k1-gen-genmult v0.2.1
[INFO] [stderr]    Compiling libsecp256k1-gen-ecmult v0.2.1
[INFO] [stderr]     Checking cipher v0.3.0
[INFO] [stderr]     Checking universal-hash v0.4.1
[INFO] [stderr]     Checking aes v0.7.5
[INFO] [stderr]    Compiling libsecp256k1 v0.6.0
[INFO] [stderr]     Checking polyval v0.5.3
[INFO] [stderr]     Checking ctr v0.8.0
[INFO] [stderr]    Compiling borsh-derive v0.9.3
[INFO] [stderr]    Compiling num_enum_derive v0.5.11
[INFO] [stderr]     Checking inout v0.1.3
[INFO] [stderr]     Checking aead v0.4.3
[INFO] [stderr]     Checking cipher v0.4.3
[INFO] [stderr]     Checking sha3 v0.9.1
[INFO] [stderr]    Compiling anchor-syn v0.26.0
[INFO] [stderr]     Checking aes-gcm-siv v0.10.3
[INFO] [stderr]    Compiling time-macros v0.2.6
[INFO] [stderr]    Compiling quote v0.6.13
[INFO] [stderr]     Checking borsh v0.9.3
[INFO] [stderr]    Compiling memoffset v0.7.1
[INFO] [stderr]     Checking hyper-rustls v0.23.2
[INFO] [stderr]     Checking num_enum v0.5.9
[INFO] [stderr]     Checking reqwest v0.11.13
[INFO] [stderr]     Checking time v0.3.17
[INFO] [stderr]     Checking terminal_size v0.1.17
[INFO] [stderr]    Compiling zstd-safe v5.0.2+zstd.1.5.2
[INFO] [stderr]    Compiling equivalent v1.0.1
[INFO] [stderr]    Compiling hashbrown v0.14.0
[INFO] [stderr]    Compiling prettyplease v0.1.25
[INFO] [stderr]    Compiling prost v0.11.9
[INFO] [stderr]    Compiling darling_core v0.14.2
[INFO] [stderr]     Checking console v0.15.2
[INFO] [stderr]    Compiling indexmap v2.0.0
[INFO] [stderr]     Checking nix v0.24.3
[INFO] [stderr]    Compiling pin-project-internal v1.1.3
[INFO] [stderr]    Compiling axum-core v0.3.4
[INFO] [stderr]    Compiling dlopen_derive v0.1.4
[INFO] [stderr]    Compiling autotools v0.2.6
[INFO] [stderr]    Compiling solana-address-lookup-table-program v1.14.9
[INFO] [stderr]    Compiling num-bigint v0.2.6
[INFO] [stderr]    Compiling rustls v0.21.6
[INFO] [stderr]    Compiling remove_dir_all v0.5.3
[INFO] [stderr]     Checking tower-layer v0.3.2
[INFO] [stderr]    Compiling ppv-lite86 v0.2.17
[INFO] [stderr]    Compiling fastrand v1.8.0
[INFO] [stderr]    Compiling fixedbitset v0.4.2
[INFO] [stderr]    Compiling solana-perf v1.14.9
[INFO] [stderr]    Compiling petgraph v0.6.4
[INFO] [stderr]    Compiling tempfile v3.3.0
[INFO] [stderr]     Checking dlopen v0.1.8
[INFO] [stderr]     Checking pin-project v1.1.3
[INFO] [stderr]    Compiling protobuf-src v1.1.0+21.5
[INFO] [stderr]    Compiling prost-types v0.11.9
[INFO] [stderr]    Compiling darling_macro v0.14.2
[INFO] [stderr]     Checking rusticata-macros v4.1.0
[INFO] [stderr]     Checking tokio-stream v0.1.11
[INFO] [stderr]     Checking caps v0.5.5
[INFO] [stderr]    Compiling displaydoc v0.2.3
[INFO] [stderr]    Compiling asn1-rs-impl v0.1.0
[INFO] [stderr]    Compiling asn1-rs-derive v0.4.0
[INFO] [stderr]    Compiling which v4.4.0
[INFO] [stderr]     Checking rustls-webpki v0.101.3
[INFO] [stderr]    Compiling axum v0.6.20
[INFO] [stderr]     Checking solana-rayon-threadlimit v1.14.9
[INFO] [stderr]    Compiling num-bigint v0.4.3
[INFO] [stderr]    Compiling num-iter v0.1.43
[INFO] [stderr]    Compiling num-complex v0.2.4
[INFO] [stderr]    Compiling num-rational v0.2.4
[INFO] [stderr]    Compiling multimap v0.8.3
[INFO] [stderr]    Compiling tinyvec v1.6.0
[INFO] [stderr]    Compiling prost-build v0.11.9
[INFO] [stderr]    Compiling darling v0.14.2
[INFO] [stderr]     Checking asn1-rs v0.5.1
[INFO] [stderr]     Checking tower v0.4.13
[INFO] [stderr]     Checking dialoguer v0.10.2
[INFO] [stderr]    Compiling anchor-syn v0.24.2
[INFO] [stderr]     Checking textwrap v0.11.0
[INFO] [stderr]     Checking futures-executor v0.3.25
[INFO] [stderr]     Checking tokio-io-timeout v1.2.0
[INFO] [stderr]     Checking Inflector v0.11.4
[INFO] [stderr]    Compiling async-stream-impl v0.3.5
[INFO] [stderr]     Checking fxhash v0.2.1
[INFO] [stderr]    Compiling solana-version v1.14.9
[INFO] [stderr]     Checking rustls-pemfile v0.2.1
[INFO] [stderr]    Compiling num-traits v0.2.15
[INFO] [stderr]     Checking ansi_term v0.12.1
[INFO] [stderr]    Compiling oid-registry v0.6.0
[INFO] [stderr]     Checking sync_wrapper v0.1.2
[INFO] [stderr]     Checking matchit v0.7.2
[INFO] [stderr]     Checking strsim v0.8.0
[INFO] [stderr]     Checking yaml-rust v0.4.5
[INFO] [stderr]     Checking clap v2.34.0
[INFO] [stderr]     Checking async-stream v0.3.5
[INFO] [stderr]     Checking quinn-proto v0.8.4
[INFO] [stderr]     Checking hyper-timeout v0.4.1
[INFO] [stderr]     Checking futures v0.3.25
[INFO] [stderr]     Checking tokio-rustls v0.24.1
[INFO] [stderr]    Compiling unicode-normalization v0.1.22
[INFO] [stderr]    Compiling tonic-build v0.9.2
[INFO] [stderr]    Compiling anchor-idl v0.3.1
[INFO] [stderr]     Checking rpassword v6.0.1
[INFO] [stderr]    Compiling shank_macro_impl v0.0.12
[INFO] [stderr]    Compiling borsh-derive-internal v0.7.2
[INFO] [stderr]    Compiling borsh-schema-derive-internal v0.7.2
[INFO] [stderr]     Checking dirs-sys-next v0.1.2
[INFO] [stderr]     Checking base64 v0.21.2
[INFO] [stderr]     Checking os_str_bytes v6.5.1
[INFO] [stderr]     Checking base64ct v1.5.3
[INFO] [stderr]     Checking clap_lex v0.2.4
[INFO] [stderr]     Checking spki v0.5.4
[INFO] [stderr]     Checking tonic v0.9.2
[INFO] [stderr]     Checking dirs-next v2.0.0
[INFO] [stderr]    Compiling borsh-derive v0.7.2
[INFO] [stderr]    Compiling shank_render v0.0.1
[INFO] [stderr]     Checking der-parser v8.1.0
[INFO] [stderr]     Checking quinn-udp v0.1.4
[INFO] [stderr]     Checking num v0.2.1
[INFO] [stderr]     Checking serde_yaml v0.8.26
[INFO] [stderr]     Checking yasna v0.5.0
[INFO] [stderr]     Checking sha-1 v0.10.1
[INFO] [stderr]    Compiling borsh-schema-derive-internal v0.8.2
[INFO] [stderr]    Compiling borsh-derive-internal v0.8.2
[INFO] [stderr]    Compiling memoffset v0.6.5
[INFO] [stderr]     Checking pem v1.1.0
[INFO] [stderr]     Checking textwrap v0.16.0
[INFO] [stderr]    Compiling rust_decimal v1.27.0
[INFO] [stderr]     Checking strsim v0.10.0
[INFO] [stderr]     Checking data-encoding v2.3.3
[INFO] [stderr]     Checking rustc-hex v2.1.0
[INFO] [stderr]     Checking tungstenite v0.17.3
[INFO] [stderr]     Checking uint v0.8.5
[INFO] [stderr]     Checking clap v3.2.25
[INFO] [stderr]    Compiling borsh-derive v0.8.2
[INFO] [stderr]     Checking rcgen v0.9.3
[INFO] [stderr]     Checking x509-parser v0.14.0
[INFO] [stderr]     Checking percentage v0.1.0
[INFO] [stderr]     Checking borsh v0.7.2
[INFO] [stderr]     Checking quinn v0.8.5
[INFO] [stderr]    Compiling shank_macro v0.0.12
[INFO] [stderr]    Compiling anchor-generate-cpi-interface v0.3.1
[INFO] [stderr]    Compiling anchor-generate-cpi-crate v0.3.1
[INFO] [stderr]     Checking pkcs8 v0.8.0
[INFO] [stderr]    Compiling anchor-attribute-event v0.26.0
[INFO] [stderr]    Compiling anchor-attribute-access-control v0.26.0
[INFO] [stderr]    Compiling anchor-attribute-state v0.26.0
[INFO] [stderr]    Compiling anchor-attribute-program v0.26.0
[INFO] [stderr]    Compiling anchor-derive-accounts v0.26.0
[INFO] [stderr]    Compiling anchor-attribute-constant v0.26.0
[INFO] [stderr]    Compiling anchor-attribute-interface v0.26.0
[INFO] [stderr]    Compiling anchor-attribute-account v0.26.0
[INFO] [stderr]    Compiling anchor-attribute-error v0.26.0
[INFO] [stderr]    Compiling enum_dispatch v0.3.8
[INFO] [stderr]     Checking number_prefix v0.4.0
[INFO] [stderr]     Checking event-listener v2.5.3
[INFO] [stderr]     Checking histogram v0.6.9
[INFO] [stderr]     Checking async-mutex v1.4.0
[INFO] [stderr]     Checking indicatif v0.16.2
[INFO] [stderr]     Checking anchor-gen v0.3.1
[INFO] [stderr]     Checking shank v0.0.12
[INFO] [stderr]     Checking tokio-tungstenite v0.17.2
[INFO] [stderr]     Checking tonic-health v0.9.2
[INFO] [stderr]     Checking jsonrpc-core v18.0.0
[INFO] [stderr]     Checking lib-sokoban v0.3.0
[INFO] [stderr]     Checking solana-security-txt v1.1.0
[INFO] [stderr]    Compiling rust_decimal_macros v1.27.0
[INFO] [stderr]     Checking spl-token v3.5.0
[INFO] [stderr]     Checking spl-memo v3.0.1
[INFO] [stderr]     Checking spl-math v0.1.0
[INFO] [stderr]     Checking anchor-lang v0.26.0
[INFO] [stderr]     Checking zstd v0.11.2+zstd.1.5.2
[INFO] [stderr]     Checking spl-token-swap v3.0.0
[INFO] [stderr]     Checking jupiter v0.1.0 (https://github.com/jup-ag/rust-amm-implementation.git?rev=1d02a43#1d02a43f)
[INFO] [stderr]     Checking solana-metrics v1.14.9
[INFO] [stderr]     Checking solana-measure v1.14.9
[INFO] [stderr]     Checking solana-zk-token-sdk v1.14.9
[INFO] [stderr]     Checking solana-remote-wallet v1.14.9
[INFO] [stderr]     Checking solana-net-utils v1.14.9
[INFO] [stderr]    Compiling ellipsis-macros v0.1.1
[INFO] [stderr]     Checking solana-config-program v1.14.9
[INFO] [stderr]     Checking spl-token-2022 v0.4.2
[INFO] [stderr]     Checking spl-token-2022 v0.5.0
[INFO] [stderr]     Checking solana-account-decoder v1.14.9
[INFO] [stderr]     Checking solana-clap-utils v1.14.9
[INFO] [stderr]     Checking solana-streamer v1.14.9
[INFO] [stderr]     Checking spl-associated-token-account v1.1.1
[INFO] [stderr]     Checking solana-cli-config v1.14.9
[INFO] [stderr]     Checking phoenix-v1 v0.2.4
[INFO] [stderr]     Checking solana-faucet v1.14.9
[INFO] [stderr]     Checking solana-transaction-status v1.14.9
[INFO] [stderr]     Checking solana-client v1.14.9
[INFO] [stderr]     Checking ellipsis-transaction-utils v0.1.0
[INFO] [stderr]     Checking jupiter-core v0.1.0 (https://github.com/jup-ag/rust-amm-implementation.git?rev=1d02a43#1d02a43f)
[INFO] [stderr] error: failed to run custom build command for `protobuf-src v1.1.0+21.5`
[INFO] [stderr] note: To improve backtraces for build dependencies, set the CARGO_PROFILE_DEV_BUILD_OVERRIDE_DEBUG=true environment variable to enable debug information generation.
[INFO] [stderr] 
[INFO] [stderr] Caused by:
[INFO] [stderr]   process didn't exit successfully: `/opt/rustwide/target/debug/build/protobuf-src-05670592d14d6fe2/build-script-build` (exit status: 101)
[INFO] [stderr]   --- stdout
[INFO] [stderr]   running: cd "/opt/rustwide/target/debug/build/protobuf-src-04c2e86e20d90884/out/install/build" && CC="cc" CFLAGS="-O0 -ffunction-sections -fdata-sections -fPIC -m64" CXX="c++" CXXFLAGS="-O0 -ffunction-sections -fdata-sections -fPIC -m64" "sh" "-c" "exec \"$0\" \"$@\"" "/opt/rustwide/cargo-home/registry/src/index.crates.io-6f17d22bba15001f/protobuf-src-1.1.0+21.5/protobuf/configure" "--prefix=/opt/rustwide/target/debug/build/protobuf-src-04c2e86e20d90884/out/install" "--disable-shared" "--enable-static" "--disable-maintainer-mode"
[INFO] [stderr]   checking whether to enable maintainer-specific portions of Makefiles... no
[INFO] [stderr]   checking build system type... x86_64-pc-linux-gnu
[INFO] [stderr]   checking host system type... x86_64-pc-linux-gnu
[INFO] [stderr]   checking target system type... x86_64-pc-linux-gnu
[INFO] [stderr]   checking for a BSD-compatible install... /usr/bin/install -c
[INFO] [stderr]   checking whether build environment is sane... yes
[INFO] [stderr]   checking for a race-free mkdir -p... /usr/bin/mkdir -p
[INFO] [stderr]   checking for gawk... no
[INFO] [stderr]   checking for mawk... mawk
[INFO] [stderr]   checking whether make sets $(MAKE)... yes
[INFO] [stderr]   checking whether make supports nested variables... yes
[INFO] [stderr]   checking whether UID '0' is supported by ustar format... yes
[INFO] [stderr]   checking whether GID '0' is supported by ustar format... yes
[INFO] [stderr]   checking how to create a ustar tar archive... gnutar
[INFO] [stderr]   checking whether make supports nested variables... (cached) yes
[INFO] [stderr]   checking for gcc... cc
[INFO] [stderr]   checking whether the C compiler works... yes
[INFO] [stderr]   checking for C compiler default output file name... a.out
[INFO] [stderr]   checking for suffix of executables... 
[INFO] [stderr]   checking whether we are cross compiling... no
[INFO] [stderr]   checking for suffix of object files... o
[INFO] [stderr]   checking whether the compiler supports GNU C... yes
[INFO] [stderr]   checking whether cc accepts -g... yes
[INFO] [stderr]   checking for cc option to enable C11 features... none needed
[INFO] [stderr]   checking whether cc understands -c and -o together... yes
[INFO] [stderr]   checking whether make supports the include directive... yes (GNU style)
[INFO] [stderr]   checking dependency style of cc... gcc3
[INFO] [stderr]   checking whether the compiler supports GNU C++... yes
[INFO] [stderr]   checking whether c++ accepts -g... yes
[INFO] [stderr]   checking for c++ option to enable C++11 features... none needed
[INFO] [stderr]   checking dependency style of c++... gcc3
[INFO] [stderr]   checking how to run the C preprocessor... cc -E
[INFO] [stderr]   checking for gcc... gcc
[INFO] [stderr]   checking whether the compiler supports GNU C... (cached) yes
[INFO] [stderr]   checking whether gcc accepts -g... yes
[INFO] [stderr]   checking for gcc option to enable C11 features... (cached) none needed
[INFO] [stderr]   checking whether gcc understands -c and -o together... (cached) yes
[INFO] [stderr]   checking dependency style of gcc... (cached) gcc3
[INFO] [stderr]   checking how to run the C preprocessor... gcc -E
[INFO] [stderr]   checking how to run the C++ preprocessor... c++ -E
[INFO] [stderr]   checking for g++... g++
[INFO] [stderr]   checking whether the compiler supports GNU C++... (cached) yes
[INFO] [stderr]   checking whether g++ accepts -g... yes
[INFO] [stderr]   checking for g++ option to enable C++11 features... (cached) none needed
[INFO] [stderr]   checking dependency style of g++... (cached) gcc3
[INFO] [stderr]   checking how to run the C++ preprocessor... g++ -E
[INFO] [stderr]   checking for stdio.h... yes
[INFO] [stderr]   checking for stdlib.h... yes
[INFO] [stderr]   checking for string.h... yes
[INFO] [stderr]   checking for inttypes.h... yes
[INFO] [stderr]   checking for stdint.h... yes
[INFO] [stderr]   checking for strings.h... yes
[INFO] [stderr]   checking for sys/stat.h... yes
[INFO] [stderr]   checking for sys/types.h... yes
[INFO] [stderr]   checking for unistd.h... yes
[INFO] [stderr]   checking for wchar.h... yes
[INFO] [stderr]   checking for minix/config.h... no
[INFO] [stderr]   checking whether it is safe to define __EXTENSIONS__... yes
[INFO] [stderr]   checking whether _XOPEN_SOURCE should be defined... no
[INFO] [stderr]   checking for ar... ar
[INFO] [stderr]   checking the archiver (ar) interface... ar
[INFO] [stderr]   checking C++ compiler flags...... use user-supplied: -O0 -ffunction-sections -fdata-sections -fPIC -m64
[INFO] [stderr]   checking for c++ options needed to detect all undeclared functions... none needed
[INFO] [stderr]   checking whether __SUNPRO_CC is declared... no
[INFO] [stderr]   checking how to print strings... printf
[INFO] [stderr]   checking for a sed that does not truncate output... /usr/bin/sed
[INFO] [stderr]   checking for grep that handles long lines and -e... /usr/bin/grep
[INFO] [stderr]   checking for egrep... /usr/bin/grep -E
[INFO] [stderr]   checking for fgrep... /usr/bin/grep -F
[INFO] [stderr]   checking for ld used by cc... /usr/bin/ld
[INFO] [stderr]   checking if the linker (/usr/bin/ld) is GNU ld... yes
[INFO] [stderr]   checking for BSD- or MS-compatible name lister (nm)... /usr/bin/nm -B
[INFO] [stderr]   checking the name lister (/usr/bin/nm -B) interface... BSD nm
[INFO] [stderr]   checking whether ln -s works... yes
[INFO] [stderr]   checking the maximum length of command line arguments... 1572864
[INFO] [stderr]   checking how to convert x86_64-pc-linux-gnu file names to x86_64-pc-linux-gnu format... func_convert_file_noop
[INFO] [stderr]   checking how to convert x86_64-pc-linux-gnu file names to toolchain format... func_convert_file_noop
[INFO] [stderr]   checking for /usr/bin/ld option to reload object files... -r
[INFO] [stderr]   checking for file... file
[INFO] [stderr]   checking for objdump... objdump
[INFO] [stderr]   checking how to recognize dependent libraries... pass_all
[INFO] [stderr]   checking for dlltool... no
[INFO] [stderr]   checking how to associate runtime and link libraries... printf %s\n
[INFO] [stderr]   checking for archiver @FILE support... @
[INFO] [stderr]   checking for strip... strip
[INFO] [stderr]   checking for ranlib... ranlib
[INFO] [stderr]   checking command to parse /usr/bin/nm -B output from cc object... ok
[INFO] [stderr]   checking for sysroot... no
[INFO] [stderr]   checking for a working dd... /usr/bin/dd
[INFO] [stderr]   checking how to truncate binary pipes... /usr/bin/dd bs=4096 count=1
[INFO] [stderr]   checking for mt... no
[INFO] [stderr]   checking if : is a manifest tool... no
[INFO] [stderr]   checking for dlfcn.h... yes
[INFO] [stderr]   checking for objdir... .libs
[INFO] [stderr]   checking if cc supports -fno-rtti -fno-exceptions... no
[INFO] [stderr]   checking for cc option to produce PIC... -fPIC -DPIC
[INFO] [stderr]   checking if cc PIC flag -fPIC -DPIC works... yes
[INFO] [stderr]   checking if cc static flag -static works... yes
[INFO] [stderr]   checking if cc supports -c -o file.o... yes
[INFO] [stderr]   checking if cc supports -c -o file.o... (cached) yes
[INFO] [stderr]   checking whether the cc linker (/usr/bin/ld -m elf_x86_64) supports shared libraries... yes
[INFO] [stderr]   checking dynamic linker characteristics... GNU/Linux ld.so
[INFO] [stderr]   checking how to hardcode library paths into programs... immediate
[INFO] [stderr]   checking whether stripping libraries is possible... yes
[INFO] [stderr]   checking if libtool supports shared libraries... yes
[INFO] [stderr]   checking whether to build shared libraries... no
[INFO] [stderr]   checking whether to build static libraries... yes
[INFO] [stderr]   checking how to run the C++ preprocessor... c++ -E
[INFO] [stderr]   checking for ld used by c++... /usr/bin/ld -m elf_x86_64
[INFO] [stderr]   checking if the linker (/usr/bin/ld -m elf_x86_64) is GNU ld... yes
[INFO] [stderr]   checking whether the c++ linker (/usr/bin/ld -m elf_x86_64) supports shared libraries... yes
[INFO] [stderr]   checking for c++ option to produce PIC... -fPIC -DPIC
[INFO] [stderr]   checking if c++ PIC flag -fPIC -DPIC works... yes
[INFO] [stderr]   checking if c++ static flag -static works... yes
[INFO] [stderr]   checking if c++ supports -c -o file.o... yes
[INFO] [stderr]   checking if c++ supports -c -o file.o... (cached) yes
[INFO] [stderr]   checking whether the c++ linker (/usr/bin/ld -m elf_x86_64) supports shared libraries... yes
[INFO] [stderr]   checking dynamic linker characteristics... (cached) GNU/Linux ld.so
[INFO] [stderr]   checking how to hardcode library paths into programs... immediate
[INFO] [stderr]   checking whether the linker supports version scripts... yes
[INFO] [stderr]   checking for egrep... (cached) /usr/bin/grep -E
[INFO] [stderr]   checking for fcntl.h... yes
[INFO] [stderr]   checking for inttypes.h... (cached) yes
[INFO] [stderr]   checking for limits.h... yes
[INFO] [stderr]   checking for stdlib.h... (cached) yes
[INFO] [stderr]   checking for unistd.h... (cached) yes
[INFO] [stderr]   checking for working memcmp... yes
[INFO] [stderr]   checking for working strtod... yes
[INFO] [stderr]   checking for ftruncate... yes
[INFO] [stderr]   checking for memset... yes
[INFO] [stderr]   checking for mkdir... yes
[INFO] [stderr]   checking for strchr... yes
[INFO] [stderr]   checking for strerror... yes
[INFO] [stderr]   checking for strtol... yes
[INFO] [stderr]   checking zlib version... ok (1.2.0.4 or later)
[INFO] [stderr]   checking for library containing zlibVersion... -lz
[INFO] [stderr]   checking whether c++ supports C++11 features by default... yes
[INFO] [stderr]   checking whether -latomic is needed... no
[INFO] [stderr]   checking whether cc is Clang... no
[INFO] [stderr]   checking whether pthreads work with "-pthread" and "-lpthread"... yes
[INFO] [stderr]   checking for joinable pthread attribute... PTHREAD_CREATE_JOINABLE
[INFO] [stderr]   checking whether more special flags are required for pthreads... no
[INFO] [stderr]   checking for PTHREAD_PRIO_INHERIT... yes
[INFO] [stderr]   checking the location of hash_map... <unordered_map>
[INFO] [stderr]   checking whether -llog is needed... no
[INFO] [stderr]   checking that generated files are newer than configure... done
[INFO] [stderr]   configure: creating ./config.status
[INFO] [stderr]   config.status: creating Makefile
[INFO] [stderr]   config.status: creating src/Makefile
[INFO] [stderr]   config.status: creating benchmarks/Makefile
[INFO] [stderr]   config.status: creating conformance/Makefile
[INFO] [stderr]   config.status: creating protobuf.pc
[INFO] [stderr]   config.status: creating protobuf-lite.pc
[INFO] [stderr]   config.status: creating config.h
[INFO] [stderr]   config.status: executing depfiles commands
[INFO] [stderr]   config.status: executing libtool commands
[INFO] [stderr]   === configuring in third_party/googletest (/opt/rustwide/target/debug/build/protobuf-src-04c2e86e20d90884/out/install/build/third_party/googletest)
[INFO] [stderr]   configure: running /bin/bash /opt/rustwide/cargo-home/registry/src/index.crates.io-6f17d22bba15001f/protobuf-src-1.1.0+21.5/protobuf/third_party/googletest/configure --disable-option-checking '--prefix=/opt/rustwide/target/debug/build/protobuf-src-04c2e86e20d90884/out/install'  '--disable-shared' '--enable-static' '--disable-maintainer-mode' 'CC=cc' 'CFLAGS=-O0 -ffunction-sections -fdata-sections -fPIC -m64' 'CXX=c++' 'CXXFLAGS=-O0 -ffunction-sections -fdata-sections -fPIC -m64' --cache-file=/dev/null --srcdir=/opt/rustwide/cargo-home/registry/src/index.crates.io-6f17d22bba15001f/protobuf-src-1.1.0+21.5/protobuf/third_party/googletest
[INFO] [stderr]   checking for a BSD-compatible install... /usr/bin/install -c
[INFO] [stderr]   checking whether build environment is sane... yes
[INFO] [stderr]   checking for a race-free mkdir -p... /usr/bin/mkdir -p
[INFO] [stderr]   checking for gawk... no
[INFO] [stderr]   checking for mawk... mawk
[INFO] [stderr]   checking whether make sets $(MAKE)... yes
[INFO] [stderr]   checking whether make supports nested variables... yes
[INFO] [stderr]   checking that generated files are newer than configure... done
[INFO] [stderr]   configure: creating ./config.status
[INFO] [stderr]   config.status: creating Makefile
[INFO] [stderr]   === configuring in googletest (/opt/rustwide/target/debug/build/protobuf-src-04c2e86e20d90884/out/install/build/third_party/googletest/googletest)
[INFO] [stderr]   configure: running /bin/bash /opt/rustwide/cargo-home/registry/src/index.crates.io-6f17d22bba15001f/protobuf-src-1.1.0+21.5/protobuf/third_party/googletest/googletest/configure --disable-option-checking '--prefix=/opt/rustwide/target/debug/build/protobuf-src-04c2e86e20d90884/out/install'  '--disable-shared' '--enable-static' '--disable-maintainer-mode' 'CC=cc' 'CFLAGS=-O0 -ffunction-sections -fdata-sections -fPIC -m64' 'CXX=c++' 'CXXFLAGS=-O0 -ffunction-sections -fdata-sections -fPIC -m64' --cache-file=/dev/null --srcdir=/opt/rustwide/cargo-home/registry/src/index.crates.io-6f17d22bba15001f/protobuf-src-1.1.0+21.5/protobuf/third_party/googletest/googletest
[INFO] [stderr]   checking for a BSD-compatible install... /usr/bin/install -c
[INFO] [stderr]   checking whether build environment is sane... yes
[INFO] [stderr]   checking for a race-free mkdir -p... /usr/bin/mkdir -p
[INFO] [stderr]   checking for gawk... no
[INFO] [stderr]   checking for mawk... mawk
[INFO] [stderr]   checking whether make sets $(MAKE)... yes
[INFO] [stderr]   checking whether make supports nested variables... yes
[INFO] [stderr]   checking for gcc... cc
[INFO] [stderr]   checking whether the C compiler works... yes
[INFO] [stderr]   checking for C compiler default output file name... a.out
[INFO] [stderr]   checking for suffix of executables... 
[INFO] [stderr]   checking whether we are cross compiling... no
[INFO] [stderr]   checking for suffix of object files... o
[INFO] [stderr]   checking whether the compiler supports GNU C... yes
[INFO] [stderr]   checking whether cc accepts -g... yes
[INFO] [stderr]   checking for cc option to enable C11 features... none needed
[INFO] [stderr]   checking whether cc understands -c and -o together... yes
[INFO] [stderr]   checking whether make supports the include directive... yes (GNU style)
[INFO] [stderr]   checking dependency style of cc... gcc3
[INFO] [stderr]   checking whether the compiler supports GNU C++... yes
[INFO] [stderr]   checking whether c++ accepts -g... yes
[INFO] [stderr]   checking for c++ option to enable C++11 features... none needed
[INFO] [stderr]   checking dependency style of c++... gcc3
[INFO] [stderr]   checking build system type... x86_64-pc-linux-gnu
[INFO] [stderr]   checking host system type... x86_64-pc-linux-gnu
[INFO] [stderr]   checking how to print strings... printf
[INFO] [stderr]   checking for a sed that does not truncate output... /usr/bin/sed
[INFO] [stderr]   checking for grep that handles long lines and -e... /usr/bin/grep
[INFO] [stderr]   checking for egrep... /usr/bin/grep -E
[INFO] [stderr]   checking for fgrep... /usr/bin/grep -F
[INFO] [stderr]   checking for ld used by cc... /usr/bin/ld
[INFO] [stderr]   checking if the linker (/usr/bin/ld) is GNU ld... yes
[INFO] [stderr]   checking for BSD- or MS-compatible name lister (nm)... /usr/bin/nm -B
[INFO] [stderr]   checking the name lister (/usr/bin/nm -B) interface... BSD nm
[INFO] [stderr]   checking whether ln -s works... yes
[INFO] [stderr]   checking the maximum length of command line arguments... 1572864
[INFO] [stderr]   checking how to convert x86_64-pc-linux-gnu file names to x86_64-pc-linux-gnu format... func_convert_file_noop
[INFO] [stderr]   checking how to convert x86_64-pc-linux-gnu file names to toolchain format... func_convert_file_noop
[INFO] [stderr]   checking for /usr/bin/ld option to reload object files... -r
[INFO] [stderr]   checking for file... file
[INFO] [stderr]   checking for objdump... objdump
[INFO] [stderr]   checking how to recognize dependent libraries... pass_all
[INFO] [stderr]   checking for dlltool... no
[INFO] [stderr]   checking how to associate runtime and link libraries... printf %s\n
[INFO] [stderr]   checking for ar... ar
[INFO] [stderr]   checking for archiver @FILE support... @
[INFO] [stderr]   checking for strip... strip
[INFO] [stderr]   checking for ranlib... ranlib
[INFO] [stderr]   checking command to parse /usr/bin/nm -B output from cc object... ok
[INFO] [stderr]   checking for sysroot... no
[INFO] [stderr]   checking for a working dd... /usr/bin/dd
[INFO] [stderr]   checking how to truncate binary pipes... /usr/bin/dd bs=4096 count=1
[INFO] [stderr]   checking for mt... no
[INFO] [stderr]   checking if : is a manifest tool... no
[INFO] [stderr]   checking for stdio.h... yes
[INFO] [stderr]   checking for stdlib.h... yes
[INFO] [stderr]   checking for string.h... yes
[INFO] [stderr]   checking for inttypes.h... yes
[INFO] [stderr]   checking for stdint.h... yes
[INFO] [stderr]   checking for strings.h... yes
[INFO] [stderr]   checking for sys/stat.h... yes
[INFO] [stderr]   checking for sys/types.h... yes
[INFO] [stderr]   checking for unistd.h... yes
[INFO] [stderr]   checking for dlfcn.h... yes
[INFO] [stderr]   checking for objdir... .libs
[INFO] [stderr]   checking if cc supports -fno-rtti -fno-exceptions... no
[INFO] [stderr]   checking for cc option to produce PIC... -fPIC -DPIC
[INFO] [stderr]   checking if cc PIC flag -fPIC -DPIC works... yes
[INFO] [stderr]   checking if cc static flag -static works... yes
[INFO] [stderr]   checking if cc supports -c -o file.o... yes
[INFO] [stderr]   checking if cc supports -c -o file.o... (cached) yes
[INFO] [stderr]   checking whether the cc linker (/usr/bin/ld -m elf_x86_64) supports shared libraries... yes
[INFO] [stderr]   checking dynamic linker characteristics... GNU/Linux ld.so
[INFO] [stderr]   checking how to hardcode library paths into programs... immediate
[INFO] [stderr]   checking whether stripping libraries is possible... yes
[INFO] [stderr]   checking if libtool supports shared libraries... yes
[INFO] [stderr]   checking whether to build shared libraries... no
[INFO] [stderr]   checking whether to build static libraries... yes
[INFO] [stderr]   checking how to run the C++ preprocessor... c++ -E
[INFO] [stderr]   checking for ld used by c++... /usr/bin/ld -m elf_x86_64
[INFO] [stderr]   checking if the linker (/usr/bin/ld -m elf_x86_64) is GNU ld... yes
[INFO] [stderr]   checking whether the c++ linker (/usr/bin/ld -m elf_x86_64) supports shared libraries... yes
[INFO] [stderr]   checking for c++ option to produce PIC... -fPIC -DPIC
[INFO] [stderr]   checking if c++ PIC flag -fPIC -DPIC works... yes
[INFO] [stderr]   checking if c++ static flag -static works... yes
[INFO] [stderr]   checking if c++ supports -c -o file.o... yes
[INFO] [stderr]   checking if c++ supports -c -o file.o... (cached) yes
[INFO] [stderr]   checking whether the c++ linker (/usr/bin/ld -m elf_x86_64) supports shared libraries... yes
[INFO] [stderr]   checking dynamic linker characteristics... (cached) GNU/Linux ld.so
[INFO] [stderr]   checking how to hardcode library paths into programs... immediate
[INFO] [stderr]   checking for python... :
[INFO] [stderr]   checking for the pthreads library -lpthreads... no
[INFO] [stderr]   checking whether pthreads work without any flags... yes
[INFO] [stderr]   checking for joinable pthread attribute... PTHREAD_CREATE_JOINABLE
[INFO] [stderr]   checking if more special flags are required for pthreads... no
[INFO] [stderr]   checking whether to check for GCC pthread/shared inconsistencies... yes
[INFO] [stderr]   checking whether -pthread is sufficient with -shared... yes
[INFO] [stderr]   checking that generated files are newer than configure... done
[INFO] [stderr]   configure: creating ./config.status
[INFO] [stderr]   config.status: creating Makefile
[INFO] [stderr]   config.status: creating scripts/gtest-config
[INFO] [stderr]   config.status: creating build-aux/config.h
[INFO] [stderr]   config.status: executing depfiles commands
[INFO] [stderr]   config.status: executing libtool commands
[INFO] [stderr]   === configuring in googlemock (/opt/rustwide/target/debug/build/protobuf-src-04c2e86e20d90884/out/install/build/third_party/googletest/googlemock)
[INFO] [stderr]   configure: running /bin/bash /opt/rustwide/cargo-home/registry/src/index.crates.io-6f17d22bba15001f/protobuf-src-1.1.0+21.5/protobuf/third_party/googletest/googlemock/configure --disable-option-checking '--prefix=/opt/rustwide/target/debug/build/protobuf-src-04c2e86e20d90884/out/install'  '--disable-shared' '--enable-static' '--disable-maintainer-mode' 'CC=cc' 'CFLAGS=-O0 -ffunction-sections -fdata-sections -fPIC -m64' 'CXX=c++' 'CXXFLAGS=-O0 -ffunction-sections -fdata-sections -fPIC -m64' --cache-file=/dev/null --srcdir=/opt/rustwide/cargo-home/registry/src/index.crates.io-6f17d22bba15001f/protobuf-src-1.1.0+21.5/protobuf/third_party/googletest/googlemock
[INFO] [stderr]   checking for a BSD-compatible install... /usr/bin/install -c
[INFO] [stderr]   checking whether build environment is sane... yes
[INFO] [stderr]   checking for a race-free mkdir -p... /usr/bin/mkdir -p
[INFO] [stderr]   checking for gawk... no
[INFO] [stderr]   checking for mawk... mawk
[INFO] [stderr]   checking whether make sets $(MAKE)... yes
[INFO] [stderr]   checking whether make supports nested variables... yes
[INFO] [stderr]   checking for gcc... cc
[INFO] [stderr]   checking whether the C compiler works... yes
[INFO] [stderr]   checking for C compiler default output file name... a.out
[INFO] [stderr]   checking for suffix of executables... 
[INFO] [stderr]   checking whether we are cross compiling... no
[INFO] [stderr]   checking for suffix of object files... o
[INFO] [stderr]   checking whether the compiler supports GNU C... yes
[INFO] [stderr]   checking whether cc accepts -g... yes
[INFO] [stderr]   checking for cc option to enable C11 features... none needed
[INFO] [stderr]   checking whether cc understands -c and -o together... yes
[INFO] [stderr]   checking whether make supports the include directive... yes (GNU style)
[INFO] [stderr]   checking dependency style of cc... gcc3
[INFO] [stderr]   checking whether the compiler supports GNU C++... yes
[INFO] [stderr]   checking whether c++ accepts -g... yes
[INFO] [stderr]   checking for c++ option to enable C++11 features... none needed
[INFO] [stderr]   checking dependency style of c++... gcc3
[INFO] [stderr]   checking build system type... x86_64-pc-linux-gnu
[INFO] [stderr]   checking host system type... x86_64-pc-linux-gnu
[INFO] [stderr]   checking how to print strings... printf
[INFO] [stderr]   checking for a sed that does not truncate output... /usr/bin/sed
[INFO] [stderr]   checking for grep that handles long lines and -e... /usr/bin/grep
[INFO] [stderr]   checking for egrep... /usr/bin/grep -E
[INFO] [stderr]   checking for fgrep... /usr/bin/grep -F
[INFO] [stderr]   checking for ld used by cc... /usr/bin/ld
[INFO] [stderr]   checking if the linker (/usr/bin/ld) is GNU ld... yes
[INFO] [stderr]   checking for BSD- or MS-compatible name lister (nm)... /usr/bin/nm -B
[INFO] [stderr]   checking the name lister (/usr/bin/nm -B) interface... BSD nm
[INFO] [stderr]   checking whether ln -s works... yes
[INFO] [stderr]   checking the maximum length of command line arguments... 1572864
[INFO] [stderr]   checking how to convert x86_64-pc-linux-gnu file names to x86_64-pc-linux-gnu format... func_convert_file_noop
[INFO] [stderr]   checking how to convert x86_64-pc-linux-gnu file names to toolchain format... func_convert_file_noop
[INFO] [stderr]   checking for /usr/bin/ld option to reload object files... -r
[INFO] [stderr]   checking for file... file
[INFO] [stderr]   checking for objdump... objdump
[INFO] [stderr]   checking how to recognize dependent libraries... pass_all
[INFO] [stderr]   checking for dlltool... no
[INFO] [stderr]   checking how to associate runtime and link libraries... printf %s\n
[INFO] [stderr]   checking for ar... ar
[INFO] [stderr]   checking for archiver @FILE support... @
[INFO] [stderr]   checking for strip... strip
[INFO] [stderr]   checking for ranlib... ranlib
[INFO] [stderr]   checking command to parse /usr/bin/nm -B output from cc object... ok
[INFO] [stderr]   checking for sysroot... no
[INFO] [stderr]   checking for a working dd... /usr/bin/dd
[INFO] [stderr]   checking how to truncate binary pipes... /usr/bin/dd bs=4096 count=1
[INFO] [stderr]   checking for mt... no
[INFO] [stderr]   checking if : is a manifest tool... no
[INFO] [stderr]   checking for stdio.h... yes
[INFO] [stderr]   checking for stdlib.h... yes
[INFO] [stderr]   checking for string.h... yes
[INFO] [stderr]   checking for inttypes.h... yes
[INFO] [stderr]   checking for stdint.h... yes
[INFO] [stderr]   checking for strings.h... yes
[INFO] [stderr]   checking for sys/stat.h... yes
[INFO] [stderr]   checking for sys/types.h... yes
[INFO] [stderr]   checking for unistd.h... yes
[INFO] [stderr]   checking for dlfcn.h... yes
[INFO] [stderr]   checking for objdir... .libs
[INFO] [stderr]   checking if cc supports -fno-rtti -fno-exceptions... no
[INFO] [stderr]   checking for cc option to produce PIC... -fPIC -DPIC
[INFO] [stderr]   checking if cc PIC flag -fPIC -DPIC works... yes
[INFO] [stderr]   checking if cc static flag -static works... yes
[INFO] [stderr]   checking if cc supports -c -o file.o... yes
[INFO] [stderr]   checking if cc supports -c -o file.o... (cached) yes
[INFO] [stderr]   checking whether the cc linker (/usr/bin/ld -m elf_x86_64) supports shared libraries... yes
[INFO] [stderr]   checking dynamic linker characteristics... GNU/Linux ld.so
[INFO] [stderr]   checking how to hardcode library paths into programs... immediate
[INFO] [stderr]   checking whether stripping libraries is possible... yes
[INFO] [stderr]   checking if libtool supports shared libraries... yes
[INFO] [stderr]   checking whether to build shared libraries... no
[INFO] [stderr]   checking whether to build static libraries... yes
[INFO] [stderr]   checking how to run the C++ preprocessor... c++ -E
[INFO] [stderr]   checking for ld used by c++... /usr/bin/ld -m elf_x86_64
[INFO] [stderr]   checking if the linker (/usr/bin/ld -m elf_x86_64) is GNU ld... yes
[INFO] [stderr]   checking whether the c++ linker (/usr/bin/ld -m elf_x86_64) supports shared libraries... yes
[INFO] [stderr]   checking for c++ option to produce PIC... -fPIC -DPIC
[INFO] [stderr]   checking if c++ PIC flag -fPIC -DPIC works... yes
[INFO] [stderr]   checking if c++ static flag -static works... yes
[INFO] [stderr]   checking if c++ supports -c -o file.o... yes
[INFO] [stderr]   checking if c++ supports -c -o file.o... (cached) yes
[INFO] [stderr]   checking whether the c++ linker (/usr/bin/ld -m elf_x86_64) supports shared libraries... yes
[INFO] [stderr]   checking dynamic linker characteristics... (cached) GNU/Linux ld.so
[INFO] [stderr]   checking how to hardcode library paths into programs... immediate
[INFO] [stderr]   checking for python... :
[INFO] [stderr]   checking for the pthreads library -lpthreads... no
[INFO] [stderr]   checking whether pthreads work without any flags... yes
[INFO] [stderr]   checking for joinable pthread attribute... PTHREAD_CREATE_JOINABLE
[INFO] [stderr]   checking if more special flags are required for pthreads... no
[INFO] [stderr]   checking whether to check for GCC pthread/shared inconsistencies... yes
[INFO] [stderr]   checking whether -pthread is sufficient with -shared... yes
[INFO] [stderr]   checking for gtest-config... no
[INFO] [stderr]   checking that generated files are newer than configure... done
[INFO] [stderr]   configure: creating ./config.status
[INFO] [stderr]   config.status: creating Makefile
[INFO] [stderr]   config.status: creating scripts/gmock-config
[INFO] [stderr]   config.status: creating build-aux/config.h
[INFO] [stderr]   config.status: executing depfiles commands
[INFO] [stderr]   config.status: executing libtool commands
[INFO] [stderr]   running: cd "/opt/rustwide/target/debug/build/protobuf-src-04c2e86e20d90884/out/install/build" && MAKEFLAGS="-j --jobserver-fds=7,8 --jobserver-auth=7,8" "sh" "-c" "exec \"$0\" \"$@\"" "make" "install"
[INFO] [stderr]   Making install in .
[INFO] [stderr]   make[1]: Entering directory '/opt/rustwide/target/debug/build/protobuf-src-04c2e86e20d90884/out/install/build'
[INFO] [stderr]   make[2]: Entering directory '/opt/rustwide/target/debug/build/protobuf-src-04c2e86e20d90884/out/install/build'
[INFO] [stderr]   make[2]: Nothing to be done for 'install-exec-am'.
[INFO] [stderr]    /usr/bin/mkdir -p '/opt/rustwide/target/debug/build/protobuf-src-04c2e86e20d90884/out/install/lib/pkgconfig'
[INFO] [stderr]    /usr/bin/install -c -m 644 protobuf.pc protobuf-lite.pc '/opt/rustwide/target/debug/build/protobuf-src-04c2e86e20d90884/out/install/lib/pkgconfig'
[INFO] [stderr]   make[2]: Leaving directory '/opt/rustwide/target/debug/build/protobuf-src-04c2e86e20d90884/out/install/build'
[INFO] [stderr]   make[1]: Leaving directory '/opt/rustwide/target/debug/build/protobuf-src-04c2e86e20d90884/out/install/build'
[INFO] [stderr]   Making install in src
[INFO] [stderr]   make[1]: Entering directory '/opt/rustwide/target/debug/build/protobuf-src-04c2e86e20d90884/out/install/build/src'
[INFO] [stderr]     CXX      google/protobuf/wire_format.lo
[INFO] [stderr]     CXX      google/protobuf/wrappers.pb.lo
[INFO] [stderr]     CXX      google/protobuf/compiler/code_generator.lo
[INFO] [stderr]     CXX      google/protobuf/compiler/command_line_interface.lo
[INFO] [stderr]     CXX      google/protobuf/compiler/plugin.lo
[INFO] [stderr]     CXX      google/protobuf/compiler/plugin.pb.lo
[INFO] [stderr]     CXX      google/protobuf/compiler/subprocess.lo
[INFO] [stderr]     CXX      google/protobuf/compiler/zip_writer.lo
[INFO] [stderr]     CXX      google/protobuf/compiler/main.o
[INFO] [stderr]     CXX      google/protobuf/any_lite.lo
[INFO] [stderr]     CXX      google/protobuf/arena.lo
[INFO] [stderr]     CXX      google/protobuf/arenastring.lo
[INFO] [stderr]     CXX      google/protobuf/arenaz_sampler.lo
[INFO] [stderr]     CXX      google/protobuf/extension_set.lo
[INFO] [stderr]     CXX      google/protobuf/generated_enum_util.lo
[INFO] [stderr]     CXX      google/protobuf/generated_message_tctable_lite.lo
[INFO] [stderr]     CXX      google/protobuf/generated_message_util.lo
[INFO] [stderr]     CXX      google/protobuf/implicit_weak_message.lo
[INFO] [stderr]     CXX      google/protobuf/inlined_string_field.lo
[INFO] [stderr]     CXX      google/protobuf/io/coded_stream.lo
[INFO] [stderr]     CXX      google/protobuf/io/io_win32.lo
[INFO] [stderr]     CXX      google/protobuf/io/strtod.lo
[INFO] [stderr]     CXX      google/protobuf/io/zero_copy_stream.lo
[INFO] [stderr]     CXX      google/protobuf/io/zero_copy_stream_impl.lo
[INFO] [stderr]     CXX      google/protobuf/io/zero_copy_stream_impl_lite.lo
[INFO] [stderr]     CXX      google/protobuf/map.lo
[INFO] [stderr]     CXX      google/protobuf/message_lite.lo
[INFO] [stderr]     CXX      google/protobuf/parse_context.lo
[INFO] [stderr]     CXX      google/protobuf/repeated_field.lo
[INFO] [stderr]     CXX      google/protobuf/repeated_ptr_field.lo
[INFO] [stderr]     CXX      google/protobuf/stubs/bytestream.lo
[INFO] [stderr]     CXX      google/protobuf/stubs/common.lo
[INFO] [stderr]     CXX      google/protobuf/stubs/int128.lo
[INFO] [stderr]     CXX      google/protobuf/stubs/status.lo
[INFO] [stderr]     CXX      google/protobuf/stubs/statusor.lo
[INFO] [stderr]     CXX      google/protobuf/stubs/stringpiece.lo
[INFO] [stderr]     CXX      google/protobuf/stubs/stringprintf.lo
[INFO] [stderr]     CXX      google/protobuf/stubs/structurally_valid.lo
[INFO] [stderr]     CXX      google/protobuf/stubs/strutil.lo
[INFO] [stderr]     CXX      google/protobuf/stubs/time.lo
[INFO] [stderr]     CXX      google/protobuf/wire_format_lite.lo
[INFO] [stderr]     CXX      google/protobuf/any.lo
[INFO] [stderr]     CXX      google/protobuf/any.pb.lo
[INFO] [stderr]     CXX      google/protobuf/api.pb.lo
[INFO] [stderr]     CXX      google/protobuf/compiler/importer.lo
[INFO] [stderr]     CXX      google/protobuf/compiler/parser.lo
[INFO] [stderr]     CXX      google/protobuf/descriptor.lo
[INFO] [stderr]     CXX      google/protobuf/descriptor.pb.lo
[INFO] [stderr]     CXX      google/protobuf/descriptor_database.lo
[INFO] [stderr]     CXX      google/protobuf/duration.pb.lo
[INFO] [stderr]     CXX      google/protobuf/dynamic_message.lo
[INFO] [stderr]     CXX      google/protobuf/empty.pb.lo
[INFO] [stderr]     CXX      google/protobuf/extension_set_heavy.lo
[INFO] [stderr]     CXX      google/protobuf/field_mask.pb.lo
[INFO] [stderr]     CXX      google/protobuf/generated_message_bases.lo
[INFO] [stderr]     CXX      google/protobuf/generated_message_reflection.lo
[INFO] [stderr]     CXX      google/protobuf/generated_message_tctable_full.lo
[INFO] [stderr]     CXX      google/protobuf/io/gzip_stream.lo
[INFO] [stderr]     CXX      google/protobuf/io/printer.lo
[INFO] [stderr]     CXX      google/protobuf/io/tokenizer.lo
[INFO] [stderr]     CXX      google/protobuf/map_field.lo
[INFO] [stderr]     CXX      google/protobuf/message.lo
[INFO] [stderr]     CXX      google/protobuf/reflection_ops.lo
[INFO] [stderr]     CXX      google/protobuf/service.lo
[INFO] [stderr]     CXX      google/protobuf/source_context.pb.lo
[INFO] [stderr]     CXX      google/protobuf/struct.pb.lo
[INFO] [stderr]     CXX      google/protobuf/stubs/substitute.lo
[INFO] [stderr]     CXX      google/protobuf/text_format.lo
[INFO] [stderr]     CXX      google/protobuf/timestamp.pb.lo
[INFO] [stderr]     CXX      google/protobuf/type.pb.lo
[INFO] [stderr]     CXX      google/protobuf/unknown_field_set.lo
[INFO] [stderr]     CXX      google/protobuf/util/delimited_message_util.lo
[INFO] [stderr]     CXX      google/protobuf/util/field_comparator.lo
[INFO] [stderr]     CXX      google/protobuf/util/field_mask_util.lo
[INFO] [stderr]     CXX      google/protobuf/util/internal/datapiece.lo
[INFO] [stderr]     CXX      google/protobuf/util/internal/default_value_objectwriter.lo
[INFO] [stderr]     CXX      google/protobuf/util/internal/error_listener.lo
[INFO] [stderr]     CXX      google/protobuf/util/internal/field_mask_utility.lo
[INFO] [stderr]     CXX      google/protobuf/util/internal/json_escaping.lo
[INFO] [stderr]     CXX      google/protobuf/util/internal/json_objectwriter.lo
[INFO] [stderr]     CXX      google/protobuf/util/internal/json_stream_parser.lo
[INFO] [stderr]     CXX      google/protobuf/util/internal/object_writer.lo
[INFO] [stderr]     CXX      google/protobuf/util/internal/proto_writer.lo
[INFO] [stderr]     CXX      google/protobuf/util/internal/protostream_objectsource.lo
[INFO] [stderr]     CXX      google/protobuf/util/internal/protostream_objectwriter.lo
[INFO] [stderr]     CXX      google/protobuf/util/internal/type_info.lo
[INFO] [stderr]     CXX      google/protobuf/util/internal/utility.lo
[INFO] [stderr]     CXX      google/protobuf/util/json_util.lo
[INFO] [stderr]     CXX      google/protobuf/util/message_differencer.lo
[INFO] [stderr]     CXX      google/protobuf/util/time_util.lo
[INFO] [stderr]     CXX      google/protobuf/util/type_resolver_util.lo
[INFO] [stderr]     CXX      google/protobuf/compiler/cpp/enum.lo
[INFO] [stderr]     CXX      google/protobuf/compiler/cpp/enum_field.lo
[INFO] [stderr]     CXX      google/protobuf/compiler/cpp/extension.lo
[INFO] [stderr]     CXX      google/protobuf/compiler/cpp/field.lo
[INFO] [stderr]     CXX      google/protobuf/compiler/cpp/file.lo
[INFO] [stderr]     CXX      google/protobuf/compiler/cpp/generator.lo
[INFO] [stderr]     CXX      google/protobuf/compiler/cpp/helpers.lo
[INFO] [stderr]     CXX      google/protobuf/compiler/cpp/map_field.lo
[INFO] [stderr]     CXX      google/protobuf/compiler/cpp/message.lo
[INFO] [stderr]     CXX      google/protobuf/compiler/cpp/message_field.lo
[INFO] [stderr]     CXX      google/protobuf/compiler/cpp/padding_optimizer.lo
[INFO] [stderr]     CXX      google/protobuf/compiler/cpp/parse_function_generator.lo
[INFO] [stderr]     CXX      google/protobuf/compiler/cpp/primitive_field.lo
[INFO] [stderr]   make[1]: Leaving directory '/opt/rustwide/target/debug/build/protobuf-src-04c2e86e20d90884/out/install/build/src'
[INFO] [stderr] 
[INFO] [stderr]   --- stderr
[INFO] [stderr]   In file included from /opt/rustwide/cargo-home/registry/src/index.crates.io-6f17d22bba15001f/protobuf-src-1.1.0+21.5/protobuf/src/google/protobuf/generated_message_tctable_lite.cc:36:
[INFO] [stderr]   /opt/rustwide/cargo-home/registry/src/index.crates.io-6f17d22bba15001f/protobuf-src-1.1.0+21.5/protobuf/src/google/protobuf/generated_message_tctable_impl.h: In function 'void google::protobuf::internal::AlignFail(uintptr_t) [with long unsigned int align = 4]':
[INFO] [stderr]   /opt/rustwide/cargo-home/registry/src/index.crates.io-6f17d22bba15001f/protobuf-src-1.1.0+21.5/protobuf/src/google/protobuf/generated_message_tctable_impl.h:256:1: warning: 'noreturn' function does return
[INFO] [stderr]     256 | }
[INFO] [stderr]         | ^
[INFO] [stderr]   /opt/rustwide/cargo-home/registry/src/index.crates.io-6f17d22bba15001f/protobuf-src-1.1.0+21.5/protobuf/src/google/protobuf/generated_message_tctable_impl.h: In function 'void google::protobuf::internal::AlignFail(uintptr_t) [with long unsigned int align = 8]':
[INFO] [stderr]   /opt/rustwide/cargo-home/registry/src/index.crates.io-6f17d22bba15001f/protobuf-src-1.1.0+21.5/protobuf/src/google/protobuf/generated_message_tctable_impl.h:256:1: warning: 'noreturn' function does return
[INFO] [stderr]   c++: fatal error: Killed signal terminated program cc1plus
[INFO] [stderr]   compilation terminated.
[INFO] [stderr]   make[1]: *** [Makefile:4514: google/protobuf/compiler/cpp/file.lo] Error 1
[INFO] [stderr]   make[1]: *** Waiting for unfinished jobs....
[INFO] [stderr]   make: *** [Makefile:1757: install-recursive] Error 1
[INFO] [stderr]   thread 'main' panicked at /opt/rustwide/cargo-home/registry/src/index.crates.io-6f17d22bba15001f/autotools-0.2.6/src/lib.rs:781:5:
[INFO] [stderr] 
[INFO] [stderr]   command did not execute successfully, got: exit status: 2
[INFO] [stderr] 
[INFO] [stderr]   build script failed, must exit now
[INFO] [stderr]   stack backtrace:
[INFO] [stderr]      0:     0x555f87b2eb46 - std::backtrace_rs::backtrace::libunwind::trace::heebc7766b165eb2a
[INFO] [stderr]                                  at /rustc/268dbbbc4b3fd71c5f360a4d0728295252430b5b/library/std/src/../../backtrace/src/backtrace/libunwind.rs:104:5
[INFO] [stderr]      1:     0x555f87b2eb46 - std::backtrace_rs::backtrace::trace_unsynchronized::ha677020d8fc0296d
[INFO] [stderr]                                  at /rustc/268dbbbc4b3fd71c5f360a4d0728295252430b5b/library/std/src/../../backtrace/src/backtrace/mod.rs:66:5
[INFO] [stderr]      2:     0x555f87b2eb46 - std::sys_common::backtrace::_print_fmt::hcaff2fd86a1aeaa3
[INFO] [stderr]                                  at /rustc/268dbbbc4b3fd71c5f360a4d0728295252430b5b/library/std/src/sys_common/backtrace.rs:68:5
[INFO] [stderr]      3:     0x555f87b2eb46 - <std::sys_common::backtrace::_print::DisplayBacktrace as core::fmt::Display>::fmt::hc2446d8aa0059188
[INFO] [stderr]                                  at /rustc/268dbbbc4b3fd71c5f360a4d0728295252430b5b/library/std/src/sys_common/backtrace.rs:44:22
[INFO] [stderr]      4:     0x555f87b53de0 - core::fmt::rt::Argument::fmt::h2fbb6454da37999b
[INFO] [stderr]                                  at /rustc/268dbbbc4b3fd71c5f360a4d0728295252430b5b/library/core/src/fmt/rt.rs:142:9
[INFO] [stderr]      5:     0x555f87b53de0 - core::fmt::write::had96bdeda7d49d3a
[INFO] [stderr]                                  at /rustc/268dbbbc4b3fd71c5f360a4d0728295252430b5b/library/core/src/fmt/mod.rs:1120:17
[INFO] [stderr]      6:     0x555f87b2c0ff - std::io::Write::write_fmt::h30b1f36eea05b391
[INFO] [stderr]                                  at /rustc/268dbbbc4b3fd71c5f360a4d0728295252430b5b/library/std/src/io/mod.rs:1849:15
[INFO] [stderr]      7:     0x555f87b2e924 - std::sys_common::backtrace::_print::hc333bb91ae972137
[INFO] [stderr]                                  at /rustc/268dbbbc4b3fd71c5f360a4d0728295252430b5b/library/std/src/sys_common/backtrace.rs:47:5
[INFO] [stderr]      8:     0x555f87b2e924 - std::sys_common::backtrace::print::h18fd3c71a95a3169
[INFO] [stderr]                                  at /rustc/268dbbbc4b3fd71c5f360a4d0728295252430b5b/library/std/src/sys_common/backtrace.rs:34:9
[INFO] [stderr]      9:     0x555f87b30207 - std::panicking::default_hook::{{closure}}::ha3473f9bcb4e9a37
[INFO] [stderr]     10:     0x555f87b2ff69 - std::panicking::default_hook::h23d9d43185db6584
[INFO] [stderr]                                  at /rustc/268dbbbc4b3fd71c5f360a4d0728295252430b5b/library/std/src/panicking.rs:292:9
[INFO] [stderr]     11:     0x555f87b30698 - std::panicking::rust_panic_with_hook::h94aceaa7df3a6edd
[INFO] [stderr]                                  at /rustc/268dbbbc4b3fd71c5f360a4d0728295252430b5b/library/std/src/panicking.rs:781:13
[INFO] [stderr]     12:     0x555f87b30572 - std::panicking::begin_panic_handler::{{closure}}::h9905d45d1d82fc42
[INFO] [stderr]                                  at /rustc/268dbbbc4b3fd71c5f360a4d0728295252430b5b/library/std/src/panicking.rs:659:13
[INFO] [stderr]     13:     0x555f87b2f046 - std::sys_common::backtrace::__rust_end_short_backtrace::hb02085545dc143b9
[INFO] [stderr]                                  at /rustc/268dbbbc4b3fd71c5f360a4d0728295252430b5b/library/std/src/sys_common/backtrace.rs:171:18
[INFO] [stderr]     14:     0x555f87b302c4 - rust_begin_unwind
[INFO] [stderr]                                  at /rustc/268dbbbc4b3fd71c5f360a4d0728295252430b5b/library/std/src/panicking.rs:647:5
[INFO] [stderr]     15:     0x555f87ab8845 - core::panicking::panic_fmt::h6dca3983f8a9f4d0
[INFO] [stderr]                                  at /rustc/268dbbbc4b3fd71c5f360a4d0728295252430b5b/library/core/src/panicking.rs:72:14
[INFO] [stderr]     16:     0x555f87aca9a1 - autotools::fail::h89dfb3d61e5ef73f
[INFO] [stderr]     17:     0x555f87ac8ce5 - autotools::Config::build::he8361948989ad877
[INFO] [stderr]     18:     0x555f87abfa9b - build_script_build::main::h412e892a942f64a2
[INFO] [stderr]     19:     0x555f87abad33 - core::ops::function::FnOnce::call_once::h02e603da2c83d25f
[INFO] [stderr]     20:     0x555f87aba5e6 - std::sys_common::backtrace::__rust_begin_short_backtrace::hb7536de88f2c5aa5
[INFO] [stderr]     21:     0x555f87aba929 - std::rt::lang_start::{{closure}}::hc5b6c759f697b9e9
[INFO] [stderr]     22:     0x555f87b27901 - core::ops::function::impls::<impl core::ops::function::FnOnce<A> for &F>::call_once::h298d8ff12ebcec8c
[INFO] [stderr]                                  at /rustc/268dbbbc4b3fd71c5f360a4d0728295252430b5b/library/core/src/ops/function.rs:284:13
[INFO] [stderr]     23:     0x555f87b27901 - std::panicking::try::do_call::hbd0ffb05da5bd343
[INFO] [stderr]                                  at /rustc/268dbbbc4b3fd71c5f360a4d0728295252430b5b/library/std/src/panicking.rs:554:40
[INFO] [stderr]     24:     0x555f87b27901 - std::panicking::try::h11c9a152defd5d2a
[INFO] [stderr]                                  at /rustc/268dbbbc4b3fd71c5f360a4d0728295252430b5b/library/std/src/panicking.rs:518:19
[INFO] [stderr]     25:     0x555f87b27901 - std::panic::catch_unwind::h0d6db2fa902b4d64
[INFO] [stderr]                                  at /rustc/268dbbbc4b3fd71c5f360a4d0728295252430b5b/library/std/src/panic.rs:142:14
[INFO] [stderr]     26:     0x555f87b27901 - std::rt::lang_start_internal::{{closure}}::hdcc09b4aad7ef821
[INFO] [stderr]                                  at /rustc/268dbbbc4b3fd71c5f360a4d0728295252430b5b/library/std/src/rt.rs:148:48
[INFO] [stderr]     27:     0x555f87b27901 - std::panicking::try::do_call::h3ffd2f162d60900f
[INFO] [stderr]                                  at /rustc/268dbbbc4b3fd71c5f360a4d0728295252430b5b/library/std/src/panicking.rs:554:40
[INFO] [stderr]     28:     0x555f87b27901 - std::panicking::try::heeba82b9c3e190fb
[INFO] [stderr]                                  at /rustc/268dbbbc4b3fd71c5f360a4d0728295252430b5b/library/std/src/panicking.rs:518:19
[INFO] [stderr]     29:     0x555f87b27901 - std::panic::catch_unwind::hdaab8f1c188f387f
[INFO] [stderr]                                  at /rustc/268dbbbc4b3fd71c5f360a4d0728295252430b5b/library/std/src/panic.rs:142:14
[INFO] [stderr]     30:     0x555f87b27901 - std::rt::lang_start_internal::h9989e088c48b7903
[INFO] [stderr]                                  at /rustc/268dbbbc4b3fd71c5f360a4d0728295252430b5b/library/std/src/rt.rs:148:20
[INFO] [stderr]     31:     0x555f87aba907 - std::rt::lang_start::h89f10f3176dac471
[INFO] [stderr]     32:     0x555f87abff45 - main
[INFO] [stderr]     33:     0x7f7026703d90 - <unknown>
[INFO] [stderr]     34:     0x7f7026703e40 - __libc_start_main
[INFO] [stderr]     35:     0x555f87ab9065 - _start
[INFO] [stderr]     36:                0x0 - <unknown>
[INFO] running `Command { std: "docker" "inspect" "449431fc9d71804bbdef5ff0159a022cb70c806c71fff8f9b40cbd9dc783b0ba", kill_on_drop: false }`
[INFO] running `Command { std: "docker" "rm" "-f" "449431fc9d71804bbdef5ff0159a022cb70c806c71fff8f9b40cbd9dc783b0ba", kill_on_drop: false }`
[INFO] [stdout] 449431fc9d71804bbdef5ff0159a022cb70c806c71fff8f9b40cbd9dc783b0ba
