[INFO] fetching crate xmc4400 0.7.0...
[INFO] checking xmc4400-0.7.0 against nightly-2024-02-05 for check-cfg
[INFO] extracting crate xmc4400 0.7.0 into /workspace/builds/worker-0-tc1/source
[INFO] validating manifest of crates.io crate xmc4400 0.7.0 on toolchain nightly-2024-02-05
[INFO] running `Command { std: CARGO_HOME="/workspace/cargo-home" RUSTUP_HOME="/workspace/rustup-home" "/workspace/cargo-home/bin/cargo" "+nightly-2024-02-05" "metadata" "--manifest-path" "Cargo.toml" "--no-deps", kill_on_drop: false }`
[INFO] started tweaking crates.io crate xmc4400 0.7.0
[INFO] finished tweaking crates.io crate xmc4400 0.7.0
[INFO] tweaked toml for crates.io crate xmc4400 0.7.0 written to /workspace/builds/worker-0-tc1/source/Cargo.toml
[INFO] running `Command { std: CARGO_HOME="/workspace/cargo-home" RUSTUP_HOME="/workspace/rustup-home" "/workspace/cargo-home/bin/cargo" "+nightly-2024-02-05" "generate-lockfile" "--manifest-path" "Cargo.toml", kill_on_drop: false }`
[INFO] [stderr]     Updating crates.io index
[INFO] [stderr] warning: spurious network error (3 tries remaining): [7] Couldn't connect to server (Failed to connect to index.crates.io port 443 after 4803 ms: Couldn't connect to server)
[INFO] [stderr] warning: spurious network error (2 tries remaining): [7] Couldn't connect to server (Failed to connect to index.crates.io port 443 after 0 ms: Couldn't connect to server)
[INFO] [stderr] warning: spurious network error (1 tries remaining): [7] Couldn't connect to server (Failed to connect to index.crates.io port 443 after 0 ms: Couldn't connect to server)
[INFO] [stderr] error: failed to get `cortex-m` as a dependency of package `xmc4400 v0.7.0 (/workspace/builds/worker-0-tc1/source)`
[INFO] [stderr] 
[INFO] [stderr] Caused by:
[INFO] [stderr]   failed to query replaced source registry `crates-io`
[INFO] [stderr] 
[INFO] [stderr] Caused by:
[INFO] [stderr]   download of config.json failed
[INFO] [stderr] 
[INFO] [stderr] Caused by:
[INFO] [stderr]   failed to download from `https://index.crates.io/config.json`
[INFO] [stderr] 
[INFO] [stderr] Caused by:
[INFO] [stderr]   [7] Couldn't connect to server (Failed to connect to index.crates.io port 443 after 0 ms: Couldn't connect to server)
[ERROR] this task or one of its parent failed!
[ERROR] command failed: exit status: 101
[ERROR] note: run with `RUST_BACKTRACE=1` to display a backtrace.
[INFO] checking xmc4400-0.7.0 against nightly-2024-02-05+rustflags=-Dunexpected_cfgs+cargoflags=-Zcheck-cfg for check-cfg
[INFO] extracting crate xmc4400 0.7.0 into /workspace/builds/worker-0-tc2/source
[INFO] validating manifest of crates.io crate xmc4400 0.7.0 on toolchain nightly-2024-02-05
[INFO] running `Command { std: CARGO_HOME="/workspace/cargo-home" RUSTUP_HOME="/workspace/rustup-home" "/workspace/cargo-home/bin/cargo" "+nightly-2024-02-05" "metadata" "--manifest-path" "Cargo.toml" "--no-deps", kill_on_drop: false }`
[INFO] started tweaking crates.io crate xmc4400 0.7.0
[INFO] finished tweaking crates.io crate xmc4400 0.7.0
[INFO] tweaked toml for crates.io crate xmc4400 0.7.0 written to /workspace/builds/worker-0-tc2/source/Cargo.toml
[INFO] running `Command { std: CARGO_HOME="/workspace/cargo-home" RUSTUP_HOME="/workspace/rustup-home" "/workspace/cargo-home/bin/cargo" "+nightly-2024-02-05" "generate-lockfile" "--manifest-path" "Cargo.toml", kill_on_drop: false }`
[INFO] [stderr]     Updating crates.io index
[INFO] running `Command { std: CARGO_HOME="/workspace/cargo-home" RUSTUP_HOME="/workspace/rustup-home" "/workspace/cargo-home/bin/cargo" "+nightly-2024-02-05" "fetch" "--manifest-path" "Cargo.toml", kill_on_drop: false }`
[INFO] [stderr]  Downloading crates ...
[INFO] [stderr]   Downloaded cortex-m-rt-macros v0.7.0
[INFO] [stderr]   Downloaded bare-metal v0.2.5
[INFO] [stderr]   Downloaded vcell v0.1.3
[INFO] [stderr]   Downloaded bitfield v0.13.2
[INFO] [stderr]   Downloaded volatile-register v0.2.2
[INFO] [stderr]   Downloaded cortex-m v0.7.7
[INFO] [stderr]   Downloaded cortex-m-rt v0.7.3
[INFO] running `Command { std: "docker" "create" "-v" "/var/lib/crater-agent-workspace/builds/worker-0-tc2/target:/opt/rustwide/target:rw,Z" "-v" "/var/lib/crater-agent-workspace/builds/worker-0-tc2/source:/opt/rustwide/workdir:ro,Z" "-v" "/var/lib/crater-agent-workspace/cargo-home:/opt/rustwide/cargo-home:ro,Z" "-v" "/var/lib/crater-agent-workspace/rustup-home:/opt/rustwide/rustup-home:ro,Z" "-e" "SOURCE_DIR=/opt/rustwide/workdir" "-e" "CARGO_TARGET_DIR=/opt/rustwide/target" "-e" "CARGO_HOME=/opt/rustwide/cargo-home" "-e" "RUSTUP_HOME=/opt/rustwide/rustup-home" "-w" "/opt/rustwide/workdir" "-m" "1610612736" "--user" "0:0" "--network" "none" "ghcr.io/rust-lang/crates-build-env/linux@sha256:2788e3201cd34a07e3172128adcd8b3090168a8e3bcc40d7c032b9dda1df7d1c" "/opt/rustwide/cargo-home/bin/cargo" "+nightly-2024-02-05" "metadata" "--no-deps" "--format-version=1", kill_on_drop: false }`
[INFO] [stdout] 2510e9193e2cf86f8e66478aca73fc45c5fec0833f967afb1916a9a4cce20769
[INFO] running `Command { std: "docker" "start" "-a" "2510e9193e2cf86f8e66478aca73fc45c5fec0833f967afb1916a9a4cce20769", kill_on_drop: false }`
[INFO] running `Command { std: "docker" "inspect" "2510e9193e2cf86f8e66478aca73fc45c5fec0833f967afb1916a9a4cce20769", kill_on_drop: false }`
[INFO] running `Command { std: "docker" "rm" "-f" "2510e9193e2cf86f8e66478aca73fc45c5fec0833f967afb1916a9a4cce20769", kill_on_drop: false }`
[INFO] [stdout] 2510e9193e2cf86f8e66478aca73fc45c5fec0833f967afb1916a9a4cce20769
[INFO] running `Command { std: "docker" "create" "-v" "/var/lib/crater-agent-workspace/builds/worker-0-tc2/target:/opt/rustwide/target:rw,Z" "-v" "/var/lib/crater-agent-workspace/builds/worker-0-tc2/source:/opt/rustwide/workdir:ro,Z" "-v" "/var/lib/crater-agent-workspace/cargo-home:/opt/rustwide/cargo-home:ro,Z" "-v" "/var/lib/crater-agent-workspace/rustup-home:/opt/rustwide/rustup-home:ro,Z" "-e" "SOURCE_DIR=/opt/rustwide/workdir" "-e" "CARGO_TARGET_DIR=/opt/rustwide/target" "-e" "CARGO_INCREMENTAL=0" "-e" "RUST_BACKTRACE=full" "-e" "RUSTFLAGS=--cap-lints=forbid -Dunexpected_cfgs" "-e" "RUSTDOCFLAGS=--cap-lints=forbid" "-e" "CARGO_HOME=/opt/rustwide/cargo-home" "-e" "RUSTUP_HOME=/opt/rustwide/rustup-home" "-w" "/opt/rustwide/workdir" "-m" "1610612736" "--user" "0:0" "--network" "none" "ghcr.io/rust-lang/crates-build-env/linux@sha256:2788e3201cd34a07e3172128adcd8b3090168a8e3bcc40d7c032b9dda1df7d1c" "/opt/rustwide/cargo-home/bin/cargo" "+nightly-2024-02-05" "check" "--frozen" "--all" "--all-targets" "--message-format=json" "-Zcheck-cfg", kill_on_drop: false }`
[INFO] [stdout] fb9b110420dec47df7cdd2af03048f0815c00042115da958e047faa573df9907
[INFO] running `Command { std: "docker" "start" "-a" "fb9b110420dec47df7cdd2af03048f0815c00042115da958e047faa573df9907", kill_on_drop: false }`
[INFO] [stderr]    Compiling semver-parser v0.7.0
[INFO] [stderr]    Compiling cortex-m v0.7.7
[INFO] [stderr]     Checking nb v1.1.0
[INFO] [stderr]     Checking vcell v0.1.3
[INFO] [stderr]     Checking void v1.0.2
[INFO] [stderr]     Checking bitfield v0.13.2
[INFO] [stderr]    Compiling xmc4400 v0.7.0 (/opt/rustwide/workdir)
[INFO] [stderr]     Checking volatile-register v0.2.2
[INFO] [stderr]     Checking nb v0.1.3
[INFO] [stderr]     Checking embedded-hal v0.2.7
[INFO] [stderr]    Compiling semver v0.9.0
[INFO] [stderr]    Compiling rustc_version v0.2.3
[INFO] [stderr]    Compiling bare-metal v0.2.5
[INFO] [stdout] error: unexpected `cfg` condition value: `critical-section`
[INFO] [stdout]     --> src/lib.rs:9280:11
[INFO] [stdout]      |
[INFO] [stdout] 9280 |     #[cfg(feature = "critical-section")]
[INFO] [stdout]      |           ^^^^^^^^^^^^^^^^^^^^^^^^^^^^
[INFO] [stdout]      |
[INFO] [stdout]      = note: expected values for `feature` are: `cortex-m-rt`, `rt`
[INFO] [stdout]      = help: consider adding `critical-section` as a feature in `Cargo.toml`
[INFO] [stdout]      = note: see <https://doc.rust-lang.org/nightly/cargo/reference/unstable.html#check-cfg> for more information about checking conditional configuration
[INFO] [stdout]      = note: requested on the command line with `-D unexpected-cfgs`
[INFO] [stdout] 
[INFO] [stdout] 
[INFO] [stdout] error: unexpected `cfg` condition value: `critical-section`
[INFO] [stdout]     --> src/lib.rs:9280:11
[INFO] [stdout]      |
[INFO] [stdout] 9280 |     #[cfg(feature = "critical-section")]
[INFO] [stdout]      |           ^^^^^^^^^^^^^^^^^^^^^^^^^^^^
[INFO] [stdout]      |
[INFO] [stdout]      = note: expected values for `feature` are: `cortex-m-rt`, `rt`
[INFO] [stdout]      = help: consider adding `critical-section` as a feature in `Cargo.toml`
[INFO] [stdout]      = note: see <https://doc.rust-lang.org/nightly/cargo/reference/unstable.html#check-cfg> for more information about checking conditional configuration
[INFO] [stdout]      = note: requested on the command line with `-D unexpected-cfgs`
[INFO] [stdout] 
[INFO] [stdout] 
[INFO] [stderr] error: could not compile `xmc4400` (lib test) due to 1 previous error
[INFO] [stderr] 
[INFO] [stderr] Caused by:
[INFO] [stderr]   process didn't exit successfully: `/opt/rustwide/rustup-home/toolchains/nightly-2024-02-05-x86_64-unknown-linux-gnu/bin/rustc --crate-name xmc4400 --edition=2018 src/lib.rs --error-format=json --json=diagnostic-rendered-ansi,artifacts,future-incompat --emit=dep-info,metadata -C embed-bitcode=no -C debuginfo=2 --test -Zunstable-options --check-cfg 'cfg(feature, values("cortex-m-rt", "rt"))' -C metadata=53aa4ee77a1b2c56 -C extra-filename=-53aa4ee77a1b2c56 --out-dir /opt/rustwide/target/debug/deps -L dependency=/opt/rustwide/target/debug/deps --extern cortex_m=/opt/rustwide/target/debug/deps/libcortex_m-f55122bef26c815b.rmeta --extern vcell=/opt/rustwide/target/debug/deps/libvcell-19d8ef96d75f2159.rmeta --cap-lints=forbid -Dunexpected_cfgs` (signal: 9, SIGKILL: kill)
[INFO] [stderr] warning: build failed, waiting for other jobs to finish...
[INFO] [stderr] error: could not compile `xmc4400` (lib) due to 1 previous error
[INFO] [stderr] 
[INFO] [stderr] Caused by:
[INFO] [stderr]   process didn't exit successfully: `/opt/rustwide/rustup-home/toolchains/nightly-2024-02-05-x86_64-unknown-linux-gnu/bin/rustc --crate-name xmc4400 --edition=2018 src/lib.rs --error-format=json --json=diagnostic-rendered-ansi,artifacts,future-incompat --crate-type lib --emit=dep-info,metadata -C embed-bitcode=no -C debuginfo=2 -Zunstable-options --check-cfg 'cfg(feature, values("cortex-m-rt", "rt"))' -C metadata=9c2009cad50028b3 -C extra-filename=-9c2009cad50028b3 --out-dir /opt/rustwide/target/debug/deps -L dependency=/opt/rustwide/target/debug/deps --extern cortex_m=/opt/rustwide/target/debug/deps/libcortex_m-f55122bef26c815b.rmeta --extern vcell=/opt/rustwide/target/debug/deps/libvcell-19d8ef96d75f2159.rmeta --cap-lints=forbid -Dunexpected_cfgs` (signal: 9, SIGKILL: kill)
[INFO] running `Command { std: "docker" "inspect" "fb9b110420dec47df7cdd2af03048f0815c00042115da958e047faa573df9907", kill_on_drop: false }`
[INFO] running `Command { std: "docker" "rm" "-f" "fb9b110420dec47df7cdd2af03048f0815c00042115da958e047faa573df9907", kill_on_drop: false }`
[INFO] [stdout] fb9b110420dec47df7cdd2af03048f0815c00042115da958e047faa573df9907
