[INFO] fetching crate postcss 0.0.2...
[INFO] checking postcss-0.0.2 against nightly-2024-02-05 for check-cfg
[INFO] extracting crate postcss 0.0.2 into /workspace/builds/worker-2-tc1/source
[INFO] validating manifest of crates.io crate postcss 0.0.2 on toolchain nightly-2024-02-05
[INFO] running `Command { std: CARGO_HOME="/workspace/cargo-home" RUSTUP_HOME="/workspace/rustup-home" "/workspace/cargo-home/bin/cargo" "+nightly-2024-02-05" "metadata" "--manifest-path" "Cargo.toml" "--no-deps", kill_on_drop: false }`
[INFO] started tweaking crates.io crate postcss 0.0.2
[INFO] finished tweaking crates.io crate postcss 0.0.2
[INFO] tweaked toml for crates.io crate postcss 0.0.2 written to /workspace/builds/worker-2-tc1/source/Cargo.toml
[INFO] crate crates.io crate postcss 0.0.2 already has a lockfile, it will not be regenerated
[INFO] running `Command { std: CARGO_HOME="/workspace/cargo-home" RUSTUP_HOME="/workspace/rustup-home" "/workspace/cargo-home/bin/cargo" "+nightly-2024-02-05" "fetch" "--manifest-path" "Cargo.toml", kill_on_drop: false }`
[INFO] [stderr]  Downloading crates ...
[INFO] [stderr] warning: spurious network error (3 tries remaining): [7] Couldn't connect to server (Failed to connect to crates.io port 443 after 4803 ms: Couldn't connect to server)
[INFO] [stderr] warning: spurious network error (3 tries remaining): [7] Couldn't connect to server (Failed to connect to crates.io port 443 after 0 ms: Couldn't connect to server)
[INFO] [stderr] warning: spurious network error (2 tries remaining): [7] Couldn't connect to server (Failed to connect to crates.io port 443 after 0 ms: Couldn't connect to server)
[INFO] [stderr] warning: spurious network error (2 tries remaining): [7] Couldn't connect to server (Failed to connect to crates.io port 443 after 0 ms: Couldn't connect to server)
[INFO] [stderr] warning: spurious network error (1 tries remaining): [7] Couldn't connect to server (Failed to connect to crates.io port 443 after 0 ms: Couldn't connect to server)
[INFO] [stderr] warning: spurious network error (1 tries remaining): [7] Couldn't connect to server (Failed to connect to crates.io port 443 after 0 ms: Couldn't connect to server)
[INFO] [stderr] error: failed to download from `https://crates.io/api/v1/crates/libc/0.2.106/download`
[INFO] [stderr] 
[INFO] [stderr] Caused by:
[INFO] [stderr]   [7] Couldn't connect to server (Failed to connect to crates.io port 443 after 0 ms: Couldn't connect to server)
[ERROR] this task or one of its parent failed!
[ERROR] command failed: exit status: 101
[ERROR] note: run with `RUST_BACKTRACE=1` to display a backtrace.
[INFO] checking postcss-0.0.2 against nightly-2024-02-05+rustflags=-Dunexpected_cfgs+cargoflags=-Zcheck-cfg for check-cfg
[INFO] extracting crate postcss 0.0.2 into /workspace/builds/worker-2-tc2/source
[INFO] validating manifest of crates.io crate postcss 0.0.2 on toolchain nightly-2024-02-05
[INFO] running `Command { std: CARGO_HOME="/workspace/cargo-home" RUSTUP_HOME="/workspace/rustup-home" "/workspace/cargo-home/bin/cargo" "+nightly-2024-02-05" "metadata" "--manifest-path" "Cargo.toml" "--no-deps", kill_on_drop: false }`
[INFO] started tweaking crates.io crate postcss 0.0.2
[INFO] finished tweaking crates.io crate postcss 0.0.2
[INFO] tweaked toml for crates.io crate postcss 0.0.2 written to /workspace/builds/worker-2-tc2/source/Cargo.toml
[INFO] crate crates.io crate postcss 0.0.2 already has a lockfile, it will not be regenerated
[INFO] running `Command { std: CARGO_HOME="/workspace/cargo-home" RUSTUP_HOME="/workspace/rustup-home" "/workspace/cargo-home/bin/cargo" "+nightly-2024-02-05" "fetch" "--manifest-path" "Cargo.toml", kill_on_drop: false }`
[INFO] [stderr]     Blocking waiting for file lock on package cache
[INFO] [stderr]     Blocking waiting for file lock on package cache
[INFO] [stderr]  Downloading crates ...
[INFO] [stderr]   Downloaded ropey v1.3.1
[INFO] [stderr]   Downloaded libc v0.2.106
[INFO] running `Command { std: "docker" "create" "-v" "/var/lib/crater-agent-workspace/builds/worker-2-tc2/target:/opt/rustwide/target:rw,Z" "-v" "/var/lib/crater-agent-workspace/builds/worker-2-tc2/source:/opt/rustwide/workdir:ro,Z" "-v" "/var/lib/crater-agent-workspace/cargo-home:/opt/rustwide/cargo-home:ro,Z" "-v" "/var/lib/crater-agent-workspace/rustup-home:/opt/rustwide/rustup-home:ro,Z" "-e" "SOURCE_DIR=/opt/rustwide/workdir" "-e" "CARGO_TARGET_DIR=/opt/rustwide/target" "-e" "CARGO_HOME=/opt/rustwide/cargo-home" "-e" "RUSTUP_HOME=/opt/rustwide/rustup-home" "-w" "/opt/rustwide/workdir" "-m" "1610612736" "--user" "0:0" "--network" "none" "ghcr.io/rust-lang/crates-build-env/linux@sha256:2788e3201cd34a07e3172128adcd8b3090168a8e3bcc40d7c032b9dda1df7d1c" "/opt/rustwide/cargo-home/bin/cargo" "+nightly-2024-02-05" "metadata" "--no-deps" "--format-version=1", kill_on_drop: false }`
[INFO] [stdout] 6c69818289d6f9c73af9cecac0f513264fc0acd4956a07747e6b3bd5e022582a
[INFO] running `Command { std: "docker" "start" "-a" "6c69818289d6f9c73af9cecac0f513264fc0acd4956a07747e6b3bd5e022582a", kill_on_drop: false }`
[INFO] running `Command { std: "docker" "inspect" "6c69818289d6f9c73af9cecac0f513264fc0acd4956a07747e6b3bd5e022582a", kill_on_drop: false }`
[INFO] running `Command { std: "docker" "rm" "-f" "6c69818289d6f9c73af9cecac0f513264fc0acd4956a07747e6b3bd5e022582a", kill_on_drop: false }`
[INFO] [stdout] 6c69818289d6f9c73af9cecac0f513264fc0acd4956a07747e6b3bd5e022582a
[INFO] running `Command { std: "docker" "create" "-v" "/var/lib/crater-agent-workspace/builds/worker-2-tc2/target:/opt/rustwide/target:rw,Z" "-v" "/var/lib/crater-agent-workspace/builds/worker-2-tc2/source:/opt/rustwide/workdir:ro,Z" "-v" "/var/lib/crater-agent-workspace/cargo-home:/opt/rustwide/cargo-home:ro,Z" "-v" "/var/lib/crater-agent-workspace/rustup-home:/opt/rustwide/rustup-home:ro,Z" "-e" "SOURCE_DIR=/opt/rustwide/workdir" "-e" "CARGO_TARGET_DIR=/opt/rustwide/target" "-e" "CARGO_INCREMENTAL=0" "-e" "RUST_BACKTRACE=full" "-e" "RUSTFLAGS=--cap-lints=forbid -Dunexpected_cfgs" "-e" "RUSTDOCFLAGS=--cap-lints=forbid" "-e" "CARGO_HOME=/opt/rustwide/cargo-home" "-e" "RUSTUP_HOME=/opt/rustwide/rustup-home" "-w" "/opt/rustwide/workdir" "-m" "1610612736" "--user" "0:0" "--network" "none" "ghcr.io/rust-lang/crates-build-env/linux@sha256:2788e3201cd34a07e3172128adcd8b3090168a8e3bcc40d7c032b9dda1df7d1c" "/opt/rustwide/cargo-home/bin/cargo" "+nightly-2024-02-05" "check" "--frozen" "--all" "--all-targets" "--message-format=json" "-Zcheck-cfg", kill_on_drop: false }`
[INFO] [stdout] b358203e6fc21887de95ff8a5740fb3a6e2a591d9809a6a4bd24f828c020c556
[INFO] running `Command { std: "docker" "start" "-a" "b358203e6fc21887de95ff8a5740fb3a6e2a591d9809a6a4bd24f828c020c556", kill_on_drop: false }`
[INFO] [stderr]    Compiling proc-macro2 v1.0.32
[INFO] [stderr]    Compiling unicode-xid v0.2.2
[INFO] [stderr]    Compiling syn v1.0.81
[INFO] [stderr]    Compiling serde_derive v1.0.130
[INFO] [stderr]    Compiling memchr v2.4.1
[INFO] [stderr]    Compiling serde v1.0.130
[INFO] [stderr]    Compiling crossbeam-utils v0.8.5
[INFO] [stderr]    Compiling semver v1.0.4
[INFO] [stderr]    Compiling libc v0.2.106
[INFO] [stderr]    Compiling serde_json v1.0.68
[INFO] [stderr]     Checking itoa v0.4.8
[INFO] [stderr]    Compiling rayon-core v1.9.1
[INFO] [stderr]    Compiling num-traits v0.2.14
[INFO] [stderr]    Compiling rustc_version v0.4.0
[INFO] [stderr]     Checking crossbeam-epoch v0.9.5
[INFO] [stderr]     Checking regex-syntax v0.6.25
[INFO] [stderr]     Checking either v1.6.1
[INFO] [stderr]     Checking aho-corasick v0.7.18
[INFO] [stderr]    Compiling quote v1.0.10
[INFO] [stderr]     Checking crossbeam-channel v0.5.1
[INFO] [stderr]    Compiling cast v0.2.7
[INFO] [stderr]     Checking num_cpus v1.13.0
[INFO] [stderr]     Checking crossbeam-deque v0.8.1
[INFO] [stderr]    Compiling rayon v1.5.1
[INFO] [stderr]     Checking regex-automata v0.1.10
[INFO] [stderr]     Checking smallvec v1.7.0
[INFO] [stderr]     Checking plotters-backend v0.3.2
[INFO] [stderr]     Checking plotters-svg v0.3.1
[INFO] [stderr]     Checking ropey v1.3.1
[INFO] [stderr]     Checking itertools v0.10.1
[INFO] [stderr]     Checking csv-core v0.1.10
[INFO] [stderr]     Checking half v1.8.2
[INFO] [stdout] error[E0080]: evaluation of constant value failed
[INFO] [stdout]   --> /opt/rustwide/cargo-home/registry/src/index.crates.io-6f17d22bba15001f/ropey-1.3.1/src/tree/mod.rs:74:19
[INFO] [stdout]    |
[INFO] [stdout] 74 |       const _: [(); 0 - !{
[INFO] [stdout]    |  ___________________^
[INFO] [stdout] 75 | |         // Assert alignment.
[INFO] [stdout] 76 | |         const ASSERT: bool = if align_of::<Node>() > ARC_COUNTERS_SIZE {
[INFO] [stdout] 77 | |             align_of::<Node>() + size_of::<Node>()
[INFO] [stdout] ...  |
[INFO] [stdout] 81 | |         ASSERT
[INFO] [stdout] 82 | |     } as usize] = [];
[INFO] [stdout]    | |______________^ attempt to compute `0_usize - 1_usize`, which would overflow
[INFO] [stdout] 
[INFO] [stdout] 
[INFO] [stderr]     Checking once_cell v1.8.0
[INFO] [stderr]     Checking clap v2.33.3
[INFO] [stdout] error: aborting due to 1 previous error
[INFO] [stdout] 
[INFO] [stdout] 
[INFO] [stdout] For more information about this error, try `rustc --explain E0080`.
[INFO] [stdout] 
[INFO] [stderr] error: could not compile `ropey` (lib) due to 2 previous errors
[INFO] [stderr] warning: build failed, waiting for other jobs to finish...
[INFO] running `Command { std: "docker" "inspect" "b358203e6fc21887de95ff8a5740fb3a6e2a591d9809a6a4bd24f828c020c556", kill_on_drop: false }`
[INFO] running `Command { std: "docker" "rm" "-f" "b358203e6fc21887de95ff8a5740fb3a6e2a591d9809a6a4bd24f828c020c556", kill_on_drop: false }`
[INFO] [stdout] b358203e6fc21887de95ff8a5740fb3a6e2a591d9809a6a4bd24f828c020c556
