[INFO] cloning repository https://github.com/trfdeer/cchipt
[INFO] running `Command { std: "git" "-c" "credential.helper=" "-c" "credential.helper=/workspace/cargo-home/bin/git-credential-null" "clone" "--bare" "https://github.com/trfdeer/cchipt" "/workspace/cache/git-repos/https%3A%2F%2Fgithub.com%2Ftrfdeer%2Fcchipt", kill_on_drop: false }`
[INFO] [stderr] Cloning into bare repository '/workspace/cache/git-repos/https%3A%2F%2Fgithub.com%2Ftrfdeer%2Fcchipt'...
[INFO] running `Command { std: "git" "rev-parse" "HEAD", kill_on_drop: false }`
[INFO] [stdout] 37d67cd375b23af4ac359e6f370d490b82755db4
[INFO] checking trfdeer/cchipt against nightly-2024-02-05 for check-cfg
[INFO] running `Command { std: "git" "clone" "/workspace/cache/git-repos/https%3A%2F%2Fgithub.com%2Ftrfdeer%2Fcchipt" "/workspace/builds/worker-4-tc1/source", kill_on_drop: false }`
[INFO] [stderr] Cloning into '/workspace/builds/worker-4-tc1/source'...
[INFO] [stderr] done.
[INFO] validating manifest of git repo https://github.com/trfdeer/cchipt on toolchain nightly-2024-02-05
[INFO] running `Command { std: CARGO_HOME="/workspace/cargo-home" RUSTUP_HOME="/workspace/rustup-home" "/workspace/cargo-home/bin/cargo" "+nightly-2024-02-05" "metadata" "--manifest-path" "Cargo.toml" "--no-deps", kill_on_drop: false }`
[INFO] started tweaking git repo https://github.com/trfdeer/cchipt
[INFO] finished tweaking git repo https://github.com/trfdeer/cchipt
[INFO] tweaked toml for git repo https://github.com/trfdeer/cchipt written to /workspace/builds/worker-4-tc1/source/Cargo.toml
[INFO] crate git repo https://github.com/trfdeer/cchipt already has a lockfile, it will not be regenerated
[INFO] running `Command { std: CARGO_HOME="/workspace/cargo-home" RUSTUP_HOME="/workspace/rustup-home" "/workspace/cargo-home/bin/cargo" "+nightly-2024-02-05" "fetch" "--manifest-path" "Cargo.toml", kill_on_drop: false }`
[INFO] [stderr]     Blocking waiting for file lock on package cache
[ERROR] error running command: no output for 300 seconds
[ERROR] this task or one of its parent failed!
[ERROR] no output for 300 seconds
[ERROR] note: run with `RUST_BACKTRACE=1` to display a backtrace.
[INFO] checking trfdeer/cchipt against nightly-2024-02-05+rustflags=-Dunexpected_cfgs+cargoflags=-Zcheck-cfg for check-cfg
[INFO] running `Command { std: "git" "clone" "/workspace/cache/git-repos/https%3A%2F%2Fgithub.com%2Ftrfdeer%2Fcchipt" "/workspace/builds/worker-4-tc2/source", kill_on_drop: false }`
[INFO] [stderr] Cloning into '/workspace/builds/worker-4-tc2/source'...
[INFO] [stderr] done.
[INFO] validating manifest of git repo https://github.com/trfdeer/cchipt on toolchain nightly-2024-02-05
[INFO] running `Command { std: CARGO_HOME="/workspace/cargo-home" RUSTUP_HOME="/workspace/rustup-home" "/workspace/cargo-home/bin/cargo" "+nightly-2024-02-05" "metadata" "--manifest-path" "Cargo.toml" "--no-deps", kill_on_drop: false }`
[INFO] started tweaking git repo https://github.com/trfdeer/cchipt
[INFO] finished tweaking git repo https://github.com/trfdeer/cchipt
[INFO] tweaked toml for git repo https://github.com/trfdeer/cchipt written to /workspace/builds/worker-4-tc2/source/Cargo.toml
[INFO] crate git repo https://github.com/trfdeer/cchipt already has a lockfile, it will not be regenerated
[INFO] running `Command { std: CARGO_HOME="/workspace/cargo-home" RUSTUP_HOME="/workspace/rustup-home" "/workspace/cargo-home/bin/cargo" "+nightly-2024-02-05" "fetch" "--manifest-path" "Cargo.toml", kill_on_drop: false }`
[INFO] [stderr]     Blocking waiting for file lock on package cache
[INFO] [stderr]     Updating crates.io index
[INFO] [stderr]     Blocking waiting for file lock on package cache
[ERROR] error running command: no output for 300 seconds
[INFO] checking trfdeer/cchipt against nightly-2024-02-05+rustflags=-Dunexpected_cfgs+cargoflags=-Zcheck-cfg for check-cfg
[INFO] running `Command { std: "git" "clone" "/workspace/cache/git-repos/https%3A%2F%2Fgithub.com%2Ftrfdeer%2Fcchipt" "/workspace/builds/worker-4-tc2/source", kill_on_drop: false }`
[INFO] [stderr] Cloning into '/workspace/builds/worker-4-tc2/source'...
[INFO] [stderr] done.
[INFO] validating manifest of git repo https://github.com/trfdeer/cchipt on toolchain nightly-2024-02-05
[INFO] running `Command { std: CARGO_HOME="/workspace/cargo-home" RUSTUP_HOME="/workspace/rustup-home" "/workspace/cargo-home/bin/cargo" "+nightly-2024-02-05" "metadata" "--manifest-path" "Cargo.toml" "--no-deps", kill_on_drop: false }`
[INFO] started tweaking git repo https://github.com/trfdeer/cchipt
[INFO] finished tweaking git repo https://github.com/trfdeer/cchipt
[INFO] tweaked toml for git repo https://github.com/trfdeer/cchipt written to /workspace/builds/worker-4-tc2/source/Cargo.toml
[INFO] crate git repo https://github.com/trfdeer/cchipt already has a lockfile, it will not be regenerated
[INFO] running `Command { std: CARGO_HOME="/workspace/cargo-home" RUSTUP_HOME="/workspace/rustup-home" "/workspace/cargo-home/bin/cargo" "+nightly-2024-02-05" "fetch" "--manifest-path" "Cargo.toml", kill_on_drop: false }`
[INFO] [stderr]     Blocking waiting for file lock on package cache
[INFO] [stderr]     Blocking waiting for file lock on package cache
[INFO] [stderr]  Downloading crates ...
[INFO] [stderr]   Downloaded pollster v0.2.5
[INFO] [stderr]   Downloaded winreg v0.8.0
[INFO] [stderr]   Downloaded bit-set v0.5.2
[INFO] [stderr]   Downloaded dark-light v0.2.1
[INFO] [stderr]   Downloaded zvariant v3.1.2
[INFO] [stderr]   Downloaded x11-clipboard v0.5.3
[INFO] [stderr]   Downloaded ndk-context v0.1.0
[INFO] [stderr]   Downloaded combine v4.6.3
[INFO] [stderr]   Downloaded gpu-descriptor v0.2.2
[INFO] [stderr]   Downloaded webbrowser v0.6.0
[INFO] [stderr]   Downloaded ndk-glue v0.5.1
[INFO] [stderr]   Downloaded bytemuck_derive v1.1.0
[INFO] [stderr]   Downloaded copypasta v0.7.1
[INFO] [stderr]   Downloaded wgpu-types v0.12.0
[INFO] [stderr]   Downloaded eyre v0.6.7
[INFO] [stderr]   Downloaded wgpu v0.12.0
[INFO] [stderr]   Downloaded wgpu-hal v0.12.4
[INFO] [stderr]   Downloaded color-eyre v0.6.1
[INFO] [stderr]   Downloaded metal v0.23.1
[INFO] [stderr]   Downloaded epaint v0.17.0
[INFO] [stderr]   Downloaded profiling v1.0.5
[INFO] [stderr]   Downloaded detect-desktop-environment v0.2.0
[INFO] [stderr]   Downloaded naga v0.8.5
[INFO] [stderr]   Downloaded ttf-parser v0.15.0
[INFO] [stderr]   Downloaded backtrace v0.3.64
[INFO] [stderr]   Downloaded xcb v0.10.1
[INFO] [stderr]   Downloaded tracing-subscriber v0.3.9
[INFO] [stderr]   Downloaded color-spantrace v0.2.0
[INFO] [stderr]   Downloaded wgpu-core v0.12.2
[INFO] [stderr]   Downloaded smithay-client-toolkit v0.15.3
[INFO] [stderr]   Downloaded egui v0.17.0
[INFO] [stderr]   Downloaded serde_repr v0.1.7
[INFO] [stderr]   Downloaded zbus v2.1.1
[INFO] [stderr]   Downloaded ash v0.34.0+1.2.203
[INFO] [stderr]   Downloaded winit_input_helper v0.11.1
[INFO] [stderr]   Downloaded enumflags2 v0.7.4
[INFO] [stderr]   Downloaded lazy-bytes-cast v5.0.1
[INFO] [stderr]   Downloaded egui_wgpu_backend v0.17.0
[INFO] [stderr]   Downloaded async-broadcast v0.3.4
[INFO] [stderr]   Downloaded smithay-clipboard v0.6.5
[INFO] [stderr]   Downloaded dlv-list v0.2.3
[INFO] [stderr]   Downloaded atomic_refcell v0.1.8
[INFO] [stderr]   Downloaded emath v0.17.0
[INFO] [stderr]   Downloaded owned_ttf_parser v0.15.0
[INFO] [stderr]   Downloaded bytemuck v1.9.0
[INFO] [stderr]   Downloaded egui-winit v0.17.0
[INFO] [stderr]   Downloaded zvariant_derive v3.1.2
[INFO] [stderr]   Downloaded dconf_rs v0.3.0
[INFO] [stderr]   Downloaded zbus_macros v2.1.1
[INFO] [stderr]   Downloaded ordered-multimap v0.3.1
[INFO] [stderr]   Downloaded clipboard-win v3.1.1
[INFO] [stderr]   Downloaded async-task v4.2.0
[INFO] [stderr]   Downloaded rust-ini v0.17.0
[INFO] [stderr]   Downloaded d3d12 v0.4.1
[INFO] [stderr]   Downloaded inplace_it v0.3.3
[INFO] [stderr]   Downloaded pixels v0.9.0
[INFO] [stderr]   Downloaded owo-colors v3.3.0
[INFO] running `Command { std: "docker" "create" "-v" "/var/lib/crater-agent-workspace/builds/worker-4-tc2/target:/opt/rustwide/target:rw,Z" "-v" "/var/lib/crater-agent-workspace/builds/worker-4-tc2/source:/opt/rustwide/workdir:ro,Z" "-v" "/var/lib/crater-agent-workspace/cargo-home:/opt/rustwide/cargo-home:ro,Z" "-v" "/var/lib/crater-agent-workspace/rustup-home:/opt/rustwide/rustup-home:ro,Z" "-e" "SOURCE_DIR=/opt/rustwide/workdir" "-e" "CARGO_TARGET_DIR=/opt/rustwide/target" "-e" "CARGO_HOME=/opt/rustwide/cargo-home" "-e" "RUSTUP_HOME=/opt/rustwide/rustup-home" "-w" "/opt/rustwide/workdir" "-m" "1610612736" "--user" "0:0" "--network" "none" "ghcr.io/rust-lang/crates-build-env/linux@sha256:2788e3201cd34a07e3172128adcd8b3090168a8e3bcc40d7c032b9dda1df7d1c" "/opt/rustwide/cargo-home/bin/cargo" "+nightly-2024-02-05" "metadata" "--no-deps" "--format-version=1", kill_on_drop: false }`
[INFO] [stdout] 927dbb9e28bdd2c7782f870c761fd7548f31c8ecf680800bf82c2f2eade16be1
[INFO] running `Command { std: "docker" "start" "-a" "927dbb9e28bdd2c7782f870c761fd7548f31c8ecf680800bf82c2f2eade16be1", kill_on_drop: false }`
[INFO] running `Command { std: "docker" "inspect" "927dbb9e28bdd2c7782f870c761fd7548f31c8ecf680800bf82c2f2eade16be1", kill_on_drop: false }`
[INFO] running `Command { std: "docker" "rm" "-f" "927dbb9e28bdd2c7782f870c761fd7548f31c8ecf680800bf82c2f2eade16be1", kill_on_drop: false }`
[INFO] [stdout] 927dbb9e28bdd2c7782f870c761fd7548f31c8ecf680800bf82c2f2eade16be1
[INFO] running `Command { std: "docker" "create" "-v" "/var/lib/crater-agent-workspace/builds/worker-4-tc2/target:/opt/rustwide/target:rw,Z" "-v" "/var/lib/crater-agent-workspace/builds/worker-4-tc2/source:/opt/rustwide/workdir:ro,Z" "-v" "/var/lib/crater-agent-workspace/cargo-home:/opt/rustwide/cargo-home:ro,Z" "-v" "/var/lib/crater-agent-workspace/rustup-home:/opt/rustwide/rustup-home:ro,Z" "-e" "SOURCE_DIR=/opt/rustwide/workdir" "-e" "CARGO_TARGET_DIR=/opt/rustwide/target" "-e" "CARGO_INCREMENTAL=0" "-e" "RUST_BACKTRACE=full" "-e" "RUSTFLAGS=--cap-lints=forbid -Dunexpected_cfgs" "-e" "RUSTDOCFLAGS=--cap-lints=forbid" "-e" "CARGO_HOME=/opt/rustwide/cargo-home" "-e" "RUSTUP_HOME=/opt/rustwide/rustup-home" "-w" "/opt/rustwide/workdir" "-m" "1610612736" "--user" "0:0" "--network" "none" "ghcr.io/rust-lang/crates-build-env/linux@sha256:2788e3201cd34a07e3172128adcd8b3090168a8e3bcc40d7c032b9dda1df7d1c" "/opt/rustwide/cargo-home/bin/cargo" "+nightly-2024-02-05" "check" "--frozen" "--all" "--all-targets" "--message-format=json" "-Zcheck-cfg", kill_on_drop: false }`
[INFO] [stdout] 98b163897e2e8ebc66f1bf3ab2a1c1f30ced1d7f6ac03d4d8592eff092f2d1bf
[INFO] running `Command { std: "docker" "start" "-a" "98b163897e2e8ebc66f1bf3ab2a1c1f30ced1d7f6ac03d4d8592eff092f2d1bf", kill_on_drop: false }`
[INFO] [stderr]    Compiling proc-macro2 v1.0.36
[INFO] [stderr]    Compiling libc v0.2.121
[INFO] [stderr]    Compiling syn v1.0.90
[INFO] [stderr]     Checking pin-project-lite v0.2.8
[INFO] [stderr]     Checking libloading v0.7.3
[INFO] [stderr]    Compiling ahash v0.7.6
[INFO] [stderr]    Compiling wayland-sys v0.29.4
[INFO] [stderr]    Compiling parking_lot_core v0.8.5
[INFO] [stderr]    Compiling serde v1.0.136
[INFO] [stderr]     Checking instant v0.1.12
[INFO] [stderr]    Compiling memchr v2.4.1
[INFO] [stderr]    Compiling num-traits v0.2.14
[INFO] [stderr]     Checking cty v0.2.2
[INFO] [stderr]     Checking downcast-rs v1.2.0
[INFO] [stderr]     Checking minimal-lexical v0.2.1
[INFO] [stderr]    Compiling indexmap v1.8.1
[INFO] [stderr]     Checking tracing-core v0.1.23
[INFO] [stderr]     Checking raw-window-handle v0.4.3
[INFO] [stderr]    Compiling smithay-client-toolkit v0.15.3
[INFO] [stderr]     Checking dlib v0.5.0
[INFO] [stderr]     Checking bit-vec v0.6.3
[INFO] [stderr]     Checking termcolor v1.1.3
[INFO] [stderr]     Checking nom v7.1.1
[INFO] [stderr]    Compiling khronos-egl v4.1.0
[INFO] [stderr]    Compiling ash v0.34.0+1.2.203
[INFO] [stderr]     Checking cache-padded v1.2.0
[INFO] [stderr]     Checking bit-set v0.5.2
[INFO] [stderr]     Checking concurrent-queue v1.2.2
[INFO] [stderr]     Checking gpu-alloc-types v0.2.0
[INFO] [stderr]     Checking gpu-descriptor-types v0.1.1
[INFO] [stderr]     Checking slab v0.4.5
[INFO] [stderr]     Checking codespan-reporting v0.11.1
[INFO] [stderr]     Checking rustc-hash v1.1.0
[INFO] [stderr]     Checking ttf-parser v0.15.0
[INFO] [stderr]    Compiling quick-xml v0.22.0
[INFO] [stderr]     Checking futures-io v0.3.21
[INFO] [stderr]     Checking hexf-parse v0.2.1
[INFO] [stderr]     Checking event-listener v2.5.2
[INFO] [stderr]    Compiling cfg_aliases v0.1.1
[INFO] [stderr]     Checking gpu-alloc v0.5.3
[INFO] [stderr]    Compiling wgpu-core v0.12.2
[INFO] [stderr]    Compiling aho-corasick v0.7.18
[INFO] [stderr]     Checking futures-lite v1.12.0
[INFO] [stderr]     Checking fxhash v0.2.1
[INFO] [stderr]    Compiling x11-dl v2.19.1
[INFO] [stderr]     Checking wgpu-types v0.12.0
[INFO] [stderr]     Checking arrayvec v0.7.2
[INFO] [stderr]     Checking glow v0.11.2
[INFO] [stderr]    Compiling quote v1.0.17
[INFO] [stderr]     Checking renderdoc-sys v0.7.1
[INFO] [stderr]    Compiling xcb v0.10.1
[INFO] [stderr]    Compiling futures-util v0.3.21
[INFO] [stderr]    Compiling wayland-scanner v0.29.4
[INFO] [stderr]     Checking getrandom v0.2.6
[INFO] [stderr]     Checking nix v0.22.3
[INFO] [stderr]     Checking spirv v0.2.0+1.5.4
[INFO] [stderr]     Checking memmap2 v0.3.1
[INFO] [stderr]     Checking rand_core v0.6.3
[INFO] [stderr]     Checking parking_lot v0.11.2
[INFO] [stderr]    Compiling async-trait v0.1.53
[INFO] [stderr]     Checking hashbrown v0.11.2
[INFO] [stderr]     Checking rand_chacha v0.3.1
[INFO] [stderr]     Checking ahash v0.4.7
[INFO] [stderr]     Checking inplace_it v0.3.3
[INFO] [stderr]     Checking ab_glyph_rasterizer v0.1.5
[INFO] [stderr]     Checking profiling v1.0.5
[INFO] [stderr]    Compiling regex v1.5.5
[INFO] [stderr]     Checking rand v0.8.5
[INFO] [stderr]     Checking hashbrown v0.9.1
[INFO] [stderr]     Checking owned_ttf_parser v0.15.0
[INFO] [stderr]     Checking xcursor v0.3.4
[INFO] [stderr]     Checking gpu-descriptor v0.2.2
[INFO] [stderr]     Checking ab_glyph v0.2.15
[INFO] [stderr]     Checking socket2 v0.4.4
[INFO] [stderr]     Checking polling v2.2.0
[INFO] [stderr]     Checking sharded-slab v0.1.4
[INFO] [stderr]    Compiling miniz_oxide v0.4.4
[INFO] [stderr]     Checking thread_local v1.1.4
[INFO] [stderr]     Checking easy-parallel v3.2.0
[INFO] [stderr]     Checking sha1_smol v1.0.0
[INFO] [stderr]     Checking atomic_refcell v0.1.8
[INFO] [stderr]    Compiling winit v0.26.1
[INFO] [stderr]     Checking copyless v0.1.5
[INFO] [stderr]     Checking async-task v4.2.0
[INFO] [stderr]     Checking nohash-hasher v0.2.0
[INFO] [stderr]    Compiling backtrace v0.3.64
[INFO] [stderr]     Checking async-broadcast v0.3.4
[INFO] [stderr]     Checking async-executor v1.4.1
[INFO] [stderr]     Checking sha1 v0.6.1
[INFO] [stderr]     Checking dlv-list v0.2.3
[INFO] [stderr]     Checking async-io v1.6.0
[INFO] [stderr]     Checking dirs-sys v0.3.7
[INFO] [stderr]     Checking nix v0.23.1
[INFO] [stderr]     Checking mio v0.8.2
[INFO] [stderr]     Checking async-channel v1.6.1
[INFO] [stderr]     Checking ordered-multimap v0.3.1
[INFO] [stderr]     Checking async-lock v2.5.0
[INFO] [stderr]     Checking ordered-stream v0.0.1
[INFO] [stderr]     Checking gimli v0.26.1
[INFO] [stderr]    Compiling wayland-client v0.29.4
[INFO] [stderr]    Compiling wayland-protocols v0.29.4
[INFO] [stderr]     Checking tracing-subscriber v0.3.9
[INFO] [stderr]    Compiling eyre v0.6.7
[INFO] [stderr]    Compiling dark-light v0.2.1
[INFO] [stderr]     Checking rust-ini v0.17.0
[INFO] [stderr]    Compiling toml v0.5.8
[INFO] [stderr]     Checking dirs v4.0.0
[INFO] [stderr]     Checking object v0.27.1
[INFO] [stderr]     Checking indenter v0.3.3
[INFO] [stderr]     Checking rustc-demangle v0.1.21
[INFO] [stderr]     Checking detect-desktop-environment v0.2.0
[INFO] [stderr]     Checking owo-colors v3.3.0
[INFO] [stderr]     Checking dconf_rs v0.3.0
[INFO] [stderr]     Checking webbrowser v0.6.0
[INFO] [stderr]     Checking pollster v0.2.5
[INFO] [stderr]     Checking wayland-commons v0.29.4
[INFO] [stderr]     Checking calloop v0.9.3
[INFO] [stderr]     Checking addr2line v0.17.0
[INFO] [stderr]     Checking x11-clipboard v0.5.3
[INFO] [stderr]     Checking wayland-cursor v0.29.4
[INFO] [stderr]    Compiling thiserror-impl v1.0.30
[INFO] [stderr]    Compiling bytemuck_derive v1.1.0
[INFO] [stderr]    Compiling serde_derive v1.0.136
[INFO] [stderr]    Compiling tracing-attributes v0.1.20
[INFO] [stderr]    Compiling enumflags2_derive v0.7.4
[INFO] [stderr]    Compiling derivative v2.2.0
[INFO] [stderr]    Compiling serde_repr v0.1.7
[INFO] [stderr]    Compiling async-recursion v0.3.2
[INFO] [stderr]     Checking bytemuck v1.9.0
[INFO] [stderr]     Checking emath v0.17.0
[INFO] [stderr]     Checking safe_arch v0.5.2
[INFO] [stderr]    Compiling thiserror v1.0.30
[INFO] [stderr]     Checking tracing v0.1.32
[INFO] [stderr]     Checking naga v0.8.5
[INFO] [stderr]     Checking epaint v0.17.0
[INFO] [stderr]    Compiling proc-macro-crate v1.1.3
[INFO] [stderr]     Checking tracing-error v0.2.0
[INFO] [stderr]     Checking wide v0.6.5
[INFO] [stderr]    Compiling zvariant_derive v3.1.2
[INFO] [stderr]    Compiling zbus_macros v2.1.1
[INFO] [stderr]     Checking color-spantrace v0.2.0
[INFO] [stderr]     Checking color-eyre v0.6.1
[INFO] [stderr]     Checking egui v0.17.0
[INFO] [stderr]     Checking ultraviolet v0.8.1
[INFO] [stderr]     Checking wgpu-hal v0.12.4
[INFO] [stderr]     Checking enumflags2 v0.7.4
[INFO] [stderr]     Checking zvariant v3.1.2
[INFO] [stderr]     Checking zbus_names v2.1.0
[INFO] [stderr]     Checking zbus v2.1.1
[INFO] [stderr]     Checking wgpu v0.12.0
[INFO] [stderr]     Checking egui_wgpu_backend v0.17.0
[INFO] [stderr]     Checking pixels v0.9.0
[INFO] [stderr]     Checking smithay-clipboard v0.6.5
[INFO] [stderr]     Checking copypasta v0.7.1
[INFO] [stderr]     Checking egui-winit v0.17.0
[INFO] [stderr]     Checking winit_input_helper v0.11.1
[INFO] [stderr]     Checking cchipt v0.1.0 (/opt/rustwide/workdir)
[INFO] [stdout] error[E0432]: unresolved import `winit::platform::windows`
[INFO] [stdout]   --> src/main.rs:11:15
[INFO] [stdout]    |
[INFO] [stdout] 11 |     platform::windows::WindowBuilderExtWindows,
[INFO] [stdout]    |               ^^^^^^^ could not find `windows` in `platform`
[INFO] [stdout] 
[INFO] [stdout] 
[INFO] [stdout] error[E0432]: unresolved import `winit::platform::windows`
[INFO] [stdout]   --> src/main.rs:11:15
[INFO] [stdout]    |
[INFO] [stdout] 11 |     platform::windows::WindowBuilderExtWindows,
[INFO] [stdout]    |               ^^^^^^^ could not find `windows` in `platform`
[INFO] [stdout] 
[INFO] [stdout] 
[INFO] [stdout] error[E0599]: no method named `with_theme` found for struct `WindowBuilder` in the current scope
[INFO] [stdout]   --> src/main.rs:25:10
[INFO] [stdout]    |
[INFO] [stdout] 24 |       let window = WindowBuilder::new()
[INFO] [stdout]    |  __________________-
[INFO] [stdout] 25 | |         .with_theme(Some(Theme::Dark))
[INFO] [stdout]    | |         -^^^^^^^^^^ help: there is a method with a similar name: `with_title`
[INFO] [stdout]    | |_________|
[INFO] [stdout]    | 
[INFO] [stdout] 
[INFO] [stdout] 
[INFO] [stdout] error[E0599]: no method named `with_theme` found for struct `WindowBuilder` in the current scope
[INFO] [stdout]   --> src/main.rs:25:10
[INFO] [stdout]    |
[INFO] [stdout] 24 |       let window = WindowBuilder::new()
[INFO] [stdout]    |  __________________-
[INFO] [stdout] 25 | |         .with_theme(Some(Theme::Dark))
[INFO] [stdout]    | |         -^^^^^^^^^^ help: there is a method with a similar name: `with_title`
[INFO] [stdout]    | |_________|
[INFO] [stdout]    | 
[INFO] [stdout] 
[INFO] [stdout] 
[INFO] [stdout] error: aborting due to 2 previous errors
[INFO] [stdout] 
[INFO] [stdout] 
[INFO] [stdout] Some errors have detailed explanations: E0432, E0599.
[INFO] [stdout] 
[INFO] [stdout] For more information about an error, try `rustc --explain E0432`.
[INFO] [stdout] 
[INFO] [stdout] error: aborting due to 2 previous errors
[INFO] [stdout] 
[INFO] [stdout] 
[INFO] [stdout] Some errors have detailed explanations: E0432, E0599.
[INFO] [stdout] 
[INFO] [stdout] For more information about an error, try `rustc --explain E0432`.
[INFO] [stdout] 
[INFO] [stderr] error: could not compile `cchipt` (bin "cchipt") due to 3 previous errors
[INFO] [stderr] warning: build failed, waiting for other jobs to finish...
[INFO] [stderr] error: could not compile `cchipt` (bin "cchipt" test) due to 3 previous errors
[INFO] running `Command { std: "docker" "inspect" "98b163897e2e8ebc66f1bf3ab2a1c1f30ced1d7f6ac03d4d8592eff092f2d1bf", kill_on_drop: false }`
[INFO] running `Command { std: "docker" "rm" "-f" "98b163897e2e8ebc66f1bf3ab2a1c1f30ced1d7f6ac03d4d8592eff092f2d1bf", kill_on_drop: false }`
[INFO] [stdout] 98b163897e2e8ebc66f1bf3ab2a1c1f30ced1d7f6ac03d4d8592eff092f2d1bf
