[INFO] cloning repository https://github.com/tmforshaw/Rust-Operating-System
[INFO] running `Command { std: "git" "-c" "credential.helper=" "-c" "credential.helper=/workspace/cargo-home/bin/git-credential-null" "clone" "--bare" "https://github.com/tmforshaw/Rust-Operating-System" "/workspace/cache/git-repos/https%3A%2F%2Fgithub.com%2Ftmforshaw%2FRust-Operating-System", kill_on_drop: false }`
[INFO] [stderr] Cloning into bare repository '/workspace/cache/git-repos/https%3A%2F%2Fgithub.com%2Ftmforshaw%2FRust-Operating-System'...
[INFO] running `Command { std: "git" "rev-parse" "HEAD", kill_on_drop: false }`
[INFO] [stdout] c835278b100c462b8e61469852a9ac994b7840d0
[INFO] checking tmforshaw/Rust-Operating-System against nightly-2024-02-05 for check-cfg
[INFO] running `Command { std: "git" "clone" "/workspace/cache/git-repos/https%3A%2F%2Fgithub.com%2Ftmforshaw%2FRust-Operating-System" "/workspace/builds/worker-0-tc1/source", kill_on_drop: false }`
[INFO] [stderr] Cloning into '/workspace/builds/worker-0-tc1/source'...
[INFO] [stderr] done.
[INFO] [stderr] Updating files:  17% (244/1374)
Updating files:  18% (248/1374)
Updating files:  19% (262/1374)
Updating files:  20% (275/1374)
Updating files:  21% (289/1374)
Updating files:  22% (303/1374)
Updating files:  23% (317/1374)
Updating files:  24% (330/1374)
Updating files:  25% (344/1374)
Updating files:  26% (358/1374)
Updating files:  27% (371/1374)
Updating files:  28% (385/1374)
Updating files:  29% (399/1374)
Updating files:  30% (413/1374)
Updating files:  31% (426/1374)
Updating files:  32% (440/1374)
Updating files:  33% (454/1374)
Updating files:  34% (468/1374)
Updating files:  35% (481/1374)
Updating files:  36% (495/1374)
Updating files:  37% (509/1374)
Updating files:  38% (523/1374)
Updating files:  39% (536/1374)
Updating files:  40% (550/1374)
Updating files:  41% (564/1374)
Updating files:  42% (578/1374)
Updating files:  43% (591/1374)
Updating files:  44% (605/1374)
Updating files:  45% (619/1374)
Updating files:  46% (633/1374)
Updating files:  47% (646/1374)
Updating files:  48% (660/1374)
Updating files:  49% (674/1374)
Updating files:  50% (687/1374)
Updating files:  51% (701/1374)
Updating files:  52% (715/1374)
Updating files:  53% (729/1374)
Updating files:  54% (742/1374)
Updating files:  55% (756/1374)
Updating files:  56% (770/1374)
Updating files:  57% (784/1374)
Updating files:  58% (797/1374)
Updating files:  59% (811/1374)
Updating files:  60% (825/1374)
Updating files:  61% (839/1374)
Updating files:  62% (852/1374)
Updating files:  63% (866/1374)
Updating files:  64% (880/1374)
Updating files:  65% (894/1374)
Updating files:  66% (907/1374)
Updating files:  67% (921/1374)
Updating files:  68% (935/1374)
Updating files:  69% (949/1374)
Updating files:  69% (956/1374)
Updating files:  70% (962/1374)
Updating files:  71% (976/1374)
Updating files:  72% (990/1374)
Updating files:  73% (1004/1374)
Updating files:  74% (1017/1374)
Updating files:  75% (1031/1374)
Updating files:  76% (1045/1374)
Updating files:  77% (1058/1374)
Updating files:  78% (1072/1374)
Updating files:  79% (1086/1374)
Updating files:  80% (1100/1374)
Updating files:  81% (1113/1374)
Updating files:  82% (1127/1374)
Updating files:  83% (1141/1374)
Updating files:  84% (1155/1374)
Updating files:  85% (1168/1374)
Updating files:  86% (1182/1374)
Updating files:  87% (1196/1374)
Updating files:  88% (1210/1374)
Updating files:  89% (1223/1374)
Updating files:  90% (1237/1374)
Updating files:  91% (1251/1374)
Updating files:  92% (1265/1374)
Updating files:  93% (1278/1374)
Updating files:  94% (1292/1374)
Updating files:  95% (1306/1374)
Updating files:  96% (1320/1374)
Updating files:  97% (1333/1374)
Updating files:  98% (1347/1374)
Updating files:  99% (1361/1374)
Updating files: 100% (1374/1374)
Updating files: 100% (1374/1374), done.
[INFO] validating manifest of git repo https://github.com/tmforshaw/Rust-Operating-System on toolchain nightly-2024-02-05
[INFO] running `Command { std: CARGO_HOME="/workspace/cargo-home" RUSTUP_HOME="/workspace/rustup-home" "/workspace/cargo-home/bin/cargo" "+nightly-2024-02-05" "metadata" "--manifest-path" "Cargo.toml" "--no-deps", kill_on_drop: false }`
[INFO] removed /workspace/builds/worker-0-tc1/source/.cargo/config.toml
[INFO] started tweaking git repo https://github.com/tmforshaw/Rust-Operating-System
[INFO] removed 0 missing tests
[INFO] finished tweaking git repo https://github.com/tmforshaw/Rust-Operating-System
[INFO] tweaked toml for git repo https://github.com/tmforshaw/Rust-Operating-System written to /workspace/builds/worker-0-tc1/source/Cargo.toml
[INFO] crate git repo https://github.com/tmforshaw/Rust-Operating-System already has a lockfile, it will not be regenerated
[INFO] running `Command { std: CARGO_HOME="/workspace/cargo-home" RUSTUP_HOME="/workspace/rustup-home" "/workspace/cargo-home/bin/cargo" "+nightly-2024-02-05" "fetch" "--manifest-path" "Cargo.toml", kill_on_drop: false }`
[INFO] [stderr]     Blocking waiting for file lock on package cache
[ERROR] error running command: no output for 300 seconds
[ERROR] this task or one of its parent failed!
[ERROR] no output for 300 seconds
[ERROR] note: run with `RUST_BACKTRACE=1` to display a backtrace.
[INFO] checking tmforshaw/Rust-Operating-System against nightly-2024-02-05+rustflags=-Dunexpected_cfgs+cargoflags=-Zcheck-cfg for check-cfg
[INFO] running `Command { std: "git" "clone" "/workspace/cache/git-repos/https%3A%2F%2Fgithub.com%2Ftmforshaw%2FRust-Operating-System" "/workspace/builds/worker-0-tc2/source", kill_on_drop: false }`
[INFO] [stderr] Cloning into '/workspace/builds/worker-0-tc2/source'...
[INFO] [stderr] done.
[INFO] [stderr] Updating files:  46% (642/1374)
Updating files:  47% (646/1374)
Updating files:  48% (660/1374)
Updating files:  49% (674/1374)
Updating files:  50% (687/1374)
Updating files:  51% (701/1374)
Updating files:  52% (715/1374)
Updating files:  53% (729/1374)
Updating files:  54% (742/1374)
Updating files:  55% (756/1374)
Updating files:  56% (770/1374)
Updating files:  57% (784/1374)
Updating files:  58% (797/1374)
Updating files:  59% (811/1374)
Updating files:  60% (825/1374)
Updating files:  61% (839/1374)
Updating files:  62% (852/1374)
Updating files:  63% (866/1374)
Updating files:  64% (880/1374)
Updating files:  65% (894/1374)
Updating files:  66% (907/1374)
Updating files:  67% (921/1374)
Updating files:  68% (935/1374)
Updating files:  69% (949/1374)
Updating files:  70% (962/1374)
Updating files:  71% (976/1374)
Updating files:  72% (990/1374)
Updating files:  73% (1004/1374)
Updating files:  74% (1017/1374)
Updating files:  75% (1031/1374)
Updating files:  76% (1045/1374)
Updating files:  77% (1058/1374)
Updating files:  78% (1072/1374)
Updating files:  79% (1086/1374)
Updating files:  80% (1100/1374)
Updating files:  81% (1113/1374)
Updating files:  82% (1127/1374)
Updating files:  83% (1141/1374)
Updating files:  84% (1155/1374)
Updating files:  85% (1168/1374)
Updating files:  86% (1182/1374)
Updating files:  87% (1196/1374)
Updating files:  88% (1210/1374)
Updating files:  89% (1223/1374)
Updating files:  90% (1237/1374)
Updating files:  91% (1251/1374)
Updating files:  92% (1265/1374)
Updating files:  93% (1278/1374)
Updating files:  94% (1292/1374)
Updating files:  95% (1306/1374)
Updating files:  96% (1320/1374)
Updating files:  97% (1333/1374)
Updating files:  98% (1347/1374)
Updating files:  99% (1361/1374)
Updating files: 100% (1374/1374)
Updating files: 100% (1374/1374), done.
[INFO] validating manifest of git repo https://github.com/tmforshaw/Rust-Operating-System on toolchain nightly-2024-02-05
[INFO] running `Command { std: CARGO_HOME="/workspace/cargo-home" RUSTUP_HOME="/workspace/rustup-home" "/workspace/cargo-home/bin/cargo" "+nightly-2024-02-05" "metadata" "--manifest-path" "Cargo.toml" "--no-deps", kill_on_drop: false }`
[INFO] removed /workspace/builds/worker-0-tc2/source/.cargo/config.toml
[INFO] started tweaking git repo https://github.com/tmforshaw/Rust-Operating-System
[INFO] removed 0 missing tests
[INFO] finished tweaking git repo https://github.com/tmforshaw/Rust-Operating-System
[INFO] tweaked toml for git repo https://github.com/tmforshaw/Rust-Operating-System written to /workspace/builds/worker-0-tc2/source/Cargo.toml
[INFO] crate git repo https://github.com/tmforshaw/Rust-Operating-System already has a lockfile, it will not be regenerated
[INFO] running `Command { std: CARGO_HOME="/workspace/cargo-home" RUSTUP_HOME="/workspace/rustup-home" "/workspace/cargo-home/bin/cargo" "+nightly-2024-02-05" "fetch" "--manifest-path" "Cargo.toml", kill_on_drop: false }`
[INFO] [stderr]     Blocking waiting for file lock on package cache
[INFO] [stderr]     Updating crates.io index
[INFO] [stderr]     Blocking waiting for file lock on package cache
[ERROR] error running command: no output for 300 seconds
[INFO] checking tmforshaw/Rust-Operating-System against nightly-2024-02-05+rustflags=-Dunexpected_cfgs+cargoflags=-Zcheck-cfg for check-cfg
[INFO] running `Command { std: "git" "clone" "/workspace/cache/git-repos/https%3A%2F%2Fgithub.com%2Ftmforshaw%2FRust-Operating-System" "/workspace/builds/worker-0-tc2/source", kill_on_drop: false }`
[INFO] [stderr] Cloning into '/workspace/builds/worker-0-tc2/source'...
[INFO] [stderr] done.
[INFO] [stderr] Updating files:  46% (642/1374)
Updating files:  47% (646/1374)
Updating files:  48% (660/1374)
Updating files:  49% (674/1374)
Updating files:  50% (687/1374)
Updating files:  51% (701/1374)
Updating files:  52% (715/1374)
Updating files:  53% (729/1374)
Updating files:  54% (742/1374)
Updating files:  55% (756/1374)
Updating files:  56% (770/1374)
Updating files:  57% (784/1374)
Updating files:  58% (797/1374)
Updating files:  59% (811/1374)
Updating files:  60% (825/1374)
Updating files:  61% (839/1374)
Updating files:  62% (852/1374)
Updating files:  63% (866/1374)
Updating files:  64% (880/1374)
Updating files:  65% (894/1374)
Updating files:  66% (907/1374)
Updating files:  67% (921/1374)
Updating files:  68% (935/1374)
Updating files:  69% (949/1374)
Updating files:  70% (962/1374)
Updating files:  71% (976/1374)
Updating files:  72% (990/1374)
Updating files:  73% (1004/1374)
Updating files:  74% (1017/1374)
Updating files:  75% (1031/1374)
Updating files:  76% (1045/1374)
Updating files:  77% (1058/1374)
Updating files:  78% (1072/1374)
Updating files:  79% (1086/1374)
Updating files:  80% (1100/1374)
Updating files:  81% (1113/1374)
Updating files:  82% (1127/1374)
Updating files:  83% (1141/1374)
Updating files:  84% (1155/1374)
Updating files:  85% (1168/1374)
Updating files:  86% (1182/1374)
Updating files:  87% (1196/1374)
Updating files:  88% (1210/1374)
Updating files:  89% (1223/1374)
Updating files:  90% (1237/1374)
Updating files:  91% (1251/1374)
Updating files:  92% (1265/1374)
Updating files:  93% (1278/1374)
Updating files:  94% (1292/1374)
Updating files:  95% (1306/1374)
Updating files:  96% (1320/1374)
Updating files:  97% (1333/1374)
Updating files:  98% (1347/1374)
Updating files:  99% (1361/1374)
Updating files: 100% (1374/1374)
Updating files: 100% (1374/1374), done.
[INFO] validating manifest of git repo https://github.com/tmforshaw/Rust-Operating-System on toolchain nightly-2024-02-05
[INFO] running `Command { std: CARGO_HOME="/workspace/cargo-home" RUSTUP_HOME="/workspace/rustup-home" "/workspace/cargo-home/bin/cargo" "+nightly-2024-02-05" "metadata" "--manifest-path" "Cargo.toml" "--no-deps", kill_on_drop: false }`
[INFO] removed /workspace/builds/worker-0-tc2/source/.cargo/config.toml
[INFO] started tweaking git repo https://github.com/tmforshaw/Rust-Operating-System
[INFO] removed 0 missing tests
[INFO] finished tweaking git repo https://github.com/tmforshaw/Rust-Operating-System
[INFO] tweaked toml for git repo https://github.com/tmforshaw/Rust-Operating-System written to /workspace/builds/worker-0-tc2/source/Cargo.toml
[INFO] crate git repo https://github.com/tmforshaw/Rust-Operating-System already has a lockfile, it will not be regenerated
[INFO] running `Command { std: CARGO_HOME="/workspace/cargo-home" RUSTUP_HOME="/workspace/rustup-home" "/workspace/cargo-home/bin/cargo" "+nightly-2024-02-05" "fetch" "--manifest-path" "Cargo.toml", kill_on_drop: false }`
[INFO] [stderr]     Blocking waiting for file lock on package cache
[INFO] [stderr]     Blocking waiting for file lock on package cache
[INFO] [stderr]  Downloading crates ...
[INFO] [stderr]   Downloaded volatile v0.2.7
[INFO] [stderr]   Downloaded uart_16550 v0.2.15
[INFO] [stderr]   Downloaded bit_field v0.9.0
[INFO] [stderr]   Downloaded x86_64 v0.14.3
[INFO] [stderr]   Downloaded bootloader v0.9.18
[INFO] [stderr]   Downloaded pic8259 v0.10.1
[INFO] [stderr]   Downloaded pc-keyboard v0.5.1
[INFO] [stderr]   Downloaded volatile v0.4.4
[INFO] running `Command { std: "docker" "create" "-v" "/var/lib/crater-agent-workspace/builds/worker-0-tc2/target:/opt/rustwide/target:rw,Z" "-v" "/var/lib/crater-agent-workspace/builds/worker-0-tc2/source:/opt/rustwide/workdir:ro,Z" "-v" "/var/lib/crater-agent-workspace/cargo-home:/opt/rustwide/cargo-home:ro,Z" "-v" "/var/lib/crater-agent-workspace/rustup-home:/opt/rustwide/rustup-home:ro,Z" "-e" "SOURCE_DIR=/opt/rustwide/workdir" "-e" "CARGO_TARGET_DIR=/opt/rustwide/target" "-e" "CARGO_HOME=/opt/rustwide/cargo-home" "-e" "RUSTUP_HOME=/opt/rustwide/rustup-home" "-w" "/opt/rustwide/workdir" "-m" "1610612736" "--user" "0:0" "--network" "none" "ghcr.io/rust-lang/crates-build-env/linux@sha256:2788e3201cd34a07e3172128adcd8b3090168a8e3bcc40d7c032b9dda1df7d1c" "/opt/rustwide/cargo-home/bin/cargo" "+nightly-2024-02-05" "metadata" "--no-deps" "--format-version=1", kill_on_drop: false }`
[INFO] [stdout] 6a242065281826a5d91fffaa4fe43b7de9229f3850605a699bd78f29823d6309
[INFO] running `Command { std: "docker" "start" "-a" "6a242065281826a5d91fffaa4fe43b7de9229f3850605a699bd78f29823d6309", kill_on_drop: false }`
[INFO] running `Command { std: "docker" "inspect" "6a242065281826a5d91fffaa4fe43b7de9229f3850605a699bd78f29823d6309", kill_on_drop: false }`
[INFO] running `Command { std: "docker" "rm" "-f" "6a242065281826a5d91fffaa4fe43b7de9229f3850605a699bd78f29823d6309", kill_on_drop: false }`
[INFO] [stdout] 6a242065281826a5d91fffaa4fe43b7de9229f3850605a699bd78f29823d6309
[INFO] running `Command { std: "docker" "create" "-v" "/var/lib/crater-agent-workspace/builds/worker-0-tc2/target:/opt/rustwide/target:rw,Z" "-v" "/var/lib/crater-agent-workspace/builds/worker-0-tc2/source:/opt/rustwide/workdir:ro,Z" "-v" "/var/lib/crater-agent-workspace/cargo-home:/opt/rustwide/cargo-home:ro,Z" "-v" "/var/lib/crater-agent-workspace/rustup-home:/opt/rustwide/rustup-home:ro,Z" "-e" "SOURCE_DIR=/opt/rustwide/workdir" "-e" "CARGO_TARGET_DIR=/opt/rustwide/target" "-e" "CARGO_INCREMENTAL=0" "-e" "RUST_BACKTRACE=full" "-e" "RUSTFLAGS=--cap-lints=forbid -Dunexpected_cfgs" "-e" "RUSTDOCFLAGS=--cap-lints=forbid" "-e" "CARGO_HOME=/opt/rustwide/cargo-home" "-e" "RUSTUP_HOME=/opt/rustwide/rustup-home" "-w" "/opt/rustwide/workdir" "-m" "1610612736" "--user" "0:0" "--network" "none" "ghcr.io/rust-lang/crates-build-env/linux@sha256:2788e3201cd34a07e3172128adcd8b3090168a8e3bcc40d7c032b9dda1df7d1c" "/opt/rustwide/cargo-home/bin/cargo" "+nightly-2024-02-05" "check" "--frozen" "--all" "--all-targets" "--message-format=json" "-Zcheck-cfg", kill_on_drop: false }`
[INFO] [stdout] 83708649f8a6c01d7a9aa2f0cd30be21a63d0079515b6b9d249fd4b6cb031802
[INFO] running `Command { std: "docker" "start" "-a" "83708649f8a6c01d7a9aa2f0cd30be21a63d0079515b6b9d249fd4b6cb031802", kill_on_drop: false }`
[INFO] [stderr]    Compiling x86_64 v0.14.3
[INFO] [stderr]     Checking volatile v0.4.4
[INFO] [stderr]     Checking bit_field v0.9.0
[INFO] [stderr]    Compiling bootloader v0.9.18
[INFO] [stderr]     Checking volatile v0.2.7
[INFO] [stderr]     Checking pc-keyboard v0.5.1
[INFO] [stderr]     Checking lazy_static v1.4.0
[INFO] [stdout] error: cannot find macro `asm` in this scope
[INFO] [stdout]   --> /opt/rustwide/cargo-home/registry/src/index.crates.io-6f17d22bba15001f/x86_64-0.14.3/src/instructions/interrupts.rs:18:9
[INFO] [stdout]    |
[INFO] [stdout] 18 |         asm!("sti", options(nomem, nostack));
[INFO] [stdout]    |         ^^^
[INFO] [stdout]    |
[INFO] [stdout] help: consider importing this macro
[INFO] [stdout]    |
[INFO] [stdout] 3  + use core::arch::asm;
[INFO] [stdout]    |
[INFO] [stdout] 
[INFO] [stdout] 
[INFO] [stdout] error: cannot find macro `asm` in this scope
[INFO] [stdout]   --> /opt/rustwide/cargo-home/registry/src/index.crates.io-6f17d22bba15001f/x86_64-0.14.3/src/instructions/interrupts.rs:32:9
[INFO] [stdout]    |
[INFO] [stdout] 32 |         asm!("cli", options(nomem, nostack));
[INFO] [stdout]    |         ^^^
[INFO] [stdout]    |
[INFO] [stdout] help: consider importing this macro
[INFO] [stdout]    |
[INFO] [stdout] 3  + use core::arch::asm;
[INFO] [stdout]    |
[INFO] [stdout] 
[INFO] [stdout] 
[INFO] [stdout] error: cannot find macro `asm` in this scope
[INFO] [stdout]    --> /opt/rustwide/cargo-home/registry/src/index.crates.io-6f17d22bba15001f/x86_64-0.14.3/src/instructions/interrupts.rs:131:9
[INFO] [stdout]     |
[INFO] [stdout] 131 |         asm!("sti; hlt", options(nomem, nostack));
[INFO] [stdout]     |         ^^^
[INFO] [stdout]     |
[INFO] [stdout] help: consider importing this macro
[INFO] [stdout]     |
[INFO] [stdout] 3   + use core::arch::asm;
[INFO] [stdout]     |
[INFO] [stdout] 
[INFO] [stdout] 
[INFO] [stdout] error: cannot find macro `asm` in this scope
[INFO] [stdout]    --> /opt/rustwide/cargo-home/registry/src/index.crates.io-6f17d22bba15001f/x86_64-0.14.3/src/instructions/interrupts.rs:143:9
[INFO] [stdout]     |
[INFO] [stdout] 143 |         asm!("int3", options(nomem, nostack));
[INFO] [stdout]     |         ^^^
[INFO] [stdout]     |
[INFO] [stdout] help: consider importing this macro
[INFO] [stdout]     |
[INFO] [stdout] 3   + use core::arch::asm;
[INFO] [stdout]     |
[INFO] [stdout] 
[INFO] [stdout] 
[INFO] [stdout] error: cannot find macro `asm` in this scope
[INFO] [stdout]   --> /opt/rustwide/cargo-home/registry/src/index.crates.io-6f17d22bba15001f/x86_64-0.14.3/src/instructions/port.rs:14:13
[INFO] [stdout]    |
[INFO] [stdout] 14 |             asm!("in al, dx", out("al") value, in("dx") port, options(nomem, nostack, preserves_flags));
[INFO] [stdout]    |             ^^^
[INFO] [stdout]    |
[INFO] [stdout] help: consider importing this macro
[INFO] [stdout]    |
[INFO] [stdout] 3  + use core::arch::asm;
[INFO] [stdout]    |
[INFO] [stdout] 
[INFO] [stdout] 
[INFO] [stdout] error: cannot find macro `asm` in this scope
[INFO] [stdout]   --> /opt/rustwide/cargo-home/registry/src/index.crates.io-6f17d22bba15001f/x86_64-0.14.3/src/instructions/port.rs:28:13
[INFO] [stdout]    |
[INFO] [stdout] 28 |             asm!("in ax, dx", out("ax") value, in("dx") port, options(nomem, nostack, preserves_flags));
[INFO] [stdout]    |             ^^^
[INFO] [stdout]    |
[INFO] [stdout] help: consider importing this macro
[INFO] [stdout]    |
[INFO] [stdout] 3  + use core::arch::asm;
[INFO] [stdout]    |
[INFO] [stdout] 
[INFO] [stdout] 
[INFO] [stdout] error: cannot find macro `asm` in this scope
[INFO] [stdout]   --> /opt/rustwide/cargo-home/registry/src/index.crates.io-6f17d22bba15001f/x86_64-0.14.3/src/instructions/port.rs:42:13
[INFO] [stdout]    |
[INFO] [stdout] 42 |             asm!("in eax, dx", out("eax") value, in("dx") port, options(nomem, nostack, preserves_flags));
[INFO] [stdout]    |             ^^^
[INFO] [stdout]    |
[INFO] [stdout] help: consider importing this macro
[INFO] [stdout]    |
[INFO] [stdout] 3  + use core::arch::asm;
[INFO] [stdout]    |
[INFO] [stdout] 
[INFO] [stdout] 
[INFO] [stdout] error: cannot find macro `asm` in this scope
[INFO] [stdout]   --> /opt/rustwide/cargo-home/registry/src/index.crates.io-6f17d22bba15001f/x86_64-0.14.3/src/instructions/port.rs:54:9
[INFO] [stdout]    |
[INFO] [stdout] 54 |         asm!("out dx, al", in("dx") port, in("al") value, options(nomem, nostack, preserves_flags));
[INFO] [stdout]    |         ^^^
[INFO] [stdout]    |
[INFO] [stdout] help: consider importing this macro
[INFO] [stdout]    |
[INFO] [stdout] 3  + use core::arch::asm;
[INFO] [stdout]    |
[INFO] [stdout] 
[INFO] [stdout] 
[INFO] [stdout] error: cannot find macro `asm` in this scope
[INFO] [stdout]   --> /opt/rustwide/cargo-home/registry/src/index.crates.io-6f17d22bba15001f/x86_64-0.14.3/src/instructions/port.rs:65:9
[INFO] [stdout]    |
[INFO] [stdout] 65 |         asm!("out dx, ax", in("dx") port, in("ax") value, options(nomem, nostack, preserves_flags));
[INFO] [stdout]    |         ^^^
[INFO] [stdout]    |
[INFO] [stdout] help: consider importing this macro
[INFO] [stdout]    |
[INFO] [stdout] 3  + use core::arch::asm;
[INFO] [stdout]    |
[INFO] [stdout] 
[INFO] [stdout] 
[INFO] [stdout] error: cannot find macro `asm` in this scope
[INFO] [stdout]   --> /opt/rustwide/cargo-home/registry/src/index.crates.io-6f17d22bba15001f/x86_64-0.14.3/src/instructions/port.rs:76:9
[INFO] [stdout]    |
[INFO] [stdout] 76 |         asm!("out dx, eax", in("dx") port, in("eax") value, options(nomem, nostack, preserves_flags));
[INFO] [stdout]    |         ^^^
[INFO] [stdout]    |
[INFO] [stdout] help: consider importing this macro
[INFO] [stdout]    |
[INFO] [stdout] 3  + use core::arch::asm;
[INFO] [stdout]    |
[INFO] [stdout] 
[INFO] [stdout] 
[INFO] [stdout] error: cannot find macro `asm` in this scope
[INFO] [stdout]   --> /opt/rustwide/cargo-home/registry/src/index.crates.io-6f17d22bba15001f/x86_64-0.14.3/src/instructions/segmentation.rs:19:5
[INFO] [stdout]    |
[INFO] [stdout] 19 |     asm!(
[INFO] [stdout]    |     ^^^
[INFO] [stdout]    |
[INFO] [stdout] help: consider importing this macro
[INFO] [stdout]    |
[INFO] [stdout] 3  + use core::arch::asm;
[INFO] [stdout]    |
[INFO] [stdout] 
[INFO] [stdout] 
[INFO] [stdout] error: cannot find macro `asm` in this scope
[INFO] [stdout]   --> /opt/rustwide/cargo-home/registry/src/index.crates.io-6f17d22bba15001f/x86_64-0.14.3/src/instructions/segmentation.rs:43:5
[INFO] [stdout]    |
[INFO] [stdout] 43 |     asm!("mov ss, {0:x}", in(reg) sel.0, options(nostack, preserves_flags));
[INFO] [stdout]    |     ^^^
[INFO] [stdout]    |
[INFO] [stdout] help: consider importing this macro
[INFO] [stdout]    |
[INFO] [stdout] 3  + use core::arch::asm;
[INFO] [stdout]    |
[INFO] [stdout] 
[INFO] [stdout] 
[INFO] [stdout] error: cannot find macro `asm` in this scope
[INFO] [stdout]   --> /opt/rustwide/cargo-home/registry/src/index.crates.io-6f17d22bba15001f/x86_64-0.14.3/src/instructions/segmentation.rs:58:5
[INFO] [stdout]    |
[INFO] [stdout] 58 |     asm!("mov ds, {0:x}", in(reg) sel.0, options(nostack, preserves_flags));
[INFO] [stdout]    |     ^^^
[INFO] [stdout]    |
[INFO] [stdout] help: consider importing this macro
[INFO] [stdout]    |
[INFO] [stdout] 3  + use core::arch::asm;
[INFO] [stdout]    |
[INFO] [stdout] 
[INFO] [stdout] 
[INFO] [stdout] error: cannot find macro `asm` in this scope
[INFO] [stdout]   --> /opt/rustwide/cargo-home/registry/src/index.crates.io-6f17d22bba15001f/x86_64-0.14.3/src/instructions/segmentation.rs:73:5
[INFO] [stdout]    |
[INFO] [stdout] 73 |     asm!("mov es, {0:x}", in(reg) sel.0, options(nostack, preserves_flags));
[INFO] [stdout]    |     ^^^
[INFO] [stdout]    |
[INFO] [stdout] help: consider importing this macro
[INFO] [stdout]    |
[INFO] [stdout] 3  + use core::arch::asm;
[INFO] [stdout]    |
[INFO] [stdout] 
[INFO] [stdout] 
[INFO] [stdout] error: cannot find macro `asm` in this scope
[INFO] [stdout]   --> /opt/rustwide/cargo-home/registry/src/index.crates.io-6f17d22bba15001f/x86_64-0.14.3/src/instructions/segmentation.rs:88:5
[INFO] [stdout]    |
[INFO] [stdout] 88 |     asm!("mov fs, {0:x}", in(reg) sel.0, options(nostack, preserves_flags));
[INFO] [stdout]    |     ^^^
[INFO] [stdout]    |
[INFO] [stdout] help: consider importing this macro
[INFO] [stdout]    |
[INFO] [stdout] 3  + use core::arch::asm;
[INFO] [stdout]    |
[INFO] [stdout] 
[INFO] [stdout] 
[INFO] [stdout] error: cannot find macro `asm` in this scope
[INFO] [stdout]    --> /opt/rustwide/cargo-home/registry/src/index.crates.io-6f17d22bba15001f/x86_64-0.14.3/src/instructions/segmentation.rs:103:5
[INFO] [stdout]     |
[INFO] [stdout] 103 |     asm!("mov gs, {0:x}", in(reg) sel.0, options(nostack, preserves_flags));
[INFO] [stdout]     |     ^^^
[INFO] [stdout]     |
[INFO] [stdout] help: consider importing this macro
[INFO] [stdout]     |
[INFO] [stdout] 3   + use core::arch::asm;
[INFO] [stdout]     |
[INFO] [stdout] 
[INFO] [stdout] 
[INFO] [stdout] error: cannot find macro `asm` in this scope
[INFO] [stdout]    --> /opt/rustwide/cargo-home/registry/src/index.crates.io-6f17d22bba15001f/x86_64-0.14.3/src/instructions/segmentation.rs:118:5
[INFO] [stdout]     |
[INFO] [stdout] 118 |     asm!("swapgs", options(nostack, preserves_flags));
[INFO] [stdout]     |     ^^^
[INFO] [stdout]     |
[INFO] [stdout] help: consider importing this macro
[INFO] [stdout]     |
[INFO] [stdout] 3   + use core::arch::asm;
[INFO] [stdout]     |
[INFO] [stdout] 
[INFO] [stdout] 
[INFO] [stdout] error: cannot find macro `asm` in this scope
[INFO] [stdout]    --> /opt/rustwide/cargo-home/registry/src/index.crates.io-6f17d22bba15001f/x86_64-0.14.3/src/instructions/segmentation.rs:131:9
[INFO] [stdout]     |
[INFO] [stdout] 131 |         asm!("mov {0:x}, cs", out(reg) segment, options(nomem, nostack, preserves_flags));
[INFO] [stdout]     |         ^^^
[INFO] [stdout]     |
[INFO] [stdout] help: consider importing this macro
[INFO] [stdout]     |
[INFO] [stdout] 3   + use core::arch::asm;
[INFO] [stdout]     |
[INFO] [stdout] 
[INFO] [stdout] 
[INFO] [stdout] error: cannot find macro `asm` in this scope
[INFO] [stdout]    --> /opt/rustwide/cargo-home/registry/src/index.crates.io-6f17d22bba15001f/x86_64-0.14.3/src/instructions/segmentation.rs:153:5
[INFO] [stdout]     |
[INFO] [stdout] 153 |     asm!("wrfsbase {}", in(reg) val, options(nostack, preserves_flags));
[INFO] [stdout]     |     ^^^
[INFO] [stdout]     |
[INFO] [stdout] help: consider importing this macro
[INFO] [stdout]     |
[INFO] [stdout] 3   + use core::arch::asm;
[INFO] [stdout]     |
[INFO] [stdout] 
[INFO] [stdout] 
[INFO] [stdout] error: cannot find macro `asm` in this scope
[INFO] [stdout]    --> /opt/rustwide/cargo-home/registry/src/index.crates.io-6f17d22bba15001f/x86_64-0.14.3/src/instructions/segmentation.rs:169:9
[INFO] [stdout]     |
[INFO] [stdout] 169 |         asm!("rdfsbase {}", out(reg) val, options(nomem, nostack, preserves_flags));
[INFO] [stdout]     |         ^^^
[INFO] [stdout]     |
[INFO] [stdout] help: consider importing this macro
[INFO] [stdout]     |
[INFO] [stdout] 3   + use core::arch::asm;
[INFO] [stdout]     |
[INFO] [stdout] 
[INFO] [stdout] 
[INFO] [stdout] error: cannot find macro `asm` in this scope
[INFO] [stdout]    --> /opt/rustwide/cargo-home/registry/src/index.crates.io-6f17d22bba15001f/x86_64-0.14.3/src/instructions/segmentation.rs:188:5
[INFO] [stdout]     |
[INFO] [stdout] 188 |     asm!("wrgsbase {}", in(reg) val, options(nostack, preserves_flags));
[INFO] [stdout]     |     ^^^
[INFO] [stdout]     |
[INFO] [stdout] help: consider importing this macro
[INFO] [stdout]     |
[INFO] [stdout] 3   + use core::arch::asm;
[INFO] [stdout]     |
[INFO] [stdout] 
[INFO] [stdout] 
[INFO] [stdout] error: cannot find macro `asm` in this scope
[INFO] [stdout]    --> /opt/rustwide/cargo-home/registry/src/index.crates.io-6f17d22bba15001f/x86_64-0.14.3/src/instructions/segmentation.rs:204:9
[INFO] [stdout]     |
[INFO] [stdout] 204 |         asm!("rdgsbase {}", out(reg) val, options(nomem, nostack, preserves_flags));
[INFO] [stdout]     |         ^^^
[INFO] [stdout]     |
[INFO] [stdout] help: consider importing this macro
[INFO] [stdout]     |
[INFO] [stdout] 3   + use core::arch::asm;
[INFO] [stdout]     |
[INFO] [stdout] 
[INFO] [stdout] 
[INFO] [stdout] error: cannot find macro `asm` in this scope
[INFO] [stdout]   --> /opt/rustwide/cargo-home/registry/src/index.crates.io-6f17d22bba15001f/x86_64-0.14.3/src/instructions/tables.rs:22:5
[INFO] [stdout]    |
[INFO] [stdout] 22 |     asm!("lgdt [{}]", in(reg) gdt, options(readonly, nostack, preserves_flags));
[INFO] [stdout]    |     ^^^
[INFO] [stdout]    |
[INFO] [stdout] help: consider importing this macro
[INFO] [stdout]    |
[INFO] [stdout] 3  + use core::arch::asm;
[INFO] [stdout]    |
[INFO] [stdout] 
[INFO] [stdout] 
[INFO] [stdout] error: cannot find macro `asm` in this scope
[INFO] [stdout]   --> /opt/rustwide/cargo-home/registry/src/index.crates.io-6f17d22bba15001f/x86_64-0.14.3/src/instructions/tables.rs:42:5
[INFO] [stdout]    |
[INFO] [stdout] 42 |     asm!("lidt [{}]", in(reg) idt, options(readonly, nostack, preserves_flags));
[INFO] [stdout]    |     ^^^
[INFO] [stdout]    |
[INFO] [stdout] help: consider importing this macro
[INFO] [stdout]    |
[INFO] [stdout] 3  + use core::arch::asm;
[INFO] [stdout]    |
[INFO] [stdout] 
[INFO] [stdout] 
[INFO] [stdout] error: cannot find macro `asm` in this scope
[INFO] [stdout]   --> /opt/rustwide/cargo-home/registry/src/index.crates.io-6f17d22bba15001f/x86_64-0.14.3/src/instructions/tables.rs:57:9
[INFO] [stdout]    |
[INFO] [stdout] 57 |         asm!("sidt [{}]", in(reg) &mut idt, options(nostack, preserves_flags));
[INFO] [stdout]    |         ^^^
[INFO] [stdout]    |
[INFO] [stdout] help: consider importing this macro
[INFO] [stdout]    |
[INFO] [stdout] 3  + use core::arch::asm;
[INFO] [stdout]    |
[INFO] [stdout] 
[INFO] [stdout] 
[INFO] [stdout] error: cannot find macro `asm` in this scope
[INFO] [stdout]   --> /opt/rustwide/cargo-home/registry/src/index.crates.io-6f17d22bba15001f/x86_64-0.14.3/src/instructions/tables.rs:75:5
[INFO] [stdout]    |
[INFO] [stdout] 75 |     asm!("ltr {0:x}", in(reg) sel.0, options(nomem, nostack, preserves_flags));
[INFO] [stdout]    |     ^^^
[INFO] [stdout]    |
[INFO] [stdout] help: consider importing this macro
[INFO] [stdout]    |
[INFO] [stdout] 3  + use core::arch::asm;
[INFO] [stdout]    |
[INFO] [stdout] 
[INFO] [stdout] 
[INFO] [stdout] error: cannot find macro `asm` in this scope
[INFO] [stdout]   --> /opt/rustwide/cargo-home/registry/src/index.crates.io-6f17d22bba15001f/x86_64-0.14.3/src/instructions/tlb.rs:10:9
[INFO] [stdout]    |
[INFO] [stdout] 10 |         asm!("invlpg [{}]", in(reg) addr.as_u64(), options(nostack, preserves_flags));
[INFO] [stdout]    |         ^^^
[INFO] [stdout]    |
[INFO] [stdout] help: consider importing this macro
[INFO] [stdout]    |
[INFO] [stdout] 3  + use core::arch::asm;
[INFO] [stdout]    |
[INFO] [stdout] 
[INFO] [stdout] 
[INFO] [stdout] error: cannot find macro `asm` in this scope
[INFO] [stdout]   --> /opt/rustwide/cargo-home/registry/src/index.crates.io-6f17d22bba15001f/x86_64-0.14.3/src/instructions/tlb.rs:99:5
[INFO] [stdout]    |
[INFO] [stdout] 99 |     asm!("invpcid {0}, [{1}]", in(reg) kind, in(reg) &desc, options(nostack, preserves_flags));
[INFO] [stdout]    |     ^^^
[INFO] [stdout]    |
[INFO] [stdout] help: consider importing this macro
[INFO] [stdout]    |
[INFO] [stdout] 3  + use core::arch::asm;
[INFO] [stdout]    |
[INFO] [stdout] 
[INFO] [stdout] 
[INFO] [stdout] error: cannot find macro `asm` in this scope
[INFO] [stdout]   --> /opt/rustwide/cargo-home/registry/src/index.crates.io-6f17d22bba15001f/x86_64-0.14.3/src/instructions/mod.rs:17:9
[INFO] [stdout]    |
[INFO] [stdout] 17 |         asm!("hlt", options(nomem, nostack, preserves_flags));
[INFO] [stdout]    |         ^^^
[INFO] [stdout]    |
[INFO] [stdout] help: consider importing this macro
[INFO] [stdout]    |
[INFO] [stdout] 5  + use core::arch::asm;
[INFO] [stdout]    |
[INFO] [stdout] 
[INFO] [stdout] 
[INFO] [stdout] error: cannot find macro `asm` in this scope
[INFO] [stdout]   --> /opt/rustwide/cargo-home/registry/src/index.crates.io-6f17d22bba15001f/x86_64-0.14.3/src/instructions/mod.rs:34:9
[INFO] [stdout]    |
[INFO] [stdout] 34 |         asm!("nop", options(nomem, nostack, preserves_flags));
[INFO] [stdout]    |         ^^^
[INFO] [stdout]    |
[INFO] [stdout] help: consider importing this macro
[INFO] [stdout]    |
[INFO] [stdout] 5  + use core::arch::asm;
[INFO] [stdout]    |
[INFO] [stdout] 
[INFO] [stdout] 
[INFO] [stdout] error: cannot find macro `asm` in this scope
[INFO] [stdout]   --> /opt/rustwide/cargo-home/registry/src/index.crates.io-6f17d22bba15001f/x86_64-0.14.3/src/instructions/mod.rs:47:9
[INFO] [stdout]    |
[INFO] [stdout] 47 |         asm!("xchg bx, bx", options(nomem, nostack, preserves_flags));
[INFO] [stdout]    |         ^^^
[INFO] [stdout]    |
[INFO] [stdout] help: consider importing this macro
[INFO] [stdout]    |
[INFO] [stdout] 5  + use core::arch::asm;
[INFO] [stdout]    |
[INFO] [stdout] 
[INFO] [stdout] 
[INFO] [stdout] error: cannot find macro `asm` in this scope
[INFO] [stdout]   --> /opt/rustwide/cargo-home/registry/src/index.crates.io-6f17d22bba15001f/x86_64-0.14.3/src/instructions/mod.rs:62:9
[INFO] [stdout]    |
[INFO] [stdout] 62 |         asm!("lea {}, [rip]", out(reg) rip, options(nostack, nomem, preserves_flags));
[INFO] [stdout]    |         ^^^
[INFO] [stdout]    |
[INFO] [stdout] help: consider importing this macro
[INFO] [stdout]    |
[INFO] [stdout] 5  + use core::arch::asm;
[INFO] [stdout]    |
[INFO] [stdout] 
[INFO] [stdout] 
[INFO] [stdout] error: cannot find macro `asm` in this scope
[INFO] [stdout]    --> /opt/rustwide/cargo-home/registry/src/index.crates.io-6f17d22bba15001f/x86_64-0.14.3/src/registers/control.rs:147:17
[INFO] [stdout]     |
[INFO] [stdout] 147 |                 asm!("mov {}, cr0", out(reg) value, options(nomem, nostack, preserves_flags));
[INFO] [stdout]     |                 ^^^
[INFO] [stdout]     |
[INFO] [stdout] help: consider importing this macro
[INFO] [stdout]     |
[INFO] [stdout] 130 +     use core::arch::asm;
[INFO] [stdout]     |
[INFO] [stdout] 
[INFO] [stdout] 
[INFO] [stdout] error: cannot find macro `asm` in this scope
[INFO] [stdout]    --> /opt/rustwide/cargo-home/registry/src/index.crates.io-6f17d22bba15001f/x86_64-0.14.3/src/registers/control.rs:185:13
[INFO] [stdout]     |
[INFO] [stdout] 185 |             asm!("mov cr0, {}", in(reg) value, options(nostack, preserves_flags));
[INFO] [stdout]     |             ^^^
[INFO] [stdout]     |
[INFO] [stdout] help: consider importing this macro
[INFO] [stdout]     |
[INFO] [stdout] 130 +     use core::arch::asm;
[INFO] [stdout]     |
[INFO] [stdout] 
[INFO] [stdout] 
[INFO] [stdout] error: cannot find macro `asm` in this scope
[INFO] [stdout]    --> /opt/rustwide/cargo-home/registry/src/index.crates.io-6f17d22bba15001f/x86_64-0.14.3/src/registers/control.rs:218:17
[INFO] [stdout]     |
[INFO] [stdout] 218 |                 asm!("mov {}, cr2", out(reg) value, options(nomem, nostack, preserves_flags));
[INFO] [stdout]     |                 ^^^
[INFO] [stdout]     |
[INFO] [stdout] help: consider importing this macro
[INFO] [stdout]     |
[INFO] [stdout] 130 +     use core::arch::asm;
[INFO] [stdout]     |
[INFO] [stdout] 
[INFO] [stdout] 
[INFO] [stdout] error: cannot find macro `asm` in this scope
[INFO] [stdout]    --> /opt/rustwide/cargo-home/registry/src/index.crates.io-6f17d22bba15001f/x86_64-0.14.3/src/registers/control.rs:245:17
[INFO] [stdout]     |
[INFO] [stdout] 245 |                 asm!("mov {}, cr3", out(reg) value, options(nomem, nostack, preserves_flags));
[INFO] [stdout]     |                 ^^^
[INFO] [stdout]     |
[INFO] [stdout] help: consider importing this macro
[INFO] [stdout]     |
[INFO] [stdout] 130 +     use core::arch::asm;
[INFO] [stdout]     |
[INFO] [stdout] 
[INFO] [stdout] 
[INFO] [stdout] error: cannot find macro `asm` in this scope
[INFO] [stdout]    --> /opt/rustwide/cargo-home/registry/src/index.crates.io-6f17d22bba15001f/x86_64-0.14.3/src/registers/control.rs:298:13
[INFO] [stdout]     |
[INFO] [stdout] 298 |             asm!("mov cr3, {}", in(reg) value, options(nostack, preserves_flags));
[INFO] [stdout]     |             ^^^
[INFO] [stdout]     |
[INFO] [stdout] help: consider importing this macro
[INFO] [stdout]     |
[INFO] [stdout] 130 +     use core::arch::asm;
[INFO] [stdout]     |
[INFO] [stdout] 
[INFO] [stdout] 
[INFO] [stdout] error: cannot find macro `asm` in this scope
[INFO] [stdout]    --> /opt/rustwide/cargo-home/registry/src/index.crates.io-6f17d22bba15001f/x86_64-0.14.3/src/registers/control.rs:319:17
[INFO] [stdout]     |
[INFO] [stdout] 319 |                 asm!("mov {}, cr4", out(reg) value, options(nomem, nostack, preserves_flags));
[INFO] [stdout]     |                 ^^^
[INFO] [stdout]     |
[INFO] [stdout] help: consider importing this macro
[INFO] [stdout]     |
[INFO] [stdout] 130 +     use core::arch::asm;
[INFO] [stdout]     |
[INFO] [stdout] 
[INFO] [stdout] 
[INFO] [stdout] error: cannot find macro `asm` in this scope
[INFO] [stdout]    --> /opt/rustwide/cargo-home/registry/src/index.crates.io-6f17d22bba15001f/x86_64-0.14.3/src/registers/control.rs:359:13
[INFO] [stdout]     |
[INFO] [stdout] 359 |             asm!("mov cr4, {}", in(reg) value, options(nostack, preserves_flags));
[INFO] [stdout]     |             ^^^
[INFO] [stdout]     |
[INFO] [stdout] help: consider importing this macro
[INFO] [stdout]     |
[INFO] [stdout] 130 +     use core::arch::asm;
[INFO] [stdout]     |
[INFO] [stdout] 
[INFO] [stdout] 
[INFO] [stdout] error: cannot find macro `asm` in this scope
[INFO] [stdout]    --> /opt/rustwide/cargo-home/registry/src/index.crates.io-6f17d22bba15001f/x86_64-0.14.3/src/registers/model_specific.rs:124:17
[INFO] [stdout]     |
[INFO] [stdout] 124 |                 asm!(
[INFO] [stdout]     |                 ^^^
[INFO] [stdout]     |
[INFO] [stdout] help: consider importing this macro
[INFO] [stdout]     |
[INFO] [stdout] 104 +     use core::arch::asm;
[INFO] [stdout]     |
[INFO] [stdout] 
[INFO] [stdout] 
[INFO] [stdout] error: cannot find macro `asm` in this scope
[INFO] [stdout]    --> /opt/rustwide/cargo-home/registry/src/index.crates.io-6f17d22bba15001f/x86_64-0.14.3/src/registers/model_specific.rs:149:13
[INFO] [stdout]     |
[INFO] [stdout] 149 |             asm!(
[INFO] [stdout]     |             ^^^
[INFO] [stdout]     |
[INFO] [stdout] help: consider importing this macro
[INFO] [stdout]     |
[INFO] [stdout] 104 +     use core::arch::asm;
[INFO] [stdout]     |
[INFO] [stdout] 
[INFO] [stdout] 
[INFO] [stdout] error: cannot find macro `asm` in this scope
[INFO] [stdout]   --> /opt/rustwide/cargo-home/registry/src/index.crates.io-6f17d22bba15001f/x86_64-0.14.3/src/registers/rflags.rs:84:13
[INFO] [stdout]    |
[INFO] [stdout] 84 |             asm!("pushfq; pop {}", out(reg) r, options(nomem, preserves_flags));
[INFO] [stdout]    |             ^^^
[INFO] [stdout]    |
[INFO] [stdout] help: consider importing this macro
[INFO] [stdout]    |
[INFO] [stdout] 67 +     use core::arch::asm;
[INFO] [stdout]    |
[INFO] [stdout] 
[INFO] [stdout] 
[INFO] [stdout] error: cannot find macro `asm` in this scope
[INFO] [stdout]    --> /opt/rustwide/cargo-home/registry/src/index.crates.io-6f17d22bba15001f/x86_64-0.14.3/src/registers/rflags.rs:125:9
[INFO] [stdout]     |
[INFO] [stdout] 125 |         asm!("push {}; popfq", in(reg) val, options(nomem, preserves_flags));
[INFO] [stdout]     |         ^^^
[INFO] [stdout]     |
[INFO] [stdout] help: consider importing this macro
[INFO] [stdout]     |
[INFO] [stdout] 67  +     use core::arch::asm;
[INFO] [stdout]     |
[INFO] [stdout] 
[INFO] [stdout] 
[INFO] [stdout] error: cannot find macro `asm` in this scope
[INFO] [stdout]   --> /opt/rustwide/cargo-home/registry/src/index.crates.io-6f17d22bba15001f/x86_64-0.14.3/src/registers/xcontrol.rs:43:17
[INFO] [stdout]    |
[INFO] [stdout] 43 |                 asm!(
[INFO] [stdout]    |                 ^^^
[INFO] [stdout]    |
[INFO] [stdout] help: consider importing this macro
[INFO] [stdout]    |
[INFO] [stdout] 29 +     use core::arch::asm;
[INFO] [stdout]    |
[INFO] [stdout] 
[INFO] [stdout] 
[INFO] [stdout] error: cannot find macro `asm` in this scope
[INFO] [stdout]   --> /opt/rustwide/cargo-home/registry/src/index.crates.io-6f17d22bba15001f/x86_64-0.14.3/src/registers/xcontrol.rs:89:13
[INFO] [stdout]    |
[INFO] [stdout] 89 |             asm!(
[INFO] [stdout]    |             ^^^
[INFO] [stdout]    |
[INFO] [stdout] help: consider importing this macro
[INFO] [stdout]    |
[INFO] [stdout] 29 +     use core::arch::asm;
[INFO] [stdout]    |
[INFO] [stdout] 
[INFO] [stdout] 
[INFO] [stdout] error: aborting due to 45 previous errors
[INFO] [stdout] 
[INFO] [stdout] 
[INFO] [stderr] error: could not compile `x86_64` (lib) due to 46 previous errors
[INFO] running `Command { std: "docker" "inspect" "83708649f8a6c01d7a9aa2f0cd30be21a63d0079515b6b9d249fd4b6cb031802", kill_on_drop: false }`
[INFO] running `Command { std: "docker" "rm" "-f" "83708649f8a6c01d7a9aa2f0cd30be21a63d0079515b6b9d249fd4b6cb031802", kill_on_drop: false }`
[INFO] [stdout] 83708649f8a6c01d7a9aa2f0cd30be21a63d0079515b6b9d249fd4b6cb031802
