[INFO] cloning repository https://github.com/tetcoin/substrate-debug-kit
[INFO] running `Command { std: "git" "-c" "credential.helper=" "-c" "credential.helper=/workspace/cargo-home/bin/git-credential-null" "clone" "--bare" "https://github.com/tetcoin/substrate-debug-kit" "/workspace/cache/git-repos/https%3A%2F%2Fgithub.com%2Ftetcoin%2Fsubstrate-debug-kit", kill_on_drop: false }`
[INFO] [stderr] Cloning into bare repository '/workspace/cache/git-repos/https%3A%2F%2Fgithub.com%2Ftetcoin%2Fsubstrate-debug-kit'...
[INFO] running `Command { std: "git" "rev-parse" "HEAD", kill_on_drop: false }`
[INFO] [stdout] e37d9c33c4c79a9461df13b758613ddca0e50742
[INFO] checking tetcoin/substrate-debug-kit against nightly-2024-02-05 for check-cfg
[INFO] running `Command { std: "git" "clone" "/workspace/cache/git-repos/https%3A%2F%2Fgithub.com%2Ftetcoin%2Fsubstrate-debug-kit" "/workspace/builds/worker-1-tc1/source", kill_on_drop: false }`
[INFO] [stderr] Cloning into '/workspace/builds/worker-1-tc1/source'...
[INFO] [stderr] done.
[INFO] validating manifest of git repo https://github.com/tetcoin/substrate-debug-kit on toolchain nightly-2024-02-05
[INFO] running `Command { std: CARGO_HOME="/workspace/cargo-home" RUSTUP_HOME="/workspace/rustup-home" "/workspace/cargo-home/bin/cargo" "+nightly-2024-02-05" "metadata" "--manifest-path" "Cargo.toml" "--no-deps", kill_on_drop: false }`
[INFO] started tweaking git repo https://github.com/tetcoin/substrate-debug-kit
[INFO] finished tweaking git repo https://github.com/tetcoin/substrate-debug-kit
[INFO] tweaked toml for git repo https://github.com/tetcoin/substrate-debug-kit written to /workspace/builds/worker-1-tc1/source/Cargo.toml
[INFO] crate git repo https://github.com/tetcoin/substrate-debug-kit already has a lockfile, it will not be regenerated
[INFO] running `Command { std: CARGO_HOME="/workspace/cargo-home" RUSTUP_HOME="/workspace/rustup-home" "/workspace/cargo-home/bin/cargo" "+nightly-2024-02-05" "fetch" "--manifest-path" "Cargo.toml", kill_on_drop: false }`
[INFO] [stderr]     Blocking waiting for file lock on package cache
[ERROR] error running command: no output for 300 seconds
[ERROR] this task or one of its parent failed!
[ERROR] no output for 300 seconds
[ERROR] note: run with `RUST_BACKTRACE=1` to display a backtrace.
[INFO] checking tetcoin/substrate-debug-kit against nightly-2024-02-05+rustflags=-Dunexpected_cfgs+cargoflags=-Zcheck-cfg for check-cfg
[INFO] running `Command { std: "git" "clone" "/workspace/cache/git-repos/https%3A%2F%2Fgithub.com%2Ftetcoin%2Fsubstrate-debug-kit" "/workspace/builds/worker-1-tc2/source", kill_on_drop: false }`
[INFO] [stderr] Cloning into '/workspace/builds/worker-1-tc2/source'...
[INFO] [stderr] done.
[INFO] validating manifest of git repo https://github.com/tetcoin/substrate-debug-kit on toolchain nightly-2024-02-05
[INFO] running `Command { std: CARGO_HOME="/workspace/cargo-home" RUSTUP_HOME="/workspace/rustup-home" "/workspace/cargo-home/bin/cargo" "+nightly-2024-02-05" "metadata" "--manifest-path" "Cargo.toml" "--no-deps", kill_on_drop: false }`
[INFO] started tweaking git repo https://github.com/tetcoin/substrate-debug-kit
[INFO] finished tweaking git repo https://github.com/tetcoin/substrate-debug-kit
[INFO] tweaked toml for git repo https://github.com/tetcoin/substrate-debug-kit written to /workspace/builds/worker-1-tc2/source/Cargo.toml
[INFO] crate git repo https://github.com/tetcoin/substrate-debug-kit already has a lockfile, it will not be regenerated
[INFO] running `Command { std: CARGO_HOME="/workspace/cargo-home" RUSTUP_HOME="/workspace/rustup-home" "/workspace/cargo-home/bin/cargo" "+nightly-2024-02-05" "fetch" "--manifest-path" "Cargo.toml", kill_on_drop: false }`
[INFO] [stderr]     Blocking waiting for file lock on package cache
[INFO] [stderr]     Updating git repository `https://github.com/paritytech/jsonrpsee`
[INFO] [stderr]     Updating crates.io index
[INFO] [stderr]     Blocking waiting for file lock on package cache
[ERROR] error running command: no output for 300 seconds
[INFO] checking tetcoin/substrate-debug-kit against nightly-2024-02-05+rustflags=-Dunexpected_cfgs+cargoflags=-Zcheck-cfg for check-cfg
[INFO] running `Command { std: "git" "clone" "/workspace/cache/git-repos/https%3A%2F%2Fgithub.com%2Ftetcoin%2Fsubstrate-debug-kit" "/workspace/builds/worker-1-tc2/source", kill_on_drop: false }`
[INFO] [stderr] Cloning into '/workspace/builds/worker-1-tc2/source'...
[INFO] [stderr] done.
[INFO] validating manifest of git repo https://github.com/tetcoin/substrate-debug-kit on toolchain nightly-2024-02-05
[INFO] running `Command { std: CARGO_HOME="/workspace/cargo-home" RUSTUP_HOME="/workspace/rustup-home" "/workspace/cargo-home/bin/cargo" "+nightly-2024-02-05" "metadata" "--manifest-path" "Cargo.toml" "--no-deps", kill_on_drop: false }`
[INFO] started tweaking git repo https://github.com/tetcoin/substrate-debug-kit
[INFO] finished tweaking git repo https://github.com/tetcoin/substrate-debug-kit
[INFO] tweaked toml for git repo https://github.com/tetcoin/substrate-debug-kit written to /workspace/builds/worker-1-tc2/source/Cargo.toml
[INFO] crate git repo https://github.com/tetcoin/substrate-debug-kit already has a lockfile, it will not be regenerated
[INFO] running `Command { std: CARGO_HOME="/workspace/cargo-home" RUSTUP_HOME="/workspace/rustup-home" "/workspace/cargo-home/bin/cargo" "+nightly-2024-02-05" "fetch" "--manifest-path" "Cargo.toml", kill_on_drop: false }`
[INFO] [stderr]     Blocking waiting for file lock on package cache
[INFO] [stderr]     Blocking waiting for file lock on package cache
[INFO] [stderr]  Downloading crates ...
[INFO] [stderr]   Downloaded predicates-tree v1.0.1
[INFO] [stderr]   Downloaded pallet-staking-reward-curve v2.0.1
[INFO] [stderr]   Downloaded sp-npos-elections-compact v2.0.1
[INFO] [stderr]   Downloaded pallet-identity v2.0.1
[INFO] [stderr]   Downloaded pallet-proxy v2.0.1
[INFO] [stderr]   Downloaded predicates v1.0.6
[INFO] [stderr]   Downloaded predicates-core v1.0.1
[INFO] [stderr]   Downloaded assert_cmd v1.0.2
[INFO] [stderr]   Downloaded libc v0.2.83
[INFO] [stderr]   Downloaded sp-npos-elections v2.0.1
[INFO] [stderr]   Downloaded pallet-staking v2.0.1
[INFO] running `Command { std: "docker" "create" "-v" "/var/lib/crater-agent-workspace/builds/worker-1-tc2/target:/opt/rustwide/target:rw,Z" "-v" "/var/lib/crater-agent-workspace/builds/worker-1-tc2/source:/opt/rustwide/workdir:ro,Z" "-v" "/var/lib/crater-agent-workspace/cargo-home:/opt/rustwide/cargo-home:ro,Z" "-v" "/var/lib/crater-agent-workspace/rustup-home:/opt/rustwide/rustup-home:ro,Z" "-e" "SOURCE_DIR=/opt/rustwide/workdir" "-e" "CARGO_TARGET_DIR=/opt/rustwide/target" "-e" "CARGO_HOME=/opt/rustwide/cargo-home" "-e" "RUSTUP_HOME=/opt/rustwide/rustup-home" "-w" "/opt/rustwide/workdir" "-m" "1610612736" "--user" "0:0" "--network" "none" "ghcr.io/rust-lang/crates-build-env/linux@sha256:2788e3201cd34a07e3172128adcd8b3090168a8e3bcc40d7c032b9dda1df7d1c" "/opt/rustwide/cargo-home/bin/cargo" "+nightly-2024-02-05" "metadata" "--no-deps" "--format-version=1", kill_on_drop: false }`
[INFO] [stdout] 00a440e63f1454644cf1f17ef5f17ae38cba83305929e5afe149adc8af929783
[INFO] running `Command { std: "docker" "start" "-a" "00a440e63f1454644cf1f17ef5f17ae38cba83305929e5afe149adc8af929783", kill_on_drop: false }`
[INFO] running `Command { std: "docker" "inspect" "00a440e63f1454644cf1f17ef5f17ae38cba83305929e5afe149adc8af929783", kill_on_drop: false }`
[INFO] running `Command { std: "docker" "rm" "-f" "00a440e63f1454644cf1f17ef5f17ae38cba83305929e5afe149adc8af929783", kill_on_drop: false }`
[INFO] [stdout] 00a440e63f1454644cf1f17ef5f17ae38cba83305929e5afe149adc8af929783
[INFO] running `Command { std: "docker" "create" "-v" "/var/lib/crater-agent-workspace/builds/worker-1-tc2/target:/opt/rustwide/target:rw,Z" "-v" "/var/lib/crater-agent-workspace/builds/worker-1-tc2/source:/opt/rustwide/workdir:ro,Z" "-v" "/var/lib/crater-agent-workspace/cargo-home:/opt/rustwide/cargo-home:ro,Z" "-v" "/var/lib/crater-agent-workspace/rustup-home:/opt/rustwide/rustup-home:ro,Z" "-e" "SOURCE_DIR=/opt/rustwide/workdir" "-e" "CARGO_TARGET_DIR=/opt/rustwide/target" "-e" "CARGO_INCREMENTAL=0" "-e" "RUST_BACKTRACE=full" "-e" "RUSTFLAGS=--cap-lints=forbid -Dunexpected_cfgs" "-e" "RUSTDOCFLAGS=--cap-lints=forbid" "-e" "CARGO_HOME=/opt/rustwide/cargo-home" "-e" "RUSTUP_HOME=/opt/rustwide/rustup-home" "-w" "/opt/rustwide/workdir" "-m" "1610612736" "--user" "0:0" "--network" "none" "ghcr.io/rust-lang/crates-build-env/linux@sha256:2788e3201cd34a07e3172128adcd8b3090168a8e3bcc40d7c032b9dda1df7d1c" "/opt/rustwide/cargo-home/bin/cargo" "+nightly-2024-02-05" "check" "--frozen" "--all" "--all-targets" "--message-format=json" "-Zcheck-cfg", kill_on_drop: false }`
[INFO] [stdout] fc766ca649b54595aaf8c49dd14409d4e96a7144ab390b717c76af6658228080
[INFO] running `Command { std: "docker" "start" "-a" "fc766ca649b54595aaf8c49dd14409d4e96a7144ab390b717c76af6658228080", kill_on_drop: false }`
[INFO] [stderr]    Compiling proc-macro2 v1.0.24
[INFO] [stderr]    Compiling unicode-xid v0.2.1
[INFO] [stderr]    Compiling syn v1.0.60
[INFO] [stderr]    Compiling libc v0.2.83
[INFO] [stderr]     Checking cfg-if v1.0.0
[INFO] [stderr]    Compiling autocfg v1.0.1
[INFO] [stderr]     Checking smallvec v1.6.1
[INFO] [stderr]     Checking scopeguard v1.1.0
[INFO] [stderr]    Compiling memchr v2.3.4
[INFO] [stderr]    Compiling serde_derive v1.0.123
[INFO] [stderr]    Compiling serde v1.0.123
[INFO] [stderr]    Compiling value-bag v1.0.0-alpha.6
[INFO] [stderr]    Compiling log v0.4.14
[INFO] [stderr]    Compiling typenum v1.12.0
[INFO] [stderr]     Checking pin-project-lite v0.2.4
[INFO] [stderr]    Compiling version_check v0.9.2
[INFO] [stderr]     Checking instant v0.1.9
[INFO] [stderr]     Checking futures-core v0.3.12
[INFO] [stderr]     Checking lock_api v0.4.2
[INFO] [stderr]    Compiling getrandom v0.1.16
[INFO] [stderr]     Checking byteorder v1.4.2
[INFO] [stderr]    Compiling libm v0.2.1
[INFO] [stderr]     Checking futures-io v0.3.12
[INFO] [stderr]     Checking lazy_static v1.4.0
[INFO] [stderr]    Compiling num-traits v0.2.14
[INFO] [stderr]    Compiling proc-macro-hack v0.5.19
[INFO] [stderr]     Checking ppv-lite86 v0.2.10
[INFO] [stderr]     Checking arrayvec v0.5.2
[INFO] [stderr]     Checking either v1.6.1
[INFO] [stderr]     Checking radium v0.3.0
[INFO] [stderr]     Checking futures-sink v0.3.12
[INFO] [stderr]    Compiling proc-macro-nested v0.1.7
[INFO] [stderr]    Compiling num-integer v0.1.44
[INFO] [stderr]     Checking itoa v0.4.7
[INFO] [stderr]     Checking byte-slice-cast v0.3.5
[INFO] [stderr]     Checking pin-utils v0.1.0
[INFO] [stderr]     Checking slab v0.4.2
[INFO] [stderr]     Checking futures-channel v0.3.12
[INFO] [stderr]     Checking tracing-core v0.1.17
[INFO] [stderr]     Checking regex-syntax v0.6.22
[INFO] [stderr]    Compiling generic-array v0.14.4
[INFO] [stderr]     Checking bitvec v0.17.4
[INFO] [stderr]    Compiling ryu v1.0.5
[INFO] [stderr]    Compiling quote v1.0.8
[INFO] [stderr]     Checking cfg-if v0.1.10
[INFO] [stderr]    Compiling crunchy v0.2.2
[INFO] [stderr]     Checking aho-corasick v0.7.15
[INFO] [stderr]    Compiling serde_json v1.0.61
[INFO] [stderr]    Compiling num-bigint v0.2.6
[INFO] [stderr]     Checking parking_lot_core v0.8.2
[INFO] [stderr]     Checking num_cpus v1.13.0
[INFO] [stderr]    Compiling num-rational v0.2.4
[INFO] [stderr]    Compiling miniz_oxide v0.4.3
[INFO] [stderr]     Checking subtle v1.0.0
[INFO] [stderr]     Checking rand_core v0.5.1
[INFO] [stderr]     Checking static_assertions v1.1.0
[INFO] [stderr]     Checking byte-tools v0.3.1
[INFO] [stderr]     Checking sp-std v2.0.1
[INFO] [stderr]     Checking tinyvec_macros v0.1.0
[INFO] [stderr]     Checking rustc-hex v2.1.0
[INFO] [stderr]     Checking parking_lot v0.11.1
[INFO] [stderr]     Checking block-padding v0.1.5
[INFO] [stderr]     Checking gimli v0.23.0
[INFO] [stderr]     Checking tinyvec v1.1.1
[INFO] [stderr]     Checking adler v0.2.3
[INFO] [stderr]     Checking subtle v2.4.0
[INFO] [stderr]     Checking ahash v0.4.7
[INFO] [stderr]    Compiling arrayvec v0.4.12
[INFO] [stderr]     Checking once_cell v1.5.2
[INFO] [stderr]     Checking rand_pcg v0.2.1
[INFO] [stderr]     Checking rand_chacha v0.2.2
[INFO] [stderr]     Checking object v0.23.0
[INFO] [stderr]     Checking futures-task v0.3.12
[INFO] [stderr]     Checking thread_local v1.1.2
[INFO] [stderr]     Checking rand v0.7.3
[INFO] [stderr]     Checking generic-array v0.12.3
[INFO] [stderr]     Checking hashbrown v0.9.1
[INFO] [stderr]    Compiling ref-cast v1.0.6
[INFO] [stderr]     Checking opaque-debug v0.3.0
[INFO] [stderr]     Checking fake-simd v0.1.2
[INFO] [stderr]     Checking cpuid-bool v0.1.2
[INFO] [stderr]    Compiling failure_derive v0.1.8
[INFO] [stderr]     Checking rustc-demangle v0.1.18
[INFO] [stderr]     Checking unicode-normalization v0.1.16
[INFO] [stderr]     Checking digest v0.8.1
[INFO] [stderr]     Checking crypto-mac v0.7.0
[INFO] [stderr]     Checking block-buffer v0.7.3
[INFO] [stderr]     Checking opaque-debug v0.2.3
[INFO] [stderr]     Checking uint v0.8.5
[INFO] [stderr]     Checking hmac v0.7.1
[INFO] [stderr]     Checking sha2 v0.8.2
[INFO] [stderr]     Checking digest v0.9.0
[INFO] [stderr]     Checking block-buffer v0.9.0
[INFO] [stderr]     Checking time v0.1.44
[INFO] [stderr]    Compiling hashbrown v0.8.2
[INFO] [stderr]     Checking parity-wasm v0.41.0
[INFO] [stderr]     Checking parking_lot_core v0.7.2
[INFO] [stderr]     Checking sharded-slab v0.1.1
[INFO] [stderr]     Checking lock_api v0.3.4
[INFO] [stderr]     Checking arrayref v0.3.6
[INFO] [stderr]     Checking fixed-hash v0.6.1
[INFO] [stderr]    Compiling parity-util-mem v0.7.0
[INFO] [stderr]     Checking keccak v0.1.0
[INFO] [stderr]     Checking ansi_term v0.12.1
[INFO] [stderr]     Checking chrono v0.4.19
[INFO] [stderr]     Checking ahash v0.3.8
[INFO] [stderr]     Checking hash-db v0.15.2
[INFO] [stderr]     Checking memory_units v0.3.0
[INFO] [stderr]     Checking parking_lot v0.10.2
[INFO] [stderr]     Checking pbkdf2 v0.3.0
[INFO] [stderr]     Checking regex v1.4.3
[INFO] [stderr]     Checking regex-automata v0.1.9
[INFO] [stderr]     Checking signature v1.3.0
[INFO] [stderr]     Checking environmental v1.1.2
[INFO] [stderr]     Checking nodrop v0.1.14
[INFO] [stderr]    Compiling tiny-keccak v2.0.2
[INFO] [stderr]     Checking ed25519 v1.0.3
[INFO] [stderr]     Checking sha2 v0.9.2
[INFO] [stderr]     Checking hmac-drbg v0.2.0
[INFO] [stderr]     Checking dyn-clone v1.0.4
[INFO] [stderr]     Checking addr2line v0.14.1
[INFO] [stderr]     Checking rustc-hash v1.1.0
[INFO] [stderr]     Checking constant_time_eq v0.1.5
[INFO] [stderr]     Checking libsecp256k1 v0.3.5
[INFO] [stderr]     Checking twox-hash v1.6.0
[INFO] [stderr]     Checking hash256-std-hasher v0.15.2
[INFO] [stderr]     Checking base58 v0.1.0
[INFO] [stderr]     Checking blake2-rfc v0.2.18
[INFO] [stderr]     Checking hex v0.4.2
[INFO] [stderr]     Checking trie-root v0.16.0
[INFO] [stderr]     Checking integer-sqrt v0.1.5
[INFO] [stderr]     Checking rand_core v0.4.2
[INFO] [stderr]    Compiling paste-impl v0.1.18
[INFO] [stderr]    Compiling autocfg v0.1.7
[INFO] [stderr]    Compiling num-complex v0.2.4
[INFO] [stderr]     Checking wasmi-validation v0.3.0
[INFO] [stderr]     Checking fnv v1.0.7
[INFO] [stderr]     Checking rand_core v0.3.1
[INFO] [stderr]    Compiling cc v1.0.66
[INFO] [stderr]     Checking matchers v0.0.1
[INFO] [stderr]     Checking bytes v1.0.1
[INFO] [stderr]    Compiling tokio v1.1.0
[INFO] [stderr]     Checking cache-padded v1.1.1
[INFO] [stderr]     Checking bitmask v0.5.0
[INFO] [stderr]    Compiling pin-project-internal v0.4.27
[INFO] [stderr]     Checking concurrent-queue v1.2.2
[INFO] [stderr]     Checking rand_hc v0.1.0
[INFO] [stderr]    Compiling rand_chacha v0.1.1
[INFO] [stderr]     Checking wasmi v0.6.2
[INFO] [stderr]    Compiling rand_pcg v0.1.2
[INFO] [stderr]    Compiling rand v0.6.5
[INFO] [stderr]     Checking rand_xorshift v0.1.1
[INFO] [stderr]     Checking rand_isaac v0.1.1
[INFO] [stderr]     Checking rand_jitter v0.1.4
[INFO] [stderr]     Checking rand_os v0.1.3
[INFO] [stderr]     Checking approx v0.3.2
[INFO] [stderr]     Checking signal-hook-registry v1.3.0
[INFO] [stderr]     Checking event-listener v2.5.1
[INFO] [stderr]     Checking paste v0.1.18
[INFO] [stderr]    Compiling httparse v1.3.4
[INFO] [stderr]     Checking parking v2.0.0
[INFO] [stderr]     Checking waker-fn v1.1.0
[INFO] [stderr]     Checking untrusted v0.7.1
[INFO] [stderr]     Checking rawpointer v0.2.1
[INFO] [stderr]     Checking fastrand v1.4.0
[INFO] [stderr]     Checking spin v0.5.2
[INFO] [stderr]     Checking rand v0.5.6
[INFO] [stderr]    Compiling indexmap v1.6.1
[INFO] [stderr]     Checking matches v0.1.8
[INFO] [stderr]     Checking http v0.2.3
[INFO] [stderr]     Checking vec-arena v1.0.0
[INFO] [stderr]     Checking matrixmultiply v0.2.4
[INFO] [stderr]     Checking backtrace v0.3.56
[INFO] [stderr]     Checking async-task v4.0.3
[INFO] [stderr]     Checking futures-lite v1.11.3
[INFO] [stderr]     Checking unicode-bidi v0.3.4
[INFO] [stderr]     Checking alga v0.9.3
[INFO] [stderr]     Checking async-channel v1.5.1
[INFO] [stderr]     Checking nb-connect v1.0.2
[INFO] [stderr]    Compiling unicase v2.6.0
[INFO] [stderr]    Compiling crossbeam-utils v0.8.1
[INFO] [stderr]     Checking try-lock v0.2.3
[INFO] [stderr]     Checking percent-encoding v2.1.0
[INFO] [stderr]     Checking atomic-waker v1.0.0
[INFO] [stderr]     Checking idna v0.2.0
[INFO] [stderr]    Compiling ring v0.16.19
[INFO] [stderr]     Checking form_urlencoded v1.0.0
[INFO] [stderr]     Checking async-mutex v1.4.0
[INFO] [stderr]     Checking socket2 v0.3.19
[INFO] [stderr]     Checking bstr v0.2.14
[INFO] [stderr]     Checking base64 v0.13.0
[INFO] [stderr]     Checking tower-service v0.3.1
[INFO] [stderr]     Checking httpdate v0.3.2
[INFO] [stderr]     Checking async-lock v2.3.0
[INFO] [stderr]     Checking sha-1 v0.9.2
[INFO] [stderr]     Checking atty v0.2.14
[INFO] [stderr]     Checking statrs v0.10.0
[INFO] [stderr]     Checking nalgebra v0.18.1
[INFO] [stderr]     Checking bytes v0.5.6
[INFO] [stderr]     Checking base64 v0.12.3
[INFO] [stderr]    Compiling proc-macro-error-attr v1.0.4
[INFO] [stderr]    Compiling proc-macro-error v1.0.4
[INFO] [stderr]     Checking url v2.2.0
[INFO] [stderr]     Checking termcolor v1.1.2
[INFO] [stderr]     Checking blocking v1.0.2
[INFO] [stderr]     Checking async-executor v1.4.0
[INFO] [stderr]    Compiling bitflags v1.2.1
[INFO] [stderr]    Compiling sub-storage v0.1.0 (/opt/rustwide/workdir/sub-storage)
[INFO] [stderr]     Checking unicode-width v0.1.8
[INFO] [stderr]    Compiling unicode-segmentation v1.7.1
[INFO] [stdout] error: unexpected `cfg` condition value: `build-docs`
[INFO] [stdout]  --> sub-storage/build.rs:1:7
[INFO] [stdout]   |
[INFO] [stdout] 1 | #[cfg(feature = "build-docs")]
[INFO] [stdout]   |       ^^^^^^^^^^^^^^^^^^^^^^
[INFO] [stdout]   |
[INFO] [stdout]   = note: expected values for `feature` are: `ansi_term`, `default`, `frame-system`, `helpers`, `pallet-balances`, `pallet-identity`, `remote-test-kusama`, `remote-test-polkadot`
[INFO] [stdout]   = help: consider adding `build-docs` as a feature in `Cargo.toml`
[INFO] [stdout]   = note: see <https://doc.rust-lang.org/nightly/cargo/reference/unstable.html#check-cfg> for more information about checking conditional configuration
[INFO] [stdout]   = note: requested on the command line with `-D unexpected-cfgs`
[INFO] [stdout] 
[INFO] [stdout] 
[INFO] [stdout] error: unexpected `cfg` condition value: `build-docs`
[INFO] [stdout]  --> sub-storage/build.rs:4:11
[INFO] [stdout]   |
[INFO] [stdout] 4 | #[cfg(not(feature = "build-docs"))]
[INFO] [stdout]   |           ^^^^^^^^^^^^^^^^^^^^^^
[INFO] [stdout]   |
[INFO] [stdout]   = note: expected values for `feature` are: `ansi_term`, `default`, `frame-system`, `helpers`, `pallet-balances`, `pallet-identity`, `remote-test-kusama`, `remote-test-polkadot`
[INFO] [stdout]   = help: consider adding `build-docs` as a feature in `Cargo.toml`
[INFO] [stdout]   = note: see <https://doc.rust-lang.org/nightly/cargo/reference/unstable.html#check-cfg> for more information about checking conditional configuration
[INFO] [stdout] 
[INFO] [stdout] 
[INFO] [stdout] error: unexpected `cfg` condition value: `build-docs`
[INFO] [stdout]  --> sub-storage/build.rs:7:7
[INFO] [stdout]   |
[INFO] [stdout] 7 | #[cfg(feature = "build-docs")]
[INFO] [stdout]   |       ^^^^^^^^^^^^^^^^^^^^^^
[INFO] [stdout]   |
[INFO] [stdout]   = note: expected values for `feature` are: `ansi_term`, `default`, `frame-system`, `helpers`, `pallet-balances`, `pallet-identity`, `remote-test-kusama`, `remote-test-polkadot`
[INFO] [stdout]   = help: consider adding `build-docs` as a feature in `Cargo.toml`
[INFO] [stdout]   = note: see <https://doc.rust-lang.org/nightly/cargo/reference/unstable.html#check-cfg> for more information about checking conditional configuration
[INFO] [stdout] 
[INFO] [stdout] 
[INFO] [stdout] error: aborting due to 3 previous errors
[INFO] [stdout] 
[INFO] [stdout] 
[INFO] [stderr] error: could not compile `sub-storage` (build script) due to 4 previous errors
[INFO] [stderr] warning: build failed, waiting for other jobs to finish...
[INFO] running `Command { std: "docker" "inspect" "fc766ca649b54595aaf8c49dd14409d4e96a7144ab390b717c76af6658228080", kill_on_drop: false }`
[INFO] running `Command { std: "docker" "rm" "-f" "fc766ca649b54595aaf8c49dd14409d4e96a7144ab390b717c76af6658228080", kill_on_drop: false }`
[INFO] [stdout] fc766ca649b54595aaf8c49dd14409d4e96a7144ab390b717c76af6658228080
