[INFO] cloning repository https://github.com/tetcoin/substrate-archive
[INFO] running `Command { std: "git" "-c" "credential.helper=" "-c" "credential.helper=/workspace/cargo-home/bin/git-credential-null" "clone" "--bare" "https://github.com/tetcoin/substrate-archive" "/workspace/cache/git-repos/https%3A%2F%2Fgithub.com%2Ftetcoin%2Fsubstrate-archive", kill_on_drop: false }`
[INFO] [stderr] Cloning into bare repository '/workspace/cache/git-repos/https%3A%2F%2Fgithub.com%2Ftetcoin%2Fsubstrate-archive'...
[INFO] running `Command { std: "git" "rev-parse" "HEAD", kill_on_drop: false }`
[INFO] [stdout] 33278f22b4b519d1423c24aa928e664f5e948ca4
[INFO] checking tetcoin/substrate-archive against nightly-2024-02-05 for check-cfg
[INFO] running `Command { std: "git" "clone" "/workspace/cache/git-repos/https%3A%2F%2Fgithub.com%2Ftetcoin%2Fsubstrate-archive" "/workspace/builds/worker-6-tc1/source", kill_on_drop: false }`
[INFO] [stderr] Cloning into '/workspace/builds/worker-6-tc1/source'...
[INFO] [stderr] done.
[INFO] validating manifest of git repo https://github.com/tetcoin/substrate-archive on toolchain nightly-2024-02-05
[INFO] running `Command { std: CARGO_HOME="/workspace/cargo-home" RUSTUP_HOME="/workspace/rustup-home" "/workspace/cargo-home/bin/cargo" "+nightly-2024-02-05" "metadata" "--manifest-path" "Cargo.toml" "--no-deps", kill_on_drop: false }`
[INFO] started tweaking git repo https://github.com/tetcoin/substrate-archive
[INFO] finished tweaking git repo https://github.com/tetcoin/substrate-archive
[INFO] tweaked toml for git repo https://github.com/tetcoin/substrate-archive written to /workspace/builds/worker-6-tc1/source/Cargo.toml
[INFO] crate git repo https://github.com/tetcoin/substrate-archive already has a lockfile, it will not be regenerated
[INFO] running `Command { std: CARGO_HOME="/workspace/cargo-home" RUSTUP_HOME="/workspace/rustup-home" "/workspace/cargo-home/bin/cargo" "+nightly-2024-02-05" "fetch" "--manifest-path" "Cargo.toml", kill_on_drop: false }`
[INFO] [stderr]     Blocking waiting for file lock on package cache
[ERROR] error running command: no output for 300 seconds
[ERROR] this task or one of its parent failed!
[ERROR] no output for 300 seconds
[ERROR] note: run with `RUST_BACKTRACE=1` to display a backtrace.
[INFO] checking tetcoin/substrate-archive against nightly-2024-02-05+rustflags=-Dunexpected_cfgs+cargoflags=-Zcheck-cfg for check-cfg
[INFO] running `Command { std: "git" "clone" "/workspace/cache/git-repos/https%3A%2F%2Fgithub.com%2Ftetcoin%2Fsubstrate-archive" "/workspace/builds/worker-6-tc2/source", kill_on_drop: false }`
[INFO] [stderr] Cloning into '/workspace/builds/worker-6-tc2/source'...
[INFO] [stderr] done.
[INFO] validating manifest of git repo https://github.com/tetcoin/substrate-archive on toolchain nightly-2024-02-05
[INFO] running `Command { std: CARGO_HOME="/workspace/cargo-home" RUSTUP_HOME="/workspace/rustup-home" "/workspace/cargo-home/bin/cargo" "+nightly-2024-02-05" "metadata" "--manifest-path" "Cargo.toml" "--no-deps", kill_on_drop: false }`
[INFO] started tweaking git repo https://github.com/tetcoin/substrate-archive
[INFO] finished tweaking git repo https://github.com/tetcoin/substrate-archive
[INFO] tweaked toml for git repo https://github.com/tetcoin/substrate-archive written to /workspace/builds/worker-6-tc2/source/Cargo.toml
[INFO] crate git repo https://github.com/tetcoin/substrate-archive already has a lockfile, it will not be regenerated
[INFO] running `Command { std: CARGO_HOME="/workspace/cargo-home" RUSTUP_HOME="/workspace/rustup-home" "/workspace/cargo-home/bin/cargo" "+nightly-2024-02-05" "fetch" "--manifest-path" "Cargo.toml", kill_on_drop: false }`
[INFO] [stderr]     Blocking waiting for file lock on package cache
[INFO] [stderr]     Updating git repository `https://github.com/insipx/coil`
[INFO] [stderr]     Updating crates.io index
[INFO] [stderr]     Blocking waiting for file lock on package cache
[INFO] [stderr]  Downloading crates ...
[INFO] [stderr]   Downloaded kvdb-memorydb v0.8.0
[INFO] [stderr]   Downloaded shared_memory v0.10.0
[INFO] [stderr]   Downloaded libp2p-mplex v0.27.0
[INFO] [stderr]   Downloaded libp2p-identify v0.27.0
[INFO] [stderr]   Downloaded polyval v0.4.1
[INFO] [stderr]   Downloaded kvdb-rocksdb v0.10.0
[INFO] [stderr]   Downloaded ref-cast-impl v1.0.3
[INFO] [stderr]   Downloaded jod-thread v0.1.2
[INFO] [stderr]   Downloaded libp2p-websocket v0.28.0
[INFO] [stderr]   Downloaded libp2p-tcp v0.27.0
[INFO] [stderr]   Downloaded libp2p-wasm-ext v0.27.0
[INFO] [stderr]   Downloaded libp2p-noise v0.29.0
[INFO] [stderr]   Downloaded libp2p-ping v0.27.0
[INFO] [stderr]   Downloaded minicbor-derive v0.6.0
[INFO] [stderr]   Downloaded minicbor v0.7.0
[INFO] [stderr]   Downloaded libp2p-request-response v0.9.0
[INFO] [stderr]   Downloaded libp2p-swarm v0.27.1
[INFO] [stderr]   Downloaded multistream-select v0.10.0
[INFO] [stderr]   Downloaded libp2p-core v0.27.0
[INFO] [stderr]   Downloaded parity-multiaddr v0.11.0
[INFO] [stderr]   Downloaded memory-db v0.25.0
[INFO] [stderr]   Downloaded cargo_metadata v0.12.1
[INFO] [stderr]   Downloaded catty v0.1.4
[INFO] [stderr]   Downloaded async-net v1.5.0
[INFO] [stderr]   Downloaded flume v0.10.1
[INFO] [stderr]   Downloaded impl-trait-for-tuples v0.2.0
[INFO] [stderr]   Downloaded parity-util-mem v0.8.0
[INFO] [stderr]   Downloaded ahash v0.6.2
[INFO] [stderr]   Downloaded ref-cast v1.0.3
[INFO] [stderr]   Downloaded async-rustls v0.1.2
[INFO] [stderr]   Downloaded integer-encoding v1.1.6
[INFO] [stderr]   Downloaded mick-jaeger v0.1.4
[INFO] [stderr]   Downloaded streamunordered v0.5.1
[INFO] [stderr]   Downloaded memrange v0.1.3
[INFO] [stderr]   Downloaded theban_interval_tree v0.7.1
[INFO] [stderr]   Downloaded semver-parser v0.10.0
[INFO] [stderr]   Downloaded whoami v1.0.3
[INFO] [stderr]   Downloaded libp2p-yamux v0.30.0
[INFO] [stderr]   Downloaded kvdb v0.8.0
[INFO] [stderr]   Downloaded shared_memory_derive v0.10.0
[INFO] [stderr]   Downloaded spinny v0.2.1
[INFO] [stderr]   Downloaded coil_proc_macro v0.2.0
[INFO] [stderr]   Downloaded barrage v0.2.1
[INFO] [stderr]   Downloaded xtra v0.5.0-rc.1
[INFO] [stderr]   Downloaded spin v0.7.0
[INFO] [stderr]   Downloaded rmp-serde v0.15.3
[INFO] running `Command { std: "docker" "create" "-v" "/var/lib/crater-agent-workspace/builds/worker-6-tc2/target:/opt/rustwide/target:rw,Z" "-v" "/var/lib/crater-agent-workspace/builds/worker-6-tc2/source:/opt/rustwide/workdir:ro,Z" "-v" "/var/lib/crater-agent-workspace/cargo-home:/opt/rustwide/cargo-home:ro,Z" "-v" "/var/lib/crater-agent-workspace/rustup-home:/opt/rustwide/rustup-home:ro,Z" "-e" "SOURCE_DIR=/opt/rustwide/workdir" "-e" "CARGO_TARGET_DIR=/opt/rustwide/target" "-e" "CARGO_HOME=/opt/rustwide/cargo-home" "-e" "RUSTUP_HOME=/opt/rustwide/rustup-home" "-w" "/opt/rustwide/workdir" "-m" "1610612736" "--user" "0:0" "--network" "none" "ghcr.io/rust-lang/crates-build-env/linux@sha256:2788e3201cd34a07e3172128adcd8b3090168a8e3bcc40d7c032b9dda1df7d1c" "/opt/rustwide/cargo-home/bin/cargo" "+nightly-2024-02-05" "metadata" "--no-deps" "--format-version=1", kill_on_drop: false }`
[INFO] [stdout] aa613d6e9e1fd4bb79a52fe2c27d0e4f27498c1ec9dbb110288809d1bdd15684
[INFO] running `Command { std: "docker" "start" "-a" "aa613d6e9e1fd4bb79a52fe2c27d0e4f27498c1ec9dbb110288809d1bdd15684", kill_on_drop: false }`
[INFO] running `Command { std: "docker" "inspect" "aa613d6e9e1fd4bb79a52fe2c27d0e4f27498c1ec9dbb110288809d1bdd15684", kill_on_drop: false }`
[INFO] running `Command { std: "docker" "rm" "-f" "aa613d6e9e1fd4bb79a52fe2c27d0e4f27498c1ec9dbb110288809d1bdd15684", kill_on_drop: false }`
[INFO] [stdout] aa613d6e9e1fd4bb79a52fe2c27d0e4f27498c1ec9dbb110288809d1bdd15684
[INFO] running `Command { std: "docker" "create" "-v" "/var/lib/crater-agent-workspace/builds/worker-6-tc2/target:/opt/rustwide/target:rw,Z" "-v" "/var/lib/crater-agent-workspace/builds/worker-6-tc2/source:/opt/rustwide/workdir:ro,Z" "-v" "/var/lib/crater-agent-workspace/cargo-home:/opt/rustwide/cargo-home:ro,Z" "-v" "/var/lib/crater-agent-workspace/rustup-home:/opt/rustwide/rustup-home:ro,Z" "-e" "SOURCE_DIR=/opt/rustwide/workdir" "-e" "CARGO_TARGET_DIR=/opt/rustwide/target" "-e" "CARGO_INCREMENTAL=0" "-e" "RUST_BACKTRACE=full" "-e" "RUSTFLAGS=--cap-lints=forbid -Dunexpected_cfgs" "-e" "RUSTDOCFLAGS=--cap-lints=forbid" "-e" "CARGO_HOME=/opt/rustwide/cargo-home" "-e" "RUSTUP_HOME=/opt/rustwide/rustup-home" "-w" "/opt/rustwide/workdir" "-m" "1610612736" "--user" "0:0" "--network" "none" "ghcr.io/rust-lang/crates-build-env/linux@sha256:2788e3201cd34a07e3172128adcd8b3090168a8e3bcc40d7c032b9dda1df7d1c" "/opt/rustwide/cargo-home/bin/cargo" "+nightly-2024-02-05" "check" "--frozen" "--all" "--all-targets" "--message-format=json" "-Zcheck-cfg", kill_on_drop: false }`
[INFO] [stdout] 30ca1fe09074ae7abe554135052f6bbc0443229c7a9e13134c19a2029f03b703
[INFO] running `Command { std: "docker" "start" "-a" "30ca1fe09074ae7abe554135052f6bbc0443229c7a9e13134c19a2029f03b703", kill_on_drop: false }`
[INFO] [stderr]    Compiling proc-macro2 v1.0.24
[INFO] [stderr]    Compiling unicode-xid v0.2.1
[INFO] [stderr]    Compiling syn v1.0.60
[INFO] [stderr]    Compiling libc v0.2.82
[INFO] [stderr]    Compiling autocfg v1.0.1
[INFO] [stderr]    Compiling serde_derive v1.0.123
[INFO] [stderr]    Compiling serde v1.0.123
[INFO] [stderr]     Checking cfg-if v0.1.10
[INFO] [stderr]     Checking cfg-if v1.0.0
[INFO] [stderr]    Compiling value-bag v1.0.0-alpha.6
[INFO] [stderr]    Compiling log v0.4.14
[INFO] [stderr]    Compiling memchr v2.3.4
[INFO] [stderr]     Checking scopeguard v1.1.0
[INFO] [stderr]     Checking smallvec v1.6.1
[INFO] [stderr]    Compiling version_check v0.9.2
[INFO] [stderr]     Checking byteorder v1.4.2
[INFO] [stderr]    Compiling typenum v1.12.0
[INFO] [stderr]     Checking lazy_static v1.4.0
[INFO] [stderr]     Checking instant v0.1.8
[INFO] [stderr]     Checking lock_api v0.4.1
[INFO] [stderr]     Checking futures v0.1.30
[INFO] [stderr]    Compiling getrandom v0.2.0
[INFO] [stderr]     Checking slab v0.4.2
[INFO] [stderr]     Checking futures-core v0.3.12
[INFO] [stderr]     Checking futures-io v0.3.12
[INFO] [stderr]    Compiling proc-macro-hack v0.5.19
[INFO] [stderr]    Compiling getrandom v0.1.15
[INFO] [stderr]     Checking ppv-lite86 v0.2.10
[INFO] [stderr]     Checking ahash v0.4.6
[INFO] [stderr]    Compiling proc-macro-nested v0.1.6
[INFO] [stderr]     Checking pin-project-lite v0.2.4
[INFO] [stderr]    Compiling indexmap v1.6.0
[INFO] [stderr]     Checking futures-sink v0.3.12
[INFO] [stderr]    Compiling generic-array v0.14.4
[INFO] [stderr]     Checking pin-utils v0.1.0
[INFO] [stdout] error[E0422]: cannot find struct, variant or union type `LineColumn` in crate `proc_macro`
[INFO] [stdout]    --> /opt/rustwide/cargo-home/registry/src/index.crates.io-6f17d22bba15001f/proc-macro2-1.0.24/src/wrapper.rs:463:33
[INFO] [stdout]     |
[INFO] [stdout] 463 |                 let proc_macro::LineColumn { line, column } = s.start();
[INFO] [stdout]     |                                 ^^^^^^^^^^ not found in `proc_macro`
[INFO] [stdout]     |
[INFO] [stdout] help: consider importing one of these items
[INFO] [stdout]     |
[INFO] [stdout] 1   + use crate::LineColumn;
[INFO] [stdout]     |
[INFO] [stdout] 1   + use crate::fallback::LineColumn;
[INFO] [stdout]     |
[INFO] [stdout] help: if you import `LineColumn`, refer to it directly
[INFO] [stdout]     |
[INFO] [stdout] 463 -                 let proc_macro::LineColumn { line, column } = s.start();
[INFO] [stdout] 463 +                 let LineColumn { line, column } = s.start();
[INFO] [stdout]     |
[INFO] [stdout] 
[INFO] [stdout] 
[INFO] [stdout] error[E0422]: cannot find struct, variant or union type `LineColumn` in crate `proc_macro`
[INFO] [stdout]    --> /opt/rustwide/cargo-home/registry/src/index.crates.io-6f17d22bba15001f/proc-macro2-1.0.24/src/wrapper.rs:480:33
[INFO] [stdout]     |
[INFO] [stdout] 480 |                 let proc_macro::LineColumn { line, column } = s.end();
[INFO] [stdout]     |                                 ^^^^^^^^^^ not found in `proc_macro`
[INFO] [stdout]     |
[INFO] [stdout] help: consider importing one of these items
[INFO] [stdout]     |
[INFO] [stdout] 1   + use crate::LineColumn;
[INFO] [stdout]     |
[INFO] [stdout] 1   + use crate::fallback::LineColumn;
[INFO] [stdout]     |
[INFO] [stdout] help: if you import `LineColumn`, refer to it directly
[INFO] [stdout]     |
[INFO] [stdout] 480 -                 let proc_macro::LineColumn { line, column } = s.end();
[INFO] [stdout] 480 +                 let LineColumn { line, column } = s.end();
[INFO] [stdout]     |
[INFO] [stdout] 
[INFO] [stdout] 
[INFO] [stderr]    Compiling anyhow v1.0.34
[INFO] [stderr]    Compiling ryu v1.0.5
[INFO] [stderr]     Checking futures-channel v0.3.12
[INFO] [stderr]    Compiling libm v0.2.1
[INFO] [stderr]     Checking hashbrown v0.9.1
[INFO] [stderr]     Checking subtle v2.3.0
[INFO] [stdout] error: aborting due to 2 previous errors
[INFO] [stdout] 
[INFO] [stdout] 
[INFO] [stdout] For more information about this error, try `rustc --explain E0422`.
[INFO] [stdout] 
[INFO] [stderr] error: could not compile `proc-macro2` (lib) due to 3 previous errors
[INFO] [stderr] warning: build failed, waiting for other jobs to finish...
[INFO] running `Command { std: "docker" "inspect" "30ca1fe09074ae7abe554135052f6bbc0443229c7a9e13134c19a2029f03b703", kill_on_drop: false }`
[INFO] running `Command { std: "docker" "rm" "-f" "30ca1fe09074ae7abe554135052f6bbc0443229c7a9e13134c19a2029f03b703", kill_on_drop: false }`
[INFO] [stdout] 30ca1fe09074ae7abe554135052f6bbc0443229c7a9e13134c19a2029f03b703
