[INFO] cloning repository https://github.com/tetcoin/parity-bridges-common
[INFO] running `Command { std: "git" "-c" "credential.helper=" "-c" "credential.helper=/workspace/cargo-home/bin/git-credential-null" "clone" "--bare" "https://github.com/tetcoin/parity-bridges-common" "/workspace/cache/git-repos/https%3A%2F%2Fgithub.com%2Ftetcoin%2Fparity-bridges-common", kill_on_drop: false }`
[INFO] [stderr] Cloning into bare repository '/workspace/cache/git-repos/https%3A%2F%2Fgithub.com%2Ftetcoin%2Fparity-bridges-common'...
[INFO] running `Command { std: "git" "rev-parse" "HEAD", kill_on_drop: false }`
[INFO] [stdout] 56a8a8a64459ac13b0d89d1e7cd7c5ba69b694b0
[INFO] checking tetcoin/parity-bridges-common against nightly-2024-02-05 for check-cfg
[INFO] running `Command { std: "git" "clone" "/workspace/cache/git-repos/https%3A%2F%2Fgithub.com%2Ftetcoin%2Fparity-bridges-common" "/workspace/builds/worker-2-tc1/source", kill_on_drop: false }`
[INFO] [stderr] Cloning into '/workspace/builds/worker-2-tc1/source'...
[INFO] [stderr] done.
[INFO] validating manifest of git repo https://github.com/tetcoin/parity-bridges-common on toolchain nightly-2024-02-05
[INFO] running `Command { std: CARGO_HOME="/workspace/cargo-home" RUSTUP_HOME="/workspace/rustup-home" "/workspace/cargo-home/bin/cargo" "+nightly-2024-02-05" "metadata" "--manifest-path" "Cargo.toml" "--no-deps", kill_on_drop: false }`
[INFO] started tweaking git repo https://github.com/tetcoin/parity-bridges-common
[INFO] finished tweaking git repo https://github.com/tetcoin/parity-bridges-common
[INFO] tweaked toml for git repo https://github.com/tetcoin/parity-bridges-common written to /workspace/builds/worker-2-tc1/source/Cargo.toml
[INFO] crate git repo https://github.com/tetcoin/parity-bridges-common already has a lockfile, it will not be regenerated
[INFO] running `Command { std: CARGO_HOME="/workspace/cargo-home" RUSTUP_HOME="/workspace/rustup-home" "/workspace/cargo-home/bin/cargo" "+nightly-2024-02-05" "fetch" "--manifest-path" "Cargo.toml", kill_on_drop: false }`
[INFO] [stderr]     Blocking waiting for file lock on package cache
[ERROR] error running command: no output for 300 seconds
[ERROR] this task or one of its parent failed!
[ERROR] no output for 300 seconds
[ERROR] note: run with `RUST_BACKTRACE=1` to display a backtrace.
[INFO] checking tetcoin/parity-bridges-common against nightly-2024-02-05+rustflags=-Dunexpected_cfgs+cargoflags=-Zcheck-cfg for check-cfg
[INFO] running `Command { std: "git" "clone" "/workspace/cache/git-repos/https%3A%2F%2Fgithub.com%2Ftetcoin%2Fparity-bridges-common" "/workspace/builds/worker-2-tc2/source", kill_on_drop: false }`
[INFO] [stderr] Cloning into '/workspace/builds/worker-2-tc2/source'...
[INFO] [stderr] done.
[INFO] validating manifest of git repo https://github.com/tetcoin/parity-bridges-common on toolchain nightly-2024-02-05
[INFO] running `Command { std: CARGO_HOME="/workspace/cargo-home" RUSTUP_HOME="/workspace/rustup-home" "/workspace/cargo-home/bin/cargo" "+nightly-2024-02-05" "metadata" "--manifest-path" "Cargo.toml" "--no-deps", kill_on_drop: false }`
[INFO] started tweaking git repo https://github.com/tetcoin/parity-bridges-common
[INFO] finished tweaking git repo https://github.com/tetcoin/parity-bridges-common
[INFO] tweaked toml for git repo https://github.com/tetcoin/parity-bridges-common written to /workspace/builds/worker-2-tc2/source/Cargo.toml
[INFO] crate git repo https://github.com/tetcoin/parity-bridges-common already has a lockfile, it will not be regenerated
[INFO] running `Command { std: CARGO_HOME="/workspace/cargo-home" RUSTUP_HOME="/workspace/rustup-home" "/workspace/cargo-home/bin/cargo" "+nightly-2024-02-05" "fetch" "--manifest-path" "Cargo.toml", kill_on_drop: false }`
[INFO] [stderr]     Blocking waiting for file lock on package cache
[INFO] [stderr]     Updating crates.io index
[INFO] [stderr]     Updating git repository `https://github.com/svyatonik/jsonrpsee.git`
[INFO] [stderr]     Blocking waiting for file lock on package cache
[ERROR] error running command: no output for 300 seconds
[INFO] checking tetcoin/parity-bridges-common against nightly-2024-02-05+rustflags=-Dunexpected_cfgs+cargoflags=-Zcheck-cfg for check-cfg
[INFO] running `Command { std: "git" "clone" "/workspace/cache/git-repos/https%3A%2F%2Fgithub.com%2Ftetcoin%2Fparity-bridges-common" "/workspace/builds/worker-2-tc2/source", kill_on_drop: false }`
[INFO] [stderr] Cloning into '/workspace/builds/worker-2-tc2/source'...
[INFO] [stderr] done.
[INFO] validating manifest of git repo https://github.com/tetcoin/parity-bridges-common on toolchain nightly-2024-02-05
[INFO] running `Command { std: CARGO_HOME="/workspace/cargo-home" RUSTUP_HOME="/workspace/rustup-home" "/workspace/cargo-home/bin/cargo" "+nightly-2024-02-05" "metadata" "--manifest-path" "Cargo.toml" "--no-deps", kill_on_drop: false }`
[INFO] started tweaking git repo https://github.com/tetcoin/parity-bridges-common
[INFO] finished tweaking git repo https://github.com/tetcoin/parity-bridges-common
[INFO] tweaked toml for git repo https://github.com/tetcoin/parity-bridges-common written to /workspace/builds/worker-2-tc2/source/Cargo.toml
[INFO] crate git repo https://github.com/tetcoin/parity-bridges-common already has a lockfile, it will not be regenerated
[INFO] running `Command { std: CARGO_HOME="/workspace/cargo-home" RUSTUP_HOME="/workspace/rustup-home" "/workspace/cargo-home/bin/cargo" "+nightly-2024-02-05" "fetch" "--manifest-path" "Cargo.toml", kill_on_drop: false }`
[INFO] [stderr]     Blocking waiting for file lock on package cache
[INFO] [stderr]     Blocking waiting for file lock on package cache
[INFO] [stderr]  Downloading crates ...
[INFO] [stderr]   Downloaded kvdb v0.8.0
[INFO] [stderr]   Downloaded parity-util-mem v0.8.0
[INFO] [stderr]   Downloaded libp2p-ping v0.27.0
[INFO] [stderr]   Downloaded libp2p-swarm v0.27.1
[INFO] [stderr]   Downloaded libp2p-floodsub v0.27.0
[INFO] [stderr]   Downloaded libp2p-core-derive v0.21.0
[INFO] [stderr]   Downloaded serde-big-array v0.2.0
[INFO] [stderr]   Downloaded plain_hasher v0.2.3
[INFO] [stderr]   Downloaded kvdb-memorydb v0.8.0
[INFO] [stderr]   Downloaded wat v1.0.31
[INFO] [stderr]   Downloaded parity-bytes v0.1.2
[INFO] [stderr]   Downloaded ethabi-contract v11.0.0
[INFO] [stderr]   Downloaded memory-db v0.25.0
[INFO] [stderr]   Downloaded parity-multiaddr v0.11.0
[INFO] [stderr]   Downloaded if-watch v0.1.7
[INFO] [stderr]   Downloaded libp2p-kad v0.28.0
[INFO] [stderr]   Downloaded wast v30.0.0
[INFO] [stderr]   Downloaded rpassword v5.0.0
[INFO] [stderr]   Downloaded impl-trait-for-tuples v0.2.0
[INFO] [stderr]   Downloaded kvdb-rocksdb v0.10.0
[INFO] [stderr]   Downloaded multistream-select v0.10.0
[INFO] [stderr]   Downloaded libp2p-tcp v0.27.0
[INFO] [stderr]   Downloaded ref-cast v1.0.5
[INFO] [stderr]   Downloaded ethabi-derive v13.0.0
[INFO] [stderr]   Downloaded ref-cast-impl v1.0.5
[INFO] [stderr]   Downloaded sysinfo v0.15.3
[INFO] running `Command { std: "docker" "create" "-v" "/var/lib/crater-agent-workspace/builds/worker-2-tc2/target:/opt/rustwide/target:rw,Z" "-v" "/var/lib/crater-agent-workspace/builds/worker-2-tc2/source:/opt/rustwide/workdir:ro,Z" "-v" "/var/lib/crater-agent-workspace/cargo-home:/opt/rustwide/cargo-home:ro,Z" "-v" "/var/lib/crater-agent-workspace/rustup-home:/opt/rustwide/rustup-home:ro,Z" "-e" "SOURCE_DIR=/opt/rustwide/workdir" "-e" "CARGO_TARGET_DIR=/opt/rustwide/target" "-e" "CARGO_HOME=/opt/rustwide/cargo-home" "-e" "RUSTUP_HOME=/opt/rustwide/rustup-home" "-w" "/opt/rustwide/workdir" "-m" "1610612736" "--user" "0:0" "--network" "none" "ghcr.io/rust-lang/crates-build-env/linux@sha256:2788e3201cd34a07e3172128adcd8b3090168a8e3bcc40d7c032b9dda1df7d1c" "/opt/rustwide/cargo-home/bin/cargo" "+nightly-2024-02-05" "metadata" "--no-deps" "--format-version=1", kill_on_drop: false }`
[INFO] [stdout] 107678932d605cde45cb5b0c137d505bc8a1fc1ec80acc3ec9da4d89d080bd34
[INFO] running `Command { std: "docker" "start" "-a" "107678932d605cde45cb5b0c137d505bc8a1fc1ec80acc3ec9da4d89d080bd34", kill_on_drop: false }`
[INFO] running `Command { std: "docker" "inspect" "107678932d605cde45cb5b0c137d505bc8a1fc1ec80acc3ec9da4d89d080bd34", kill_on_drop: false }`
[INFO] running `Command { std: "docker" "rm" "-f" "107678932d605cde45cb5b0c137d505bc8a1fc1ec80acc3ec9da4d89d080bd34", kill_on_drop: false }`
[INFO] [stdout] 107678932d605cde45cb5b0c137d505bc8a1fc1ec80acc3ec9da4d89d080bd34
[INFO] running `Command { std: "docker" "create" "-v" "/var/lib/crater-agent-workspace/builds/worker-2-tc2/target:/opt/rustwide/target:rw,Z" "-v" "/var/lib/crater-agent-workspace/builds/worker-2-tc2/source:/opt/rustwide/workdir:ro,Z" "-v" "/var/lib/crater-agent-workspace/cargo-home:/opt/rustwide/cargo-home:ro,Z" "-v" "/var/lib/crater-agent-workspace/rustup-home:/opt/rustwide/rustup-home:ro,Z" "-e" "SOURCE_DIR=/opt/rustwide/workdir" "-e" "CARGO_TARGET_DIR=/opt/rustwide/target" "-e" "CARGO_INCREMENTAL=0" "-e" "RUST_BACKTRACE=full" "-e" "RUSTFLAGS=--cap-lints=forbid -Dunexpected_cfgs" "-e" "RUSTDOCFLAGS=--cap-lints=forbid" "-e" "CARGO_HOME=/opt/rustwide/cargo-home" "-e" "RUSTUP_HOME=/opt/rustwide/rustup-home" "-w" "/opt/rustwide/workdir" "-m" "1610612736" "--user" "0:0" "--network" "none" "ghcr.io/rust-lang/crates-build-env/linux@sha256:2788e3201cd34a07e3172128adcd8b3090168a8e3bcc40d7c032b9dda1df7d1c" "/opt/rustwide/cargo-home/bin/cargo" "+nightly-2024-02-05" "check" "--frozen" "--all" "--all-targets" "--message-format=json" "-Zcheck-cfg", kill_on_drop: false }`
[INFO] [stdout] 7edb57db0ca4602c3bdee302cf003497e8e8ac18b24707a250a3818e531f3cb5
[INFO] running `Command { std: "docker" "start" "-a" "7edb57db0ca4602c3bdee302cf003497e8e8ac18b24707a250a3818e531f3cb5", kill_on_drop: false }`
[INFO] [stderr]    Compiling libc v0.2.81
[INFO] [stderr]    Compiling proc-macro2 v1.0.24
[INFO] [stderr]    Compiling unicode-xid v0.2.1
[INFO] [stderr]    Compiling syn v1.0.58
[INFO] [stderr]    Compiling autocfg v1.0.1
[INFO] [stderr]    Compiling log v0.4.13
[INFO] [stderr]    Compiling serde_derive v1.0.118
[INFO] [stderr]    Compiling serde v1.0.118
[INFO] [stderr]    Compiling byteorder v1.3.4
[INFO] [stderr]    Compiling memchr v2.3.4
[INFO] [stderr]    Compiling typenum v1.12.0
[INFO] [stderr]    Compiling version_check v0.9.2
[INFO] [stderr]    Compiling getrandom v0.1.15
[INFO] [stderr]    Compiling proc-macro-hack v0.5.19
[INFO] [stderr]    Compiling lazy_static v1.4.0
[INFO] [stderr]    Compiling proc-macro-nested v0.1.6
[INFO] [stderr]    Compiling cfg-if v0.1.10
[INFO] [stderr]    Compiling anyhow v1.0.37
[INFO] [stderr]    Compiling crunchy v0.2.2
[INFO] [stderr]     Checking cfg-if v1.0.0
[INFO] [stderr]     Checking scopeguard v1.1.0
[INFO] [stderr]    Compiling libm v0.2.1
[INFO] [stderr]    Compiling num-traits v0.2.14
[INFO] [stderr]    Compiling generic-array v0.14.4
[INFO] [stderr]     Checking smallvec v1.6.1
[INFO] [stderr]    Compiling ryu v1.0.5
[INFO] [stderr]    Compiling serde_json v1.0.61
[INFO] [stderr]    Compiling regex-syntax v0.6.21
[INFO] [stderr]    Compiling either v1.6.1
[INFO] [stderr]    Compiling thread_local v1.0.1
[INFO] [stdout] error[E0422]: cannot find struct, variant or union type `LineColumn` in crate `proc_macro`
[INFO] [stdout]    --> /opt/rustwide/cargo-home/registry/src/index.crates.io-6f17d22bba15001f/proc-macro2-1.0.24/src/wrapper.rs:463:33
[INFO] [stdout]     |
[INFO] [stdout] 463 |                 let proc_macro::LineColumn { line, column } = s.start();
[INFO] [stdout]     |                                 ^^^^^^^^^^ not found in `proc_macro`
[INFO] [stdout]     |
[INFO] [stdout] help: consider importing one of these items
[INFO] [stdout]     |
[INFO] [stdout] 1   + use crate::LineColumn;
[INFO] [stdout]     |
[INFO] [stdout] 1   + use crate::fallback::LineColumn;
[INFO] [stdout]     |
[INFO] [stdout] help: if you import `LineColumn`, refer to it directly
[INFO] [stdout]     |
[INFO] [stdout] 463 -                 let proc_macro::LineColumn { line, column } = s.start();
[INFO] [stdout] 463 +                 let LineColumn { line, column } = s.start();
[INFO] [stdout]     |
[INFO] [stdout] 
[INFO] [stdout] 
[INFO] [stdout] error[E0422]: cannot find struct, variant or union type `LineColumn` in crate `proc_macro`
[INFO] [stdout]    --> /opt/rustwide/cargo-home/registry/src/index.crates.io-6f17d22bba15001f/proc-macro2-1.0.24/src/wrapper.rs:480:33
[INFO] [stdout]     |
[INFO] [stdout] 480 |                 let proc_macro::LineColumn { line, column } = s.end();
[INFO] [stdout]     |                                 ^^^^^^^^^^ not found in `proc_macro`
[INFO] [stdout]     |
[INFO] [stdout] help: consider importing one of these items
[INFO] [stdout]     |
[INFO] [stdout] 1   + use crate::LineColumn;
[INFO] [stdout]     |
[INFO] [stdout] 1   + use crate::fallback::LineColumn;
[INFO] [stdout]     |
[INFO] [stdout] help: if you import `LineColumn`, refer to it directly
[INFO] [stdout]     |
[INFO] [stdout] 480 -                 let proc_macro::LineColumn { line, column } = s.end();
[INFO] [stdout] 480 +                 let LineColumn { line, column } = s.end();
[INFO] [stdout]     |
[INFO] [stdout] 
[INFO] [stdout] 
[INFO] [stderr]    Compiling getrandom v0.2.1
[INFO] [stderr]    Compiling num-integer v0.1.44
[INFO] [stderr]    Compiling aho-corasick v0.7.15
[INFO] [stderr]     Checking instant v0.1.9
[INFO] [stdout] error: aborting due to 2 previous errors
[INFO] [stdout] 
[INFO] [stdout] 
[INFO] [stdout] For more information about this error, try `rustc --explain E0422`.
[INFO] [stdout] 
[INFO] [stderr] error: could not compile `proc-macro2` (lib) due to 3 previous errors
[INFO] [stderr] warning: build failed, waiting for other jobs to finish...
[INFO] running `Command { std: "docker" "inspect" "7edb57db0ca4602c3bdee302cf003497e8e8ac18b24707a250a3818e531f3cb5", kill_on_drop: false }`
[INFO] running `Command { std: "docker" "rm" "-f" "7edb57db0ca4602c3bdee302cf003497e8e8ac18b24707a250a3818e531f3cb5", kill_on_drop: false }`
[INFO] [stdout] 7edb57db0ca4602c3bdee302cf003497e8e8ac18b24707a250a3818e531f3cb5
