[INFO] cloning repository https://github.com/team-arrow-racing/wurth-calypso-rs
[INFO] running `Command { std: "git" "-c" "credential.helper=" "-c" "credential.helper=/workspace/cargo-home/bin/git-credential-null" "clone" "--bare" "https://github.com/team-arrow-racing/wurth-calypso-rs" "/workspace/cache/git-repos/https%3A%2F%2Fgithub.com%2Fteam-arrow-racing%2Fwurth-calypso-rs", kill_on_drop: false }`
[INFO] [stderr] Cloning into bare repository '/workspace/cache/git-repos/https%3A%2F%2Fgithub.com%2Fteam-arrow-racing%2Fwurth-calypso-rs'...
[INFO] running `Command { std: "git" "rev-parse" "HEAD", kill_on_drop: false }`
[INFO] [stdout] bb77462f13d34d213ca20e0992e81131ebdd7322
[INFO] checking team-arrow-racing/wurth-calypso-rs against nightly-2024-02-05 for check-cfg
[INFO] running `Command { std: "git" "clone" "/workspace/cache/git-repos/https%3A%2F%2Fgithub.com%2Fteam-arrow-racing%2Fwurth-calypso-rs" "/workspace/builds/worker-3-tc1/source", kill_on_drop: false }`
[INFO] [stderr] Cloning into '/workspace/builds/worker-3-tc1/source'...
[INFO] [stderr] done.
[INFO] validating manifest of git repo https://github.com/team-arrow-racing/wurth-calypso-rs on toolchain nightly-2024-02-05
[INFO] running `Command { std: CARGO_HOME="/workspace/cargo-home" RUSTUP_HOME="/workspace/rustup-home" "/workspace/cargo-home/bin/cargo" "+nightly-2024-02-05" "metadata" "--manifest-path" "Cargo.toml" "--no-deps", kill_on_drop: false }`
[INFO] started tweaking git repo https://github.com/team-arrow-racing/wurth-calypso-rs
[INFO] finished tweaking git repo https://github.com/team-arrow-racing/wurth-calypso-rs
[INFO] tweaked toml for git repo https://github.com/team-arrow-racing/wurth-calypso-rs written to /workspace/builds/worker-3-tc1/source/Cargo.toml
[INFO] crate git repo https://github.com/team-arrow-racing/wurth-calypso-rs already has a lockfile, it will not be regenerated
[INFO] running `Command { std: CARGO_HOME="/workspace/cargo-home" RUSTUP_HOME="/workspace/rustup-home" "/workspace/cargo-home/bin/cargo" "+nightly-2024-02-05" "fetch" "--manifest-path" "Cargo.toml", kill_on_drop: false }`
[INFO] [stderr]     Blocking waiting for file lock on package cache
[ERROR] error running command: no output for 300 seconds
[ERROR] this task or one of its parent failed!
[ERROR] no output for 300 seconds
[ERROR] note: run with `RUST_BACKTRACE=1` to display a backtrace.
[INFO] checking team-arrow-racing/wurth-calypso-rs against nightly-2024-02-05+rustflags=-Dunexpected_cfgs+cargoflags=-Zcheck-cfg for check-cfg
[INFO] running `Command { std: "git" "clone" "/workspace/cache/git-repos/https%3A%2F%2Fgithub.com%2Fteam-arrow-racing%2Fwurth-calypso-rs" "/workspace/builds/worker-3-tc2/source", kill_on_drop: false }`
[INFO] [stderr] Cloning into '/workspace/builds/worker-3-tc2/source'...
[INFO] [stderr] done.
[INFO] validating manifest of git repo https://github.com/team-arrow-racing/wurth-calypso-rs on toolchain nightly-2024-02-05
[INFO] running `Command { std: CARGO_HOME="/workspace/cargo-home" RUSTUP_HOME="/workspace/rustup-home" "/workspace/cargo-home/bin/cargo" "+nightly-2024-02-05" "metadata" "--manifest-path" "Cargo.toml" "--no-deps", kill_on_drop: false }`
[INFO] started tweaking git repo https://github.com/team-arrow-racing/wurth-calypso-rs
[INFO] finished tweaking git repo https://github.com/team-arrow-racing/wurth-calypso-rs
[INFO] tweaked toml for git repo https://github.com/team-arrow-racing/wurth-calypso-rs written to /workspace/builds/worker-3-tc2/source/Cargo.toml
[INFO] crate git repo https://github.com/team-arrow-racing/wurth-calypso-rs already has a lockfile, it will not be regenerated
[INFO] running `Command { std: CARGO_HOME="/workspace/cargo-home" RUSTUP_HOME="/workspace/rustup-home" "/workspace/cargo-home/bin/cargo" "+nightly-2024-02-05" "fetch" "--manifest-path" "Cargo.toml", kill_on_drop: false }`
[INFO] [stderr]     Blocking waiting for file lock on package cache
[INFO] [stderr]     Updating crates.io index
[INFO] [stderr]     Blocking waiting for file lock on package cache
[ERROR] error running command: no output for 300 seconds
[INFO] checking team-arrow-racing/wurth-calypso-rs against nightly-2024-02-05+rustflags=-Dunexpected_cfgs+cargoflags=-Zcheck-cfg for check-cfg
[INFO] running `Command { std: "git" "clone" "/workspace/cache/git-repos/https%3A%2F%2Fgithub.com%2Fteam-arrow-racing%2Fwurth-calypso-rs" "/workspace/builds/worker-3-tc2/source", kill_on_drop: false }`
[INFO] [stderr] Cloning into '/workspace/builds/worker-3-tc2/source'...
[INFO] [stderr] done.
[INFO] validating manifest of git repo https://github.com/team-arrow-racing/wurth-calypso-rs on toolchain nightly-2024-02-05
[INFO] running `Command { std: CARGO_HOME="/workspace/cargo-home" RUSTUP_HOME="/workspace/rustup-home" "/workspace/cargo-home/bin/cargo" "+nightly-2024-02-05" "metadata" "--manifest-path" "Cargo.toml" "--no-deps", kill_on_drop: false }`
[INFO] started tweaking git repo https://github.com/team-arrow-racing/wurth-calypso-rs
[INFO] finished tweaking git repo https://github.com/team-arrow-racing/wurth-calypso-rs
[INFO] tweaked toml for git repo https://github.com/team-arrow-racing/wurth-calypso-rs written to /workspace/builds/worker-3-tc2/source/Cargo.toml
[INFO] crate git repo https://github.com/team-arrow-racing/wurth-calypso-rs already has a lockfile, it will not be regenerated
[INFO] running `Command { std: CARGO_HOME="/workspace/cargo-home" RUSTUP_HOME="/workspace/rustup-home" "/workspace/cargo-home/bin/cargo" "+nightly-2024-02-05" "fetch" "--manifest-path" "Cargo.toml", kill_on_drop: false }`
[INFO] [stderr]     Blocking waiting for file lock on package cache
[INFO] [stderr]     Blocking waiting for file lock on package cache
[INFO] [stderr]  Downloading crates ...
[INFO] [stderr]   Downloaded embassy-sync v0.3.0
[INFO] [stderr]   Downloaded serialport v4.3.0
[INFO] [stderr]   Downloaded heapless-bytes v0.3.0
[INFO] [stderr]   Downloaded unescaper v0.1.3
[INFO] [stderr]   Downloaded atat v0.20.0
[INFO] [stderr]   Downloaded mio-serial v5.0.5
[INFO] [stderr]   Downloaded tokio-serial v5.4.4
[INFO] [stderr]   Downloaded embedded-io-adapters v0.6.1
[INFO] [stderr]   Downloaded embassy-time v0.1.4
[INFO] [stderr]   Downloaded serde_at v0.20.0
[INFO] [stderr]   Downloaded atat_derive v0.20.0
[INFO] [stderr]   Downloaded embassy-time v0.2.0
[INFO] running `Command { std: "docker" "create" "-v" "/var/lib/crater-agent-workspace/builds/worker-3-tc2/target:/opt/rustwide/target:rw,Z" "-v" "/var/lib/crater-agent-workspace/builds/worker-3-tc2/source:/opt/rustwide/workdir:ro,Z" "-v" "/var/lib/crater-agent-workspace/cargo-home:/opt/rustwide/cargo-home:ro,Z" "-v" "/var/lib/crater-agent-workspace/rustup-home:/opt/rustwide/rustup-home:ro,Z" "-e" "SOURCE_DIR=/opt/rustwide/workdir" "-e" "CARGO_TARGET_DIR=/opt/rustwide/target" "-e" "CARGO_HOME=/opt/rustwide/cargo-home" "-e" "RUSTUP_HOME=/opt/rustwide/rustup-home" "-w" "/opt/rustwide/workdir" "-m" "1610612736" "--user" "0:0" "--network" "none" "ghcr.io/rust-lang/crates-build-env/linux@sha256:2788e3201cd34a07e3172128adcd8b3090168a8e3bcc40d7c032b9dda1df7d1c" "/opt/rustwide/cargo-home/bin/cargo" "+nightly-2024-02-05" "metadata" "--no-deps" "--format-version=1", kill_on_drop: false }`
[INFO] [stdout] 86890dcce84e03f8edd6020310016d617963f96309ff0c9d7edb23e69b258e4a
[INFO] running `Command { std: "docker" "start" "-a" "86890dcce84e03f8edd6020310016d617963f96309ff0c9d7edb23e69b258e4a", kill_on_drop: false }`
[INFO] running `Command { std: "docker" "inspect" "86890dcce84e03f8edd6020310016d617963f96309ff0c9d7edb23e69b258e4a", kill_on_drop: false }`
[INFO] running `Command { std: "docker" "rm" "-f" "86890dcce84e03f8edd6020310016d617963f96309ff0c9d7edb23e69b258e4a", kill_on_drop: false }`
[INFO] [stdout] 86890dcce84e03f8edd6020310016d617963f96309ff0c9d7edb23e69b258e4a
[INFO] running `Command { std: "docker" "create" "-v" "/var/lib/crater-agent-workspace/builds/worker-3-tc2/target:/opt/rustwide/target:rw,Z" "-v" "/var/lib/crater-agent-workspace/builds/worker-3-tc2/source:/opt/rustwide/workdir:ro,Z" "-v" "/var/lib/crater-agent-workspace/cargo-home:/opt/rustwide/cargo-home:ro,Z" "-v" "/var/lib/crater-agent-workspace/rustup-home:/opt/rustwide/rustup-home:ro,Z" "-e" "SOURCE_DIR=/opt/rustwide/workdir" "-e" "CARGO_TARGET_DIR=/opt/rustwide/target" "-e" "CARGO_INCREMENTAL=0" "-e" "RUST_BACKTRACE=full" "-e" "RUSTFLAGS=--cap-lints=forbid -Dunexpected_cfgs" "-e" "RUSTDOCFLAGS=--cap-lints=forbid" "-e" "CARGO_HOME=/opt/rustwide/cargo-home" "-e" "RUSTUP_HOME=/opt/rustwide/rustup-home" "-w" "/opt/rustwide/workdir" "-m" "1610612736" "--user" "0:0" "--network" "none" "ghcr.io/rust-lang/crates-build-env/linux@sha256:2788e3201cd34a07e3172128adcd8b3090168a8e3bcc40d7c032b9dda1df7d1c" "/opt/rustwide/cargo-home/bin/cargo" "+nightly-2024-02-05" "check" "--frozen" "--all" "--all-targets" "--message-format=json" "-Zcheck-cfg", kill_on_drop: false }`
[INFO] [stdout] 1fe4475426641eebce734d92730f7799ab6243c3aa9a866bd5841c67bea5673c
[INFO] running `Command { std: "docker" "start" "-a" "1fe4475426641eebce734d92730f7799ab6243c3aa9a866bd5841c67bea5673c", kill_on_drop: false }`
[INFO] [stderr]    Compiling autocfg v1.1.0
[INFO] [stderr]    Compiling proc-macro2 v1.0.70
[INFO] [stderr]    Compiling unicode-ident v1.0.12
[INFO] [stderr]    Compiling semver v1.0.16
[INFO] [stderr]     Checking memchr v2.6.4
[INFO] [stderr]    Compiling serde v1.0.193
[INFO] [stderr]     Checking pin-utils v0.1.0
[INFO] [stderr]    Compiling futures-core v0.3.29
[INFO] [stderr]     Checking scopeguard v1.1.0
[INFO] [stderr]    Compiling futures-task v0.3.29
[INFO] [stderr]     Checking byteorder v1.4.3
[INFO] [stderr]    Compiling futures-channel v0.3.29
[INFO] [stderr]     Checking pin-project-lite v0.2.13
[INFO] [stderr]    Compiling libc v0.2.151
[INFO] [stderr]    Compiling futures-util v0.3.29
[INFO] [stderr]    Compiling lock_api v0.4.9
[INFO] [stderr]    Compiling slab v0.4.9
[INFO] [stderr]     Checking futures-sink v0.3.29
[INFO] [stderr]    Compiling rustc_version v0.4.0
[INFO] [stderr]     Checking stable_deref_trait v1.2.0
[INFO] [stderr]     Checking futures-io v0.3.29
[INFO] [stderr]    Compiling num-traits v0.2.17
[INFO] [stderr]     Checking log v0.4.20
[INFO] [stderr]     Checking hash32 v0.2.1
[INFO] [stderr]    Compiling quote v1.0.33
[INFO] [stderr]    Compiling heapless v0.7.16
[INFO] [stderr]     Checking spin v0.9.4
[INFO] [stderr]    Compiling syn v2.0.39
[INFO] [stderr]    Compiling memoffset v0.7.1
[INFO] [stderr]     Checking nb v1.0.0
[INFO] [stderr]    Compiling thiserror v1.0.50
[INFO] [stderr]     Checking bitflags v2.4.1
[INFO] [stderr]     Checking nb v0.1.3
[INFO] [stderr]     Checking void v1.0.2
[INFO] [stderr]    Compiling typenum v1.17.0
[INFO] [stderr]     Checking critical-section v1.1.2
[INFO] [stderr]    Compiling embedded-io-async v0.6.1
[INFO] [stderr]     Checking embedded-hal v0.2.7
[INFO] [stderr]     Checking embedded-io v0.6.1
[INFO] [stderr]    Compiling rustix v0.38.28
[INFO] [stderr]     Checking bitflags v1.3.2
[INFO] [stderr]     Checking mio v0.8.10
[INFO] [stderr]    Compiling embassy-sync v0.3.0
[INFO] [stderr]     Checking nix v0.26.4
[INFO] [stderr]     Checking socket2 v0.5.5
[INFO] [stderr]     Checking num_cpus v1.16.0
[INFO] [stderr]     Checking aho-corasick v1.1.2
[INFO] [stderr]     Checking minimal-lexical v0.2.1
[INFO] [stderr]    Compiling embedded-hal-async v1.0.0-rc.2
[INFO] [stderr]    Compiling heapless v0.8.0
[INFO] [stderr]     Checking linux-raw-sys v0.4.12
[INFO] [stderr]     Checking bytes v1.5.0
[INFO] [stderr]     Checking regex-syntax v0.8.2
[INFO] [stderr]     Checking heapless-bytes v0.3.0
[INFO] [stderr]     Checking serde_at v0.20.0
[INFO] [stderr]     Checking serde_bytes v0.11.12
[INFO] [stderr]     Checking nom v7.1.3
[INFO] [stderr]     Checking hash32 v0.3.1
[INFO] [stderr]    Compiling embassy-time v0.2.0
[INFO] [stderr]    Compiling embedded-io-adapters v0.6.1
[INFO] [stderr]     Checking embedded-hal v1.0.0-rc.2
[INFO] [stderr]     Checking humantime v2.1.0
[INFO] [stderr]     Checking regex-automata v0.4.3
[INFO] [stderr]     Checking is-terminal v0.4.9
[INFO] [stderr]     Checking termcolor v1.4.0
[INFO] [stderr]    Compiling futures-macro v0.3.29
[INFO] [stderr]    Compiling thiserror-impl v1.0.50
[INFO] [stderr]    Compiling tokio-macros v2.2.0
[INFO] [stderr]    Compiling atat_derive v0.20.0
[INFO] [stderr]     Checking tokio v1.35.0
[INFO] [stderr]     Checking unescaper v0.1.3
[INFO] [stderr]     Checking serialport v4.3.0
[INFO] [stderr]     Checking regex v1.10.2
[INFO] [stderr]     Checking mio-serial v5.0.5
[INFO] [stderr]     Checking env_logger v0.10.1
[INFO] [stderr]     Checking futures-executor v0.3.29
[INFO] [stderr]     Checking embassy-time v0.1.4
[INFO] [stderr]     Checking futures v0.3.29
[INFO] [stderr]     Checking tokio-serial v5.4.4
[INFO] [stderr]     Checking atat v0.20.0
[INFO] [stderr]     Checking wurth-calypso v0.1.1 (/opt/rustwide/workdir)
[INFO] [stdout] warning: unused import: `Ingress`
[INFO] [stdout]  --> examples/common.rs:2:59
[INFO] [stdout]   |
[INFO] [stdout] 2 | use atat::{AtatIngress, Buffers, Config, DefaultDigester, Ingress};
[INFO] [stdout]   |                                                           ^^^^^^^
[INFO] [stdout]   |
[INFO] [stdout]   = note: `#[warn(unused_imports)]` on by default
[INFO] [stdout] 
[INFO] [stdout] 
[INFO] [stdout] warning: unused import: `tokio::io::split`
[INFO] [stdout]  --> examples/common.rs:4:5
[INFO] [stdout]   |
[INFO] [stdout] 4 | use tokio::io::split;
[INFO] [stdout]   |     ^^^^^^^^^^^^^^^^
[INFO] [stdout] 
[INFO] [stdout] 
[INFO] [stdout] warning: unused import: `embassy_time`
[INFO] [stdout]  --> examples/sleep.rs:6:5
[INFO] [stdout]   |
[INFO] [stdout] 6 | use embassy_time; // this stops a linker error cause embassy is dumb
[INFO] [stdout]   |     ^^^^^^^^^^^^
[INFO] [stdout] 
[INFO] [stdout] 
[INFO] [stdout] warning: unused import: `Ingress`
[INFO] [stdout]  --> examples/common.rs:2:59
[INFO] [stdout]   |
[INFO] [stdout] 2 | use atat::{AtatIngress, Buffers, Config, DefaultDigester, Ingress};
[INFO] [stdout]   |                                                           ^^^^^^^
[INFO] [stdout]   |
[INFO] [stdout]   = note: `#[warn(unused_imports)]` on by default
[INFO] [stdout] 
[INFO] [stdout] 
[INFO] [stdout] warning: unused import: `tokio::io::split`
[INFO] [stdout]  --> examples/common.rs:4:5
[INFO] [stdout]   |
[INFO] [stdout] 4 | use tokio::io::split;
[INFO] [stdout]   |     ^^^^^^^^^^^^^^^^
[INFO] [stdout] 
[INFO] [stdout] 
[INFO] [stdout] warning: the feature `async_fn_in_trait` has been stable since 1.75.0 and no longer requires an attribute to enable
[INFO] [stdout]  --> examples/sleep.rs:1:12
[INFO] [stdout]   |
[INFO] [stdout] 1 | #![feature(async_fn_in_trait)]
[INFO] [stdout]   |            ^^^^^^^^^^^^^^^^^
[INFO] [stdout]   |
[INFO] [stdout]   = note: `#[warn(stable_features)]` on by default
[INFO] [stdout] 
[INFO] [stdout] 
[INFO] [stdout] error[E0601]: `main` function not found in crate `common`
[INFO] [stdout]   --> examples/common.rs:53:2
[INFO] [stdout]    |
[INFO] [stdout] 53 | }
[INFO] [stdout]    |  ^ consider adding a `main` function to `examples/common.rs`
[INFO] [stdout] 
[INFO] [stdout] 
[INFO] [stdout] warning: unused import: `Ingress`
[INFO] [stdout]  --> examples/common.rs:2:59
[INFO] [stdout]   |
[INFO] [stdout] 2 | use atat::{AtatIngress, Buffers, Config, DefaultDigester, Ingress};
[INFO] [stdout]   |                                                           ^^^^^^^
[INFO] [stdout]   |
[INFO] [stdout]   = note: `#[warn(unused_imports)]` on by default
[INFO] [stdout] 
[INFO] [stdout] 
[INFO] [stdout] warning: unused import: `tokio::io::split`
[INFO] [stdout]  --> examples/common.rs:4:5
[INFO] [stdout]   |
[INFO] [stdout] 4 | use tokio::io::split;
[INFO] [stdout]   |     ^^^^^^^^^^^^^^^^
[INFO] [stdout] 
[INFO] [stdout] 
[INFO] [stdout] warning: unused import: `embassy_time`
[INFO] [stdout]  --> examples/test.rs:6:5
[INFO] [stdout]   |
[INFO] [stdout] 6 | use embassy_time; // this stops a linker error cause embassy is dumb
[INFO] [stdout]   |     ^^^^^^^^^^^^
[INFO] [stdout] 
[INFO] [stdout] 
[INFO] [stdout] warning: unused import: `Ingress`
[INFO] [stdout]  --> examples/common.rs:2:59
[INFO] [stdout]   |
[INFO] [stdout] 2 | use atat::{AtatIngress, Buffers, Config, DefaultDigester, Ingress};
[INFO] [stdout]   |                                                           ^^^^^^^
[INFO] [stdout]   |
[INFO] [stdout]   = note: `#[warn(unused_imports)]` on by default
[INFO] [stdout] 
[INFO] [stdout] 
[INFO] [stdout] warning: unused import: `tokio::io::split`
[INFO] [stdout]  --> examples/common.rs:4:5
[INFO] [stdout]   |
[INFO] [stdout] 4 | use tokio::io::split;
[INFO] [stdout]   |     ^^^^^^^^^^^^^^^^
[INFO] [stdout] 
[INFO] [stdout] 
[INFO] [stdout] warning: unused import: `embassy_time`
[INFO] [stdout]  --> examples/start_provisioning.rs:6:5
[INFO] [stdout]   |
[INFO] [stdout] 6 | use embassy_time; // this stops a linker error cause embassy is dumb
[INFO] [stdout]   |     ^^^^^^^^^^^^
[INFO] [stdout] 
[INFO] [stdout] 
[INFO] [stdout] warning: unused import: `std::time::Duration`
[INFO] [stdout]  --> examples/start_provisioning.rs:8:5
[INFO] [stdout]   |
[INFO] [stdout] 8 | use std::time::Duration;
[INFO] [stdout]   |     ^^^^^^^^^^^^^^^^^^^
[INFO] [stdout] 
[INFO] [stdout] 
[INFO] [stdout] warning: the feature `async_fn_in_trait` has been stable since 1.75.0 and no longer requires an attribute to enable
[INFO] [stdout]  --> examples/start_provisioning.rs:1:12
[INFO] [stdout]   |
[INFO] [stdout] 1 | #![feature(async_fn_in_trait)]
[INFO] [stdout]   |            ^^^^^^^^^^^^^^^^^
[INFO] [stdout]   |
[INFO] [stdout]   = note: `#[warn(stable_features)]` on by default
[INFO] [stdout] 
[INFO] [stdout] 
[INFO] [stdout] warning: the feature `async_fn_in_trait` has been stable since 1.75.0 and no longer requires an attribute to enable
[INFO] [stdout]  --> examples/test.rs:1:12
[INFO] [stdout]   |
[INFO] [stdout] 1 | #![feature(async_fn_in_trait)]
[INFO] [stdout]   |            ^^^^^^^^^^^^^^^^^
[INFO] [stdout]   |
[INFO] [stdout]   = note: `#[warn(stable_features)]` on by default
[INFO] [stdout] 
[INFO] [stdout] 
[INFO] [stdout] warning: variable does not need to be mutable
[INFO] [stdout]   --> examples/common.rs:42:23
[INFO] [stdout]    |
[INFO] [stdout] 42 |     let (mut ingress, mut client) = BUFFERS.split(
[INFO] [stdout]    |                       ----^^^^^^
[INFO] [stdout]    |                       |
[INFO] [stdout]    |                       help: remove this `mut`
[INFO] [stdout]    |
[INFO] [stdout]    = note: `#[warn(unused_mut)]` on by default
[INFO] [stdout] 
[INFO] [stdout] 
[INFO] [stdout] error: aborting due to 1 previous error; 3 warnings emitted
[INFO] [stdout] 
[INFO] [stdout] 
[INFO] [stdout] For more information about this error, try `rustc --explain E0601`.
[INFO] [stdout] 
[INFO] [stderr] error: could not compile `wurth-calypso` (example "common") due to 2 previous errors; 3 warnings emitted
[INFO] [stderr] warning: build failed, waiting for other jobs to finish...
[INFO] [stdout] warning: variable does not need to be mutable
[INFO] [stdout]   --> examples/common.rs:42:23
[INFO] [stdout]    |
[INFO] [stdout] 42 |     let (mut ingress, mut client) = BUFFERS.split(
[INFO] [stdout]    |                       ----^^^^^^
[INFO] [stdout]    |                       |
[INFO] [stdout]    |                       help: remove this `mut`
[INFO] [stdout]    |
[INFO] [stdout]    = note: `#[warn(unused_mut)]` on by default
[INFO] [stdout] 
[INFO] [stdout] 
[INFO] [stdout] warning: variable does not need to be mutable
[INFO] [stdout]   --> examples/common.rs:42:23
[INFO] [stdout]    |
[INFO] [stdout] 42 |     let (mut ingress, mut client) = BUFFERS.split(
[INFO] [stdout]    |                       ----^^^^^^
[INFO] [stdout]    |                       |
[INFO] [stdout]    |                       help: remove this `mut`
[INFO] [stdout]    |
[INFO] [stdout]    = note: `#[warn(unused_mut)]` on by default
[INFO] [stdout] 
[INFO] [stdout] 
[INFO] [stdout] warning: variable does not need to be mutable
[INFO] [stdout]   --> examples/common.rs:42:23
[INFO] [stdout]    |
[INFO] [stdout] 42 |     let (mut ingress, mut client) = BUFFERS.split(
[INFO] [stdout]    |                       ----^^^^^^
[INFO] [stdout]    |                       |
[INFO] [stdout]    |                       help: remove this `mut`
[INFO] [stdout]    |
[INFO] [stdout]    = note: `#[warn(unused_mut)]` on by default
[INFO] [stdout] 
[INFO] [stdout] 
[INFO] [stdout] warning: 5 warnings emitted
[INFO] [stdout] 
[INFO] [stdout] 
[INFO] [stdout] warning: 5 warnings emitted
[INFO] [stdout] 
[INFO] [stdout] 
[INFO] [stdout] warning: 6 warnings emitted
[INFO] [stdout] 
[INFO] [stdout] 
[INFO] running `Command { std: "docker" "inspect" "1fe4475426641eebce734d92730f7799ab6243c3aa9a866bd5841c67bea5673c", kill_on_drop: false }`
[INFO] running `Command { std: "docker" "rm" "-f" "1fe4475426641eebce734d92730f7799ab6243c3aa9a866bd5841c67bea5673c", kill_on_drop: false }`
[INFO] [stdout] 1fe4475426641eebce734d92730f7799ab6243c3aa9a866bd5841c67bea5673c
