[INFO] cloning repository https://github.com/talonjoaquin/headstrong
[INFO] running `Command { std: "git" "-c" "credential.helper=" "-c" "credential.helper=/workspace/cargo-home/bin/git-credential-null" "clone" "--bare" "https://github.com/talonjoaquin/headstrong" "/workspace/cache/git-repos/https%3A%2F%2Fgithub.com%2Ftalonjoaquin%2Fheadstrong", kill_on_drop: false }`
[INFO] [stderr] Cloning into bare repository '/workspace/cache/git-repos/https%3A%2F%2Fgithub.com%2Ftalonjoaquin%2Fheadstrong'...
[INFO] running `Command { std: "git" "rev-parse" "HEAD", kill_on_drop: false }`
[INFO] [stdout] bf85ed2082100b4dc8ee4732587b4051b28aa6c2
[INFO] checking talonjoaquin/headstrong against nightly-2024-02-05 for check-cfg
[INFO] running `Command { std: "git" "clone" "/workspace/cache/git-repos/https%3A%2F%2Fgithub.com%2Ftalonjoaquin%2Fheadstrong" "/workspace/builds/worker-6-tc1/source", kill_on_drop: false }`
[INFO] [stderr] Cloning into '/workspace/builds/worker-6-tc1/source'...
[INFO] [stderr] done.
[INFO] validating manifest of git repo https://github.com/talonjoaquin/headstrong on toolchain nightly-2024-02-05
[INFO] running `Command { std: CARGO_HOME="/workspace/cargo-home" RUSTUP_HOME="/workspace/rustup-home" "/workspace/cargo-home/bin/cargo" "+nightly-2024-02-05" "metadata" "--manifest-path" "Cargo.toml" "--no-deps", kill_on_drop: false }`
[INFO] started tweaking git repo https://github.com/talonjoaquin/headstrong
[INFO] finished tweaking git repo https://github.com/talonjoaquin/headstrong
[INFO] tweaked toml for git repo https://github.com/talonjoaquin/headstrong written to /workspace/builds/worker-6-tc1/source/Cargo.toml
[INFO] crate git repo https://github.com/talonjoaquin/headstrong already has a lockfile, it will not be regenerated
[INFO] running `Command { std: CARGO_HOME="/workspace/cargo-home" RUSTUP_HOME="/workspace/rustup-home" "/workspace/cargo-home/bin/cargo" "+nightly-2024-02-05" "fetch" "--manifest-path" "Cargo.toml", kill_on_drop: false }`
[INFO] [stderr]     Blocking waiting for file lock on package cache
[ERROR] error running command: no output for 300 seconds
[ERROR] this task or one of its parent failed!
[ERROR] no output for 300 seconds
[ERROR] note: run with `RUST_BACKTRACE=1` to display a backtrace.
[INFO] checking talonjoaquin/headstrong against nightly-2024-02-05+rustflags=-Dunexpected_cfgs+cargoflags=-Zcheck-cfg for check-cfg
[INFO] running `Command { std: "git" "clone" "/workspace/cache/git-repos/https%3A%2F%2Fgithub.com%2Ftalonjoaquin%2Fheadstrong" "/workspace/builds/worker-6-tc2/source", kill_on_drop: false }`
[INFO] [stderr] Cloning into '/workspace/builds/worker-6-tc2/source'...
[INFO] [stderr] done.
[INFO] validating manifest of git repo https://github.com/talonjoaquin/headstrong on toolchain nightly-2024-02-05
[INFO] running `Command { std: CARGO_HOME="/workspace/cargo-home" RUSTUP_HOME="/workspace/rustup-home" "/workspace/cargo-home/bin/cargo" "+nightly-2024-02-05" "metadata" "--manifest-path" "Cargo.toml" "--no-deps", kill_on_drop: false }`
[INFO] started tweaking git repo https://github.com/talonjoaquin/headstrong
[INFO] finished tweaking git repo https://github.com/talonjoaquin/headstrong
[INFO] tweaked toml for git repo https://github.com/talonjoaquin/headstrong written to /workspace/builds/worker-6-tc2/source/Cargo.toml
[INFO] crate git repo https://github.com/talonjoaquin/headstrong already has a lockfile, it will not be regenerated
[INFO] running `Command { std: CARGO_HOME="/workspace/cargo-home" RUSTUP_HOME="/workspace/rustup-home" "/workspace/cargo-home/bin/cargo" "+nightly-2024-02-05" "fetch" "--manifest-path" "Cargo.toml", kill_on_drop: false }`
[INFO] [stderr]     Blocking waiting for file lock on package cache
[INFO] [stderr]     Updating crates.io index
[INFO] [stderr]     Blocking waiting for file lock on package cache
[INFO] [stderr]  Downloading crates ...
[INFO] [stderr]   Downloaded proc_macro_roids v0.6.0
[INFO] [stderr]   Downloaded amethyst_derive v0.6.1
[INFO] [stderr]   Downloaded indexmap v0.4.1
[INFO] [stderr]   Downloaded amethyst_assets v0.9.1
[INFO] [stderr]   Downloaded gfx-backend-vulkan v0.2.3
[INFO] [stderr]   Downloaded pathfinding v2.0.0
[INFO] [stderr]   Downloaded amethyst_error v0.3.0
[INFO] [stderr]   Downloaded serde_bytes v0.11.2
[INFO] [stderr]   Downloaded amethyst_input v0.9.1
[INFO] [stderr]   Downloaded amethyst_controls v0.7.0
[INFO] [stderr]   Downloaded angular v0.1.1
[INFO] [stderr]   Downloaded priority-queue v0.6.0
[INFO] [stderr]   Downloaded fluent-syntax v0.9.0
[INFO] [stderr]   Downloaded amethyst_audio v0.8.0
[INFO] [stderr]   Downloaded amethyst_rendy v0.3.0
[INFO] [stderr]   Downloaded amethyst v0.13.2
[INFO] [stderr]   Downloaded amethyst_ui v0.8.1
[INFO] [stderr]   Downloaded inventory v0.1.4
[INFO] [stderr]   Downloaded amethyst_core v0.8.1
[INFO] [stderr]   Downloaded amethyst_utils v0.8.0
[INFO] [stderr]   Downloaded amethyst_animation v0.8.1
[INFO] [stderr]   Downloaded amethyst_window v0.3.0
[INFO] [stderr]   Downloaded shred-derive v0.6.1
[INFO] [stderr]   Downloaded amethyst_locale v0.7.2
[INFO] [stderr]   Downloaded amethyst_config v0.12.0
[INFO] [stderr]   Downloaded mint v0.5.3
[INFO] [stderr]   Downloaded amethyst_network v0.6.1
[INFO] [stderr]   Downloaded inventory-impl v0.1.4
[INFO] [stderr]   Downloaded raw-window-handle v0.3.1
[INFO] [stderr]   Downloaded winit v0.19.4
[INFO] [stderr]   Downloaded euclid v0.20.3
[INFO] running `Command { std: "docker" "create" "-v" "/var/lib/crater-agent-workspace/builds/worker-6-tc2/target:/opt/rustwide/target:rw,Z" "-v" "/var/lib/crater-agent-workspace/builds/worker-6-tc2/source:/opt/rustwide/workdir:ro,Z" "-v" "/var/lib/crater-agent-workspace/cargo-home:/opt/rustwide/cargo-home:ro,Z" "-v" "/var/lib/crater-agent-workspace/rustup-home:/opt/rustwide/rustup-home:ro,Z" "-e" "SOURCE_DIR=/opt/rustwide/workdir" "-e" "CARGO_TARGET_DIR=/opt/rustwide/target" "-e" "CARGO_HOME=/opt/rustwide/cargo-home" "-e" "RUSTUP_HOME=/opt/rustwide/rustup-home" "-w" "/opt/rustwide/workdir" "-m" "1610612736" "--user" "0:0" "--network" "none" "ghcr.io/rust-lang/crates-build-env/linux@sha256:2788e3201cd34a07e3172128adcd8b3090168a8e3bcc40d7c032b9dda1df7d1c" "/opt/rustwide/cargo-home/bin/cargo" "+nightly-2024-02-05" "metadata" "--no-deps" "--format-version=1", kill_on_drop: false }`
[INFO] [stdout] 3a4efcc4978b344a87f81098527a2e0e6ac11a2b4744577117851f1edce98466
[INFO] running `Command { std: "docker" "start" "-a" "3a4efcc4978b344a87f81098527a2e0e6ac11a2b4744577117851f1edce98466", kill_on_drop: false }`
[INFO] running `Command { std: "docker" "inspect" "3a4efcc4978b344a87f81098527a2e0e6ac11a2b4744577117851f1edce98466", kill_on_drop: false }`
[INFO] running `Command { std: "docker" "rm" "-f" "3a4efcc4978b344a87f81098527a2e0e6ac11a2b4744577117851f1edce98466", kill_on_drop: false }`
[INFO] [stdout] 3a4efcc4978b344a87f81098527a2e0e6ac11a2b4744577117851f1edce98466
[INFO] running `Command { std: "docker" "create" "-v" "/var/lib/crater-agent-workspace/builds/worker-6-tc2/target:/opt/rustwide/target:rw,Z" "-v" "/var/lib/crater-agent-workspace/builds/worker-6-tc2/source:/opt/rustwide/workdir:ro,Z" "-v" "/var/lib/crater-agent-workspace/cargo-home:/opt/rustwide/cargo-home:ro,Z" "-v" "/var/lib/crater-agent-workspace/rustup-home:/opt/rustwide/rustup-home:ro,Z" "-e" "SOURCE_DIR=/opt/rustwide/workdir" "-e" "CARGO_TARGET_DIR=/opt/rustwide/target" "-e" "CARGO_INCREMENTAL=0" "-e" "RUST_BACKTRACE=full" "-e" "RUSTFLAGS=--cap-lints=forbid -Dunexpected_cfgs" "-e" "RUSTDOCFLAGS=--cap-lints=forbid" "-e" "CARGO_HOME=/opt/rustwide/cargo-home" "-e" "RUSTUP_HOME=/opt/rustwide/rustup-home" "-w" "/opt/rustwide/workdir" "-m" "1610612736" "--user" "0:0" "--network" "none" "ghcr.io/rust-lang/crates-build-env/linux@sha256:2788e3201cd34a07e3172128adcd8b3090168a8e3bcc40d7c032b9dda1df7d1c" "/opt/rustwide/cargo-home/bin/cargo" "+nightly-2024-02-05" "check" "--frozen" "--all" "--all-targets" "--message-format=json" "-Zcheck-cfg", kill_on_drop: false }`
[INFO] [stdout] 3a13d41bb2b070c1fa24f3cc72b516bf4cf20314ec920945eefaf7a144b7d661
[INFO] running `Command { std: "docker" "start" "-a" "3a13d41bb2b070c1fa24f3cc72b516bf4cf20314ec920945eefaf7a144b7d661", kill_on_drop: false }`
[INFO] [stderr]    Compiling libc v0.2.65
[INFO] [stderr]    Compiling autocfg v0.1.7
[INFO] [stderr]    Compiling proc-macro2 v1.0.6
[INFO] [stderr]    Compiling unicode-xid v0.2.0
[INFO] [stderr]    Compiling syn v1.0.7
[INFO] [stderr]     Checking cfg-if v0.1.10
[INFO] [stderr]    Compiling serde v1.0.102
[INFO] [stderr]    Compiling cc v1.0.46
[INFO] [stderr]    Compiling semver-parser v0.7.0
[INFO] [stderr]     Checking lazy_static v1.4.0
[INFO] [stderr]    Compiling byteorder v1.3.2
[INFO] [stderr]    Compiling num-traits v0.2.8
[INFO] [stderr]    Compiling semver v0.9.0
[INFO] [stderr]    Compiling proc-macro2 v0.4.30
[INFO] [stderr]    Compiling rustc_version v0.2.3
[INFO] [stderr]    Compiling unicode-xid v0.1.0
[INFO] [stderr]    Compiling num-integer v0.1.41
[INFO] [stderr]    Compiling arrayvec v0.4.12
[INFO] [stderr]    Compiling quote v1.0.2
[INFO] [stderr]     Checking nodrop v0.1.14
[INFO] [stderr]    Compiling log v0.4.8
[INFO] [stderr]     Checking crossbeam-utils v0.6.6
[INFO] [stderr]    Compiling bitflags v1.2.1
[INFO] [stderr]    Compiling pkg-config v0.3.17
[INFO] [stderr]    Compiling memoffset v0.5.2
[INFO] [stderr]    Compiling quote v0.6.13
[INFO] [stderr]     Checking scopeguard v1.0.0
[INFO] [stderr]    Compiling backtrace-sys v0.1.32
[INFO] [stderr]    Compiling rand_pcg v0.1.2
[INFO] [stderr]    Compiling rand_chacha v0.1.1
[INFO] [stderr]     Checking num_cpus v1.11.0
[INFO] [stderr]     Checking crossbeam-epoch v0.7.2
[INFO] [stderr]     Checking rand_core v0.4.2
[INFO] [stderr]    Compiling syn v0.15.44
[INFO] [stderr]    Compiling rand v0.6.5
[INFO] [stderr]     Checking rand_core v0.3.1
[INFO] [stderr]     Checking crossbeam-deque v0.7.1
[INFO] [stderr]     Checking approx v0.3.2
[INFO] [stderr]    Compiling rayon-core v1.6.0
[INFO] [stderr]     Checking rustc-demangle v0.1.16
[INFO] [stderr]     Checking either v1.5.3
[INFO] [stderr]     Checking crossbeam-queue v0.1.2
[INFO] [stderr]    Compiling num-bigint v0.2.3
[INFO] [stderr]    Compiling num-rational v0.2.2
[INFO] [stderr]    Compiling getrandom v0.1.13
[INFO] [stderr]    Compiling failure_derive v0.1.6
[INFO] [stderr]     Checking rayon v1.2.0
[INFO] [stderr]     Checking rand_hc v0.1.0
[INFO] [stderr]     Checking rand_isaac v0.1.1
[INFO] [stderr]     Checking rand_xorshift v0.1.1
[INFO] [stderr]     Checking backtrace v0.3.40
[INFO] [stderr]     Checking rand_os v0.1.3
[INFO] [stderr]     Checking rand_jitter v0.1.4
[INFO] [stderr]    Compiling libloading v0.5.2
[INFO] [stderr]    Compiling num-iter v0.1.39
[INFO] [stderr]    Compiling xml-rs v0.8.0
[INFO] [stderr]     Checking ordered-float v1.0.2
[INFO] [stderr]     Checking rustc-hash v1.0.1
[INFO] [stderr]     Checking stb_truetype v0.3.0
[INFO] [stderr]    Compiling wayland-scanner v0.21.13
[INFO] [stderr]    Compiling parking_lot_core v0.6.2
[INFO] [stderr]     Checking arrayvec v0.5.1
[INFO] [stderr]     Checking atom v0.3.5
[INFO] [stderr]    Compiling nix v0.14.1
[INFO] [stderr]     Checking linked-hash-map v0.5.2
[INFO] [stderr]     Checking dlib v0.4.1
[INFO] [stderr]    Compiling parking_lot v0.9.0
[INFO] [stderr]     Checking void v1.0.2
[INFO] [stderr]     Checking adler32 v1.0.4
[INFO] [stderr]     Checking rusttype v0.8.1
[INFO] [stderr]     Checking wayland-sys v0.21.13
[INFO] [stderr]     Checking lock_api v0.3.1
[INFO] [stderr]     Checking same-file v1.0.5
[INFO] [stderr]    Compiling num-derive v0.2.5
[INFO] [stderr]     Checking walkdir v2.2.9
[INFO] [stderr]     Checking inflate v0.4.5
[INFO] [stderr]     Checking deflate v0.7.20
[INFO] [stderr]     Checking downcast-rs v1.1.1
[INFO] [stderr]    Compiling ryu v1.0.2
[INFO] [stderr]     Checking lzw v0.10.0
[INFO] [stderr]    Compiling maybe-uninit v2.0.0
[INFO] [stderr]     Checking rusttype v0.7.9
[INFO] [stderr]    Compiling x11-dl v2.18.4
[INFO] [stderr]    Compiling wayland-client v0.21.13
[INFO] [stderr]    Compiling wayland-protocols v0.21.13
[INFO] [stderr]     Checking line_drawing v0.7.0
[INFO] [stderr]     Checking memmap v0.7.0
[INFO] [stderr]     Checking xdg v2.2.0
[INFO] [stderr]     Checking color_quant v1.0.1
[INFO] [stderr]     Checking stable_deref_trait v1.1.1
[INFO] [stderr]    Compiling ppv-lite86 v0.2.6
[INFO] [stderr]    Compiling synstructure v0.12.1
[INFO] [stderr]    Compiling c2-chacha v0.2.3
[INFO] [stderr]     Checking andrew v0.2.1
[INFO] [stderr]    Compiling derivative v1.0.3
[INFO] [stderr]     Checking gif v0.10.3
[INFO] [stderr]    Compiling rand_core v0.5.1
[INFO] [stderr]     Checking wayland-commons v0.21.13
[INFO] [stderr]     Checking png v0.14.1
[INFO] [stderr]     Checking jpeg-decoder v0.1.16
[INFO] [stderr]     Checking scoped_threadpool v0.1.9
[INFO] [stderr]    Compiling rand_chacha v0.2.1
[INFO] [stderr]     Checking fxhash v0.2.1
[INFO] [stderr]    Compiling xcb v0.8.2
[INFO] [stderr]     Checking raw-window-handle v0.3.1
[INFO] [stderr]     Checking percent-encoding v2.1.0
[INFO] [stderr]     Checking mint v0.5.3
[INFO] [stderr]     Checking tiff v0.2.2
[INFO] [stderr]    Compiling rand v0.7.2
[INFO] [stderr]    Compiling serde_derive v1.0.102
[INFO] [stderr]    Compiling proc-macro-hack v0.5.11
[INFO] [stderr] error: failed to run custom build command for `xcb v0.8.2`
[INFO] [stderr] note: To improve backtraces for build dependencies, set the CARGO_PROFILE_DEV_BUILD_OVERRIDE_DEBUG=true environment variable to enable debug information generation.
[INFO] [stderr] 
[INFO] [stderr] Caused by:
[INFO] [stderr]   process didn't exit successfully: `/opt/rustwide/target/debug/build/xcb-abd7a71a846265a7/build-script-build` (exit status: 101)
[INFO] [stderr]   --- stderr
[INFO] [stderr]   error occured in handler:  ('request: ', ('xcb', 'SELinux', 'GetClientContext'))
[INFO] [stderr]   Traceback (most recent call last):
[INFO] [stderr]     File "/opt/rustwide/cargo-home/registry/src/index.crates.io-6f17d22bba15001f/xcb-0.8.2/rs_client.py", line 2448, in <module>
[INFO] [stderr]       module.generate()
[INFO] [stderr]     File "/opt/rustwide/cargo-home/registry/src/index.crates.io-6f17d22bba15001f/xcb-0.8.2/xcbgen/state.py", line 108, in generate
[INFO] [stderr]       self.close()
[INFO] [stderr]     File "/opt/rustwide/cargo-home/registry/src/index.crates.io-6f17d22bba15001f/xcb-0.8.2/rs_client.py", line 296, in rs_close
[INFO] [stderr]       _f.writeout(os.path.join(module.rs_srcdir, "ffi", "%s.rs" % _module_name(_ns.ext_name)))
[INFO] [stderr]     File "/opt/rustwide/cargo-home/registry/src/index.crates.io-6f17d22bba15001f/xcb-0.8.2/rs_client.py", line 114, in writeout
[INFO] [stderr]       with open(path, 'w') as f:
[INFO] [stderr]   OSError: [Errno 30] Read-only file system: '/opt/rustwide/cargo-home/registry/src/index.crates.io-6f17d22bba15001f/xcb-0.8.2/src/ffi/selinux.rs'
[INFO] [stderr]   thread 'main' panicked at /opt/rustwide/cargo-home/registry/src/index.crates.io-6f17d22bba15001f/xcb-0.8.2/build.rs:75:17:
[INFO] [stderr]   processing of /opt/rustwide/cargo-home/registry/src/index.crates.io-6f17d22bba15001f/xcb-0.8.2/xml/xselinux.xml returned non-zero (1)
[INFO] [stderr]   stack backtrace:
[INFO] [stderr]      0:     0x55e5b4979566 - std::backtrace_rs::backtrace::libunwind::trace::heebc7766b165eb2a
[INFO] [stderr]                                  at /rustc/268dbbbc4b3fd71c5f360a4d0728295252430b5b/library/std/src/../../backtrace/src/backtrace/libunwind.rs:104:5
[INFO] [stderr]      1:     0x55e5b4979566 - std::backtrace_rs::backtrace::trace_unsynchronized::ha677020d8fc0296d
[INFO] [stderr]                                  at /rustc/268dbbbc4b3fd71c5f360a4d0728295252430b5b/library/std/src/../../backtrace/src/backtrace/mod.rs:66:5
[INFO] [stderr]      2:     0x55e5b4979566 - std::sys_common::backtrace::_print_fmt::hcaff2fd86a1aeaa3
[INFO] [stderr]                                  at /rustc/268dbbbc4b3fd71c5f360a4d0728295252430b5b/library/std/src/sys_common/backtrace.rs:68:5
[INFO] [stderr]      3:     0x55e5b4979566 - <std::sys_common::backtrace::_print::DisplayBacktrace as core::fmt::Display>::fmt::hc2446d8aa0059188
[INFO] [stderr]                                  at /rustc/268dbbbc4b3fd71c5f360a4d0728295252430b5b/library/std/src/sys_common/backtrace.rs:44:22
[INFO] [stderr]      4:     0x55e5b499b9a0 - core::fmt::rt::Argument::fmt::h2fbb6454da37999b
[INFO] [stderr]                                  at /rustc/268dbbbc4b3fd71c5f360a4d0728295252430b5b/library/core/src/fmt/rt.rs:142:9
[INFO] [stderr]      5:     0x55e5b499b9a0 - core::fmt::write::had96bdeda7d49d3a
[INFO] [stderr]                                  at /rustc/268dbbbc4b3fd71c5f360a4d0728295252430b5b/library/core/src/fmt/mod.rs:1120:17
[INFO] [stderr]      6:     0x55e5b49771bf - std::io::Write::write_fmt::h30b1f36eea05b391
[INFO] [stderr]                                  at /rustc/268dbbbc4b3fd71c5f360a4d0728295252430b5b/library/std/src/io/mod.rs:1849:15
[INFO] [stderr]      7:     0x55e5b4979344 - std::sys_common::backtrace::_print::hc333bb91ae972137
[INFO] [stderr]                                  at /rustc/268dbbbc4b3fd71c5f360a4d0728295252430b5b/library/std/src/sys_common/backtrace.rs:47:5
[INFO] [stderr]      8:     0x55e5b4979344 - std::sys_common::backtrace::print::h18fd3c71a95a3169
[INFO] [stderr]                                  at /rustc/268dbbbc4b3fd71c5f360a4d0728295252430b5b/library/std/src/sys_common/backtrace.rs:34:9
[INFO] [stderr]      9:     0x55e5b497aa37 - std::panicking::default_hook::{{closure}}::ha3473f9bcb4e9a37
[INFO] [stderr]     10:     0x55e5b497a799 - std::panicking::default_hook::h23d9d43185db6584
[INFO] [stderr]                                  at /rustc/268dbbbc4b3fd71c5f360a4d0728295252430b5b/library/std/src/panicking.rs:292:9
[INFO] [stderr]     11:     0x55e5b497aec8 - std::panicking::rust_panic_with_hook::h94aceaa7df3a6edd
[INFO] [stderr]                                  at /rustc/268dbbbc4b3fd71c5f360a4d0728295252430b5b/library/std/src/panicking.rs:781:13
[INFO] [stderr]     12:     0x55e5b497ada2 - std::panicking::begin_panic_handler::{{closure}}::h9905d45d1d82fc42
[INFO] [stderr]                                  at /rustc/268dbbbc4b3fd71c5f360a4d0728295252430b5b/library/std/src/panicking.rs:659:13
[INFO] [stderr]     13:     0x55e5b4979a66 - std::sys_common::backtrace::__rust_end_short_backtrace::hb02085545dc143b9
[INFO] [stderr]                                  at /rustc/268dbbbc4b3fd71c5f360a4d0728295252430b5b/library/std/src/sys_common/backtrace.rs:171:18
[INFO] [stderr]     14:     0x55e5b497aaf4 - rust_begin_unwind
[INFO] [stderr]                                  at /rustc/268dbbbc4b3fd71c5f360a4d0728295252430b5b/library/std/src/panicking.rs:647:5
[INFO] [stderr]     15:     0x55e5b4953285 - core::panicking::panic_fmt::h6dca3983f8a9f4d0
[INFO] [stderr]                                  at /rustc/268dbbbc4b3fd71c5f360a4d0728295252430b5b/library/core/src/panicking.rs:72:14
[INFO] [stderr]     16:     0x55e5b4959381 - build_script_build::main::{{closure}}::h936fc6b8cf2adb0e
[INFO] [stderr]     17:     0x55e5b4957f13 - build_script_build::visit_xml::habc8aa4febe39898
[INFO] [stderr]     18:     0x55e5b495883c - build_script_build::main::h0cf316b877475d49
[INFO] [stderr]     19:     0x55e5b4954dd3 - core::ops::function::FnOnce::call_once::h76b470826f435f99
[INFO] [stderr]     20:     0x55e5b4953db6 - std::sys_common::backtrace::__rust_begin_short_backtrace::h5ec7aeba77033aeb
[INFO] [stderr]     21:     0x55e5b49544e9 - std::rt::lang_start::{{closure}}::h4ff7303a55897960
[INFO] [stderr]     22:     0x55e5b4973d91 - core::ops::function::impls::<impl core::ops::function::FnOnce<A> for &F>::call_once::h298d8ff12ebcec8c
[INFO] [stderr]                                  at /rustc/268dbbbc4b3fd71c5f360a4d0728295252430b5b/library/core/src/ops/function.rs:284:13
[INFO] [stderr]     23:     0x55e5b4973d91 - std::panicking::try::do_call::hbd0ffb05da5bd343
[INFO] [stderr]                                  at /rustc/268dbbbc4b3fd71c5f360a4d0728295252430b5b/library/std/src/panicking.rs:554:40
[INFO] [stderr]     24:     0x55e5b4973d91 - std::panicking::try::h11c9a152defd5d2a
[INFO] [stderr]                                  at /rustc/268dbbbc4b3fd71c5f360a4d0728295252430b5b/library/std/src/panicking.rs:518:19
[INFO] [stderr]     25:     0x55e5b4973d91 - std::panic::catch_unwind::h0d6db2fa902b4d64
[INFO] [stderr]                                  at /rustc/268dbbbc4b3fd71c5f360a4d0728295252430b5b/library/std/src/panic.rs:142:14
[INFO] [stderr]     26:     0x55e5b4973d91 - std::rt::lang_start_internal::{{closure}}::hdcc09b4aad7ef821
[INFO] [stderr]                                  at /rustc/268dbbbc4b3fd71c5f360a4d0728295252430b5b/library/std/src/rt.rs:148:48
[INFO] [stderr]     27:     0x55e5b4973d91 - std::panicking::try::do_call::h3ffd2f162d60900f
[INFO] [stderr]                                  at /rustc/268dbbbc4b3fd71c5f360a4d0728295252430b5b/library/std/src/panicking.rs:554:40
[INFO] [stderr]     28:     0x55e5b4973d91 - std::panicking::try::heeba82b9c3e190fb
[INFO] [stderr]                                  at /rustc/268dbbbc4b3fd71c5f360a4d0728295252430b5b/library/std/src/panicking.rs:518:19
[INFO] [stderr]     29:     0x55e5b4973d91 - std::panic::catch_unwind::hdaab8f1c188f387f
[INFO] [stderr]                                  at /rustc/268dbbbc4b3fd71c5f360a4d0728295252430b5b/library/std/src/panic.rs:142:14
[INFO] [stderr]     30:     0x55e5b4973d91 - std::rt::lang_start_internal::h9989e088c48b7903
[INFO] [stderr]                                  at /rustc/268dbbbc4b3fd71c5f360a4d0728295252430b5b/library/std/src/rt.rs:148:20
[INFO] [stderr]     31:     0x55e5b49544c7 - std::rt::lang_start::h2f4776fc844bfa18
[INFO] [stderr]     32:     0x55e5b4959405 - main
[INFO] [stderr]     33:     0x7f6749ef5d90 - <unknown>
[INFO] [stderr]     34:     0x7f6749ef5e40 - __libc_start_main
[INFO] [stderr]     35:     0x55e5b49539b5 - _start
[INFO] [stderr]     36:                0x0 - <unknown>
[INFO] [stderr] warning: build failed, waiting for other jobs to finish...
[INFO] running `Command { std: "docker" "inspect" "3a13d41bb2b070c1fa24f3cc72b516bf4cf20314ec920945eefaf7a144b7d661", kill_on_drop: false }`
[INFO] running `Command { std: "docker" "rm" "-f" "3a13d41bb2b070c1fa24f3cc72b516bf4cf20314ec920945eefaf7a144b7d661", kill_on_drop: false }`
[INFO] [stdout] 3a13d41bb2b070c1fa24f3cc72b516bf4cf20314ec920945eefaf7a144b7d661
