[INFO] cloning repository https://github.com/steinuil/watchy-rs
[INFO] running `Command { std: "git" "-c" "credential.helper=" "-c" "credential.helper=/workspace/cargo-home/bin/git-credential-null" "clone" "--bare" "https://github.com/steinuil/watchy-rs" "/workspace/cache/git-repos/https%3A%2F%2Fgithub.com%2Fsteinuil%2Fwatchy-rs", kill_on_drop: false }`
[INFO] [stderr] Cloning into bare repository '/workspace/cache/git-repos/https%3A%2F%2Fgithub.com%2Fsteinuil%2Fwatchy-rs'...
[INFO] running `Command { std: "git" "rev-parse" "HEAD", kill_on_drop: false }`
[INFO] [stdout] 492a2c21d9e8a07decba9ca79c71609860b101d3
[INFO] checking steinuil/watchy-rs against nightly-2024-02-05 for check-cfg
[INFO] running `Command { std: "git" "clone" "/workspace/cache/git-repos/https%3A%2F%2Fgithub.com%2Fsteinuil%2Fwatchy-rs" "/workspace/builds/worker-4-tc1/source", kill_on_drop: false }`
[INFO] [stderr] Cloning into '/workspace/builds/worker-4-tc1/source'...
[INFO] [stderr] done.
[INFO] validating manifest of git repo https://github.com/steinuil/watchy-rs on toolchain nightly-2024-02-05
[INFO] running `Command { std: CARGO_HOME="/workspace/cargo-home" RUSTUP_HOME="/workspace/rustup-home" "/workspace/cargo-home/bin/cargo" "+nightly-2024-02-05" "metadata" "--manifest-path" "Cargo.toml" "--no-deps", kill_on_drop: false }`
[INFO] removed /workspace/builds/worker-4-tc1/source/.cargo/config.toml
[INFO] removed /workspace/builds/worker-4-tc1/source/rust-toolchain.toml
[INFO] started tweaking git repo https://github.com/steinuil/watchy-rs
[INFO] finished tweaking git repo https://github.com/steinuil/watchy-rs
[INFO] tweaked toml for git repo https://github.com/steinuil/watchy-rs written to /workspace/builds/worker-4-tc1/source/Cargo.toml
[INFO] crate git repo https://github.com/steinuil/watchy-rs already has a lockfile, it will not be regenerated
[INFO] running `Command { std: CARGO_HOME="/workspace/cargo-home" RUSTUP_HOME="/workspace/rustup-home" "/workspace/cargo-home/bin/cargo" "+nightly-2024-02-05" "fetch" "--manifest-path" "Cargo.toml", kill_on_drop: false }`
[INFO] [stderr]     Blocking waiting for file lock on package cache
[INFO] [stderr]     Updating crates.io index
[INFO] [stderr]     Blocking waiting for file lock on package cache
[ERROR] error running command: no output for 300 seconds
[ERROR] this task or one of its parent failed!
[ERROR] no output for 300 seconds
[ERROR] note: run with `RUST_BACKTRACE=1` to display a backtrace.
[INFO] checking steinuil/watchy-rs against nightly-2024-02-05+rustflags=-Dunexpected_cfgs+cargoflags=-Zcheck-cfg for check-cfg
[INFO] running `Command { std: "git" "clone" "/workspace/cache/git-repos/https%3A%2F%2Fgithub.com%2Fsteinuil%2Fwatchy-rs" "/workspace/builds/worker-4-tc2/source", kill_on_drop: false }`
[INFO] [stderr] Cloning into '/workspace/builds/worker-4-tc2/source'...
[INFO] [stderr] done.
[INFO] validating manifest of git repo https://github.com/steinuil/watchy-rs on toolchain nightly-2024-02-05
[INFO] running `Command { std: CARGO_HOME="/workspace/cargo-home" RUSTUP_HOME="/workspace/rustup-home" "/workspace/cargo-home/bin/cargo" "+nightly-2024-02-05" "metadata" "--manifest-path" "Cargo.toml" "--no-deps", kill_on_drop: false }`
[INFO] removed /workspace/builds/worker-4-tc2/source/.cargo/config.toml
[INFO] removed /workspace/builds/worker-4-tc2/source/rust-toolchain.toml
[INFO] started tweaking git repo https://github.com/steinuil/watchy-rs
[INFO] finished tweaking git repo https://github.com/steinuil/watchy-rs
[INFO] tweaked toml for git repo https://github.com/steinuil/watchy-rs written to /workspace/builds/worker-4-tc2/source/Cargo.toml
[INFO] crate git repo https://github.com/steinuil/watchy-rs already has a lockfile, it will not be regenerated
[INFO] running `Command { std: CARGO_HOME="/workspace/cargo-home" RUSTUP_HOME="/workspace/rustup-home" "/workspace/cargo-home/bin/cargo" "+nightly-2024-02-05" "fetch" "--manifest-path" "Cargo.toml", kill_on_drop: false }`
[INFO] [stderr]     Blocking waiting for file lock on package cache
[INFO] [stderr]     Blocking waiting for file lock on package cache
[INFO] [stderr]  Downloading crates ...
[INFO] [stderr]   Downloaded embassy-sync v0.5.0
[INFO] [stderr]   Downloaded static_cell v2.0.0
[INFO] [stderr]   Downloaded embassy-time v0.3.0
[INFO] [stderr]   Downloaded embassy-time-driver v0.1.0
[INFO] [stderr]   Downloaded xtensa-lx-rt v0.16.0
[INFO] [stderr]   Downloaded xtensa-lx-rt-proc-macros v0.2.1
[INFO] [stderr]   Downloaded unwrap-infallible v0.1.5
[INFO] [stderr]   Downloaded embedded-hal-bus v0.1.0
[INFO] [stderr]   Downloaded embedded-hal-async v1.0.0
[INFO] [stderr]   Downloaded embassy-executor-macros v0.4.1
[INFO] [stderr]   Downloaded embassy-time-queue-driver v0.1.0
[INFO] [stderr]   Downloaded esp32 v0.28.0
[INFO] [stderr]   Downloaded embassy-executor v0.5.0
[INFO] [stderr]   Downloaded esp-backtrace v0.9.0
[INFO] [stderr]   Downloaded esp-println v0.7.1
[INFO] [stderr]   Downloaded esp-hal-procmacros v0.8.0
[INFO] [stderr]   Downloaded esp32-hal v0.18.0
[INFO] [stderr]   Downloaded esp-hal-common v0.15.0
[INFO] [stderr]   Downloaded esp32s2 v0.19.0
[INFO] [stderr]   Downloaded esp32s3 v0.23.0
[INFO] running `Command { std: "docker" "create" "-v" "/var/lib/crater-agent-workspace/builds/worker-4-tc2/target:/opt/rustwide/target:rw,Z" "-v" "/var/lib/crater-agent-workspace/builds/worker-4-tc2/source:/opt/rustwide/workdir:ro,Z" "-v" "/var/lib/crater-agent-workspace/cargo-home:/opt/rustwide/cargo-home:ro,Z" "-v" "/var/lib/crater-agent-workspace/rustup-home:/opt/rustwide/rustup-home:ro,Z" "-e" "SOURCE_DIR=/opt/rustwide/workdir" "-e" "CARGO_TARGET_DIR=/opt/rustwide/target" "-e" "CARGO_HOME=/opt/rustwide/cargo-home" "-e" "RUSTUP_HOME=/opt/rustwide/rustup-home" "-w" "/opt/rustwide/workdir" "-m" "1610612736" "--user" "0:0" "--network" "none" "ghcr.io/rust-lang/crates-build-env/linux@sha256:2788e3201cd34a07e3172128adcd8b3090168a8e3bcc40d7c032b9dda1df7d1c" "/opt/rustwide/cargo-home/bin/cargo" "+nightly-2024-02-05" "metadata" "--no-deps" "--format-version=1", kill_on_drop: false }`
[INFO] [stdout] ffeba0e7bc07f92d6c146d2671c10a92c094d108dd3a9e7f6323d7588aa7ea83
[INFO] running `Command { std: "docker" "start" "-a" "ffeba0e7bc07f92d6c146d2671c10a92c094d108dd3a9e7f6323d7588aa7ea83", kill_on_drop: false }`
[INFO] running `Command { std: "docker" "inspect" "ffeba0e7bc07f92d6c146d2671c10a92c094d108dd3a9e7f6323d7588aa7ea83", kill_on_drop: false }`
[INFO] running `Command { std: "docker" "rm" "-f" "ffeba0e7bc07f92d6c146d2671c10a92c094d108dd3a9e7f6323d7588aa7ea83", kill_on_drop: false }`
[INFO] [stdout] ffeba0e7bc07f92d6c146d2671c10a92c094d108dd3a9e7f6323d7588aa7ea83
[INFO] running `Command { std: "docker" "create" "-v" "/var/lib/crater-agent-workspace/builds/worker-4-tc2/target:/opt/rustwide/target:rw,Z" "-v" "/var/lib/crater-agent-workspace/builds/worker-4-tc2/source:/opt/rustwide/workdir:ro,Z" "-v" "/var/lib/crater-agent-workspace/cargo-home:/opt/rustwide/cargo-home:ro,Z" "-v" "/var/lib/crater-agent-workspace/rustup-home:/opt/rustwide/rustup-home:ro,Z" "-e" "SOURCE_DIR=/opt/rustwide/workdir" "-e" "CARGO_TARGET_DIR=/opt/rustwide/target" "-e" "CARGO_INCREMENTAL=0" "-e" "RUST_BACKTRACE=full" "-e" "RUSTFLAGS=--cap-lints=forbid -Dunexpected_cfgs" "-e" "RUSTDOCFLAGS=--cap-lints=forbid" "-e" "CARGO_HOME=/opt/rustwide/cargo-home" "-e" "RUSTUP_HOME=/opt/rustwide/rustup-home" "-w" "/opt/rustwide/workdir" "-m" "1610612736" "--user" "0:0" "--network" "none" "ghcr.io/rust-lang/crates-build-env/linux@sha256:2788e3201cd34a07e3172128adcd8b3090168a8e3bcc40d7c032b9dda1df7d1c" "/opt/rustwide/cargo-home/bin/cargo" "+nightly-2024-02-05" "check" "--frozen" "--all" "--all-targets" "--message-format=json" "-Zcheck-cfg", kill_on_drop: false }`
[INFO] [stdout] aa041474a0901f86c60567622b640aa95cf126590459300a72f54b2b406dfec8
[INFO] running `Command { std: "docker" "start" "-a" "aa041474a0901f86c60567622b640aa95cf126590459300a72f54b2b406dfec8", kill_on_drop: false }`
[INFO] [stderr]    Compiling proc-macro2 v1.0.76
[INFO] [stderr]    Compiling unicode-ident v1.0.12
[INFO] [stderr]    Compiling autocfg v1.1.0
[INFO] [stderr]    Compiling ident_case v1.0.1
[INFO] [stderr]     Checking embedded-hal v1.0.0
[INFO] [stderr]    Compiling syn v1.0.109
[INFO] [stderr]    Compiling fnv v1.0.7
[INFO] [stderr]    Compiling embedded-hal-async v1.0.0
[INFO] [stderr]    Compiling strsim v0.10.0
[INFO] [stderr]    Compiling serde v1.0.195
[INFO] [stderr]    Compiling rustversion v1.0.14
[INFO] [stderr]     Checking critical-section v1.1.2
[INFO] [stderr]     Checking byteorder v1.5.0
[INFO] [stderr]    Compiling heck v0.4.1
[INFO] [stderr]    Compiling version_check v0.9.4
[INFO] [stderr]    Compiling embassy-time-driver v0.1.0
[INFO] [stderr]    Compiling memchr v2.6.4
[INFO] [stderr]    Compiling regex-syntax v0.8.2
[INFO] [stderr]    Compiling anyhow v1.0.75
[INFO] [stderr]     Checking bitflags v2.4.2
[INFO] [stderr]    Compiling xtensa-lx v0.8.0
[INFO] [stderr]    Compiling futures-core v0.3.29
[INFO] [stderr]    Compiling embassy-time-queue-driver v0.1.0
[INFO] [stderr]     Checking nb v1.1.0
[INFO] [stderr]    Compiling futures-task v0.3.29
[INFO] [stderr]    Compiling hashbrown v0.14.2
[INFO] [stderr]     Checking scopeguard v1.2.0
[INFO] [stderr]    Compiling strum v0.24.1
[INFO] [stderr]    Compiling equivalent v1.0.1
[INFO] [stderr]    Compiling az v1.2.1
[INFO] [stderr]     Checking stable_deref_trait v1.2.0
[INFO] [stderr]    Compiling proc-macro-error-attr v1.0.4
[INFO] [stderr]    Compiling lock_api v0.4.11
[INFO] [stderr]    Compiling heapless v0.8.0
[INFO] [stderr]    Compiling futures-util v0.3.29
[INFO] [stderr]    Compiling proc-macro-error v1.0.4
[INFO] [stderr]     Checking hash32 v0.3.1
[INFO] [stderr]    Compiling aho-corasick v1.1.2
[INFO] [stderr]     Checking pin-utils v0.1.0
[INFO] [stderr]    Compiling toml_datetime v0.6.3
[INFO] [stderr]    Compiling esp-println v0.7.1
[INFO] [stderr]    Compiling embedded-io-async v0.6.1
[INFO] [stderr]    Compiling portable-atomic v1.6.0
[INFO] [stderr]     Checking bare-metal v1.0.0
[INFO] [stderr]    Compiling winnow v0.5.19
[INFO] [stderr]     Checking pin-project-lite v0.2.13
[INFO] [stderr]    Compiling num-traits v0.2.17
[INFO] [stderr]    Compiling indexmap v2.1.0
[INFO] [stderr]    Compiling quote v1.0.35
[INFO] [stderr]    Compiling litrs v0.4.1
[INFO] [stderr]     Checking nb v0.1.3
[INFO] [stderr]     Checking spin v0.9.8
[INFO] [stderr]     Checking cfg-if v1.0.0
[INFO] [stderr]    Compiling syn v2.0.48
[INFO] [stderr]    Compiling embassy-sync v0.5.0
[INFO] [stderr]     Checking powerfmt v0.2.0
[INFO] [stderr]    Compiling embassy-executor v0.5.0
[INFO] [stderr]     Checking mutex-trait v0.2.0
[INFO] [stderr]     Checking void v1.0.2
[INFO] [stderr]    Compiling esp32 v0.28.0
[INFO] [stderr]     Checking embedded-io v0.6.1
[INFO] [stderr]    Compiling paste v1.0.14
[INFO] [stderr]     Checking embedded-hal v0.2.7
[INFO] [stderr]    Compiling document-features v0.2.8
[INFO] [stderr]     Checking deranged v0.3.9
[INFO] [stderr]     Checking embedded-graphics-core v0.4.0
[INFO] [stderr]     Checking time-core v0.1.2
[INFO] [stderr]     Checking r0 v1.0.0
[INFO] [stderr]     Checking vcell v0.1.3
[INFO] [stderr]     Checking gcd v2.3.0
[INFO] [stderr]     Checking fugit v0.3.7
[INFO] [stderr]     Checking embedded-dma v0.2.0
[INFO] [stderr]     Checking embedded-can v0.4.1
[INFO] [stderr]     Checking embedded-hal-nb v1.0.0
[INFO] [stderr]    Compiling esp-backtrace v0.9.0
[INFO] [stderr]    Compiling esp32-hal v0.18.0
[INFO] [stderr]    Compiling regex-automata v0.4.3
[INFO] [stderr]    Compiling embedded-hal-bus v0.1.0
[INFO] [stderr]     Checking bitfield v0.14.0
[INFO] [stderr]     Checking unwrap-infallible v0.1.5
[INFO] [stderr]     Checking embassy-futures v0.1.1
[INFO] [stderr]     Checking time v0.3.30
[INFO] [stderr]     Checking micromath v2.1.0
[INFO] [stderr]    Compiling toml_edit v0.20.2
[INFO] [stderr]     Checking embassy-time v0.3.0
[INFO] [stdout] error[E0583]: file not found for module `arch`
[INFO] [stdout]  --> /opt/rustwide/cargo-home/registry/src/index.crates.io-6f17d22bba15001f/esp-backtrace-0.9.0/src/lib.rs:8:1
[INFO] [stdout]   |
[INFO] [stdout] 8 | pub mod arch;
[INFO] [stdout]   | ^^^^^^^^^^^^^
[INFO] [stdout]   |
[INFO] [stdout]   = help: to create the module `arch`, create file "/opt/rustwide/cargo-home/registry/src/index.crates.io-6f17d22bba15001f/esp-backtrace-0.9.0/src/arch.rs" or "/opt/rustwide/cargo-home/registry/src/index.crates.io-6f17d22bba15001f/esp-backtrace-0.9.0/src/arch/mod.rs"
[INFO] [stdout]   = note: if there is a `mod arch` elsewhere in the crate already, import it with `use crate::...` instead
[INFO] [stdout] 
[INFO] [stdout] 
[INFO] [stdout] error[E0425]: cannot find function `backtrace` in module `crate::arch`
[INFO] [stdout]   --> /opt/rustwide/cargo-home/registry/src/index.crates.io-6f17d22bba15001f/esp-backtrace-0.9.0/src/lib.rs:31:34
[INFO] [stdout]    |
[INFO] [stdout] 31 |     let backtrace = crate::arch::backtrace();
[INFO] [stdout]    |                                  ^^^^^^^^^ not found in `crate::arch`
[INFO] [stdout] 
[INFO] [stdout] 
[INFO] [stdout] error: aborting due to 2 previous errors
[INFO] [stdout] 
[INFO] [stdout] 
[INFO] [stdout] Some errors have detailed explanations: E0425, E0583.
[INFO] [stdout] 
[INFO] [stdout] For more information about an error, try `rustc --explain E0425`.
[INFO] [stdout] 
[INFO] [stderr] error: could not compile `esp-backtrace` (lib) due to 3 previous errors
[INFO] [stderr] warning: build failed, waiting for other jobs to finish...
[INFO] running `Command { std: "docker" "inspect" "aa041474a0901f86c60567622b640aa95cf126590459300a72f54b2b406dfec8", kill_on_drop: false }`
[INFO] running `Command { std: "docker" "rm" "-f" "aa041474a0901f86c60567622b640aa95cf126590459300a72f54b2b406dfec8", kill_on_drop: false }`
[INFO] [stdout] aa041474a0901f86c60567622b640aa95cf126590459300a72f54b2b406dfec8
