[INFO] cloning repository https://github.com/stainlessio/plantcam
[INFO] running `Command { std: "git" "-c" "credential.helper=" "-c" "credential.helper=/workspace/cargo-home/bin/git-credential-null" "clone" "--bare" "https://github.com/stainlessio/plantcam" "/workspace/cache/git-repos/https%3A%2F%2Fgithub.com%2Fstainlessio%2Fplantcam", kill_on_drop: false }`
[INFO] [stderr] Cloning into bare repository '/workspace/cache/git-repos/https%3A%2F%2Fgithub.com%2Fstainlessio%2Fplantcam'...
[INFO] running `Command { std: "git" "rev-parse" "HEAD", kill_on_drop: false }`
[INFO] [stdout] 20c87e3c2bd056471396b0d4d971f7551a96b2a3
[INFO] checking stainlessio/plantcam against nightly-2024-02-05 for check-cfg
[INFO] running `Command { std: "git" "clone" "/workspace/cache/git-repos/https%3A%2F%2Fgithub.com%2Fstainlessio%2Fplantcam" "/workspace/builds/worker-7-tc1/source", kill_on_drop: false }`
[INFO] [stderr] Cloning into '/workspace/builds/worker-7-tc1/source'...
[INFO] [stderr] done.
[INFO] validating manifest of git repo https://github.com/stainlessio/plantcam on toolchain nightly-2024-02-05
[INFO] running `Command { std: CARGO_HOME="/workspace/cargo-home" RUSTUP_HOME="/workspace/rustup-home" "/workspace/cargo-home/bin/cargo" "+nightly-2024-02-05" "metadata" "--manifest-path" "Cargo.toml" "--no-deps", kill_on_drop: false }`
[INFO] started tweaking git repo https://github.com/stainlessio/plantcam
[INFO] finished tweaking git repo https://github.com/stainlessio/plantcam
[INFO] tweaked toml for git repo https://github.com/stainlessio/plantcam written to /workspace/builds/worker-7-tc1/source/Cargo.toml
[INFO] crate git repo https://github.com/stainlessio/plantcam already has a lockfile, it will not be regenerated
[INFO] running `Command { std: CARGO_HOME="/workspace/cargo-home" RUSTUP_HOME="/workspace/rustup-home" "/workspace/cargo-home/bin/cargo" "+nightly-2024-02-05" "fetch" "--manifest-path" "Cargo.toml", kill_on_drop: false }`
[INFO] [stderr]     Blocking waiting for file lock on package cache
[INFO] [stderr]     Updating crates.io index
[INFO] [stderr]     Blocking waiting for file lock on package cache
[ERROR] error running command: no output for 300 seconds
[ERROR] this task or one of its parent failed!
[ERROR] no output for 300 seconds
[ERROR] note: run with `RUST_BACKTRACE=1` to display a backtrace.
[INFO] checking stainlessio/plantcam against nightly-2024-02-05+rustflags=-Dunexpected_cfgs+cargoflags=-Zcheck-cfg for check-cfg
[INFO] running `Command { std: "git" "clone" "/workspace/cache/git-repos/https%3A%2F%2Fgithub.com%2Fstainlessio%2Fplantcam" "/workspace/builds/worker-7-tc2/source", kill_on_drop: false }`
[INFO] [stderr] Cloning into '/workspace/builds/worker-7-tc2/source'...
[INFO] [stderr] done.
[INFO] validating manifest of git repo https://github.com/stainlessio/plantcam on toolchain nightly-2024-02-05
[INFO] running `Command { std: CARGO_HOME="/workspace/cargo-home" RUSTUP_HOME="/workspace/rustup-home" "/workspace/cargo-home/bin/cargo" "+nightly-2024-02-05" "metadata" "--manifest-path" "Cargo.toml" "--no-deps", kill_on_drop: false }`
[INFO] started tweaking git repo https://github.com/stainlessio/plantcam
[INFO] finished tweaking git repo https://github.com/stainlessio/plantcam
[INFO] tweaked toml for git repo https://github.com/stainlessio/plantcam written to /workspace/builds/worker-7-tc2/source/Cargo.toml
[INFO] crate git repo https://github.com/stainlessio/plantcam already has a lockfile, it will not be regenerated
[INFO] running `Command { std: CARGO_HOME="/workspace/cargo-home" RUSTUP_HOME="/workspace/rustup-home" "/workspace/cargo-home/bin/cargo" "+nightly-2024-02-05" "fetch" "--manifest-path" "Cargo.toml", kill_on_drop: false }`
[INFO] [stderr]     Blocking waiting for file lock on package cache
[INFO] [stderr]     Blocking waiting for file lock on package cache
[INFO] [stderr]  Downloading crates ...
[INFO] [stderr]   Downloaded either v1.4.0
[INFO] [stderr]   Downloaded tokio-timer v0.1.2
[INFO] [stderr]   Downloaded inflate v0.3.3
[INFO] [stderr]   Downloaded atty v0.2.6
[INFO] [stderr]   Downloaded color_quant v1.0.0
[INFO] [stderr]   Downloaded ansi_term v0.10.2
[INFO] [stderr]   Downloaded textwrap v0.9.0
[INFO] [stderr]   Downloaded num-traits v0.1.42
[INFO] [stderr]   Downloaded scoped_threadpool v0.1.8
[INFO] [stderr]   Downloaded coco v0.1.1
[INFO] [stderr]   Downloaded rayon-core v1.3.0
[INFO] [stderr]   Downloaded gcc v0.3.54
[INFO] [stderr]   Downloaded image v0.17.0
[INFO] [stderr]   Downloaded futures v0.1.18
[INFO] [stderr]   Downloaded winapi v0.3.4
[INFO] [stderr]   Downloaded deflate v0.7.17
[INFO] [stderr]   Downloaded clap v2.29.2
[INFO] [stderr]   Downloaded rayon v0.8.2
[INFO] [stderr]   Downloaded num-rational v0.1.41
[INFO] [stderr]   Downloaded jpeg-decoder v0.1.13
[INFO] [stderr]   Downloaded redox_syscall v0.1.37
[INFO] [stderr]   Downloaded slab v0.3.0
[INFO] [stderr]   Downloaded camera_capture v0.5.0
[INFO] [stderr]   Downloaded rscam v0.5.3
[INFO] [stderr]   Downloaded escapi v3.0.5
[INFO] running `Command { std: "docker" "create" "-v" "/var/lib/crater-agent-workspace/builds/worker-7-tc2/target:/opt/rustwide/target:rw,Z" "-v" "/var/lib/crater-agent-workspace/builds/worker-7-tc2/source:/opt/rustwide/workdir:ro,Z" "-v" "/var/lib/crater-agent-workspace/cargo-home:/opt/rustwide/cargo-home:ro,Z" "-v" "/var/lib/crater-agent-workspace/rustup-home:/opt/rustwide/rustup-home:ro,Z" "-e" "SOURCE_DIR=/opt/rustwide/workdir" "-e" "CARGO_TARGET_DIR=/opt/rustwide/target" "-e" "CARGO_HOME=/opt/rustwide/cargo-home" "-e" "RUSTUP_HOME=/opt/rustwide/rustup-home" "-w" "/opt/rustwide/workdir" "-m" "1610612736" "--user" "0:0" "--network" "none" "ghcr.io/rust-lang/crates-build-env/linux@sha256:2788e3201cd34a07e3172128adcd8b3090168a8e3bcc40d7c032b9dda1df7d1c" "/opt/rustwide/cargo-home/bin/cargo" "+nightly-2024-02-05" "metadata" "--no-deps" "--format-version=1", kill_on_drop: false }`
[INFO] [stdout] 50580daa2a9bfc46fa773dabe2983a5f54d3bdc9f2aa2edb25330f30cd808f27
[INFO] running `Command { std: "docker" "start" "-a" "50580daa2a9bfc46fa773dabe2983a5f54d3bdc9f2aa2edb25330f30cd808f27", kill_on_drop: false }`
[INFO] running `Command { std: "docker" "inspect" "50580daa2a9bfc46fa773dabe2983a5f54d3bdc9f2aa2edb25330f30cd808f27", kill_on_drop: false }`
[INFO] running `Command { std: "docker" "rm" "-f" "50580daa2a9bfc46fa773dabe2983a5f54d3bdc9f2aa2edb25330f30cd808f27", kill_on_drop: false }`
[INFO] [stdout] 50580daa2a9bfc46fa773dabe2983a5f54d3bdc9f2aa2edb25330f30cd808f27
[INFO] running `Command { std: "docker" "create" "-v" "/var/lib/crater-agent-workspace/builds/worker-7-tc2/target:/opt/rustwide/target:rw,Z" "-v" "/var/lib/crater-agent-workspace/builds/worker-7-tc2/source:/opt/rustwide/workdir:ro,Z" "-v" "/var/lib/crater-agent-workspace/cargo-home:/opt/rustwide/cargo-home:ro,Z" "-v" "/var/lib/crater-agent-workspace/rustup-home:/opt/rustwide/rustup-home:ro,Z" "-e" "SOURCE_DIR=/opt/rustwide/workdir" "-e" "CARGO_TARGET_DIR=/opt/rustwide/target" "-e" "CARGO_INCREMENTAL=0" "-e" "RUST_BACKTRACE=full" "-e" "RUSTFLAGS=--cap-lints=forbid -Dunexpected_cfgs" "-e" "RUSTDOCFLAGS=--cap-lints=forbid" "-e" "CARGO_HOME=/opt/rustwide/cargo-home" "-e" "RUSTUP_HOME=/opt/rustwide/rustup-home" "-w" "/opt/rustwide/workdir" "-m" "1610612736" "--user" "0:0" "--network" "none" "ghcr.io/rust-lang/crates-build-env/linux@sha256:2788e3201cd34a07e3172128adcd8b3090168a8e3bcc40d7c032b9dda1df7d1c" "/opt/rustwide/cargo-home/bin/cargo" "+nightly-2024-02-05" "check" "--frozen" "--all" "--all-targets" "--message-format=json" "-Zcheck-cfg", kill_on_drop: false }`
[INFO] [stdout] daad4628b3c347b21d585e559326391b7c69ad4cd8cf84b1e8244d35630a6c30
[INFO] running `Command { std: "docker" "start" "-a" "daad4628b3c347b21d585e559326391b7c69ad4cd8cf84b1e8244d35630a6c30", kill_on_drop: false }`
[INFO] [stderr]     Checking libc v0.2.36
[INFO] [stderr]     Checking num-traits v0.1.42
[INFO] [stderr]     Checking either v1.4.0
[INFO] [stderr]     Checking scopeguard v0.3.3
[INFO] [stderr]    Compiling rayon-core v1.3.0
[INFO] [stderr]     Checking lazy_static v0.2.11
[INFO] [stderr]     Checking color_quant v1.0.0
[INFO] [stderr]     Checking scoped_threadpool v0.1.8
[INFO] [stderr]     Checking futures v0.1.18
[INFO] [stderr]     Checking ansi_term v0.10.2
[INFO] [stderr]     Checking inflate v0.3.3
[INFO] [stderr]     Checking deflate v0.7.17
[INFO] [stderr]    Compiling camera_capture v0.5.0
[INFO] [stderr]     Checking textwrap v0.9.0
[INFO] [stderr]     Checking strsim v0.6.0
[INFO] [stderr]     Checking vec_map v0.8.0
[INFO] [stderr]     Checking slab v0.3.0
[INFO] [stderr]     Checking gif v0.9.2
[INFO] [stderr]     Checking coco v0.1.1
[INFO] [stderr]     Checking num_cpus v1.8.0
[INFO] [stderr]     Checking rand v0.3.20
[INFO] [stderr]     Checking time v0.1.39
[INFO] [stderr]     Checking atty v0.2.6
[INFO] [stderr]     Checking rscam v0.5.3
[INFO] [stderr] error: failed to run custom build command for `camera_capture v0.5.0`
[INFO] [stderr] note: To improve backtraces for build dependencies, set the CARGO_PROFILE_DEV_BUILD_OVERRIDE_DEBUG=true environment variable to enable debug information generation.
[INFO] [stderr] 
[INFO] [stderr] Caused by:
[INFO] [stderr]   process didn't exit successfully: `/opt/rustwide/target/debug/build/camera_capture-b08ff78b4aa5216c/build-script-build` (exit status: 101)
[INFO] [stderr]   --- stdout
[INFO] [stderr]   cargo:rerun-if-changed=Cargo.toml
[INFO] [stderr] 
[INFO] [stderr]   --- stderr
[INFO] [stderr]   thread 'main' panicked at /opt/rustwide/cargo-home/registry/src/index.crates.io-6f17d22bba15001f/camera_capture-0.5.0/build.rs:6:65:
[INFO] [stderr]   library `v4l2` not found: Failure { command: "PKG_CONFIG_ALLOW_SYSTEM_LIBS=\"1\" \"pkg-config\" \"--static\" \"--libs\" \"--cflags\" \"libv4l2\"", output: Output { status: ExitStatus(unix_wait_status(256)), stdout: "", stderr: "Package libv4l2 was not found in the pkg-config search path.\nPerhaps you should add the directory containing `libv4l2.pc'\nto the PKG_CONFIG_PATH environment variable\nNo package 'libv4l2' found\n" } }
[INFO] [stderr]   stack backtrace:
[INFO] [stderr]      0:     0x560072a2c296 - std::backtrace_rs::backtrace::libunwind::trace::heebc7766b165eb2a
[INFO] [stderr]                                  at /rustc/268dbbbc4b3fd71c5f360a4d0728295252430b5b/library/std/src/../../backtrace/src/backtrace/libunwind.rs:104:5
[INFO] [stderr]      1:     0x560072a2c296 - std::backtrace_rs::backtrace::trace_unsynchronized::ha677020d8fc0296d
[INFO] [stderr]                                  at /rustc/268dbbbc4b3fd71c5f360a4d0728295252430b5b/library/std/src/../../backtrace/src/backtrace/mod.rs:66:5
[INFO] [stderr]      2:     0x560072a2c296 - std::sys_common::backtrace::_print_fmt::hcaff2fd86a1aeaa3
[INFO] [stderr]                                  at /rustc/268dbbbc4b3fd71c5f360a4d0728295252430b5b/library/std/src/sys_common/backtrace.rs:68:5
[INFO] [stderr]      3:     0x560072a2c296 - <std::sys_common::backtrace::_print::DisplayBacktrace as core::fmt::Display>::fmt::hc2446d8aa0059188
[INFO] [stderr]                                  at /rustc/268dbbbc4b3fd71c5f360a4d0728295252430b5b/library/std/src/sys_common/backtrace.rs:44:22
[INFO] [stderr]      4:     0x560072a4f860 - core::fmt::rt::Argument::fmt::h2fbb6454da37999b
[INFO] [stderr]                                  at /rustc/268dbbbc4b3fd71c5f360a4d0728295252430b5b/library/core/src/fmt/rt.rs:142:9
[INFO] [stderr]      5:     0x560072a4f860 - core::fmt::write::had96bdeda7d49d3a
[INFO] [stderr]                                  at /rustc/268dbbbc4b3fd71c5f360a4d0728295252430b5b/library/core/src/fmt/mod.rs:1120:17
[INFO] [stderr]      6:     0x560072a29d3f - std::io::Write::write_fmt::h30b1f36eea05b391
[INFO] [stderr]                                  at /rustc/268dbbbc4b3fd71c5f360a4d0728295252430b5b/library/std/src/io/mod.rs:1849:15
[INFO] [stderr]      7:     0x560072a2c074 - std::sys_common::backtrace::_print::hc333bb91ae972137
[INFO] [stderr]                                  at /rustc/268dbbbc4b3fd71c5f360a4d0728295252430b5b/library/std/src/sys_common/backtrace.rs:47:5
[INFO] [stderr]      8:     0x560072a2c074 - std::sys_common::backtrace::print::h18fd3c71a95a3169
[INFO] [stderr]                                  at /rustc/268dbbbc4b3fd71c5f360a4d0728295252430b5b/library/std/src/sys_common/backtrace.rs:34:9
[INFO] [stderr]      9:     0x560072a2d7e7 - std::panicking::default_hook::{{closure}}::ha3473f9bcb4e9a37
[INFO] [stderr]     10:     0x560072a2d549 - std::panicking::default_hook::h23d9d43185db6584
[INFO] [stderr]                                  at /rustc/268dbbbc4b3fd71c5f360a4d0728295252430b5b/library/std/src/panicking.rs:292:9
[INFO] [stderr]     11:     0x560072a2dc78 - std::panicking::rust_panic_with_hook::h94aceaa7df3a6edd
[INFO] [stderr]                                  at /rustc/268dbbbc4b3fd71c5f360a4d0728295252430b5b/library/std/src/panicking.rs:781:13
[INFO] [stderr]     12:     0x560072a2db52 - std::panicking::begin_panic_handler::{{closure}}::h9905d45d1d82fc42
[INFO] [stderr]                                  at /rustc/268dbbbc4b3fd71c5f360a4d0728295252430b5b/library/std/src/panicking.rs:659:13
[INFO] [stderr]     13:     0x560072a2c796 - std::sys_common::backtrace::__rust_end_short_backtrace::hb02085545dc143b9
[INFO] [stderr]                                  at /rustc/268dbbbc4b3fd71c5f360a4d0728295252430b5b/library/std/src/sys_common/backtrace.rs:171:18
[INFO] [stderr]     14:     0x560072a2d8a4 - rust_begin_unwind
[INFO] [stderr]                                  at /rustc/268dbbbc4b3fd71c5f360a4d0728295252430b5b/library/std/src/panicking.rs:647:5
[INFO] [stderr]     15:     0x5600729f91f5 - core::panicking::panic_fmt::h6dca3983f8a9f4d0
[INFO] [stderr]                                  at /rustc/268dbbbc4b3fd71c5f360a4d0728295252430b5b/library/core/src/panicking.rs:72:14
[INFO] [stderr]     16:     0x5600729f9663 - core::result::unwrap_failed::h640a7fdbeb8f545f
[INFO] [stderr]                                  at /rustc/268dbbbc4b3fd71c5f360a4d0728295252430b5b/library/core/src/result.rs:1649:5
[INFO] [stderr]     17:     0x5600729f9c58 - core::result::Result<T,E>::expect::h12d1e5afe9326022
[INFO] [stderr]     18:     0x5600729f9fad - build_script_build::main::ha5486797308c835a
[INFO] [stderr]     19:     0x5600729f9b73 - core::ops::function::FnOnce::call_once::hced9fd4f6ee7619b
[INFO] [stderr]     20:     0x5600729f99f6 - std::sys_common::backtrace::__rust_begin_short_backtrace::ha0afc5eaaaa08187
[INFO] [stderr]     21:     0x5600729f9a49 - std::rt::lang_start::{{closure}}::h980ca8f3a8d0720d
[INFO] [stderr]     22:     0x560072a26781 - core::ops::function::impls::<impl core::ops::function::FnOnce<A> for &F>::call_once::h298d8ff12ebcec8c
[INFO] [stderr]                                  at /rustc/268dbbbc4b3fd71c5f360a4d0728295252430b5b/library/core/src/ops/function.rs:284:13
[INFO] [stderr]     23:     0x560072a26781 - std::panicking::try::do_call::hbd0ffb05da5bd343
[INFO] [stderr]                                  at /rustc/268dbbbc4b3fd71c5f360a4d0728295252430b5b/library/std/src/panicking.rs:554:40
[INFO] [stderr]     24:     0x560072a26781 - std::panicking::try::h11c9a152defd5d2a
[INFO] [stderr]                                  at /rustc/268dbbbc4b3fd71c5f360a4d0728295252430b5b/library/std/src/panicking.rs:518:19
[INFO] [stderr]     25:     0x560072a26781 - std::panic::catch_unwind::h0d6db2fa902b4d64
[INFO] [stderr]                                  at /rustc/268dbbbc4b3fd71c5f360a4d0728295252430b5b/library/std/src/panic.rs:142:14
[INFO] [stderr]     26:     0x560072a26781 - std::rt::lang_start_internal::{{closure}}::hdcc09b4aad7ef821
[INFO] [stderr]                                  at /rustc/268dbbbc4b3fd71c5f360a4d0728295252430b5b/library/std/src/rt.rs:148:48
[INFO] [stderr]     27:     0x560072a26781 - std::panicking::try::do_call::h3ffd2f162d60900f
[INFO] [stderr]                                  at /rustc/268dbbbc4b3fd71c5f360a4d0728295252430b5b/library/std/src/panicking.rs:554:40
[INFO] [stderr]     28:     0x560072a26781 - std::panicking::try::heeba82b9c3e190fb
[INFO] [stderr]                                  at /rustc/268dbbbc4b3fd71c5f360a4d0728295252430b5b/library/std/src/panicking.rs:518:19
[INFO] [stderr]     29:     0x560072a26781 - std::panic::catch_unwind::hdaab8f1c188f387f
[INFO] [stderr]                                  at /rustc/268dbbbc4b3fd71c5f360a4d0728295252430b5b/library/std/src/panic.rs:142:14
[INFO] [stderr]     30:     0x560072a26781 - std::rt::lang_start_internal::h9989e088c48b7903
[INFO] [stderr]                                  at /rustc/268dbbbc4b3fd71c5f360a4d0728295252430b5b/library/std/src/rt.rs:148:20
[INFO] [stderr]     31:     0x5600729f9a27 - std::rt::lang_start::h79a4e7fbff8efe80
[INFO] [stderr]     32:     0x5600729fa015 - main
[INFO] [stderr]     33:     0x7f024efbad90 - <unknown>
[INFO] [stderr]     34:     0x7f024efbae40 - __libc_start_main
[INFO] [stderr]     35:     0x5600729f9925 - _start
[INFO] [stderr]     36:                0x0 - <unknown>
[INFO] [stderr] warning: build failed, waiting for other jobs to finish...
[INFO] running `Command { std: "docker" "inspect" "daad4628b3c347b21d585e559326391b7c69ad4cd8cf84b1e8244d35630a6c30", kill_on_drop: false }`
[INFO] running `Command { std: "docker" "rm" "-f" "daad4628b3c347b21d585e559326391b7c69ad4cd8cf84b1e8244d35630a6c30", kill_on_drop: false }`
[INFO] [stdout] daad4628b3c347b21d585e559326391b7c69ad4cd8cf84b1e8244d35630a6c30
