[INFO] cloning repository https://github.com/sscdotopen/playing
[INFO] running `Command { std: "git" "-c" "credential.helper=" "-c" "credential.helper=/workspace/cargo-home/bin/git-credential-null" "clone" "--bare" "https://github.com/sscdotopen/playing" "/workspace/cache/git-repos/https%3A%2F%2Fgithub.com%2Fsscdotopen%2Fplaying", kill_on_drop: false }`
[INFO] [stderr] Cloning into bare repository '/workspace/cache/git-repos/https%3A%2F%2Fgithub.com%2Fsscdotopen%2Fplaying'...
[INFO] running `Command { std: "git" "rev-parse" "HEAD", kill_on_drop: false }`
[INFO] [stdout] 5cc1cac1e67c1b9015253da7ad2befe05d1c9aae
[INFO] checking sscdotopen/playing against nightly-2024-02-05 for check-cfg
[INFO] running `Command { std: "git" "clone" "/workspace/cache/git-repos/https%3A%2F%2Fgithub.com%2Fsscdotopen%2Fplaying" "/workspace/builds/worker-0-tc1/source", kill_on_drop: false }`
[INFO] [stderr] Cloning into '/workspace/builds/worker-0-tc1/source'...
[INFO] [stderr] done.
[INFO] validating manifest of git repo https://github.com/sscdotopen/playing on toolchain nightly-2024-02-05
[INFO] running `Command { std: CARGO_HOME="/workspace/cargo-home" RUSTUP_HOME="/workspace/rustup-home" "/workspace/cargo-home/bin/cargo" "+nightly-2024-02-05" "metadata" "--manifest-path" "Cargo.toml" "--no-deps", kill_on_drop: false }`
[INFO] started tweaking git repo https://github.com/sscdotopen/playing
[INFO] finished tweaking git repo https://github.com/sscdotopen/playing
[INFO] tweaked toml for git repo https://github.com/sscdotopen/playing written to /workspace/builds/worker-0-tc1/source/Cargo.toml
[INFO] crate git repo https://github.com/sscdotopen/playing already has a lockfile, it will not be regenerated
[INFO] running `Command { std: CARGO_HOME="/workspace/cargo-home" RUSTUP_HOME="/workspace/rustup-home" "/workspace/cargo-home/bin/cargo" "+nightly-2024-02-05" "fetch" "--manifest-path" "Cargo.toml", kill_on_drop: false }`
[INFO] [stderr]     Blocking waiting for file lock on package cache
[ERROR] error running command: no output for 300 seconds
[ERROR] this task or one of its parent failed!
[ERROR] no output for 300 seconds
[ERROR] note: run with `RUST_BACKTRACE=1` to display a backtrace.
[INFO] checking sscdotopen/playing against nightly-2024-02-05+rustflags=-Dunexpected_cfgs+cargoflags=-Zcheck-cfg for check-cfg
[INFO] running `Command { std: "git" "clone" "/workspace/cache/git-repos/https%3A%2F%2Fgithub.com%2Fsscdotopen%2Fplaying" "/workspace/builds/worker-0-tc2/source", kill_on_drop: false }`
[INFO] [stderr] Cloning into '/workspace/builds/worker-0-tc2/source'...
[INFO] [stderr] done.
[INFO] validating manifest of git repo https://github.com/sscdotopen/playing on toolchain nightly-2024-02-05
[INFO] running `Command { std: CARGO_HOME="/workspace/cargo-home" RUSTUP_HOME="/workspace/rustup-home" "/workspace/cargo-home/bin/cargo" "+nightly-2024-02-05" "metadata" "--manifest-path" "Cargo.toml" "--no-deps", kill_on_drop: false }`
[INFO] started tweaking git repo https://github.com/sscdotopen/playing
[INFO] finished tweaking git repo https://github.com/sscdotopen/playing
[INFO] tweaked toml for git repo https://github.com/sscdotopen/playing written to /workspace/builds/worker-0-tc2/source/Cargo.toml
[INFO] crate git repo https://github.com/sscdotopen/playing already has a lockfile, it will not be regenerated
[INFO] running `Command { std: CARGO_HOME="/workspace/cargo-home" RUSTUP_HOME="/workspace/rustup-home" "/workspace/cargo-home/bin/cargo" "+nightly-2024-02-05" "fetch" "--manifest-path" "Cargo.toml", kill_on_drop: false }`
[INFO] [stderr]     Blocking waiting for file lock on package cache
[INFO] [stderr]     Updating crates.io index
[INFO] [stderr]     Blocking waiting for file lock on package cache
[ERROR] error running command: no output for 300 seconds
[INFO] checking sscdotopen/playing against nightly-2024-02-05+rustflags=-Dunexpected_cfgs+cargoflags=-Zcheck-cfg for check-cfg
[INFO] running `Command { std: "git" "clone" "/workspace/cache/git-repos/https%3A%2F%2Fgithub.com%2Fsscdotopen%2Fplaying" "/workspace/builds/worker-0-tc2/source", kill_on_drop: false }`
[INFO] [stderr] Cloning into '/workspace/builds/worker-0-tc2/source'...
[INFO] [stderr] done.
[INFO] validating manifest of git repo https://github.com/sscdotopen/playing on toolchain nightly-2024-02-05
[INFO] running `Command { std: CARGO_HOME="/workspace/cargo-home" RUSTUP_HOME="/workspace/rustup-home" "/workspace/cargo-home/bin/cargo" "+nightly-2024-02-05" "metadata" "--manifest-path" "Cargo.toml" "--no-deps", kill_on_drop: false }`
[INFO] started tweaking git repo https://github.com/sscdotopen/playing
[INFO] finished tweaking git repo https://github.com/sscdotopen/playing
[INFO] tweaked toml for git repo https://github.com/sscdotopen/playing written to /workspace/builds/worker-0-tc2/source/Cargo.toml
[INFO] crate git repo https://github.com/sscdotopen/playing already has a lockfile, it will not be regenerated
[INFO] running `Command { std: CARGO_HOME="/workspace/cargo-home" RUSTUP_HOME="/workspace/rustup-home" "/workspace/cargo-home/bin/cargo" "+nightly-2024-02-05" "fetch" "--manifest-path" "Cargo.toml", kill_on_drop: false }`
[INFO] [stderr]     Blocking waiting for file lock on package cache
[INFO] [stderr]     Blocking waiting for file lock on package cache
[INFO] [stderr]  Downloading crates ...
[INFO] [stderr]   Downloaded simdeez v0.4.2
[INFO] running `Command { std: "docker" "create" "-v" "/var/lib/crater-agent-workspace/builds/worker-0-tc2/target:/opt/rustwide/target:rw,Z" "-v" "/var/lib/crater-agent-workspace/builds/worker-0-tc2/source:/opt/rustwide/workdir:ro,Z" "-v" "/var/lib/crater-agent-workspace/cargo-home:/opt/rustwide/cargo-home:ro,Z" "-v" "/var/lib/crater-agent-workspace/rustup-home:/opt/rustwide/rustup-home:ro,Z" "-e" "SOURCE_DIR=/opt/rustwide/workdir" "-e" "CARGO_TARGET_DIR=/opt/rustwide/target" "-e" "CARGO_HOME=/opt/rustwide/cargo-home" "-e" "RUSTUP_HOME=/opt/rustwide/rustup-home" "-w" "/opt/rustwide/workdir" "-m" "1610612736" "--user" "0:0" "--network" "none" "ghcr.io/rust-lang/crates-build-env/linux@sha256:2788e3201cd34a07e3172128adcd8b3090168a8e3bcc40d7c032b9dda1df7d1c" "/opt/rustwide/cargo-home/bin/cargo" "+nightly-2024-02-05" "metadata" "--no-deps" "--format-version=1", kill_on_drop: false }`
[INFO] [stdout] dad1c4a7ef52ccb1ad22a2fecedd5026a8c2301f37bd6392b972854a2525f1ce
[INFO] running `Command { std: "docker" "start" "-a" "dad1c4a7ef52ccb1ad22a2fecedd5026a8c2301f37bd6392b972854a2525f1ce", kill_on_drop: false }`
[INFO] running `Command { std: "docker" "inspect" "dad1c4a7ef52ccb1ad22a2fecedd5026a8c2301f37bd6392b972854a2525f1ce", kill_on_drop: false }`
[INFO] running `Command { std: "docker" "rm" "-f" "dad1c4a7ef52ccb1ad22a2fecedd5026a8c2301f37bd6392b972854a2525f1ce", kill_on_drop: false }`
[INFO] [stdout] dad1c4a7ef52ccb1ad22a2fecedd5026a8c2301f37bd6392b972854a2525f1ce
[INFO] running `Command { std: "docker" "create" "-v" "/var/lib/crater-agent-workspace/builds/worker-0-tc2/target:/opt/rustwide/target:rw,Z" "-v" "/var/lib/crater-agent-workspace/builds/worker-0-tc2/source:/opt/rustwide/workdir:ro,Z" "-v" "/var/lib/crater-agent-workspace/cargo-home:/opt/rustwide/cargo-home:ro,Z" "-v" "/var/lib/crater-agent-workspace/rustup-home:/opt/rustwide/rustup-home:ro,Z" "-e" "SOURCE_DIR=/opt/rustwide/workdir" "-e" "CARGO_TARGET_DIR=/opt/rustwide/target" "-e" "CARGO_INCREMENTAL=0" "-e" "RUST_BACKTRACE=full" "-e" "RUSTFLAGS=--cap-lints=forbid -Dunexpected_cfgs" "-e" "RUSTDOCFLAGS=--cap-lints=forbid" "-e" "CARGO_HOME=/opt/rustwide/cargo-home" "-e" "RUSTUP_HOME=/opt/rustwide/rustup-home" "-w" "/opt/rustwide/workdir" "-m" "1610612736" "--user" "0:0" "--network" "none" "ghcr.io/rust-lang/crates-build-env/linux@sha256:2788e3201cd34a07e3172128adcd8b3090168a8e3bcc40d7c032b9dda1df7d1c" "/opt/rustwide/cargo-home/bin/cargo" "+nightly-2024-02-05" "check" "--frozen" "--all" "--all-targets" "--message-format=json" "-Zcheck-cfg", kill_on_drop: false }`
[INFO] [stdout] 91338fa2bf332f81cc315ed6e6c0e28c340ce28f0786662a45ae304409a32558
[INFO] running `Command { std: "docker" "start" "-a" "91338fa2bf332f81cc315ed6e6c0e28c340ce28f0786662a45ae304409a32558", kill_on_drop: false }`
[INFO] [stderr]     Checking libc v0.2.43
[INFO] [stderr]     Checking bencher v0.1.5
[INFO] [stderr]     Checking simdeez v0.4.2
[INFO] [stdout] error[E0435]: attempt to use a non-constant value in a constant
[INFO] [stdout]    --> /opt/rustwide/cargo-home/registry/src/index.crates.io-6f17d22bba15001f/simdeez-0.4.2/src/avx2.rs:495:38
[INFO] [stdout]     |
[INFO] [stdout] 494 |     unsafe fn srai_epi32(a: Self::Vi32, amt_const: i32) -> Self::Vi32 {
[INFO] [stdout]     |                                         --------- this would need to be a `const`
[INFO] [stdout] 495 |         I32x8(_mm256_srai_epi32(a.0, amt_const))
[INFO] [stdout]     |                                      ^^^^^^^^^
[INFO] [stdout] 
[INFO] [stdout] 
[INFO] [stdout] error[E0435]: attempt to use a non-constant value in a constant
[INFO] [stdout]    --> /opt/rustwide/cargo-home/registry/src/index.crates.io-6f17d22bba15001f/simdeez-0.4.2/src/avx2.rs:518:38
[INFO] [stdout]     |
[INFO] [stdout] 517 |     unsafe fn srli_epi32(a: Self::Vi32, amt_const: i32) -> Self::Vi32 {
[INFO] [stdout]     |                                         --------- this would need to be a `const`
[INFO] [stdout] 518 |         I32x8(_mm256_srli_epi32(a.0, amt_const))
[INFO] [stdout]     |                                      ^^^^^^^^^
[INFO] [stdout] 
[INFO] [stdout] 
[INFO] [stdout] error[E0435]: attempt to use a non-constant value in a constant
[INFO] [stdout]    --> /opt/rustwide/cargo-home/registry/src/index.crates.io-6f17d22bba15001f/simdeez-0.4.2/src/avx2.rs:522:38
[INFO] [stdout]     |
[INFO] [stdout] 521 |     unsafe fn slli_epi32(a: Self::Vi32, amt_const: i32) -> Self::Vi32 {
[INFO] [stdout]     |                                         --------- this would need to be a `const`
[INFO] [stdout] 522 |         I32x8(_mm256_slli_epi32(a.0, amt_const))
[INFO] [stdout]     |                                      ^^^^^^^^^
[INFO] [stdout] 
[INFO] [stdout] 
[INFO] [stderr]     Checking rand v0.4.2
[INFO] [stdout] error: aborting due to 3 previous errors
[INFO] [stdout] 
[INFO] [stdout] 
[INFO] [stdout] For more information about this error, try `rustc --explain E0435`.
[INFO] [stdout] 
[INFO] [stderr] error: could not compile `simdeez` (lib) due to 4 previous errors
[INFO] [stderr] warning: build failed, waiting for other jobs to finish...
[INFO] running `Command { std: "docker" "inspect" "91338fa2bf332f81cc315ed6e6c0e28c340ce28f0786662a45ae304409a32558", kill_on_drop: false }`
[INFO] running `Command { std: "docker" "rm" "-f" "91338fa2bf332f81cc315ed6e6c0e28c340ce28f0786662a45ae304409a32558", kill_on_drop: false }`
[INFO] [stdout] 91338fa2bf332f81cc315ed6e6c0e28c340ce28f0786662a45ae304409a32558
