[INFO] cloning repository https://github.com/songww/quanshu
[INFO] running `Command { std: "git" "-c" "credential.helper=" "-c" "credential.helper=/workspace/cargo-home/bin/git-credential-null" "clone" "--bare" "https://github.com/songww/quanshu" "/workspace/cache/git-repos/https%3A%2F%2Fgithub.com%2Fsongww%2Fquanshu", kill_on_drop: false }`
[INFO] [stderr] Cloning into bare repository '/workspace/cache/git-repos/https%3A%2F%2Fgithub.com%2Fsongww%2Fquanshu'...
[INFO] running `Command { std: "git" "rev-parse" "HEAD", kill_on_drop: false }`
[INFO] [stdout] c54780820ead32a141f17514621d011dd3beacb4
[INFO] checking songww/quanshu against nightly-2024-02-05 for check-cfg
[INFO] running `Command { std: "git" "clone" "/workspace/cache/git-repos/https%3A%2F%2Fgithub.com%2Fsongww%2Fquanshu" "/workspace/builds/worker-5-tc1/source", kill_on_drop: false }`
[INFO] [stderr] Cloning into '/workspace/builds/worker-5-tc1/source'...
[INFO] [stderr] done.
[INFO] validating manifest of git repo https://github.com/songww/quanshu on toolchain nightly-2024-02-05
[INFO] running `Command { std: CARGO_HOME="/workspace/cargo-home" RUSTUP_HOME="/workspace/rustup-home" "/workspace/cargo-home/bin/cargo" "+nightly-2024-02-05" "metadata" "--manifest-path" "Cargo.toml" "--no-deps", kill_on_drop: false }`
[INFO] started tweaking git repo https://github.com/songww/quanshu
[INFO] finished tweaking git repo https://github.com/songww/quanshu
[INFO] tweaked toml for git repo https://github.com/songww/quanshu written to /workspace/builds/worker-5-tc1/source/Cargo.toml
[INFO] crate git repo https://github.com/songww/quanshu already has a lockfile, it will not be regenerated
[INFO] running `Command { std: CARGO_HOME="/workspace/cargo-home" RUSTUP_HOME="/workspace/rustup-home" "/workspace/cargo-home/bin/cargo" "+nightly-2024-02-05" "fetch" "--manifest-path" "Cargo.toml", kill_on_drop: false }`
[INFO] [stderr]     Updating git repository `https://github.com/songww/pyo3-futures`
[INFO] [stderr]     Updating crates.io index
[INFO] [stderr]  Downloading crates ...
[INFO] [stderr]   Downloaded hyper-tungstenite v0.8.0
[INFO] [stderr]   Downloaded tokio-graceful-shutdown v0.8.0
[INFO] running `Command { std: "docker" "create" "-v" "/var/lib/crater-agent-workspace/builds/worker-5-tc1/target:/opt/rustwide/target:rw,Z" "-v" "/var/lib/crater-agent-workspace/builds/worker-5-tc1/source:/opt/rustwide/workdir:ro,Z" "-v" "/var/lib/crater-agent-workspace/cargo-home:/opt/rustwide/cargo-home:ro,Z" "-v" "/var/lib/crater-agent-workspace/rustup-home:/opt/rustwide/rustup-home:ro,Z" "-e" "SOURCE_DIR=/opt/rustwide/workdir" "-e" "CARGO_TARGET_DIR=/opt/rustwide/target" "-e" "CARGO_HOME=/opt/rustwide/cargo-home" "-e" "RUSTUP_HOME=/opt/rustwide/rustup-home" "-w" "/opt/rustwide/workdir" "-m" "1610612736" "--user" "0:0" "--network" "none" "ghcr.io/rust-lang/crates-build-env/linux@sha256:2788e3201cd34a07e3172128adcd8b3090168a8e3bcc40d7c032b9dda1df7d1c" "/opt/rustwide/cargo-home/bin/cargo" "+nightly-2024-02-05" "metadata" "--no-deps" "--format-version=1", kill_on_drop: false }`
[INFO] [stdout] f0a0a5dfb3a6d0c50dfe3b6342d127beea3a1972c3cd0997ce2305ce09698895
[INFO] running `Command { std: "docker" "start" "-a" "f0a0a5dfb3a6d0c50dfe3b6342d127beea3a1972c3cd0997ce2305ce09698895", kill_on_drop: false }`
[INFO] running `Command { std: "docker" "inspect" "f0a0a5dfb3a6d0c50dfe3b6342d127beea3a1972c3cd0997ce2305ce09698895", kill_on_drop: false }`
[INFO] running `Command { std: "docker" "rm" "-f" "f0a0a5dfb3a6d0c50dfe3b6342d127beea3a1972c3cd0997ce2305ce09698895", kill_on_drop: false }`
[INFO] [stdout] f0a0a5dfb3a6d0c50dfe3b6342d127beea3a1972c3cd0997ce2305ce09698895
[INFO] running `Command { std: "docker" "create" "-v" "/var/lib/crater-agent-workspace/builds/worker-5-tc1/target:/opt/rustwide/target:rw,Z" "-v" "/var/lib/crater-agent-workspace/builds/worker-5-tc1/source:/opt/rustwide/workdir:ro,Z" "-v" "/var/lib/crater-agent-workspace/cargo-home:/opt/rustwide/cargo-home:ro,Z" "-v" "/var/lib/crater-agent-workspace/rustup-home:/opt/rustwide/rustup-home:ro,Z" "-e" "SOURCE_DIR=/opt/rustwide/workdir" "-e" "CARGO_TARGET_DIR=/opt/rustwide/target" "-e" "CARGO_INCREMENTAL=0" "-e" "RUST_BACKTRACE=full" "-e" "RUSTFLAGS=--cap-lints=forbid" "-e" "RUSTDOCFLAGS=--cap-lints=forbid" "-e" "CARGO_HOME=/opt/rustwide/cargo-home" "-e" "RUSTUP_HOME=/opt/rustwide/rustup-home" "-w" "/opt/rustwide/workdir" "-m" "1610612736" "--user" "0:0" "--network" "none" "ghcr.io/rust-lang/crates-build-env/linux@sha256:2788e3201cd34a07e3172128adcd8b3090168a8e3bcc40d7c032b9dda1df7d1c" "/opt/rustwide/cargo-home/bin/cargo" "+nightly-2024-02-05" "check" "--frozen" "--all" "--all-targets" "--message-format=json", kill_on_drop: false }`
[INFO] [stdout] 3617ae9d1978f96f5f6c8a4acf8ab86b7e628b6a3e18d755d92cf424f36dd9f9
[INFO] running `Command { std: "docker" "start" "-a" "3617ae9d1978f96f5f6c8a4acf8ab86b7e628b6a3e18d755d92cf424f36dd9f9", kill_on_drop: false }`
[INFO] [stderr]    Compiling proc-macro2 v1.0.39
[INFO] [stderr]    Compiling unicode-ident v1.0.0
[INFO] [stderr]    Compiling autocfg v1.1.0
[INFO] [stderr]    Compiling syn v1.0.95
[INFO] [stderr]    Compiling libc v0.2.126
[INFO] [stderr]     Checking cfg-if v1.0.0
[INFO] [stderr]    Compiling memchr v2.5.0
[INFO] [stderr]     Checking scopeguard v1.1.0
[INFO] [stderr]    Compiling version_check v0.9.4
[INFO] [stderr]     Checking lazy_static v1.4.0
[INFO] [stderr]    Compiling log v0.4.17
[INFO] [stderr]     Checking pin-project-lite v0.2.9
[INFO] [stderr]    Compiling futures-core v0.3.21
[INFO] [stderr]    Compiling parking_lot_core v0.9.3
[INFO] [stderr]    Compiling lock_api v0.4.7
[INFO] [stderr]     Checking smallvec v1.8.0
[INFO] [stderr]     Checking once_cell v1.11.0
[INFO] [stderr]     Checking bytes v1.1.0
[INFO] [stderr]     Checking futures-sink v0.3.21
[INFO] [stderr]    Compiling cc v1.0.73
[INFO] [stderr]    Compiling target-lexicon v0.12.3
[INFO] [stderr]    Compiling futures-channel v0.3.21
[INFO] [stderr]    Compiling futures-task v0.3.21
[INFO] [stderr]    Compiling quote v1.0.18
[INFO] [stderr]    Compiling typenum v1.15.0
[INFO] [stderr]     Checking itoa v1.0.2
[INFO] [stderr]    Compiling futures-util v0.3.21
[INFO] [stderr]     Checking num_cpus v1.13.1
[INFO] [stderr]     Checking mio v0.8.3
[INFO] [stderr]     Checking parking_lot v0.12.0
[INFO] [stderr]     Checking socket2 v0.4.4
[INFO] [stderr]     Checking signal-hook-registry v1.4.0
[INFO] [stderr]    Compiling generic-array v0.14.5
[INFO] [stderr]     Checking pin-utils v0.1.0
[INFO] [stderr]     Checking futures-io v0.3.21
[INFO] [stderr]     Checking slab v0.4.6
[INFO] [stderr]    Compiling pkg-config v0.3.25
[INFO] [stderr]     Checking tinyvec_macros v0.1.0
[INFO] [stderr]     Checking fnv v1.0.7
[INFO] [stderr]     Checking tinyvec v1.6.0
[INFO] [stderr]     Checking http v0.2.7
[INFO] [stderr]    Compiling pyo3-build-config v0.16.5
[INFO] [stderr]     Checking getrandom v0.2.6
[INFO] [stderr]    Compiling indexmap v1.8.1
[INFO] [stderr]     Checking tracing-core v0.1.26
[INFO] [stderr]    Compiling openssl-sys v0.9.73
[INFO] [stderr]     Checking matches v0.1.9
[INFO] [stderr]    Compiling crossbeam-utils v0.8.8
[INFO] [stderr]    Compiling httparse v1.7.1
[INFO] [stderr]    Compiling serde v1.0.137
[INFO] [stderr]     Checking bitflags v1.3.2
[INFO] [stderr]    Compiling semver v1.0.9
[INFO] [stderr]     Checking rand_core v0.6.3
[INFO] [stderr]    Compiling proc-macro-error-attr v1.0.4
[INFO] [stderr]     Checking unicode-normalization v0.1.19
[INFO] [stderr]    Compiling memoffset v0.6.5
[INFO] [stderr]     Checking ppv-lite86 v0.2.16
[INFO] [stderr]     Checking unicode-width v0.1.9
[INFO] [stderr]     Checking percent-encoding v2.1.0
[INFO] [stderr]     Checking hashbrown v0.11.2
[INFO] [stderr]     Checking unicode-bidi v0.3.8
[INFO] [stderr]     Checking form_urlencoded v1.0.1
[INFO] [stderr]     Checking crypto-common v0.1.3
[INFO] [stderr]     Checking block-buffer v0.10.2
[INFO] [stderr]     Checking digest v0.10.3
[INFO] [stderr]     Checking rand_chacha v0.3.1
[INFO] [stderr]     Checking idna v0.2.3
[INFO] [stderr]    Compiling proc-macro-error v1.0.4
[INFO] [stderr]    Compiling crossbeam-epoch v0.9.8
[INFO] [stderr]     Checking foreign-types-shared v0.1.1
[INFO] [stderr]    Compiling openssl v0.10.40
[INFO] [stderr]    Compiling anyhow v1.0.57
[INFO] [stderr]     Checking cpufeatures v0.2.2
[INFO] [stderr]     Checking sha-1 v0.10.0
[INFO] [stderr]     Checking url v2.2.2
[INFO] [stderr]    Compiling pyo3-ffi v0.16.5
[INFO] [stderr]    Compiling pyo3 v0.16.5
[INFO] [stderr]     Checking foreign-types v0.3.2
[INFO] [stderr]    Compiling rustc_version v0.4.0
[INFO] [stderr]     Checking rand v0.8.5
[INFO] [stderr]    Compiling backtrace v0.3.65
[INFO] [stderr]     Checking try-lock v0.2.3
[INFO] [stderr]     Checking utf-8 v0.7.6
[INFO] [stderr]     Checking adler v1.0.2
[INFO] [stderr]     Checking byteorder v1.4.3
[INFO] [stderr]    Compiling async-trait v0.1.53
[INFO] [stderr]    Compiling native-tls v0.2.10
[INFO] [stderr]     Checking gimli v0.26.1
[INFO] [stderr]    Compiling rayon-core v1.9.3
[INFO] [stderr]     Checking base64 v0.13.0
[INFO] [stderr]     Checking miniz_oxide v0.5.1
[INFO] [stderr]     Checking want v0.3.0
[INFO] [stderr]    Compiling pyo3-macros-backend v0.16.5
[INFO] [stderr]    Compiling cast v0.2.7
[INFO] [stderr]     Checking http-body v0.4.4
[INFO] [stderr]     Checking atty v0.2.14
[INFO] [stdout] error: failed to write to `/opt/rustwide/target/debug/deps/rmetaxqxAIv/lib.rmeta`: No space left on device (os error 28)
[INFO] [stdout] 
[INFO] [stdout] 
[INFO] [stderr] error: could not compile `pyo3-ffi` (lib) due to 1 previous error
[INFO] [stderr] warning: build failed, waiting for other jobs to finish...
[INFO] [stderr] error: could not parse/generate dep info at: /opt/rustwide/target/debug/deps/atty-94bc5edc3c773aa9.d
[INFO] [stderr] 
[INFO] [stderr] Caused by:
[INFO] [stderr]   failed to write `/opt/rustwide/target/debug/.fingerprint/atty-94bc5edc3c773aa9/dep-lib-atty`
[INFO] [stderr] 
[INFO] [stderr] Caused by:
[INFO] [stderr]   No space left on device (os error 28)
[INFO] [stdout] error: couldn't create a temp dir: No space left on device (os error 28) at path "/opt/rustwide/target/debug/deps/rmetaKaRFMx"
[INFO] [stdout] 
[INFO] [stdout] 
[INFO] [stderr] error: could not compile `http-body` (lib) due to 1 previous error
[INFO] [stdout] error: couldn't create a temp dir: No space left on device (os error 28) at path "/opt/rustwide/target/debug/deps/rmetaPcYU9o"
[INFO] [stdout] 
[INFO] [stdout] 
[INFO] [stderr] error: could not compile `anyhow` (lib) due to 1 previous error
[INFO] [stderr] LLVM ERROR: IO failure on output stream: No space left on device
[INFO] [stderr] error: could not compile `syn` (lib)
[INFO] [stdout] error: couldn't create a temp dir: No space left on device (os error 28) at path "/opt/rustwide/target/debug/deps/rmetaxUGF3k"
[INFO] [stdout] 
[INFO] [stdout] 
[INFO] [stderr] error: could not compile `serde` (lib) due to 1 previous error
[INFO] [stdout] error: couldn't create a temp dir: No space left on device (os error 28) at path "/opt/rustwide/target/debug/deps/rmetaWsjjZE"
[INFO] [stdout] 
[INFO] [stdout] 
[INFO] [stderr] error: could not compile `pyo3-macros-backend` (lib) due to 1 previous error
[INFO] [stdout] error: couldn't create a temp dir: No space left on device (os error 28) at path "/opt/rustwide/target/debug/deps/rmetaIu1S1P"
[INFO] [stdout] 
[INFO] [stdout] 
[INFO] [stderr] error: could not compile `gimli` (lib) due to 1 previous error
[INFO] running `Command { std: "docker" "inspect" "3617ae9d1978f96f5f6c8a4acf8ab86b7e628b6a3e18d755d92cf424f36dd9f9", kill_on_drop: false }`
[INFO] running `Command { std: "docker" "rm" "-f" "3617ae9d1978f96f5f6c8a4acf8ab86b7e628b6a3e18d755d92cf424f36dd9f9", kill_on_drop: false }`
[INFO] [stdout] 3617ae9d1978f96f5f6c8a4acf8ab86b7e628b6a3e18d755d92cf424f36dd9f9
[INFO] checking songww/quanshu against nightly-2024-02-05+rustflags=-Dunexpected_cfgs+cargoflags=-Zcheck-cfg for check-cfg
[INFO] running `Command { std: "git" "clone" "/workspace/cache/git-repos/https%3A%2F%2Fgithub.com%2Fsongww%2Fquanshu" "/workspace/builds/worker-5-tc2/source", kill_on_drop: false }`
[INFO] [stderr] Cloning into '/workspace/builds/worker-5-tc2/source'...
[INFO] [stderr] done.
[INFO] validating manifest of git repo https://github.com/songww/quanshu on toolchain nightly-2024-02-05
[INFO] running `Command { std: CARGO_HOME="/workspace/cargo-home" RUSTUP_HOME="/workspace/rustup-home" "/workspace/cargo-home/bin/cargo" "+nightly-2024-02-05" "metadata" "--manifest-path" "Cargo.toml" "--no-deps", kill_on_drop: false }`
[INFO] started tweaking git repo https://github.com/songww/quanshu
[INFO] finished tweaking git repo https://github.com/songww/quanshu
[INFO] tweaked toml for git repo https://github.com/songww/quanshu written to /workspace/builds/worker-5-tc2/source/Cargo.toml
[INFO] crate git repo https://github.com/songww/quanshu already has a lockfile, it will not be regenerated
[INFO] running `Command { std: CARGO_HOME="/workspace/cargo-home" RUSTUP_HOME="/workspace/rustup-home" "/workspace/cargo-home/bin/cargo" "+nightly-2024-02-05" "fetch" "--manifest-path" "Cargo.toml", kill_on_drop: false }`
[INFO] checking songww/quanshu against nightly-2024-02-05+rustflags=-Dunexpected_cfgs+cargoflags=-Zcheck-cfg for check-cfg
[INFO] running `Command { std: "git" "clone" "/workspace/cache/git-repos/https%3A%2F%2Fgithub.com%2Fsongww%2Fquanshu" "/workspace/builds/worker-5-tc2/source", kill_on_drop: false }`
[INFO] [stderr] Cloning into '/workspace/builds/worker-5-tc2/source'...
[INFO] [stderr] done.
[INFO] [stderr] error: unable to write file src/asgi/specs/mod.rs
[INFO] [stderr] error: unable to write file src/lib.rs
[INFO] [stderr] error: unable to write file src/main.rs
[INFO] [stderr] fatal: cannot create directory at 'tests': No space left on device
[INFO] [stderr] warning: Clone succeeded, but checkout failed.
[INFO] [stderr] You can inspect what was checked out with 'git status'
[INFO] [stderr] and retry with 'git restore --source=HEAD :/'
[INFO] [stderr] 
[INFO] checking songww/quanshu against nightly-2024-02-05+rustflags=-Dunexpected_cfgs+cargoflags=-Zcheck-cfg for check-cfg
[INFO] running `Command { std: "git" "clone" "/workspace/cache/git-repos/https%3A%2F%2Fgithub.com%2Fsongww%2Fquanshu" "/workspace/builds/worker-5-tc2/source", kill_on_drop: false }`
[INFO] [stderr] Cloning into '/workspace/builds/worker-5-tc2/source'...
[INFO] [stderr] done.
[INFO] [stderr] fatal: cannot create directory at 'src/asgi/specs': No space left on device
[INFO] [stderr] warning: Clone succeeded, but checkout failed.
[INFO] [stderr] You can inspect what was checked out with 'git status'
[INFO] [stderr] and retry with 'git restore --source=HEAD :/'
[INFO] [stderr] 
[INFO] checking songww/quanshu against nightly-2024-02-05+rustflags=-Dunexpected_cfgs+cargoflags=-Zcheck-cfg for check-cfg
[INFO] running `Command { std: "git" "clone" "/workspace/cache/git-repos/https%3A%2F%2Fgithub.com%2Fsongww%2Fquanshu" "/workspace/builds/worker-5-tc2/source", kill_on_drop: false }`
[INFO] [stderr] Cloning into '/workspace/builds/worker-5-tc2/source'...
[INFO] [stderr] done.
[INFO] [stderr] fatal: cannot create directory at 'src/asgi/specs': No space left on device
[INFO] [stderr] warning: Clone succeeded, but checkout failed.
[INFO] [stderr] You can inspect what was checked out with 'git status'
[INFO] [stderr] and retry with 'git restore --source=HEAD :/'
[INFO] [stderr] 
[INFO] checking songww/quanshu against nightly-2024-02-05+rustflags=-Dunexpected_cfgs+cargoflags=-Zcheck-cfg for check-cfg
[INFO] running `Command { std: "git" "clone" "/workspace/cache/git-repos/https%3A%2F%2Fgithub.com%2Fsongww%2Fquanshu" "/workspace/builds/worker-5-tc2/source", kill_on_drop: false }`
[INFO] [stderr] Cloning into '/workspace/builds/worker-5-tc2/source'...
[INFO] [stderr] done.
[INFO] [stderr] error: unable to write file src/asgi/mod.rs
[INFO] [stderr] fatal: cannot create directory at 'src/asgi/specs': No space left on device
[INFO] [stderr] warning: Clone succeeded, but checkout failed.
[INFO] [stderr] You can inspect what was checked out with 'git status'
[INFO] [stderr] and retry with 'git restore --source=HEAD :/'
[INFO] [stderr] 
[ERROR] this task or one of its parent failed!
[ERROR] failed to checkout https://github.com/songww/quanshu
[ERROR] caused by: command failed: exit status: 128
[ERROR] note: run with `RUST_BACKTRACE=1` to display a backtrace.
