[INFO] cloning repository https://github.com/snystrom/bamf
[INFO] running `Command { std: "git" "-c" "credential.helper=" "-c" "credential.helper=/workspace/cargo-home/bin/git-credential-null" "clone" "--bare" "https://github.com/snystrom/bamf" "/workspace/cache/git-repos/https%3A%2F%2Fgithub.com%2Fsnystrom%2Fbamf", kill_on_drop: false }`
[INFO] [stderr] Cloning into bare repository '/workspace/cache/git-repos/https%3A%2F%2Fgithub.com%2Fsnystrom%2Fbamf'...
[INFO] running `Command { std: "git" "rev-parse" "HEAD", kill_on_drop: false }`
[INFO] [stdout] ba80777c5cb8a77fc04e93949b35fb72a5db748d
[INFO] checking snystrom/bamf against nightly-2024-02-05 for check-cfg
[INFO] running `Command { std: "git" "clone" "/workspace/cache/git-repos/https%3A%2F%2Fgithub.com%2Fsnystrom%2Fbamf" "/workspace/builds/worker-0-tc1/source", kill_on_drop: false }`
[INFO] [stderr] Cloning into '/workspace/builds/worker-0-tc1/source'...
[INFO] [stderr] done.
[INFO] validating manifest of git repo https://github.com/snystrom/bamf on toolchain nightly-2024-02-05
[INFO] running `Command { std: CARGO_HOME="/workspace/cargo-home" RUSTUP_HOME="/workspace/rustup-home" "/workspace/cargo-home/bin/cargo" "+nightly-2024-02-05" "metadata" "--manifest-path" "Cargo.toml" "--no-deps", kill_on_drop: false }`
[INFO] started tweaking git repo https://github.com/snystrom/bamf
[INFO] finished tweaking git repo https://github.com/snystrom/bamf
[INFO] tweaked toml for git repo https://github.com/snystrom/bamf written to /workspace/builds/worker-0-tc1/source/Cargo.toml
[INFO] crate git repo https://github.com/snystrom/bamf already has a lockfile, it will not be regenerated
[INFO] running `Command { std: CARGO_HOME="/workspace/cargo-home" RUSTUP_HOME="/workspace/rustup-home" "/workspace/cargo-home/bin/cargo" "+nightly-2024-02-05" "fetch" "--manifest-path" "Cargo.toml", kill_on_drop: false }`
[INFO] [stderr]     Updating crates.io index
[INFO] [stderr]  Downloading crates ...
[INFO] [stderr]   Downloaded bio-types v0.11.0
[INFO] [stderr]   Downloaded hts-sys v1.11.1-fix1
[INFO] [stderr]   Downloaded derefable v0.1.0
[INFO] [stderr]   Downloaded rust-htslib v0.36.0
[INFO] running `Command { std: "docker" "create" "-v" "/var/lib/crater-agent-workspace/builds/worker-0-tc1/target:/opt/rustwide/target:rw,Z" "-v" "/var/lib/crater-agent-workspace/builds/worker-0-tc1/source:/opt/rustwide/workdir:ro,Z" "-v" "/var/lib/crater-agent-workspace/cargo-home:/opt/rustwide/cargo-home:ro,Z" "-v" "/var/lib/crater-agent-workspace/rustup-home:/opt/rustwide/rustup-home:ro,Z" "-e" "SOURCE_DIR=/opt/rustwide/workdir" "-e" "CARGO_TARGET_DIR=/opt/rustwide/target" "-e" "CARGO_HOME=/opt/rustwide/cargo-home" "-e" "RUSTUP_HOME=/opt/rustwide/rustup-home" "-w" "/opt/rustwide/workdir" "-m" "1610612736" "--user" "0:0" "--network" "none" "ghcr.io/rust-lang/crates-build-env/linux@sha256:2788e3201cd34a07e3172128adcd8b3090168a8e3bcc40d7c032b9dda1df7d1c" "/opt/rustwide/cargo-home/bin/cargo" "+nightly-2024-02-05" "metadata" "--no-deps" "--format-version=1", kill_on_drop: false }`
[INFO] [stdout] b7a6d58bc7f80aa2e384f39fa7ad6f8e86674281c41808ef8751239632411545
[INFO] running `Command { std: "docker" "start" "-a" "b7a6d58bc7f80aa2e384f39fa7ad6f8e86674281c41808ef8751239632411545", kill_on_drop: false }`
[INFO] running `Command { std: "docker" "inspect" "b7a6d58bc7f80aa2e384f39fa7ad6f8e86674281c41808ef8751239632411545", kill_on_drop: false }`
[INFO] running `Command { std: "docker" "rm" "-f" "b7a6d58bc7f80aa2e384f39fa7ad6f8e86674281c41808ef8751239632411545", kill_on_drop: false }`
[INFO] [stdout] b7a6d58bc7f80aa2e384f39fa7ad6f8e86674281c41808ef8751239632411545
[INFO] running `Command { std: "docker" "create" "-v" "/var/lib/crater-agent-workspace/builds/worker-0-tc1/target:/opt/rustwide/target:rw,Z" "-v" "/var/lib/crater-agent-workspace/builds/worker-0-tc1/source:/opt/rustwide/workdir:ro,Z" "-v" "/var/lib/crater-agent-workspace/cargo-home:/opt/rustwide/cargo-home:ro,Z" "-v" "/var/lib/crater-agent-workspace/rustup-home:/opt/rustwide/rustup-home:ro,Z" "-e" "SOURCE_DIR=/opt/rustwide/workdir" "-e" "CARGO_TARGET_DIR=/opt/rustwide/target" "-e" "CARGO_INCREMENTAL=0" "-e" "RUST_BACKTRACE=full" "-e" "RUSTFLAGS=--cap-lints=forbid" "-e" "RUSTDOCFLAGS=--cap-lints=forbid" "-e" "CARGO_HOME=/opt/rustwide/cargo-home" "-e" "RUSTUP_HOME=/opt/rustwide/rustup-home" "-w" "/opt/rustwide/workdir" "-m" "1610612736" "--user" "0:0" "--network" "none" "ghcr.io/rust-lang/crates-build-env/linux@sha256:2788e3201cd34a07e3172128adcd8b3090168a8e3bcc40d7c032b9dda1df7d1c" "/opt/rustwide/cargo-home/bin/cargo" "+nightly-2024-02-05" "check" "--frozen" "--all" "--all-targets" "--message-format=json", kill_on_drop: false }`
[INFO] [stdout] 13737de770ae6bbb144547dec3764e52318e479174bcfc5a553ad7b31d5882a4
[INFO] running `Command { std: "docker" "start" "-a" "13737de770ae6bbb144547dec3764e52318e479174bcfc5a553ad7b31d5882a4", kill_on_drop: false }`
[INFO] [stderr]    Compiling libc v0.2.77
[INFO] [stderr]    Compiling proc-macro2 v1.0.21
[INFO] [stderr]    Compiling unicode-xid v0.2.1
[INFO] [stderr]    Compiling syn v1.0.41
[INFO] [stderr]    Compiling version_check v0.9.2
[INFO] [stderr]    Compiling memchr v2.3.3
[INFO] [stderr]    Compiling unicode-segmentation v1.6.0
[INFO] [stderr]    Compiling pkg-config v0.3.18
[INFO] [stderr]    Compiling proc-macro2 v0.4.30
[INFO] [stderr]    Compiling proc-macro-error-attr v1.0.4
[INFO] [stderr]    Compiling heck v0.3.1
[INFO] [stderr]    Compiling unicode-xid v0.1.0
[INFO] [stderr]     Checking lazy_static v1.4.0
[INFO] [stderr]    Compiling quick-error v1.2.3
[INFO] [stderr]    Compiling semver v0.1.20
[INFO] [stderr]    Compiling fs-utils v1.1.4
[INFO] [stderr]    Compiling proc-macro-error v1.0.4
[INFO] [stderr]    Compiling quote v1.0.7
[INFO] [stderr]    Compiling rustc_version v0.1.7
[INFO] [stderr]     Checking matches v0.1.8
[INFO] [stderr]    Compiling glob v0.3.0
[INFO] [stderr]    Compiling syn v0.15.44
[INFO] [stderr]    Compiling jobserver v0.1.21
[INFO] [stderr]    Compiling bitflags v1.2.1
[INFO] [stderr]     Checking tinyvec v0.3.4
[INFO] [stderr]    Compiling cc v1.0.59
[INFO] [stderr]    Compiling quote v0.6.13
[INFO] [stderr]     Checking unicode-normalization v0.1.13
[INFO] [stderr]    Compiling newtype_derive v0.1.6
[INFO] [stderr]     Checking unicode-bidi v0.3.4
[INFO] [stderr]     Checking aho-corasick v0.7.13
[INFO] [stderr]     Checking thread_local v1.0.1
[INFO] [stderr]     Checking unicode-width v0.1.8
[INFO] [stderr]     Checking regex-syntax v0.6.18
[INFO] [stderr]     Checking textwrap v0.11.0
[INFO] [stderr]     Checking atty v0.2.14
[INFO] [stderr]     Checking ansi_term v0.11.0
[INFO] [stderr]     Checking vec_map v0.8.2
[INFO] [stderr]     Checking percent-encoding v2.1.0
[INFO] [stderr]     Checking strsim v0.8.0
[INFO] [stderr]     Checking idna v0.2.0
[INFO] [stderr]     Checking clap v2.33.3
[INFO] [stderr]     Checking ieee754 v0.2.6
[INFO] [stderr]     Checking linear-map v1.2.0
[INFO] [stderr]     Checking custom_derive v0.1.7
[INFO] [stderr]     Checking histogram v0.6.9
[INFO] [stderr]    Compiling libz-sys v1.1.2
[INFO] [stderr]    Compiling hts-sys v1.11.1-fix1
[INFO] [stderr]     Checking url v2.1.1
[INFO] [stdout] error: failed to write to `/opt/rustwide/target/debug/deps/rmetad6tVNl/lib.rmeta`: No space left on device (os error 28)
[INFO] [stdout] 
[INFO] [stdout] 
[INFO] [stderr] LLVM ERROR: IO failure on output stream: No space left on device
[INFO] [stderr] error: could not compile `syn` (lib)
[INFO] [stderr] warning: build failed, waiting for other jobs to finish...
[INFO] [stderr] error: could not compile `regex-syntax` (lib) due to 1 previous error
[INFO] [stderr] The following warnings were emitted during compilation:
[INFO] [stderr] 
[INFO] [stderr] warning: hts-sys@1.11.1-fix1: /tmp/cc4pw7lW.s: Assembler messages:
[INFO] [stderr] warning: hts-sys@1.11.1-fix1: /tmp/cc4pw7lW.s: Fatal error: can't write 72 bytes to section .text.ks_mergesort_uint16_t of /opt/rustwide/target/debug/build/hts-sys-cd5d5dbf4dda1031/out/htslib/errmod.o: 'No space left on device'
[INFO] [stderr] warning: hts-sys@1.11.1-fix1: /tmp/cc4pw7lW.s: Fatal error: /opt/rustwide/target/debug/build/hts-sys-cd5d5dbf4dda1031/out/htslib/errmod.o: No space left on device
[INFO] [stderr] warning: hts-sys@1.11.1-fix1: /opt/rustwide/target/debug/build/hts-sys-cd5d5dbf4dda1031/out/htslib/hfile_net.c:112:1: fatal error: error writing to /tmp/ccqt14nZ.s: No space left on device
[INFO] [stderr] warning: hts-sys@1.11.1-fix1:   112 | }
[INFO] [stderr] warning: hts-sys@1.11.1-fix1:       | ^
[INFO] [stderr] warning: hts-sys@1.11.1-fix1: compilation terminated.
[INFO] [stderr] warning: hts-sys@1.11.1-fix1: /opt/rustwide/target/debug/build/hts-sys-cd5d5dbf4dda1031/out/htslib/faidx.c:951:1: fatal error: error writing to /tmp/ccc0HW1l.s: No space left on device
[INFO] [stderr] warning: hts-sys@1.11.1-fix1:   951 | }
[INFO] [stderr] warning: hts-sys@1.11.1-fix1:       | ^
[INFO] [stderr] warning: hts-sys@1.11.1-fix1: compilation terminated.
[INFO] [stderr] warning: hts-sys@1.11.1-fix1: /opt/rustwide/target/debug/build/hts-sys-cd5d5dbf4dda1031/out/htslib/bgzf.c:2515:1: fatal error: error writing to /tmp/ccc16IUu.s: No space left on device
[INFO] [stderr] warning: hts-sys@1.11.1-fix1:  2515 | }
[INFO] [stderr] warning: hts-sys@1.11.1-fix1:       | ^
[INFO] [stderr] warning: hts-sys@1.11.1-fix1: compilation terminated.
[INFO] [stderr] warning: hts-sys@1.11.1-fix1: /opt/rustwide/target/debug/build/hts-sys-cd5d5dbf4dda1031/out/htslib/hfile.c:1215:1: fatal error: error writing to /tmp/cc6T998s.s: No space left on device
[INFO] [stderr] warning: hts-sys@1.11.1-fix1:  1215 | }
[INFO] [stderr] warning: hts-sys@1.11.1-fix1:       | ^
[INFO] [stderr] warning: hts-sys@1.11.1-fix1: compilation terminated.
[INFO] [stderr] warning: hts-sys@1.11.1-fix1: /opt/rustwide/target/debug/build/hts-sys-cd5d5dbf4dda1031/out/htslib/header.c:2735:1: fatal error: error writing to /tmp/ccp1Ifm4.s: No space left on device
[INFO] [stderr] warning: hts-sys@1.11.1-fix1:  2735 | }
[INFO] [stderr] warning: hts-sys@1.11.1-fix1:       | ^
[INFO] [stderr] warning: hts-sys@1.11.1-fix1: compilation terminated.
[INFO] [stderr] warning: hts-sys@1.11.1-fix1: /opt/rustwide/target/debug/build/hts-sys-cd5d5dbf4dda1031/out/htslib/hts.c:4271:1: fatal error: error writing to /tmp/ccJafrRZ.s: No space left on device
[INFO] [stderr] warning: hts-sys@1.11.1-fix1:  4271 | }
[INFO] [stderr] warning: hts-sys@1.11.1-fix1:       | ^
[INFO] [stderr] warning: hts-sys@1.11.1-fix1: compilation terminated.
[INFO] [stderr] 
[INFO] [stderr] error: failed to run custom build command for `hts-sys v1.11.1-fix1`
[INFO] [stderr] note: To improve backtraces for build dependencies, set the CARGO_PROFILE_DEV_BUILD_OVERRIDE_DEBUG=true environment variable to enable debug information generation.
[INFO] [stderr] 
[INFO] [stderr] Caused by:
[INFO] [stderr]   process didn't exit successfully: `/opt/rustwide/target/debug/build/hts-sys-9ee62a2ca298089e/build-script-build` (exit status: 1)
[INFO] [stderr]   --- stdout
[INFO] [stderr]   cargo:rerun-if-changed=htslib/kfunc.c
[INFO] [stderr]   cargo:rerun-if-changed=htslib/knetfile.c
[INFO] [stderr]   cargo:rerun-if-changed=htslib/kstring.c
[INFO] [stderr]   cargo:rerun-if-changed=htslib/bcf_sr_sort.c
[INFO] [stderr]   cargo:rerun-if-changed=htslib/bgzf.c
[INFO] [stderr]   cargo:rerun-if-changed=htslib/errmod.c
[INFO] [stderr]   cargo:rerun-if-changed=htslib/faidx.c
[INFO] [stderr]   cargo:rerun-if-changed=htslib/header.c
[INFO] [stderr]   cargo:rerun-if-changed=htslib/hfile.c
[INFO] [stderr]   cargo:rerun-if-changed=htslib/hfile_net.c
[INFO] [stderr]   cargo:rerun-if-changed=htslib/hts.c
[INFO] [stderr]   cargo:rerun-if-changed=htslib/hts_os.c
[INFO] [stderr]   cargo:rerun-if-changed=htslib/md5.c
[INFO] [stderr]   cargo:rerun-if-changed=htslib/multipart.c
[INFO] [stderr]   cargo:rerun-if-changed=htslib/probaln.c
[INFO] [stderr]   cargo:rerun-if-changed=htslib/realn.c
[INFO] [stderr]   cargo:rerun-if-changed=htslib/regidx.c
[INFO] [stderr]   cargo:rerun-if-changed=htslib/region.c
[INFO] [stderr]   cargo:rerun-if-changed=htslib/sam.c
[INFO] [stderr]   cargo:rerun-if-changed=htslib/synced_bcf_reader.c
[INFO] [stderr]   cargo:rerun-if-changed=htslib/vcf_sweep.c
[INFO] [stderr]   cargo:rerun-if-changed=htslib/tbx.c
[INFO] [stderr]   cargo:rerun-if-changed=htslib/textutils.c
[INFO] [stderr]   cargo:rerun-if-changed=htslib/thread_pool.c
[INFO] [stderr]   cargo:rerun-if-changed=htslib/vcf.c
[INFO] [stderr]   cargo:rerun-if-changed=htslib/vcfutils.c
[INFO] [stderr]   cargo:rerun-if-changed=htslib/cram/cram_codecs.c
[INFO] [stderr]   cargo:rerun-if-changed=htslib/cram/cram_decode.c
[INFO] [stderr]   cargo:rerun-if-changed=htslib/cram/cram_encode.c
[INFO] [stderr]   cargo:rerun-if-changed=htslib/cram/cram_external.c
[INFO] [stderr]   cargo:rerun-if-changed=htslib/cram/cram_index.c
[INFO] [stderr]   cargo:rerun-if-changed=htslib/cram/cram_io.c
[INFO] [stderr]   cargo:rerun-if-changed=htslib/cram/cram_samtools.c
[INFO] [stderr]   cargo:rerun-if-changed=htslib/cram/cram_stats.c
[INFO] [stderr]   cargo:rerun-if-changed=htslib/cram/mFILE.c
[INFO] [stderr]   cargo:rerun-if-changed=htslib/cram/open_trace_file.c
[INFO] [stderr]   cargo:rerun-if-changed=htslib/cram/pooled_alloc.c
[INFO] [stderr]   cargo:rerun-if-changed=htslib/cram/rANS_static.c
[INFO] [stderr]   cargo:rerun-if-changed=htslib/cram/string_alloc.c
[INFO] [stderr]   TARGET = Some("x86_64-unknown-linux-gnu")
[INFO] [stderr]   OPT_LEVEL = Some("0")
[INFO] [stderr]   HOST = Some("x86_64-unknown-linux-gnu")
[INFO] [stderr]   CC_x86_64-unknown-linux-gnu = None
[INFO] [stderr]   CC_x86_64_unknown_linux_gnu = None
[INFO] [stderr]   HOST_CC = None
[INFO] [stderr]   CC = None
[INFO] [stderr]   CFLAGS_x86_64-unknown-linux-gnu = None
[INFO] [stderr]   CFLAGS_x86_64_unknown_linux_gnu = None
[INFO] [stderr]   HOST_CFLAGS = None
[INFO] [stderr]   CFLAGS = None
[INFO] [stderr]   CRATE_CC_NO_DEFAULTS = None
[INFO] [stderr]   DEBUG = Some("true")
[INFO] [stderr]   running: "cc" "-O0" "-ffunction-sections" "-fdata-sections" "-fPIC" "-g" "-fno-omit-frame-pointer" "-m64" "-I" "/opt/rustwide/target/debug/build/hts-sys-cd5d5dbf4dda1031/out/htslib" "-I" "/opt/rustwide/target/debug/build/libz-sys-e86c4aade6a84a66/out/include" "-o" "/opt/rustwide/target/debug/build/hts-sys-cd5d5dbf4dda1031/out/htslib/knetfile.o" "-c" "/opt/rustwide/target/debug/build/hts-sys-cd5d5dbf4dda1031/out/htslib/knetfile.c"
[INFO] [stderr]   running: "cc" "-O0" "-ffunction-sections" "-fdata-sections" "-fPIC" "-g" "-fno-omit-frame-pointer" "-m64" "-I" "/opt/rustwide/target/debug/build/hts-sys-cd5d5dbf4dda1031/out/htslib" "-I" "/opt/rustwide/target/debug/build/libz-sys-e86c4aade6a84a66/out/include" "-o" "/opt/rustwide/target/debug/build/hts-sys-cd5d5dbf4dda1031/out/htslib/kstring.o" "-c" "/opt/rustwide/target/debug/build/hts-sys-cd5d5dbf4dda1031/out/htslib/kstring.c"
[INFO] [stderr]   running: "cc" "-O0" "-ffunction-sections" "-fdata-sections" "-fPIC" "-g" "-fno-omit-frame-pointer" "-m64" "-I" "/opt/rustwide/target/debug/build/hts-sys-cd5d5dbf4dda1031/out/htslib" "-I" "/opt/rustwide/target/debug/build/libz-sys-e86c4aade6a84a66/out/include" "-o" "/opt/rustwide/target/debug/build/hts-sys-cd5d5dbf4dda1031/out/htslib/kfunc.o" "-c" "/opt/rustwide/target/debug/build/hts-sys-cd5d5dbf4dda1031/out/htslib/kfunc.c"
[INFO] [stderr]   running: "cc" "-O0" "-ffunction-sections" "-fdata-sections" "-fPIC" "-g" "-fno-omit-frame-pointer" "-m64" "-I" "/opt/rustwide/target/debug/build/hts-sys-cd5d5dbf4dda1031/out/htslib" "-I" "/opt/rustwide/target/debug/build/libz-sys-e86c4aade6a84a66/out/include" "-o" "/opt/rustwide/target/debug/build/hts-sys-cd5d5dbf4dda1031/out/htslib/bcf_sr_sort.o" "-c" "/opt/rustwide/target/debug/build/hts-sys-cd5d5dbf4dda1031/out/htslib/bcf_sr_sort.c"
[INFO] [stderr]   running: "cc" "-O0" "-ffunction-sections" "-fdata-sections" "-fPIC" "-g" "-fno-omit-frame-pointer" "-m64" "-I" "/opt/rustwide/target/debug/build/hts-sys-cd5d5dbf4dda1031/out/htslib" "-I" "/opt/rustwide/target/debug/build/libz-sys-e86c4aade6a84a66/out/include" "-o" "/opt/rustwide/target/debug/build/hts-sys-cd5d5dbf4dda1031/out/htslib/bgzf.o" "-c" "/opt/rustwide/target/debug/build/hts-sys-cd5d5dbf4dda1031/out/htslib/bgzf.c"
[INFO] [stderr]   exit status: 0
[INFO] [stderr]   running: "cc" "-O0" "-ffunction-sections" "-fdata-sections" "-fPIC" "-g" "-fno-omit-frame-pointer" "-m64" "-I" "/opt/rustwide/target/debug/build/hts-sys-cd5d5dbf4dda1031/out/htslib" "-I" "/opt/rustwide/target/debug/build/libz-sys-e86c4aade6a84a66/out/include" "-o" "/opt/rustwide/target/debug/build/hts-sys-cd5d5dbf4dda1031/out/htslib/errmod.o" "-c" "/opt/rustwide/target/debug/build/hts-sys-cd5d5dbf4dda1031/out/htslib/errmod.c"
[INFO] [stderr]   running: "cc" "-O0" "-ffunction-sections" "-fdata-sections" "-fPIC" "-g" "-fno-omit-frame-pointer" "-m64" "-I" "/opt/rustwide/target/debug/build/hts-sys-cd5d5dbf4dda1031/out/htslib" "-I" "/opt/rustwide/target/debug/build/libz-sys-e86c4aade6a84a66/out/include" "-o" "/opt/rustwide/target/debug/build/hts-sys-cd5d5dbf4dda1031/out/htslib/faidx.o" "-c" "/opt/rustwide/target/debug/build/hts-sys-cd5d5dbf4dda1031/out/htslib/faidx.c"
[INFO] [stderr]   exit status: 0
[INFO] [stderr]   running: "cc" "-O0" "-ffunction-sections" "-fdata-sections" "-fPIC" "-g" "-fno-omit-frame-pointer" "-m64" "-I" "/opt/rustwide/target/debug/build/hts-sys-cd5d5dbf4dda1031/out/htslib" "-I" "/opt/rustwide/target/debug/build/libz-sys-e86c4aade6a84a66/out/include" "-o" "/opt/rustwide/target/debug/build/hts-sys-cd5d5dbf4dda1031/out/htslib/header.o" "-c" "/opt/rustwide/target/debug/build/hts-sys-cd5d5dbf4dda1031/out/htslib/header.c"
[INFO] [stderr]   exit status: 0
[INFO] [stderr]   exit status: 0
[INFO] [stderr]   running: "cc" "-O0" "-ffunction-sections" "-fdata-sections" "-fPIC" "-g" "-fno-omit-frame-pointer" "-m64" "-I" "/opt/rustwide/target/debug/build/hts-sys-cd5d5dbf4dda1031/out/htslib" "-I" "/opt/rustwide/target/debug/build/libz-sys-e86c4aade6a84a66/out/include" "-o" "/opt/rustwide/target/debug/build/hts-sys-cd5d5dbf4dda1031/out/htslib/hfile.o" "-c" "/opt/rustwide/target/debug/build/hts-sys-cd5d5dbf4dda1031/out/htslib/hfile.c"
[INFO] [stderr]   running: "cc" "-O0" "-ffunction-sections" "-fdata-sections" "-fPIC" "-g" "-fno-omit-frame-pointer" "-m64" "-I" "/opt/rustwide/target/debug/build/hts-sys-cd5d5dbf4dda1031/out/htslib" "-I" "/opt/rustwide/target/debug/build/libz-sys-e86c4aade6a84a66/out/include" "-o" "/opt/rustwide/target/debug/build/hts-sys-cd5d5dbf4dda1031/out/htslib/hfile_net.o" "-c" "/opt/rustwide/target/debug/build/hts-sys-cd5d5dbf4dda1031/out/htslib/hfile_net.c"
[INFO] [stderr]   cargo:warning=/tmp/cc4pw7lW.s: Assembler messages:
[INFO] [stderr]   cargo:warning=/tmp/cc4pw7lW.s: Fatal error: can't write 72 bytes to section .text.ks_mergesort_uint16_t of /opt/rustwide/target/debug/build/hts-sys-cd5d5dbf4dda1031/out/htslib/errmod.o: 'No space left on device'
[INFO] [stderr]   cargo:warning=/tmp/cc4pw7lW.s: Fatal error: /opt/rustwide/target/debug/build/hts-sys-cd5d5dbf4dda1031/out/htslib/errmod.o: No space left on device
[INFO] [stderr]   exit status: 1
[INFO] [stderr]   running: "cc" "-O0" "-ffunction-sections" "-fdata-sections" "-fPIC" "-g" "-fno-omit-frame-pointer" "-m64" "-I" "/opt/rustwide/target/debug/build/hts-sys-cd5d5dbf4dda1031/out/htslib" "-I" "/opt/rustwide/target/debug/build/libz-sys-e86c4aade6a84a66/out/include" "-o" "/opt/rustwide/target/debug/build/hts-sys-cd5d5dbf4dda1031/out/htslib/hts.o" "-c" "/opt/rustwide/target/debug/build/hts-sys-cd5d5dbf4dda1031/out/htslib/hts.c"
[INFO] [stderr]   cargo:warning=/opt/rustwide/target/debug/build/hts-sys-cd5d5dbf4dda1031/out/htslib/hfile_net.c:112:1: fatal error: error writing to /tmp/ccqt14nZ.s: No space left on device
[INFO] [stderr]   cargo:warning=  112 | }
[INFO] [stderr]   cargo:warning=      | ^
[INFO] [stderr]   cargo:warning=compilation terminated.
[INFO] [stderr]   exit status: 1
[INFO] [stderr]   cargo:warning=/opt/rustwide/target/debug/build/hts-sys-cd5d5dbf4dda1031/out/htslib/faidx.c:951:1: fatal error: error writing to /tmp/ccc0HW1l.s: No space left on device
[INFO] [stderr]   cargo:warning=  951 | }
[INFO] [stderr]   cargo:warning=      | ^
[INFO] [stderr]   cargo:warning=compilation terminated.
[INFO] [stderr]   exit status: 1
[INFO] [stderr]   cargo:warning=/opt/rustwide/target/debug/build/hts-sys-cd5d5dbf4dda1031/out/htslib/bgzf.c:2515:1: fatal error: error writing to /tmp/ccc16IUu.s: No space left on device
[INFO] [stderr]   cargo:warning= 2515 | }
[INFO] [stderr]   cargo:warning=      | ^
[INFO] [stderr]   cargo:warning=compilation terminated.
[INFO] [stderr]   exit status: 1
[INFO] [stderr]   cargo:warning=/opt/rustwide/target/debug/build/hts-sys-cd5d5dbf4dda1031/out/htslib/hfile.c:1215:1: fatal error: error writing to /tmp/cc6T998s.s: No space left on device
[INFO] [stderr]   cargo:warning= 1215 | }
[INFO] [stderr]   cargo:warning=      | ^
[INFO] [stderr]   cargo:warning=compilation terminated.
[INFO] [stderr]   cargo:warning=/opt/rustwide/target/debug/build/hts-sys-cd5d5dbf4dda1031/out/htslib/header.c:2735:1: fatal error: error writing to /tmp/ccp1Ifm4.s: No space left on device
[INFO] [stderr]   cargo:warning= 2735 | }
[INFO] [stderr]   cargo:warning=      | ^
[INFO] [stderr]   exit status: 1
[INFO] [stderr]   cargo:warning=compilation terminated.
[INFO] [stderr]   exit status: 1
[INFO] [stderr]   cargo:warning=/opt/rustwide/target/debug/build/hts-sys-cd5d5dbf4dda1031/out/htslib/hts.c:4271:1: fatal error: error writing to /tmp/ccJafrRZ.s: No space left on device
[INFO] [stderr]   cargo:warning= 4271 | }
[INFO] [stderr]   cargo:warning=      | ^
[INFO] [stderr]   cargo:warning=compilation terminated.
[INFO] [stderr]   exit status: 1
[INFO] [stderr] 
[INFO] [stderr]   --- stderr
[INFO] [stderr] 
[INFO] [stderr] 
[INFO] [stderr]   error occurred: Command "cc" "-O0" "-ffunction-sections" "-fdata-sections" "-fPIC" "-g" "-fno-omit-frame-pointer" "-m64" "-I" "/opt/rustwide/target/debug/build/hts-sys-cd5d5dbf4dda1031/out/htslib" "-I" "/opt/rustwide/target/debug/build/libz-sys-e86c4aade6a84a66/out/include" "-o" "/opt/rustwide/target/debug/build/hts-sys-cd5d5dbf4dda1031/out/htslib/bgzf.o" "-c" "/opt/rustwide/target/debug/build/hts-sys-cd5d5dbf4dda1031/out/htslib/bgzf.c" with args "cc" did not execute successfully (status code exit status: 1).
[INFO] [stderr] 
[INFO] [stderr] 
[INFO] [stdout] error: couldn't create a temp dir: No space left on device (os error 28) at path "/opt/rustwide/target/debug/deps/rmetaVPvUo3"
[INFO] [stdout] 
[INFO] [stdout] 
[INFO] [stderr] error: could not compile `syn` (lib) due to 1 previous error
[INFO] running `Command { std: "docker" "inspect" "13737de770ae6bbb144547dec3764e52318e479174bcfc5a553ad7b31d5882a4", kill_on_drop: false }`
[INFO] running `Command { std: "docker" "rm" "-f" "13737de770ae6bbb144547dec3764e52318e479174bcfc5a553ad7b31d5882a4", kill_on_drop: false }`
[INFO] [stdout] 13737de770ae6bbb144547dec3764e52318e479174bcfc5a553ad7b31d5882a4
[INFO] checking snystrom/bamf against nightly-2024-02-05+rustflags=-Dunexpected_cfgs+cargoflags=-Zcheck-cfg for check-cfg
[INFO] running `Command { std: "git" "clone" "/workspace/cache/git-repos/https%3A%2F%2Fgithub.com%2Fsnystrom%2Fbamf" "/workspace/builds/worker-0-tc2/source", kill_on_drop: false }`
[INFO] [stderr] fatal: could not create leading directories of '/workspace/builds/worker-0-tc2/source': No space left on device
[INFO] checking snystrom/bamf against nightly-2024-02-05+rustflags=-Dunexpected_cfgs+cargoflags=-Zcheck-cfg for check-cfg
[INFO] running `Command { std: "git" "clone" "/workspace/cache/git-repos/https%3A%2F%2Fgithub.com%2Fsnystrom%2Fbamf" "/workspace/builds/worker-0-tc2/source", kill_on_drop: false }`
[INFO] [stderr] fatal: could not create leading directories of '/workspace/builds/worker-0-tc2/source': No space left on device
[INFO] checking snystrom/bamf against nightly-2024-02-05+rustflags=-Dunexpected_cfgs+cargoflags=-Zcheck-cfg for check-cfg
[INFO] running `Command { std: "git" "clone" "/workspace/cache/git-repos/https%3A%2F%2Fgithub.com%2Fsnystrom%2Fbamf" "/workspace/builds/worker-0-tc2/source", kill_on_drop: false }`
[INFO] [stderr] fatal: could not create leading directories of '/workspace/builds/worker-0-tc2/source': No space left on device
[INFO] checking snystrom/bamf against nightly-2024-02-05+rustflags=-Dunexpected_cfgs+cargoflags=-Zcheck-cfg for check-cfg
[INFO] running `Command { std: "git" "clone" "/workspace/cache/git-repos/https%3A%2F%2Fgithub.com%2Fsnystrom%2Fbamf" "/workspace/builds/worker-0-tc2/source", kill_on_drop: false }`
[INFO] [stderr] fatal: could not create leading directories of '/workspace/builds/worker-0-tc2/source': No space left on device
[INFO] checking snystrom/bamf against nightly-2024-02-05+rustflags=-Dunexpected_cfgs+cargoflags=-Zcheck-cfg for check-cfg
[INFO] running `Command { std: "git" "clone" "/workspace/cache/git-repos/https%3A%2F%2Fgithub.com%2Fsnystrom%2Fbamf" "/workspace/builds/worker-0-tc2/source", kill_on_drop: false }`
[INFO] [stderr] fatal: could not create leading directories of '/workspace/builds/worker-0-tc2/source': No space left on device
[ERROR] this task or one of its parent failed!
[ERROR] failed to checkout https://github.com/snystrom/bamf
[ERROR] caused by: command failed: exit status: 128
[ERROR] note: run with `RUST_BACKTRACE=1` to display a backtrace.
