[INFO] cloning repository https://github.com/shelmesky/rust_kernel
[INFO] running `Command { std: "git" "-c" "credential.helper=" "-c" "credential.helper=/workspace/cargo-home/bin/git-credential-null" "clone" "--bare" "https://github.com/shelmesky/rust_kernel" "/workspace/cache/git-repos/https%3A%2F%2Fgithub.com%2Fshelmesky%2Frust_kernel", kill_on_drop: false }`
[INFO] [stderr] Cloning into bare repository '/workspace/cache/git-repos/https%3A%2F%2Fgithub.com%2Fshelmesky%2Frust_kernel'...
[INFO] running `Command { std: "git" "rev-parse" "HEAD", kill_on_drop: false }`
[INFO] [stdout] 47be8e66c79927ba21247c7a7b090651b5459e80
[INFO] checking shelmesky/rust_kernel against nightly-2024-02-05 for check-cfg
[INFO] running `Command { std: "git" "clone" "/workspace/cache/git-repos/https%3A%2F%2Fgithub.com%2Fshelmesky%2Frust_kernel" "/workspace/builds/worker-5-tc1/source", kill_on_drop: false }`
[INFO] [stderr] Cloning into '/workspace/builds/worker-5-tc1/source'...
[INFO] [stderr] done.
[INFO] validating manifest of git repo https://github.com/shelmesky/rust_kernel on toolchain nightly-2024-02-05
[INFO] running `Command { std: CARGO_HOME="/workspace/cargo-home" RUSTUP_HOME="/workspace/rustup-home" "/workspace/cargo-home/bin/cargo" "+nightly-2024-02-05" "metadata" "--manifest-path" "Cargo.toml" "--no-deps", kill_on_drop: false }`
[INFO] started tweaking git repo https://github.com/shelmesky/rust_kernel
[INFO] finished tweaking git repo https://github.com/shelmesky/rust_kernel
[INFO] tweaked toml for git repo https://github.com/shelmesky/rust_kernel written to /workspace/builds/worker-5-tc1/source/Cargo.toml
[INFO] crate git repo https://github.com/shelmesky/rust_kernel already has a lockfile, it will not be regenerated
[INFO] running `Command { std: CARGO_HOME="/workspace/cargo-home" RUSTUP_HOME="/workspace/rustup-home" "/workspace/cargo-home/bin/cargo" "+nightly-2024-02-05" "fetch" "--manifest-path" "Cargo.toml", kill_on_drop: false }`
[INFO] [stderr]     Blocking waiting for file lock on package cache
[ERROR] error running command: no output for 300 seconds
[ERROR] this task or one of its parent failed!
[ERROR] no output for 300 seconds
[ERROR] note: run with `RUST_BACKTRACE=1` to display a backtrace.
[INFO] checking shelmesky/rust_kernel against nightly-2024-02-05+rustflags=-Dunexpected_cfgs+cargoflags=-Zcheck-cfg for check-cfg
[INFO] running `Command { std: "git" "clone" "/workspace/cache/git-repos/https%3A%2F%2Fgithub.com%2Fshelmesky%2Frust_kernel" "/workspace/builds/worker-5-tc2/source", kill_on_drop: false }`
[INFO] [stderr] Cloning into '/workspace/builds/worker-5-tc2/source'...
[INFO] [stderr] done.
[INFO] validating manifest of git repo https://github.com/shelmesky/rust_kernel on toolchain nightly-2024-02-05
[INFO] running `Command { std: CARGO_HOME="/workspace/cargo-home" RUSTUP_HOME="/workspace/rustup-home" "/workspace/cargo-home/bin/cargo" "+nightly-2024-02-05" "metadata" "--manifest-path" "Cargo.toml" "--no-deps", kill_on_drop: false }`
[INFO] started tweaking git repo https://github.com/shelmesky/rust_kernel
[INFO] finished tweaking git repo https://github.com/shelmesky/rust_kernel
[INFO] tweaked toml for git repo https://github.com/shelmesky/rust_kernel written to /workspace/builds/worker-5-tc2/source/Cargo.toml
[INFO] crate git repo https://github.com/shelmesky/rust_kernel already has a lockfile, it will not be regenerated
[INFO] running `Command { std: CARGO_HOME="/workspace/cargo-home" RUSTUP_HOME="/workspace/rustup-home" "/workspace/cargo-home/bin/cargo" "+nightly-2024-02-05" "fetch" "--manifest-path" "Cargo.toml", kill_on_drop: false }`
[INFO] [stderr]     Blocking waiting for file lock on package cache
[INFO] [stderr]     Blocking waiting for file lock on package cache
[ERROR] error running command: no output for 300 seconds
[INFO] checking shelmesky/rust_kernel against nightly-2024-02-05+rustflags=-Dunexpected_cfgs+cargoflags=-Zcheck-cfg for check-cfg
[INFO] running `Command { std: "git" "clone" "/workspace/cache/git-repos/https%3A%2F%2Fgithub.com%2Fshelmesky%2Frust_kernel" "/workspace/builds/worker-5-tc2/source", kill_on_drop: false }`
[INFO] [stderr] Cloning into '/workspace/builds/worker-5-tc2/source'...
[INFO] [stderr] done.
[INFO] validating manifest of git repo https://github.com/shelmesky/rust_kernel on toolchain nightly-2024-02-05
[INFO] running `Command { std: CARGO_HOME="/workspace/cargo-home" RUSTUP_HOME="/workspace/rustup-home" "/workspace/cargo-home/bin/cargo" "+nightly-2024-02-05" "metadata" "--manifest-path" "Cargo.toml" "--no-deps", kill_on_drop: false }`
[INFO] started tweaking git repo https://github.com/shelmesky/rust_kernel
[INFO] finished tweaking git repo https://github.com/shelmesky/rust_kernel
[INFO] tweaked toml for git repo https://github.com/shelmesky/rust_kernel written to /workspace/builds/worker-5-tc2/source/Cargo.toml
[INFO] crate git repo https://github.com/shelmesky/rust_kernel already has a lockfile, it will not be regenerated
[INFO] running `Command { std: CARGO_HOME="/workspace/cargo-home" RUSTUP_HOME="/workspace/rustup-home" "/workspace/cargo-home/bin/cargo" "+nightly-2024-02-05" "fetch" "--manifest-path" "Cargo.toml", kill_on_drop: false }`
[INFO] [stderr]     Blocking waiting for file lock on package cache
[INFO] [stderr]     Blocking waiting for file lock on package cache
[INFO] running `Command { std: "docker" "create" "-v" "/var/lib/crater-agent-workspace/builds/worker-5-tc2/target:/opt/rustwide/target:rw,Z" "-v" "/var/lib/crater-agent-workspace/builds/worker-5-tc2/source:/opt/rustwide/workdir:ro,Z" "-v" "/var/lib/crater-agent-workspace/cargo-home:/opt/rustwide/cargo-home:ro,Z" "-v" "/var/lib/crater-agent-workspace/rustup-home:/opt/rustwide/rustup-home:ro,Z" "-e" "SOURCE_DIR=/opt/rustwide/workdir" "-e" "CARGO_TARGET_DIR=/opt/rustwide/target" "-e" "CARGO_HOME=/opt/rustwide/cargo-home" "-e" "RUSTUP_HOME=/opt/rustwide/rustup-home" "-w" "/opt/rustwide/workdir" "-m" "1610612736" "--user" "0:0" "--network" "none" "ghcr.io/rust-lang/crates-build-env/linux@sha256:2788e3201cd34a07e3172128adcd8b3090168a8e3bcc40d7c032b9dda1df7d1c" "/opt/rustwide/cargo-home/bin/cargo" "+nightly-2024-02-05" "metadata" "--no-deps" "--format-version=1", kill_on_drop: false }`
[INFO] [stdout] 54bfb9833e36375c0af49e985a94ee366a162b5e2d5a37cd6c6b03aa8bb917ea
[INFO] running `Command { std: "docker" "start" "-a" "54bfb9833e36375c0af49e985a94ee366a162b5e2d5a37cd6c6b03aa8bb917ea", kill_on_drop: false }`
[INFO] running `Command { std: "docker" "inspect" "54bfb9833e36375c0af49e985a94ee366a162b5e2d5a37cd6c6b03aa8bb917ea", kill_on_drop: false }`
[INFO] running `Command { std: "docker" "rm" "-f" "54bfb9833e36375c0af49e985a94ee366a162b5e2d5a37cd6c6b03aa8bb917ea", kill_on_drop: false }`
[INFO] [stdout] 54bfb9833e36375c0af49e985a94ee366a162b5e2d5a37cd6c6b03aa8bb917ea
[INFO] running `Command { std: "docker" "create" "-v" "/var/lib/crater-agent-workspace/builds/worker-5-tc2/target:/opt/rustwide/target:rw,Z" "-v" "/var/lib/crater-agent-workspace/builds/worker-5-tc2/source:/opt/rustwide/workdir:ro,Z" "-v" "/var/lib/crater-agent-workspace/cargo-home:/opt/rustwide/cargo-home:ro,Z" "-v" "/var/lib/crater-agent-workspace/rustup-home:/opt/rustwide/rustup-home:ro,Z" "-e" "SOURCE_DIR=/opt/rustwide/workdir" "-e" "CARGO_TARGET_DIR=/opt/rustwide/target" "-e" "CARGO_INCREMENTAL=0" "-e" "RUST_BACKTRACE=full" "-e" "RUSTFLAGS=--cap-lints=forbid -Dunexpected_cfgs" "-e" "RUSTDOCFLAGS=--cap-lints=forbid" "-e" "CARGO_HOME=/opt/rustwide/cargo-home" "-e" "RUSTUP_HOME=/opt/rustwide/rustup-home" "-w" "/opt/rustwide/workdir" "-m" "1610612736" "--user" "0:0" "--network" "none" "ghcr.io/rust-lang/crates-build-env/linux@sha256:2788e3201cd34a07e3172128adcd8b3090168a8e3bcc40d7c032b9dda1df7d1c" "/opt/rustwide/cargo-home/bin/cargo" "+nightly-2024-02-05" "check" "--frozen" "--all" "--all-targets" "--message-format=json" "-Zcheck-cfg", kill_on_drop: false }`
[INFO] [stdout] d2797bd27c4ca1baa767f5606dab03e0d2bcc0ba46dcf90a32107039fe64c5ff
[INFO] running `Command { std: "docker" "start" "-a" "d2797bd27c4ca1baa767f5606dab03e0d2bcc0ba46dcf90a32107039fe64c5ff", kill_on_drop: false }`
[INFO] [stderr]    Compiling bitflags v1.2.1
[INFO] [stderr]    Compiling llvm-tools v0.1.1
[INFO] [stderr]     Checking nodrop v0.1.14
[INFO] [stderr]     Checking zero v0.1.2
[INFO] [stderr]     Checking cast v0.2.2
[INFO] [stderr]     Checking bit_field v0.9.0
[INFO] [stderr]     Checking ux v0.1.3
[INFO] [stderr]     Checking array-init v0.0.4
[INFO] [stderr]    Compiling bootloader v0.6.4
[INFO] [stderr]     Checking xmas-elf v0.6.2
[INFO] [stderr]     Checking fixedvec v0.2.4
[INFO] [stderr]     Checking usize_conversions v0.2.0
[INFO] [stderr]     Checking x86_64 v0.7.5
[INFO] [stdout] error[E0557]: feature has been removed
[INFO] [stdout]  --> /opt/rustwide/cargo-home/registry/src/index.crates.io-6f17d22bba15001f/x86_64-0.7.5/src/lib.rs:4:12
[INFO] [stdout]   |
[INFO] [stdout] 4 | #![feature(const_fn)]
[INFO] [stdout]   |            ^^^^^^^^ feature has been removed
[INFO] [stdout]   |
[INFO] [stdout]   = note: split into finer-grained feature gates
[INFO] [stdout] 
[INFO] [stdout] 
[INFO] [stdout] error[E0557]: feature has been removed
[INFO] [stdout]  --> /opt/rustwide/cargo-home/registry/src/index.crates.io-6f17d22bba15001f/x86_64-0.7.5/src/lib.rs:4:12
[INFO] [stdout]   |
[INFO] [stdout] 4 | #![feature(const_fn)]
[INFO] [stdout]   |            ^^^^^^^^ feature has been removed
[INFO] [stdout]   |
[INFO] [stdout]   = note: split into finer-grained feature gates
[INFO] [stdout] 
[INFO] [stdout] 
[INFO] [stdout] error: cannot find macro `asm` in this scope
[INFO] [stdout]   --> /opt/rustwide/cargo-home/registry/src/index.crates.io-6f17d22bba15001f/x86_64-0.7.5/src/registers/rflags.rs:96:18
[INFO] [stdout]    |
[INFO] [stdout] 96 |         unsafe { asm!("pushq $0; popfq" :: "r"(val) : "memory" "flags") };
[INFO] [stdout]    |                  ^^^
[INFO] [stdout]    |
[INFO] [stdout] help: consider importing this macro
[INFO] [stdout]    |
[INFO] [stdout] 67 +     use core::arch::asm;
[INFO] [stdout]    |
[INFO] [stdout] 
[INFO] [stdout] 
[INFO] [stdout] error: cannot find macro `asm` in this scope
[INFO] [stdout]   --> /opt/rustwide/cargo-home/registry/src/index.crates.io-6f17d22bba15001f/x86_64-0.7.5/src/registers/rflags.rs:79:18
[INFO] [stdout]    |
[INFO] [stdout] 79 |         unsafe { asm!("pushfq; popq $0" : "=r"(r) :: "memory") };
[INFO] [stdout]    |                  ^^^
[INFO] [stdout]    |
[INFO] [stdout] help: consider importing this macro
[INFO] [stdout]    |
[INFO] [stdout] 67 +     use core::arch::asm;
[INFO] [stdout]    |
[INFO] [stdout] 
[INFO] [stdout] 
[INFO] [stdout] error: cannot find macro `asm` in this scope
[INFO] [stdout]    --> /opt/rustwide/cargo-home/registry/src/index.crates.io-6f17d22bba15001f/x86_64-0.7.5/src/registers/control.rs:151:13
[INFO] [stdout]     |
[INFO] [stdout] 151 |             asm!("mov $0, %cr3" :: "r" (value) : "memory")
[INFO] [stdout]     |             ^^^
[INFO] [stdout]     |
[INFO] [stdout] help: consider importing this macro
[INFO] [stdout]     |
[INFO] [stdout] 66  +     use core::arch::asm;
[INFO] [stdout]     |
[INFO] [stdout] 
[INFO] [stdout] 
[INFO] [stdout] error: cannot find macro `asm` in this scope
[INFO] [stdout]    --> /opt/rustwide/cargo-home/registry/src/index.crates.io-6f17d22bba15001f/x86_64-0.7.5/src/registers/control.rs:102:13
[INFO] [stdout]     |
[INFO] [stdout] 102 |             asm!("mov $0, %cr0" :: "r" (value) : "memory")
[INFO] [stdout]     |             ^^^
[INFO] [stdout]     |
[INFO] [stdout] help: consider importing this macro
[INFO] [stdout]     |
[INFO] [stdout] 66  +     use core::arch::asm;
[INFO] [stdout]     |
[INFO] [stdout] 
[INFO] [stdout] 
[INFO] [stdout] error: cannot find macro `asm` in this scope
[INFO] [stdout]  --> /opt/rustwide/cargo-home/registry/src/index.crates.io-6f17d22bba15001f/x86_64-0.7.5/src/instructions/tlb.rs:8:14
[INFO] [stdout]   |
[INFO] [stdout] 8 |     unsafe { asm!("invlpg ($0)" :: "r" (addr.as_u64()) : "memory") };
[INFO] [stdout]   |              ^^^
[INFO] [stdout]   |
[INFO] [stdout] help: consider importing this macro
[INFO] [stdout]   |
[INFO] [stdout] 3 + use core::arch::asm;
[INFO] [stdout]   |
[INFO] [stdout] 
[INFO] [stdout] 
[INFO] [stdout] error: cannot find macro `asm` in this scope
[INFO] [stdout]   --> /opt/rustwide/cargo-home/registry/src/index.crates.io-6f17d22bba15001f/x86_64-0.7.5/src/instructions/segmentation.rs:63:14
[INFO] [stdout]    |
[INFO] [stdout] 63 |     unsafe { asm!("mov %cs, $0" : "=r" (segment) ) };
[INFO] [stdout]    |              ^^^
[INFO] [stdout]    |
[INFO] [stdout] help: consider importing this macro
[INFO] [stdout]    |
[INFO] [stdout] 3  + use core::arch::asm;
[INFO] [stdout]    |
[INFO] [stdout] 
[INFO] [stdout] 
[INFO] [stdout] error: cannot find macro `asm` in this scope
[INFO] [stdout]   --> /opt/rustwide/cargo-home/registry/src/index.crates.io-6f17d22bba15001f/x86_64-0.7.5/src/registers/mod.rs:13:9
[INFO] [stdout]    |
[INFO] [stdout] 13 |         asm!(
[INFO] [stdout]    |         ^^^
[INFO] [stdout]    |
[INFO] [stdout] help: consider importing this macro
[INFO] [stdout]    |
[INFO] [stdout] 3  + use core::arch::asm;
[INFO] [stdout]    |
[INFO] [stdout] 
[INFO] [stdout] 
[INFO] [stdout] error: cannot find macro `asm` in this scope
[INFO] [stdout]   --> /opt/rustwide/cargo-home/registry/src/index.crates.io-6f17d22bba15001f/x86_64-0.7.5/src/registers/model_specific.rs:91:13
[INFO] [stdout]    |
[INFO] [stdout] 91 |             asm!("wrmsr" :: "{ecx}" (self.0), "{eax}" (low), "{edx}" (high) : "memory" : "volatile" );
[INFO] [stdout]    |             ^^^
[INFO] [stdout]    |
[INFO] [stdout] help: consider importing this macro
[INFO] [stdout]    |
[INFO] [stdout] 76 +     use core::arch::asm;
[INFO] [stdout]    |
[INFO] [stdout] 
[INFO] [stdout] 
[INFO] [stdout] error: cannot find macro `asm` in this scope
[INFO] [stdout]   --> /opt/rustwide/cargo-home/registry/src/index.crates.io-6f17d22bba15001f/x86_64-0.7.5/src/registers/model_specific.rs:83:13
[INFO] [stdout]    |
[INFO] [stdout] 83 |             asm!("rdmsr" : "={eax}" (low), "={edx}" (high) : "{ecx}" (self.0) : "memory" : "volatile");
[INFO] [stdout]    |             ^^^
[INFO] [stdout]    |
[INFO] [stdout] help: consider importing this macro
[INFO] [stdout]    |
[INFO] [stdout] 76 +     use core::arch::asm;
[INFO] [stdout]    |
[INFO] [stdout] 
[INFO] [stdout] 
[INFO] [stdout] error: cannot find macro `asm` in this scope
[INFO] [stdout]    --> /opt/rustwide/cargo-home/registry/src/index.crates.io-6f17d22bba15001f/x86_64-0.7.5/src/registers/control.rs:135:17
[INFO] [stdout]     |
[INFO] [stdout] 135 |                 asm!("mov %cr3, $0" : "=r" (value));
[INFO] [stdout]     |                 ^^^
[INFO] [stdout]     |
[INFO] [stdout] help: consider importing this macro
[INFO] [stdout]     |
[INFO] [stdout] 66  +     use core::arch::asm;
[INFO] [stdout]     |
[INFO] [stdout] 
[INFO] [stdout] 
[INFO] [stdout] error: cannot find macro `asm` in this scope
[INFO] [stdout]    --> /opt/rustwide/cargo-home/registry/src/index.crates.io-6f17d22bba15001f/x86_64-0.7.5/src/registers/control.rs:124:17
[INFO] [stdout]     |
[INFO] [stdout] 124 |                 asm!("mov %cr2, $0" : "=r" (value));
[INFO] [stdout]     |                 ^^^
[INFO] [stdout]     |
[INFO] [stdout] help: consider importing this macro
[INFO] [stdout]     |
[INFO] [stdout] 66  +     use core::arch::asm;
[INFO] [stdout]     |
[INFO] [stdout] 
[INFO] [stdout] 
[INFO] [stdout] error: cannot find macro `asm` in this scope
[INFO] [stdout]   --> /opt/rustwide/cargo-home/registry/src/index.crates.io-6f17d22bba15001f/x86_64-0.7.5/src/registers/control.rs:80:17
[INFO] [stdout]    |
[INFO] [stdout] 80 |                 asm!("mov %cr0, $0" : "=r" (value));
[INFO] [stdout]    |                 ^^^
[INFO] [stdout]    |
[INFO] [stdout] help: consider importing this macro
[INFO] [stdout]    |
[INFO] [stdout] 66 +     use core::arch::asm;
[INFO] [stdout]    |
[INFO] [stdout] 
[INFO] [stdout] 
[INFO] [stdout] error: cannot find macro `asm` in this scope
[INFO] [stdout]   --> /opt/rustwide/cargo-home/registry/src/index.crates.io-6f17d22bba15001f/x86_64-0.7.5/src/instructions/mod.rs:25:9
[INFO] [stdout]    |
[INFO] [stdout] 25 |         asm!("xchgw %bx, %bx" :::: "volatile");
[INFO] [stdout]    |         ^^^
[INFO] [stdout]    |
[INFO] [stdout] help: consider importing this macro
[INFO] [stdout]    |
[INFO] [stdout] 5  + use core::arch::asm;
[INFO] [stdout]    |
[INFO] [stdout] 
[INFO] [stdout] 
[INFO] [stdout] error: cannot find macro `asm` in this scope
[INFO] [stdout]   --> /opt/rustwide/cargo-home/registry/src/index.crates.io-6f17d22bba15001f/x86_64-0.7.5/src/instructions/mod.rs:16:9
[INFO] [stdout]    |
[INFO] [stdout] 16 |         asm!("hlt" :::: "volatile");
[INFO] [stdout]    |         ^^^
[INFO] [stdout]    |
[INFO] [stdout] help: consider importing this macro
[INFO] [stdout]    |
[INFO] [stdout] 5  + use core::arch::asm;
[INFO] [stdout]    |
[INFO] [stdout] 
[INFO] [stdout] 
[INFO] [stdout] error: cannot find macro `asm` in this scope
[INFO] [stdout]   --> /opt/rustwide/cargo-home/registry/src/index.crates.io-6f17d22bba15001f/x86_64-0.7.5/src/instructions/tables.rs:26:5
[INFO] [stdout]    |
[INFO] [stdout] 26 |     asm!("ltr $0" :: "r" (sel.0));
[INFO] [stdout]    |     ^^^
[INFO] [stdout]    |
[INFO] [stdout] help: consider importing this macro
[INFO] [stdout]    |
[INFO] [stdout] 3  + use core::arch::asm;
[INFO] [stdout]    |
[INFO] [stdout] 
[INFO] [stdout] 
[INFO] [stdout] error: cannot find macro `asm` in this scope
[INFO] [stdout]   --> /opt/rustwide/cargo-home/registry/src/index.crates.io-6f17d22bba15001f/x86_64-0.7.5/src/instructions/tables.rs:20:5
[INFO] [stdout]    |
[INFO] [stdout] 20 |     asm!("lidt ($0)" :: "r" (idt) : "memory");
[INFO] [stdout]    |     ^^^
[INFO] [stdout]    |
[INFO] [stdout] help: consider importing this macro
[INFO] [stdout]    |
[INFO] [stdout] 3  + use core::arch::asm;
[INFO] [stdout]    |
[INFO] [stdout] 
[INFO] [stdout] 
[INFO] [stdout] error: cannot find macro `asm` in this scope
[INFO] [stdout]   --> /opt/rustwide/cargo-home/registry/src/index.crates.io-6f17d22bba15001f/x86_64-0.7.5/src/instructions/tables.rs:12:5
[INFO] [stdout]    |
[INFO] [stdout] 12 |     asm!("lgdt ($0)" :: "r" (gdt) : "memory");
[INFO] [stdout]    |     ^^^
[INFO] [stdout]    |
[INFO] [stdout] help: consider importing this macro
[INFO] [stdout]    |
[INFO] [stdout] 3  + use core::arch::asm;
[INFO] [stdout]    |
[INFO] [stdout] 
[INFO] [stdout] 
[INFO] [stdout] error: cannot find macro `asm` in this scope
[INFO] [stdout]   --> /opt/rustwide/cargo-home/registry/src/index.crates.io-6f17d22bba15001f/x86_64-0.7.5/src/instructions/segmentation.rs:57:5
[INFO] [stdout]    |
[INFO] [stdout] 57 |     asm!("swapgs" ::: "memory" : "volatile");
[INFO] [stdout]    |     ^^^
[INFO] [stdout]    |
[INFO] [stdout] help: consider importing this macro
[INFO] [stdout]    |
[INFO] [stdout] 3  + use core::arch::asm;
[INFO] [stdout]    |
[INFO] [stdout] 
[INFO] [stdout] 
[INFO] [stdout] error: cannot find macro `asm` in this scope
[INFO] [stdout]   --> /opt/rustwide/cargo-home/registry/src/index.crates.io-6f17d22bba15001f/x86_64-0.7.5/src/instructions/segmentation.rs:51:5
[INFO] [stdout]    |
[INFO] [stdout] 51 |     asm!("movw $0, %gs " :: "r" (sel.0) : "memory");
[INFO] [stdout]    |     ^^^
[INFO] [stdout]    |
[INFO] [stdout] help: consider importing this macro
[INFO] [stdout]    |
[INFO] [stdout] 3  + use core::arch::asm;
[INFO] [stdout]    |
[INFO] [stdout] 
[INFO] [stdout] 
[INFO] [stdout] error: cannot find macro `asm` in this scope
[INFO] [stdout]   --> /opt/rustwide/cargo-home/registry/src/index.crates.io-6f17d22bba15001f/x86_64-0.7.5/src/instructions/segmentation.rs:45:5
[INFO] [stdout]    |
[INFO] [stdout] 45 |     asm!("movw $0, %fs " :: "r" (sel.0) : "memory");
[INFO] [stdout]    |     ^^^
[INFO] [stdout]    |
[INFO] [stdout] help: consider importing this macro
[INFO] [stdout]    |
[INFO] [stdout] 3  + use core::arch::asm;
[INFO] [stdout]    |
[INFO] [stdout] 
[INFO] [stdout] 
[INFO] [stdout] error: cannot find macro `asm` in this scope
[INFO] [stdout]   --> /opt/rustwide/cargo-home/registry/src/index.crates.io-6f17d22bba15001f/x86_64-0.7.5/src/instructions/segmentation.rs:39:5
[INFO] [stdout]    |
[INFO] [stdout] 39 |     asm!("movw $0, %es " :: "r" (sel.0) : "memory");
[INFO] [stdout]    |     ^^^
[INFO] [stdout]    |
[INFO] [stdout] help: consider importing this macro
[INFO] [stdout]    |
[INFO] [stdout] 3  + use core::arch::asm;
[INFO] [stdout]    |
[INFO] [stdout] 
[INFO] [stdout] 
[INFO] [stdout] error: cannot find macro `asm` in this scope
[INFO] [stdout]   --> /opt/rustwide/cargo-home/registry/src/index.crates.io-6f17d22bba15001f/x86_64-0.7.5/src/instructions/segmentation.rs:33:5
[INFO] [stdout]    |
[INFO] [stdout] 33 |     asm!("movw $0, %ds " :: "r" (sel.0) : "memory");
[INFO] [stdout]    |     ^^^
[INFO] [stdout]    |
[INFO] [stdout] help: consider importing this macro
[INFO] [stdout]    |
[INFO] [stdout] 3  + use core::arch::asm;
[INFO] [stdout]    |
[INFO] [stdout] 
[INFO] [stdout] 
[INFO] [stdout] error: cannot find macro `asm` in this scope
[INFO] [stdout]   --> /opt/rustwide/cargo-home/registry/src/index.crates.io-6f17d22bba15001f/x86_64-0.7.5/src/instructions/segmentation.rs:27:5
[INFO] [stdout]    |
[INFO] [stdout] 27 |     asm!("movw $0, %ss " :: "r" (sel.0) : "memory");
[INFO] [stdout]    |     ^^^
[INFO] [stdout]    |
[INFO] [stdout] help: consider importing this macro
[INFO] [stdout]    |
[INFO] [stdout] 3  + use core::arch::asm;
[INFO] [stdout]    |
[INFO] [stdout] 
[INFO] [stdout] 
[INFO] [stdout] error: cannot find macro `asm` in this scope
[INFO] [stdout]   --> /opt/rustwide/cargo-home/registry/src/index.crates.io-6f17d22bba15001f/x86_64-0.7.5/src/instructions/segmentation.rs:14:9
[INFO] [stdout]    |
[INFO] [stdout] 14 |         asm!("pushq $0; \
[INFO] [stdout]    |         ^^^
[INFO] [stdout]    |
[INFO] [stdout] help: consider importing this macro
[INFO] [stdout]    |
[INFO] [stdout] 3  + use core::arch::asm;
[INFO] [stdout]    |
[INFO] [stdout] 
[INFO] [stdout] 
[INFO] [stdout] error: cannot find macro `asm` in this scope
[INFO] [stdout]   --> /opt/rustwide/cargo-home/registry/src/index.crates.io-6f17d22bba15001f/x86_64-0.7.5/src/instructions/port.rs:51:9
[INFO] [stdout]    |
[INFO] [stdout] 51 |         asm!("outl %eax, %dx" :: "{dx}"(port), "{eax}"(value) :: "volatile");
[INFO] [stdout]    |         ^^^
[INFO] [stdout]    |
[INFO] [stdout] help: consider importing this macro
[INFO] [stdout]    |
[INFO] [stdout] 3  + use core::arch::asm;
[INFO] [stdout]    |
[INFO] [stdout] 
[INFO] [stdout] 
[INFO] [stdout] error: cannot find macro `asm` in this scope
[INFO] [stdout]   --> /opt/rustwide/cargo-home/registry/src/index.crates.io-6f17d22bba15001f/x86_64-0.7.5/src/instructions/port.rs:44:9
[INFO] [stdout]    |
[INFO] [stdout] 44 |         asm!("outw %ax, %dx" :: "{dx}"(port), "{ax}"(value) :: "volatile");
[INFO] [stdout]    |         ^^^
[INFO] [stdout]    |
[INFO] [stdout] help: consider importing this macro
[INFO] [stdout]    |
[INFO] [stdout] 3  + use core::arch::asm;
[INFO] [stdout]    |
[INFO] [stdout] 
[INFO] [stdout] 
[INFO] [stdout] error: cannot find macro `asm` in this scope
[INFO] [stdout]   --> /opt/rustwide/cargo-home/registry/src/index.crates.io-6f17d22bba15001f/x86_64-0.7.5/src/instructions/port.rs:37:9
[INFO] [stdout]    |
[INFO] [stdout] 37 |         asm!("outb %al, %dx" :: "{dx}"(port), "{al}"(value) :: "volatile");
[INFO] [stdout]    |         ^^^
[INFO] [stdout]    |
[INFO] [stdout] help: consider importing this macro
[INFO] [stdout]    |
[INFO] [stdout] 3  + use core::arch::asm;
[INFO] [stdout]    |
[INFO] [stdout] 
[INFO] [stdout] 
[INFO] [stdout] error: cannot find macro `asm` in this scope
[INFO] [stdout]   --> /opt/rustwide/cargo-home/registry/src/index.crates.io-6f17d22bba15001f/x86_64-0.7.5/src/instructions/port.rs:29:9
[INFO] [stdout]    |
[INFO] [stdout] 29 |         asm!("inl %dx, %eax" : "={eax}"(value) : "{dx}"(port) :: "volatile");
[INFO] [stdout]    |         ^^^
[INFO] [stdout]    |
[INFO] [stdout] help: consider importing this macro
[INFO] [stdout]    |
[INFO] [stdout] 3  + use core::arch::asm;
[INFO] [stdout]    |
[INFO] [stdout] 
[INFO] [stdout] 
[INFO] [stdout] error: cannot find macro `asm` in this scope
[INFO] [stdout]   --> /opt/rustwide/cargo-home/registry/src/index.crates.io-6f17d22bba15001f/x86_64-0.7.5/src/instructions/port.rs:20:9
[INFO] [stdout]    |
[INFO] [stdout] 20 |         asm!("inw %dx, %ax" : "={ax}"(value) : "{dx}"(port) :: "volatile");
[INFO] [stdout]    |         ^^^
[INFO] [stdout]    |
[INFO] [stdout] help: consider importing this macro
[INFO] [stdout]    |
[INFO] [stdout] 3  + use core::arch::asm;
[INFO] [stdout]    |
[INFO] [stdout] 
[INFO] [stdout] 
[INFO] [stdout] error: cannot find macro `asm` in this scope
[INFO] [stdout]   --> /opt/rustwide/cargo-home/registry/src/index.crates.io-6f17d22bba15001f/x86_64-0.7.5/src/instructions/port.rs:11:9
[INFO] [stdout]    |
[INFO] [stdout] 11 |         asm!("inb %dx, %al" : "={al}"(value) : "{dx}"(port) :: "volatile");
[INFO] [stdout]    |         ^^^
[INFO] [stdout]    |
[INFO] [stdout] help: consider importing this macro
[INFO] [stdout]    |
[INFO] [stdout] 3  + use core::arch::asm;
[INFO] [stdout]    |
[INFO] [stdout] 
[INFO] [stdout] 
[INFO] [stdout] error: cannot find macro `asm` in this scope
[INFO] [stdout]   --> /opt/rustwide/cargo-home/registry/src/index.crates.io-6f17d22bba15001f/x86_64-0.7.5/src/instructions/interrupts.rs:78:9
[INFO] [stdout]    |
[INFO] [stdout] 78 |         asm!("int3" :::: "volatile");
[INFO] [stdout]    |         ^^^
[INFO] [stdout]    |
[INFO] [stdout] help: consider importing this macro
[INFO] [stdout]    |
[INFO] [stdout] 3  + use core::arch::asm;
[INFO] [stdout]    |
[INFO] [stdout] 
[INFO] [stdout] 
[INFO] [stdout] error: cannot find macro `asm` in this scope
[INFO] [stdout]   --> /opt/rustwide/cargo-home/registry/src/index.crates.io-6f17d22bba15001f/x86_64-0.7.5/src/instructions/interrupts.rs:26:9
[INFO] [stdout]    |
[INFO] [stdout] 26 |         asm!("cli" :::: "volatile");
[INFO] [stdout]    |         ^^^
[INFO] [stdout]    |
[INFO] [stdout] help: consider importing this macro
[INFO] [stdout]    |
[INFO] [stdout] 3  + use core::arch::asm;
[INFO] [stdout]    |
[INFO] [stdout] 
[INFO] [stdout] 
[INFO] [stdout] error: cannot find macro `asm` in this scope
[INFO] [stdout]   --> /opt/rustwide/cargo-home/registry/src/index.crates.io-6f17d22bba15001f/x86_64-0.7.5/src/instructions/interrupts.rs:16:9
[INFO] [stdout]    |
[INFO] [stdout] 16 |         asm!("sti" :::: "volatile");
[INFO] [stdout]    |         ^^^
[INFO] [stdout]    |
[INFO] [stdout] help: consider importing this macro
[INFO] [stdout]    |
[INFO] [stdout] 3  + use core::arch::asm;
[INFO] [stdout]    |
[INFO] [stdout] 
[INFO] [stdout] 
[INFO] [stdout] error: cannot find macro `asm` in this scope
[INFO] [stdout]   --> /opt/rustwide/cargo-home/registry/src/index.crates.io-6f17d22bba15001f/x86_64-0.7.5/src/registers/rflags.rs:96:18
[INFO] [stdout]    |
[INFO] [stdout] 96 |         unsafe { asm!("pushq $0; popfq" :: "r"(val) : "memory" "flags") };
[INFO] [stdout]    |                  ^^^
[INFO] [stdout]    |
[INFO] [stdout] help: consider importing this macro
[INFO] [stdout]    |
[INFO] [stdout] 67 +     use core::arch::asm;
[INFO] [stdout]    |
[INFO] [stdout] 
[INFO] [stdout] 
[INFO] [stdout] error: cannot find macro `asm` in this scope
[INFO] [stdout]   --> /opt/rustwide/cargo-home/registry/src/index.crates.io-6f17d22bba15001f/x86_64-0.7.5/src/registers/rflags.rs:79:18
[INFO] [stdout]    |
[INFO] [stdout] 79 |         unsafe { asm!("pushfq; popq $0" : "=r"(r) :: "memory") };
[INFO] [stdout]    |                  ^^^
[INFO] [stdout]    |
[INFO] [stdout] help: consider importing this macro
[INFO] [stdout]    |
[INFO] [stdout] 67 +     use core::arch::asm;
[INFO] [stdout]    |
[INFO] [stdout] 
[INFO] [stdout] 
[INFO] [stdout] error: cannot find macro `asm` in this scope
[INFO] [stdout]    --> /opt/rustwide/cargo-home/registry/src/index.crates.io-6f17d22bba15001f/x86_64-0.7.5/src/registers/control.rs:151:13
[INFO] [stdout]     |
[INFO] [stdout] 151 |             asm!("mov $0, %cr3" :: "r" (value) : "memory")
[INFO] [stdout]     |             ^^^
[INFO] [stdout]     |
[INFO] [stdout] help: consider importing this macro
[INFO] [stdout]     |
[INFO] [stdout] 66  +     use core::arch::asm;
[INFO] [stdout]     |
[INFO] [stdout] 
[INFO] [stdout] 
[INFO] [stdout] error: cannot find macro `asm` in this scope
[INFO] [stdout]    --> /opt/rustwide/cargo-home/registry/src/index.crates.io-6f17d22bba15001f/x86_64-0.7.5/src/registers/control.rs:102:13
[INFO] [stdout]     |
[INFO] [stdout] 102 |             asm!("mov $0, %cr0" :: "r" (value) : "memory")
[INFO] [stdout]     |             ^^^
[INFO] [stdout]     |
[INFO] [stdout] help: consider importing this macro
[INFO] [stdout]     |
[INFO] [stdout] 66  +     use core::arch::asm;
[INFO] [stdout]     |
[INFO] [stdout] 
[INFO] [stdout] 
[INFO] [stdout] error: cannot find macro `asm` in this scope
[INFO] [stdout]  --> /opt/rustwide/cargo-home/registry/src/index.crates.io-6f17d22bba15001f/x86_64-0.7.5/src/instructions/tlb.rs:8:14
[INFO] [stdout]   |
[INFO] [stdout] 8 |     unsafe { asm!("invlpg ($0)" :: "r" (addr.as_u64()) : "memory") };
[INFO] [stdout]   |              ^^^
[INFO] [stdout]   |
[INFO] [stdout] help: consider importing this macro
[INFO] [stdout]   |
[INFO] [stdout] 3 + use core::arch::asm;
[INFO] [stdout]   |
[INFO] [stdout] 
[INFO] [stdout] 
[INFO] [stdout] error: cannot find macro `asm` in this scope
[INFO] [stdout]   --> /opt/rustwide/cargo-home/registry/src/index.crates.io-6f17d22bba15001f/x86_64-0.7.5/src/instructions/segmentation.rs:63:14
[INFO] [stdout]    |
[INFO] [stdout] 63 |     unsafe { asm!("mov %cs, $0" : "=r" (segment) ) };
[INFO] [stdout]    |              ^^^
[INFO] [stdout]    |
[INFO] [stdout] help: consider importing this macro
[INFO] [stdout]    |
[INFO] [stdout] 3  + use core::arch::asm;
[INFO] [stdout]    |
[INFO] [stdout] 
[INFO] [stdout] 
[INFO] [stdout] error: cannot find macro `asm` in this scope
[INFO] [stdout]   --> /opt/rustwide/cargo-home/registry/src/index.crates.io-6f17d22bba15001f/x86_64-0.7.5/src/registers/mod.rs:13:9
[INFO] [stdout]    |
[INFO] [stdout] 13 |         asm!(
[INFO] [stdout]    |         ^^^
[INFO] [stdout]    |
[INFO] [stdout] help: consider importing this macro
[INFO] [stdout]    |
[INFO] [stdout] 3  + use core::arch::asm;
[INFO] [stdout]    |
[INFO] [stdout] 
[INFO] [stdout] 
[INFO] [stdout] error: cannot find macro `asm` in this scope
[INFO] [stdout]   --> /opt/rustwide/cargo-home/registry/src/index.crates.io-6f17d22bba15001f/x86_64-0.7.5/src/registers/model_specific.rs:91:13
[INFO] [stdout]    |
[INFO] [stdout] 91 |             asm!("wrmsr" :: "{ecx}" (self.0), "{eax}" (low), "{edx}" (high) : "memory" : "volatile" );
[INFO] [stdout]    |             ^^^
[INFO] [stdout]    |
[INFO] [stdout] help: consider importing this macro
[INFO] [stdout]    |
[INFO] [stdout] 76 +     use core::arch::asm;
[INFO] [stdout]    |
[INFO] [stdout] 
[INFO] [stdout] 
[INFO] [stdout] error: cannot find macro `asm` in this scope
[INFO] [stdout]   --> /opt/rustwide/cargo-home/registry/src/index.crates.io-6f17d22bba15001f/x86_64-0.7.5/src/registers/model_specific.rs:83:13
[INFO] [stdout]    |
[INFO] [stdout] 83 |             asm!("rdmsr" : "={eax}" (low), "={edx}" (high) : "{ecx}" (self.0) : "memory" : "volatile");
[INFO] [stdout]    |             ^^^
[INFO] [stdout]    |
[INFO] [stdout] help: consider importing this macro
[INFO] [stdout]    |
[INFO] [stdout] 76 +     use core::arch::asm;
[INFO] [stdout]    |
[INFO] [stdout] 
[INFO] [stdout] 
[INFO] [stdout] error: cannot find macro `asm` in this scope
[INFO] [stdout]    --> /opt/rustwide/cargo-home/registry/src/index.crates.io-6f17d22bba15001f/x86_64-0.7.5/src/registers/control.rs:135:17
[INFO] [stdout]     |
[INFO] [stdout] 135 |                 asm!("mov %cr3, $0" : "=r" (value));
[INFO] [stdout]     |                 ^^^
[INFO] [stdout]     |
[INFO] [stdout] help: consider importing this macro
[INFO] [stdout]     |
[INFO] [stdout] 66  +     use core::arch::asm;
[INFO] [stdout]     |
[INFO] [stdout] 
[INFO] [stdout] 
[INFO] [stdout] error: cannot find macro `asm` in this scope
[INFO] [stdout]    --> /opt/rustwide/cargo-home/registry/src/index.crates.io-6f17d22bba15001f/x86_64-0.7.5/src/registers/control.rs:124:17
[INFO] [stdout]     |
[INFO] [stdout] 124 |                 asm!("mov %cr2, $0" : "=r" (value));
[INFO] [stdout]     |                 ^^^
[INFO] [stdout]     |
[INFO] [stdout] help: consider importing this macro
[INFO] [stdout]     |
[INFO] [stdout] 66  +     use core::arch::asm;
[INFO] [stdout]     |
[INFO] [stdout] 
[INFO] [stdout] 
[INFO] [stdout] error: cannot find macro `asm` in this scope
[INFO] [stdout]   --> /opt/rustwide/cargo-home/registry/src/index.crates.io-6f17d22bba15001f/x86_64-0.7.5/src/registers/control.rs:80:17
[INFO] [stdout]    |
[INFO] [stdout] 80 |                 asm!("mov %cr0, $0" : "=r" (value));
[INFO] [stdout]    |                 ^^^
[INFO] [stdout]    |
[INFO] [stdout] help: consider importing this macro
[INFO] [stdout]    |
[INFO] [stdout] 66 +     use core::arch::asm;
[INFO] [stdout]    |
[INFO] [stdout] 
[INFO] [stdout] 
[INFO] [stdout] error: cannot find macro `asm` in this scope
[INFO] [stdout]   --> /opt/rustwide/cargo-home/registry/src/index.crates.io-6f17d22bba15001f/x86_64-0.7.5/src/instructions/mod.rs:25:9
[INFO] [stdout]    |
[INFO] [stdout] 25 |         asm!("xchgw %bx, %bx" :::: "volatile");
[INFO] [stdout]    |         ^^^
[INFO] [stdout]    |
[INFO] [stdout] help: consider importing this macro
[INFO] [stdout]    |
[INFO] [stdout] 5  + use core::arch::asm;
[INFO] [stdout]    |
[INFO] [stdout] 
[INFO] [stdout] 
[INFO] [stdout] error: cannot find macro `asm` in this scope
[INFO] [stdout]   --> /opt/rustwide/cargo-home/registry/src/index.crates.io-6f17d22bba15001f/x86_64-0.7.5/src/instructions/mod.rs:16:9
[INFO] [stdout]    |
[INFO] [stdout] 16 |         asm!("hlt" :::: "volatile");
[INFO] [stdout]    |         ^^^
[INFO] [stdout]    |
[INFO] [stdout] help: consider importing this macro
[INFO] [stdout]    |
[INFO] [stdout] 5  + use core::arch::asm;
[INFO] [stdout]    |
[INFO] [stdout] 
[INFO] [stdout] 
[INFO] [stdout] error: cannot find macro `asm` in this scope
[INFO] [stdout]   --> /opt/rustwide/cargo-home/registry/src/index.crates.io-6f17d22bba15001f/x86_64-0.7.5/src/instructions/tables.rs:26:5
[INFO] [stdout]    |
[INFO] [stdout] 26 |     asm!("ltr $0" :: "r" (sel.0));
[INFO] [stdout]    |     ^^^
[INFO] [stdout]    |
[INFO] [stdout] help: consider importing this macro
[INFO] [stdout]    |
[INFO] [stdout] 3  + use core::arch::asm;
[INFO] [stdout]    |
[INFO] [stdout] 
[INFO] [stdout] 
[INFO] [stdout] error: cannot find macro `asm` in this scope
[INFO] [stdout]   --> /opt/rustwide/cargo-home/registry/src/index.crates.io-6f17d22bba15001f/x86_64-0.7.5/src/instructions/tables.rs:20:5
[INFO] [stdout]    |
[INFO] [stdout] 20 |     asm!("lidt ($0)" :: "r" (idt) : "memory");
[INFO] [stdout]    |     ^^^
[INFO] [stdout]    |
[INFO] [stdout] help: consider importing this macro
[INFO] [stdout]    |
[INFO] [stdout] 3  + use core::arch::asm;
[INFO] [stdout]    |
[INFO] [stdout] 
[INFO] [stdout] 
[INFO] [stdout] error: cannot find macro `asm` in this scope
[INFO] [stdout]   --> /opt/rustwide/cargo-home/registry/src/index.crates.io-6f17d22bba15001f/x86_64-0.7.5/src/instructions/tables.rs:12:5
[INFO] [stdout]    |
[INFO] [stdout] 12 |     asm!("lgdt ($0)" :: "r" (gdt) : "memory");
[INFO] [stdout]    |     ^^^
[INFO] [stdout]    |
[INFO] [stdout] help: consider importing this macro
[INFO] [stdout]    |
[INFO] [stdout] 3  + use core::arch::asm;
[INFO] [stdout]    |
[INFO] [stdout] 
[INFO] [stdout] 
[INFO] [stdout] error: cannot find macro `asm` in this scope
[INFO] [stdout]   --> /opt/rustwide/cargo-home/registry/src/index.crates.io-6f17d22bba15001f/x86_64-0.7.5/src/instructions/segmentation.rs:57:5
[INFO] [stdout]    |
[INFO] [stdout] 57 |     asm!("swapgs" ::: "memory" : "volatile");
[INFO] [stdout]    |     ^^^
[INFO] [stdout]    |
[INFO] [stdout] help: consider importing this macro
[INFO] [stdout]    |
[INFO] [stdout] 3  + use core::arch::asm;
[INFO] [stdout]    |
[INFO] [stdout] 
[INFO] [stdout] 
[INFO] [stdout] error: cannot find macro `asm` in this scope
[INFO] [stdout]   --> /opt/rustwide/cargo-home/registry/src/index.crates.io-6f17d22bba15001f/x86_64-0.7.5/src/instructions/segmentation.rs:51:5
[INFO] [stdout]    |
[INFO] [stdout] 51 |     asm!("movw $0, %gs " :: "r" (sel.0) : "memory");
[INFO] [stdout]    |     ^^^
[INFO] [stdout]    |
[INFO] [stdout] help: consider importing this macro
[INFO] [stdout]    |
[INFO] [stdout] 3  + use core::arch::asm;
[INFO] [stdout]    |
[INFO] [stdout] 
[INFO] [stdout] 
[INFO] [stdout] error: cannot find macro `asm` in this scope
[INFO] [stdout]   --> /opt/rustwide/cargo-home/registry/src/index.crates.io-6f17d22bba15001f/x86_64-0.7.5/src/instructions/segmentation.rs:45:5
[INFO] [stdout]    |
[INFO] [stdout] 45 |     asm!("movw $0, %fs " :: "r" (sel.0) : "memory");
[INFO] [stdout]    |     ^^^
[INFO] [stdout]    |
[INFO] [stdout] help: consider importing this macro
[INFO] [stdout]    |
[INFO] [stdout] 3  + use core::arch::asm;
[INFO] [stdout]    |
[INFO] [stdout] 
[INFO] [stdout] 
[INFO] [stdout] error: cannot find macro `asm` in this scope
[INFO] [stdout]   --> /opt/rustwide/cargo-home/registry/src/index.crates.io-6f17d22bba15001f/x86_64-0.7.5/src/instructions/segmentation.rs:39:5
[INFO] [stdout]    |
[INFO] [stdout] 39 |     asm!("movw $0, %es " :: "r" (sel.0) : "memory");
[INFO] [stdout]    |     ^^^
[INFO] [stdout]    |
[INFO] [stdout] help: consider importing this macro
[INFO] [stdout]    |
[INFO] [stdout] 3  + use core::arch::asm;
[INFO] [stdout]    |
[INFO] [stdout] 
[INFO] [stdout] 
[INFO] [stdout] error: cannot find macro `asm` in this scope
[INFO] [stdout]   --> /opt/rustwide/cargo-home/registry/src/index.crates.io-6f17d22bba15001f/x86_64-0.7.5/src/instructions/segmentation.rs:33:5
[INFO] [stdout]    |
[INFO] [stdout] 33 |     asm!("movw $0, %ds " :: "r" (sel.0) : "memory");
[INFO] [stdout]    |     ^^^
[INFO] [stdout]    |
[INFO] [stdout] help: consider importing this macro
[INFO] [stdout]    |
[INFO] [stdout] 3  + use core::arch::asm;
[INFO] [stdout]    |
[INFO] [stdout] 
[INFO] [stdout] 
[INFO] [stdout] error: cannot find macro `asm` in this scope
[INFO] [stdout]   --> /opt/rustwide/cargo-home/registry/src/index.crates.io-6f17d22bba15001f/x86_64-0.7.5/src/instructions/segmentation.rs:27:5
[INFO] [stdout]    |
[INFO] [stdout] 27 |     asm!("movw $0, %ss " :: "r" (sel.0) : "memory");
[INFO] [stdout]    |     ^^^
[INFO] [stdout]    |
[INFO] [stdout] help: consider importing this macro
[INFO] [stdout]    |
[INFO] [stdout] 3  + use core::arch::asm;
[INFO] [stdout]    |
[INFO] [stdout] 
[INFO] [stdout] 
[INFO] [stdout] error: cannot find macro `asm` in this scope
[INFO] [stdout]   --> /opt/rustwide/cargo-home/registry/src/index.crates.io-6f17d22bba15001f/x86_64-0.7.5/src/instructions/segmentation.rs:14:9
[INFO] [stdout]    |
[INFO] [stdout] 14 |         asm!("pushq $0; \
[INFO] [stdout]    |         ^^^
[INFO] [stdout]    |
[INFO] [stdout] help: consider importing this macro
[INFO] [stdout]    |
[INFO] [stdout] 3  + use core::arch::asm;
[INFO] [stdout]    |
[INFO] [stdout] 
[INFO] [stdout] 
[INFO] [stdout] error: cannot find macro `asm` in this scope
[INFO] [stdout]   --> /opt/rustwide/cargo-home/registry/src/index.crates.io-6f17d22bba15001f/x86_64-0.7.5/src/instructions/port.rs:51:9
[INFO] [stdout]    |
[INFO] [stdout] 51 |         asm!("outl %eax, %dx" :: "{dx}"(port), "{eax}"(value) :: "volatile");
[INFO] [stdout]    |         ^^^
[INFO] [stdout]    |
[INFO] [stdout] help: consider importing this macro
[INFO] [stdout]    |
[INFO] [stdout] 3  + use core::arch::asm;
[INFO] [stdout]    |
[INFO] [stdout] 
[INFO] [stdout] 
[INFO] [stdout] error: cannot find macro `asm` in this scope
[INFO] [stdout]   --> /opt/rustwide/cargo-home/registry/src/index.crates.io-6f17d22bba15001f/x86_64-0.7.5/src/instructions/port.rs:44:9
[INFO] [stdout]    |
[INFO] [stdout] 44 |         asm!("outw %ax, %dx" :: "{dx}"(port), "{ax}"(value) :: "volatile");
[INFO] [stdout]    |         ^^^
[INFO] [stdout]    |
[INFO] [stdout] help: consider importing this macro
[INFO] [stdout]    |
[INFO] [stdout] 3  + use core::arch::asm;
[INFO] [stdout]    |
[INFO] [stdout] 
[INFO] [stdout] 
[INFO] [stdout] error: cannot find macro `asm` in this scope
[INFO] [stdout]   --> /opt/rustwide/cargo-home/registry/src/index.crates.io-6f17d22bba15001f/x86_64-0.7.5/src/instructions/port.rs:37:9
[INFO] [stdout]    |
[INFO] [stdout] 37 |         asm!("outb %al, %dx" :: "{dx}"(port), "{al}"(value) :: "volatile");
[INFO] [stdout]    |         ^^^
[INFO] [stdout]    |
[INFO] [stdout] help: consider importing this macro
[INFO] [stdout]    |
[INFO] [stdout] 3  + use core::arch::asm;
[INFO] [stdout]    |
[INFO] [stdout] 
[INFO] [stdout] 
[INFO] [stdout] error: cannot find macro `asm` in this scope
[INFO] [stdout]   --> /opt/rustwide/cargo-home/registry/src/index.crates.io-6f17d22bba15001f/x86_64-0.7.5/src/instructions/port.rs:29:9
[INFO] [stdout]    |
[INFO] [stdout] 29 |         asm!("inl %dx, %eax" : "={eax}"(value) : "{dx}"(port) :: "volatile");
[INFO] [stdout]    |         ^^^
[INFO] [stdout]    |
[INFO] [stdout] help: consider importing this macro
[INFO] [stdout]    |
[INFO] [stdout] 3  + use core::arch::asm;
[INFO] [stdout]    |
[INFO] [stdout] 
[INFO] [stdout] 
[INFO] [stdout] error: cannot find macro `asm` in this scope
[INFO] [stdout]   --> /opt/rustwide/cargo-home/registry/src/index.crates.io-6f17d22bba15001f/x86_64-0.7.5/src/instructions/port.rs:20:9
[INFO] [stdout]    |
[INFO] [stdout] 20 |         asm!("inw %dx, %ax" : "={ax}"(value) : "{dx}"(port) :: "volatile");
[INFO] [stdout]    |         ^^^
[INFO] [stdout]    |
[INFO] [stdout] help: consider importing this macro
[INFO] [stdout]    |
[INFO] [stdout] 3  + use core::arch::asm;
[INFO] [stdout]    |
[INFO] [stdout] 
[INFO] [stdout] 
[INFO] [stdout] error: cannot find macro `asm` in this scope
[INFO] [stdout]   --> /opt/rustwide/cargo-home/registry/src/index.crates.io-6f17d22bba15001f/x86_64-0.7.5/src/instructions/port.rs:11:9
[INFO] [stdout]    |
[INFO] [stdout] 11 |         asm!("inb %dx, %al" : "={al}"(value) : "{dx}"(port) :: "volatile");
[INFO] [stdout]    |         ^^^
[INFO] [stdout]    |
[INFO] [stdout] help: consider importing this macro
[INFO] [stdout]    |
[INFO] [stdout] 3  + use core::arch::asm;
[INFO] [stdout]    |
[INFO] [stdout] 
[INFO] [stdout] 
[INFO] [stdout] error: cannot find macro `asm` in this scope
[INFO] [stdout]   --> /opt/rustwide/cargo-home/registry/src/index.crates.io-6f17d22bba15001f/x86_64-0.7.5/src/instructions/interrupts.rs:78:9
[INFO] [stdout]    |
[INFO] [stdout] 78 |         asm!("int3" :::: "volatile");
[INFO] [stdout]    |         ^^^
[INFO] [stdout]    |
[INFO] [stdout] help: consider importing this macro
[INFO] [stdout]    |
[INFO] [stdout] 3  + use core::arch::asm;
[INFO] [stdout]    |
[INFO] [stdout] 
[INFO] [stdout] 
[INFO] [stdout] error: cannot find macro `asm` in this scope
[INFO] [stdout]   --> /opt/rustwide/cargo-home/registry/src/index.crates.io-6f17d22bba15001f/x86_64-0.7.5/src/instructions/interrupts.rs:26:9
[INFO] [stdout]    |
[INFO] [stdout] 26 |         asm!("cli" :::: "volatile");
[INFO] [stdout]    |         ^^^
[INFO] [stdout]    |
[INFO] [stdout] help: consider importing this macro
[INFO] [stdout]    |
[INFO] [stdout] 3  + use core::arch::asm;
[INFO] [stdout]    |
[INFO] [stdout] 
[INFO] [stdout] 
[INFO] [stdout] error: cannot find macro `asm` in this scope
[INFO] [stdout]   --> /opt/rustwide/cargo-home/registry/src/index.crates.io-6f17d22bba15001f/x86_64-0.7.5/src/instructions/interrupts.rs:16:9
[INFO] [stdout]    |
[INFO] [stdout] 16 |         asm!("sti" :::: "volatile");
[INFO] [stdout]    |         ^^^
[INFO] [stdout]    |
[INFO] [stdout] help: consider importing this macro
[INFO] [stdout]    |
[INFO] [stdout] 3  + use core::arch::asm;
[INFO] [stdout]    |
[INFO] [stdout] 
[INFO] [stdout] 
[INFO] [stdout] error: aborting due to 34 previous errors
[INFO] [stdout] 
[INFO] [stdout] 
[INFO] [stdout] For more information about this error, try `rustc --explain E0557`.
[INFO] [stdout] 
[INFO] [stdout] error: aborting due to 34 previous errors
[INFO] [stdout] 
[INFO] [stdout] 
[INFO] [stdout] For more information about this error, try `rustc --explain E0557`.
[INFO] [stdout] 
[INFO] [stderr] error: could not compile `x86_64` (lib) due to 35 previous errors
[INFO] [stderr] warning: build failed, waiting for other jobs to finish...
[INFO] [stderr] error: could not compile `x86_64` (lib) due to 35 previous errors
[INFO] running `Command { std: "docker" "inspect" "d2797bd27c4ca1baa767f5606dab03e0d2bcc0ba46dcf90a32107039fe64c5ff", kill_on_drop: false }`
[INFO] running `Command { std: "docker" "rm" "-f" "d2797bd27c4ca1baa767f5606dab03e0d2bcc0ba46dcf90a32107039fe64c5ff", kill_on_drop: false }`
[INFO] [stdout] d2797bd27c4ca1baa767f5606dab03e0d2bcc0ba46dcf90a32107039fe64c5ff
