[INFO] cloning repository https://github.com/sebschmi/genome-graph-rs
[INFO] running `Command { std: "git" "-c" "credential.helper=" "-c" "credential.helper=/workspace/cargo-home/bin/git-credential-null" "clone" "--bare" "https://github.com/sebschmi/genome-graph-rs" "/workspace/cache/git-repos/https%3A%2F%2Fgithub.com%2Fsebschmi%2Fgenome-graph-rs", kill_on_drop: false }`
[INFO] [stderr] Cloning into bare repository '/workspace/cache/git-repos/https%3A%2F%2Fgithub.com%2Fsebschmi%2Fgenome-graph-rs'...
[INFO] running `Command { std: "git" "rev-parse" "HEAD", kill_on_drop: false }`
[INFO] [stdout] 42006903b6c78e72dea2f45612de79127bf1b1a7
[INFO] checking sebschmi/genome-graph-rs against nightly-2024-02-05 for check-cfg
[INFO] running `Command { std: "git" "clone" "/workspace/cache/git-repos/https%3A%2F%2Fgithub.com%2Fsebschmi%2Fgenome-graph-rs" "/workspace/builds/worker-7-tc1/source", kill_on_drop: false }`
[INFO] [stderr] Cloning into '/workspace/builds/worker-7-tc1/source'...
[INFO] [stderr] done.
[INFO] validating manifest of git repo https://github.com/sebschmi/genome-graph-rs on toolchain nightly-2024-02-05
[INFO] running `Command { std: CARGO_HOME="/workspace/cargo-home" RUSTUP_HOME="/workspace/rustup-home" "/workspace/cargo-home/bin/cargo" "+nightly-2024-02-05" "metadata" "--manifest-path" "Cargo.toml" "--no-deps", kill_on_drop: false }`
[INFO] started tweaking git repo https://github.com/sebschmi/genome-graph-rs
[INFO] finished tweaking git repo https://github.com/sebschmi/genome-graph-rs
[INFO] tweaked toml for git repo https://github.com/sebschmi/genome-graph-rs written to /workspace/builds/worker-7-tc1/source/Cargo.toml
[INFO] running `Command { std: CARGO_HOME="/workspace/cargo-home" RUSTUP_HOME="/workspace/rustup-home" "/workspace/cargo-home/bin/cargo" "+nightly-2024-02-05" "generate-lockfile" "--manifest-path" "Cargo.toml", kill_on_drop: false }`
[INFO] [stderr]     Blocking waiting for file lock on package cache
[ERROR] error running command: no output for 300 seconds
[ERROR] this task or one of its parent failed!
[ERROR] no output for 300 seconds
[ERROR] note: run with `RUST_BACKTRACE=1` to display a backtrace.
[INFO] checking sebschmi/genome-graph-rs against nightly-2024-02-05+rustflags=-Dunexpected_cfgs+cargoflags=-Zcheck-cfg for check-cfg
[INFO] running `Command { std: "git" "clone" "/workspace/cache/git-repos/https%3A%2F%2Fgithub.com%2Fsebschmi%2Fgenome-graph-rs" "/workspace/builds/worker-7-tc2/source", kill_on_drop: false }`
[INFO] [stderr] Cloning into '/workspace/builds/worker-7-tc2/source'...
[INFO] [stderr] done.
[INFO] validating manifest of git repo https://github.com/sebschmi/genome-graph-rs on toolchain nightly-2024-02-05
[INFO] running `Command { std: CARGO_HOME="/workspace/cargo-home" RUSTUP_HOME="/workspace/rustup-home" "/workspace/cargo-home/bin/cargo" "+nightly-2024-02-05" "metadata" "--manifest-path" "Cargo.toml" "--no-deps", kill_on_drop: false }`
[INFO] started tweaking git repo https://github.com/sebschmi/genome-graph-rs
[INFO] finished tweaking git repo https://github.com/sebschmi/genome-graph-rs
[INFO] tweaked toml for git repo https://github.com/sebschmi/genome-graph-rs written to /workspace/builds/worker-7-tc2/source/Cargo.toml
[INFO] running `Command { std: CARGO_HOME="/workspace/cargo-home" RUSTUP_HOME="/workspace/rustup-home" "/workspace/cargo-home/bin/cargo" "+nightly-2024-02-05" "generate-lockfile" "--manifest-path" "Cargo.toml", kill_on_drop: false }`
[INFO] [stderr]     Blocking waiting for file lock on package cache
[INFO] [stderr]     Updating crates.io index
[INFO] running `Command { std: CARGO_HOME="/workspace/cargo-home" RUSTUP_HOME="/workspace/rustup-home" "/workspace/cargo-home/bin/cargo" "+nightly-2024-02-05" "fetch" "--manifest-path" "Cargo.toml", kill_on_drop: false }`
[INFO] [stderr]     Blocking waiting for file lock on package cache
[INFO] [stderr]  Downloading crates ...
[INFO] [stderr]   Downloaded disjoint-sets v0.4.2
[INFO] [stderr]   Downloaded traitgraph v5.0.0
[INFO] [stderr]   Downloaded editdistancek v1.0.2
[INFO] [stderr]   Downloaded bigraph v5.0.0
[INFO] [stderr]   Downloaded traitsequence v2.0.0
[INFO] [stderr]   Downloaded bitvector v0.1.5
[INFO] [stderr]   Downloaded compact-genome v2.1.1
[INFO] [stderr]   Downloaded bio v1.5.0
[INFO] [stderr]   Downloaded traitgraph-algo v8.1.0
[INFO] running `Command { std: "docker" "create" "-v" "/var/lib/crater-agent-workspace/builds/worker-7-tc2/target:/opt/rustwide/target:rw,Z" "-v" "/var/lib/crater-agent-workspace/builds/worker-7-tc2/source:/opt/rustwide/workdir:ro,Z" "-v" "/var/lib/crater-agent-workspace/cargo-home:/opt/rustwide/cargo-home:ro,Z" "-v" "/var/lib/crater-agent-workspace/rustup-home:/opt/rustwide/rustup-home:ro,Z" "-e" "SOURCE_DIR=/opt/rustwide/workdir" "-e" "CARGO_TARGET_DIR=/opt/rustwide/target" "-e" "CARGO_HOME=/opt/rustwide/cargo-home" "-e" "RUSTUP_HOME=/opt/rustwide/rustup-home" "-w" "/opt/rustwide/workdir" "-m" "1610612736" "--user" "0:0" "--network" "none" "ghcr.io/rust-lang/crates-build-env/linux@sha256:2788e3201cd34a07e3172128adcd8b3090168a8e3bcc40d7c032b9dda1df7d1c" "/opt/rustwide/cargo-home/bin/cargo" "+nightly-2024-02-05" "metadata" "--no-deps" "--format-version=1", kill_on_drop: false }`
[INFO] [stdout] 50ba9d03e95b5ab2e49931105310115955284865e82f69806e3576fc612329fe
[INFO] running `Command { std: "docker" "start" "-a" "50ba9d03e95b5ab2e49931105310115955284865e82f69806e3576fc612329fe", kill_on_drop: false }`
[INFO] running `Command { std: "docker" "inspect" "50ba9d03e95b5ab2e49931105310115955284865e82f69806e3576fc612329fe", kill_on_drop: false }`
[INFO] running `Command { std: "docker" "rm" "-f" "50ba9d03e95b5ab2e49931105310115955284865e82f69806e3576fc612329fe", kill_on_drop: false }`
[INFO] [stdout] 50ba9d03e95b5ab2e49931105310115955284865e82f69806e3576fc612329fe
[INFO] running `Command { std: "docker" "create" "-v" "/var/lib/crater-agent-workspace/builds/worker-7-tc2/target:/opt/rustwide/target:rw,Z" "-v" "/var/lib/crater-agent-workspace/builds/worker-7-tc2/source:/opt/rustwide/workdir:ro,Z" "-v" "/var/lib/crater-agent-workspace/cargo-home:/opt/rustwide/cargo-home:ro,Z" "-v" "/var/lib/crater-agent-workspace/rustup-home:/opt/rustwide/rustup-home:ro,Z" "-e" "SOURCE_DIR=/opt/rustwide/workdir" "-e" "CARGO_TARGET_DIR=/opt/rustwide/target" "-e" "CARGO_INCREMENTAL=0" "-e" "RUST_BACKTRACE=full" "-e" "RUSTFLAGS=--cap-lints=forbid -Dunexpected_cfgs" "-e" "RUSTDOCFLAGS=--cap-lints=forbid" "-e" "CARGO_HOME=/opt/rustwide/cargo-home" "-e" "RUSTUP_HOME=/opt/rustwide/rustup-home" "-w" "/opt/rustwide/workdir" "-m" "1610612736" "--user" "0:0" "--network" "none" "ghcr.io/rust-lang/crates-build-env/linux@sha256:2788e3201cd34a07e3172128adcd8b3090168a8e3bcc40d7c032b9dda1df7d1c" "/opt/rustwide/cargo-home/bin/cargo" "+nightly-2024-02-05" "check" "--frozen" "--all" "--all-targets" "--message-format=json" "-Zcheck-cfg", kill_on_drop: false }`
[INFO] [stdout] f78ba50e591f73715b9cc8e59d0c11958efaa1bb015cf10accb86b9915a32943
[INFO] running `Command { std: "docker" "start" "-a" "f78ba50e591f73715b9cc8e59d0c11958efaa1bb015cf10accb86b9915a32943", kill_on_drop: false }`
[INFO] [stderr]    Compiling proc-macro2 v1.0.78
[INFO] [stderr]    Compiling unicode-ident v1.0.12
[INFO] [stderr]    Compiling autocfg v1.1.0
[INFO] [stderr]    Compiling version_check v0.9.4
[INFO] [stderr]    Compiling libc v0.2.153
[INFO] [stderr]    Compiling libm v0.2.8
[INFO] [stderr]     Checking cfg-if v1.0.0
[INFO] [stderr]    Compiling syn v1.0.109
[INFO] [stderr]     Checking memchr v2.7.1
[INFO] [stderr]     Checking zerocopy v0.7.32
[INFO] [stderr]     Checking once_cell v1.19.0
[INFO] [stderr]     Checking ppv-lite86 v0.2.17
[INFO] [stderr]     Checking allocator-api2 v0.2.16
[INFO] [stderr]    Compiling radium v0.7.0
[INFO] [stderr]    Compiling serde v1.0.196
[INFO] [stderr]     Checking bytemuck v1.14.2
[INFO] [stderr]     Checking equivalent v1.0.1
[INFO] [stderr]     Checking tap v1.0.1
[INFO] [stderr]    Compiling paste v1.0.14
[INFO] [stderr]     Checking wyz v0.5.1
[INFO] [stderr]     Checking funty v2.0.0
[INFO] [stderr]     Checking safe_arch v0.7.1
[INFO] [stderr]    Compiling rustversion v1.0.14
[INFO] [stderr]    Compiling num-traits v0.2.17
[INFO] [stderr]    Compiling ahash v0.8.7
[INFO] [stderr]    Compiling num-integer v0.1.45
[INFO] [stderr]    Compiling matrixmultiply v0.3.8
[INFO] [stderr]    Compiling proc-macro-error-attr v1.0.4
[INFO] [stderr]    Compiling num-rational v0.4.1
[INFO] [stderr]     Checking fixedbitset v0.4.2
[INFO] [stderr]    Compiling thiserror v1.0.56
[INFO] [stderr]     Checking rawpointer v0.2.1
[INFO] [stderr]    Compiling typenum v1.17.0
[INFO] [stderr]    Compiling semver v0.1.20
[INFO] [stderr]     Checking wide v0.7.15
[INFO] [stderr]     Checking aho-corasick v1.1.2
[INFO] [stderr]     Checking bitvec v1.0.1
[INFO] [stderr]    Compiling proc-macro-error v1.0.4
[INFO] [stderr]    Compiling feature-probe v0.1.1
[INFO] [stderr]    Compiling quote v1.0.35
[INFO] [stderr]     Checking hashbrown v0.14.3
[INFO] [stderr]    Compiling rustc_version v0.1.7
[INFO] [stderr]     Checking lazy_static v1.4.0
[INFO] [stderr]     Checking regex-syntax v0.8.2
[INFO] [stderr]    Compiling syn v2.0.48
[INFO] [stderr]     Checking getrandom v0.2.12
[INFO] [stderr]     Checking traitsequence v2.0.0
[INFO] [stderr]    Compiling newtype_derive v0.1.6
[INFO] [stderr]    Compiling bv v0.11.1
[INFO] [stderr]    Compiling cc v1.0.83
[INFO] [stderr]     Checking either v1.9.0
[INFO] [stderr]     Checking rand_core v0.6.4
[INFO] [stderr]    Compiling ref-cast v1.0.22
[INFO] [stderr]     Checking indexmap v2.2.2
[INFO] [stderr]     Checking gimli v0.28.1
[INFO] [stderr]     Checking rand_chacha v0.3.1
[INFO] [stderr]    Compiling anyhow v1.0.79
[INFO] [stderr]     Checking rand v0.8.5
[INFO] [stderr]     Checking num-complex v0.4.5
[INFO] [stderr]     Checking approx v0.5.1
[INFO] [stderr]     Checking adler v1.0.2
[INFO] [stderr]    Compiling heck v0.4.1
[INFO] [stderr]     Checking miniz_oxide v0.7.2
[INFO] [stderr]     Checking petgraph v0.6.4
[INFO] [stderr]     Checking itertools v0.11.0
[INFO] [stderr]     Checking csv-core v0.1.11
[INFO] [stderr]     Checking object v0.32.2
[INFO] [stderr]    Compiling error-chain v0.12.4
[INFO] [stderr]     Checking rustc-demangle v0.1.23
[INFO] [stderr]     Checking simba v0.6.0
[INFO] [stderr]     Checking bit-vec v0.6.3
[INFO] [stderr]     Checking itoa v1.0.10
[INFO] [stderr]     Checking rand_distr v0.4.3
[INFO] [stderr]     Checking ryu v1.0.16
[INFO] [stderr]     Checking byteorder v1.5.0
[INFO] [stderr]     Checking bit-set v0.5.3
[INFO] [stderr]     Checking ndarray v0.15.6
[INFO] [stderr]     Checking ordered-float v3.9.2
[INFO] [stderr]     Checking itertools-num v0.1.3
[INFO] [stderr]     Checking bitvector v0.1.5
[INFO] [stderr]     Checking bytecount v0.6.7
[INFO] [stderr]     Checking triple_accel v0.4.0
[INFO] [stderr]     Checking fxhash v0.2.1
[INFO] [stderr]     Checking custom_derive v0.1.7
[INFO] [stderr]     Checking editdistancek v1.0.2
[INFO] [stderr]     Checking strum v0.25.0
[INFO] [stderr]     Checking log v0.4.20
[INFO] [stderr]     Checking disjoint-sets v0.4.2
[INFO] [stderr]    Compiling backtrace v0.3.69
[INFO] [stderr]     Checking regex-automata v0.4.5
[INFO] [stderr]     Checking traitgraph v5.0.0
[INFO] [stderr]     Checking traitgraph-algo v8.1.0
[INFO] [stderr]     Checking addr2line v0.21.0
[INFO] [stderr]    Compiling serde_derive v1.0.196
[INFO] [stderr]    Compiling thiserror-impl v1.0.56
[INFO] [stderr]    Compiling strum_macros v0.25.3
[INFO] [stderr]    Compiling enum-map-derive v0.17.0
[INFO] [stderr]    Compiling ref-cast-impl v1.0.22
[INFO] [stderr]     Checking bigraph v5.0.0
[INFO] [stderr]    Compiling nalgebra-macros v0.1.0
[INFO] [stderr]    Compiling derive-new v0.5.9
[INFO] [stderr]    Compiling getset v0.1.2
[INFO] [stderr]     Checking enum-map v2.7.3
[INFO] [stderr]     Checking regex v1.10.3
[INFO] [stderr]     Checking compact-genome v2.1.1
[INFO] [stderr]     Checking bio-types v1.0.1
[INFO] [stderr]     Checking nalgebra v0.29.0
[INFO] [stderr]     Checking csv v1.3.0
[INFO] [stderr]     Checking multimap v0.9.1
[INFO] [stderr]     Checking vec_map v0.8.2
[INFO] [stderr]     Checking statrs v0.16.0
[INFO] [stderr]     Checking bio v1.5.0
[INFO] [stderr]     Checking genome-graph v8.0.0 (/opt/rustwide/workdir)
[INFO] [stdout] error: unexpected `cfg` condition name: `traitgraph_algo`
[INFO] [stdout]   --> src/io/gfa/mod.rs:17:7
[INFO] [stdout]    |
[INFO] [stdout] 17 | #[cfg(traitgraph_algo)]
[INFO] [stdout]    |       ^^^^^^^^^^^^^^^
[INFO] [stdout]    |
[INFO] [stdout]    = help: expected names are: `debug_assertions`, `doc`, `doctest`, `feature`, `miri`, `overflow_checks`, `panic`, `proc_macro`, `relocation_model`, `sanitize`, `sanitizer_cfi_generalize_pointers`, `sanitizer_cfi_normalize_integers`, `target_abi`, `target_arch`, `target_endian`, `target_env`, `target_family`, `target_feature`, `target_has_atomic`, `target_has_atomic_equal_alignment`, `target_has_atomic_load_store`, `target_os`, `target_pointer_width`, `target_thread_local`, `target_vendor`, `test`, `unix`, `windows`
[INFO] [stdout]    = help: consider using a Cargo feature instead or adding `println!("cargo:rustc-check-cfg=cfg(traitgraph_algo)");` to the top of a `build.rs`
[INFO] [stdout]    = note: see <https://doc.rust-lang.org/nightly/cargo/reference/unstable.html#check-cfg> for more information about checking conditional configuration
[INFO] [stdout]    = note: requested on the command line with `-D unexpected-cfgs`
[INFO] [stdout] 
[INFO] [stdout] 
[INFO] [stdout] error: unexpected `cfg` condition name: `traitgraph_algo`
[INFO] [stdout]   --> src/io/gfa/mod.rs:61:7
[INFO] [stdout]    |
[INFO] [stdout] 61 | #[cfg(traitgraph_algo)]
[INFO] [stdout]    |       ^^^^^^^^^^^^^^^
[INFO] [stdout]    |
[INFO] [stdout]    = help: consider using a Cargo feature instead or adding `println!("cargo:rustc-check-cfg=cfg(traitgraph_algo)");` to the top of a `build.rs`
[INFO] [stdout]    = note: see <https://doc.rust-lang.org/nightly/cargo/reference/unstable.html#check-cfg> for more information about checking conditional configuration
[INFO] [stdout] 
[INFO] [stdout] 
[INFO] [stdout] error: unexpected `cfg` condition name: `traitgraph_algo`
[INFO] [stdout]   --> src/io/gfa/mod.rs:17:7
[INFO] [stdout]    |
[INFO] [stdout] 17 | #[cfg(traitgraph_algo)]
[INFO] [stdout]    |       ^^^^^^^^^^^^^^^
[INFO] [stdout]    |
[INFO] [stdout]    = help: expected names are: `debug_assertions`, `doc`, `doctest`, `feature`, `miri`, `overflow_checks`, `panic`, `proc_macro`, `relocation_model`, `sanitize`, `sanitizer_cfi_generalize_pointers`, `sanitizer_cfi_normalize_integers`, `target_abi`, `target_arch`, `target_endian`, `target_env`, `target_family`, `target_feature`, `target_has_atomic`, `target_has_atomic_equal_alignment`, `target_has_atomic_load_store`, `target_os`, `target_pointer_width`, `target_thread_local`, `target_vendor`, `test`, `unix`, `windows`
[INFO] [stdout]    = help: consider using a Cargo feature instead or adding `println!("cargo:rustc-check-cfg=cfg(traitgraph_algo)");` to the top of a `build.rs`
[INFO] [stdout]    = note: see <https://doc.rust-lang.org/nightly/cargo/reference/unstable.html#check-cfg> for more information about checking conditional configuration
[INFO] [stdout]    = note: requested on the command line with `-D unexpected-cfgs`
[INFO] [stdout] 
[INFO] [stdout] 
[INFO] [stdout] error: unexpected `cfg` condition name: `traitgraph_algo`
[INFO] [stdout]   --> src/io/gfa/mod.rs:61:7
[INFO] [stdout]    |
[INFO] [stdout] 61 | #[cfg(traitgraph_algo)]
[INFO] [stdout]    |       ^^^^^^^^^^^^^^^
[INFO] [stdout]    |
[INFO] [stdout]    = help: consider using a Cargo feature instead or adding `println!("cargo:rustc-check-cfg=cfg(traitgraph_algo)");` to the top of a `build.rs`
[INFO] [stdout]    = note: see <https://doc.rust-lang.org/nightly/cargo/reference/unstable.html#check-cfg> for more information about checking conditional configuration
[INFO] [stdout] 
[INFO] [stdout] 
[INFO] [stdout] error: aborting due to 2 previous errors
[INFO] [stdout] 
[INFO] [stdout] 
[INFO] [stderr] error: could not compile `genome-graph` (lib) due to 3 previous errors
[INFO] [stderr] warning: build failed, waiting for other jobs to finish...
[INFO] [stdout] error: aborting due to 2 previous errors
[INFO] [stdout] 
[INFO] [stdout] 
[INFO] [stderr] error: could not compile `genome-graph` (lib test) due to 3 previous errors
[INFO] running `Command { std: "docker" "inspect" "f78ba50e591f73715b9cc8e59d0c11958efaa1bb015cf10accb86b9915a32943", kill_on_drop: false }`
[INFO] running `Command { std: "docker" "rm" "-f" "f78ba50e591f73715b9cc8e59d0c11958efaa1bb015cf10accb86b9915a32943", kill_on_drop: false }`
[INFO] [stdout] f78ba50e591f73715b9cc8e59d0c11958efaa1bb015cf10accb86b9915a32943
