[INFO] cloning repository https://github.com/rustkrazy/packer
[INFO] running `Command { std: "git" "-c" "credential.helper=" "-c" "credential.helper=/workspace/cargo-home/bin/git-credential-null" "clone" "--bare" "https://github.com/rustkrazy/packer" "/workspace/cache/git-repos/https%3A%2F%2Fgithub.com%2Frustkrazy%2Fpacker", kill_on_drop: false }`
[INFO] [stderr] Cloning into bare repository '/workspace/cache/git-repos/https%3A%2F%2Fgithub.com%2Frustkrazy%2Fpacker'...
[INFO] running `Command { std: "git" "rev-parse" "HEAD", kill_on_drop: false }`
[INFO] [stdout] 2dd27b323f26f0bc25259cb6d56be380713808a5
[INFO] checking rustkrazy/packer against nightly-2024-02-05 for check-cfg
[INFO] running `Command { std: "git" "clone" "/workspace/cache/git-repos/https%3A%2F%2Fgithub.com%2Frustkrazy%2Fpacker" "/workspace/builds/worker-4-tc1/source", kill_on_drop: false }`
[INFO] [stderr] Cloning into '/workspace/builds/worker-4-tc1/source'...
[INFO] [stderr] done.
[INFO] validating manifest of git repo https://github.com/rustkrazy/packer on toolchain nightly-2024-02-05
[INFO] running `Command { std: CARGO_HOME="/workspace/cargo-home" RUSTUP_HOME="/workspace/rustup-home" "/workspace/cargo-home/bin/cargo" "+nightly-2024-02-05" "metadata" "--manifest-path" "Cargo.toml" "--no-deps", kill_on_drop: false }`
[INFO] started tweaking git repo https://github.com/rustkrazy/packer
[INFO] finished tweaking git repo https://github.com/rustkrazy/packer
[INFO] tweaked toml for git repo https://github.com/rustkrazy/packer written to /workspace/builds/worker-4-tc1/source/Cargo.toml
[INFO] crate git repo https://github.com/rustkrazy/packer already has a lockfile, it will not be regenerated
[INFO] running `Command { std: CARGO_HOME="/workspace/cargo-home" RUSTUP_HOME="/workspace/rustup-home" "/workspace/cargo-home/bin/cargo" "+nightly-2024-02-05" "fetch" "--manifest-path" "Cargo.toml", kill_on_drop: false }`
[INFO] [stderr]     Blocking waiting for file lock on package cache
[ERROR] error running command: no output for 300 seconds
[ERROR] this task or one of its parent failed!
[ERROR] no output for 300 seconds
[ERROR] note: run with `RUST_BACKTRACE=1` to display a backtrace.
[INFO] checking rustkrazy/packer against nightly-2024-02-05+rustflags=-Dunexpected_cfgs+cargoflags=-Zcheck-cfg for check-cfg
[INFO] running `Command { std: "git" "clone" "/workspace/cache/git-repos/https%3A%2F%2Fgithub.com%2Frustkrazy%2Fpacker" "/workspace/builds/worker-4-tc2/source", kill_on_drop: false }`
[INFO] [stderr] Cloning into '/workspace/builds/worker-4-tc2/source'...
[INFO] [stderr] done.
[INFO] validating manifest of git repo https://github.com/rustkrazy/packer on toolchain nightly-2024-02-05
[INFO] running `Command { std: CARGO_HOME="/workspace/cargo-home" RUSTUP_HOME="/workspace/rustup-home" "/workspace/cargo-home/bin/cargo" "+nightly-2024-02-05" "metadata" "--manifest-path" "Cargo.toml" "--no-deps", kill_on_drop: false }`
[INFO] started tweaking git repo https://github.com/rustkrazy/packer
[INFO] finished tweaking git repo https://github.com/rustkrazy/packer
[INFO] tweaked toml for git repo https://github.com/rustkrazy/packer written to /workspace/builds/worker-4-tc2/source/Cargo.toml
[INFO] crate git repo https://github.com/rustkrazy/packer already has a lockfile, it will not be regenerated
[INFO] running `Command { std: CARGO_HOME="/workspace/cargo-home" RUSTUP_HOME="/workspace/rustup-home" "/workspace/cargo-home/bin/cargo" "+nightly-2024-02-05" "fetch" "--manifest-path" "Cargo.toml", kill_on_drop: false }`
[INFO] [stderr]     Blocking waiting for file lock on package cache
[INFO] [stderr]     Updating crates.io index
[INFO] [stderr]     Updating git repository `https://github.com/rustkrazy/squashfs-ng-rs.git`
[INFO] [stderr]     Blocking waiting for file lock on package cache
[INFO] [stderr]  Downloading crates ...
[INFO] [stderr]   Downloaded gix-negotiate v0.8.0
[INFO] [stderr]   Downloaded cargo-credential-libsecret v0.4.0
[INFO] [stderr]   Downloaded cargo-credential v0.4.1
[INFO] [stderr]   Downloaded gix-url v0.24.0
[INFO] [stderr]   Downloaded gix-revision v0.22.0
[INFO] [stderr]   Downloaded serde_ignored v0.1.9
[INFO] [stderr]   Downloaded gix-fs v0.7.0
[INFO] [stderr]   Downloaded crates-io v0.39.0
[INFO] [stderr]   Downloaded gix-macros v0.1.0
[INFO] [stderr]   Downloaded gix-config-value v0.14.0
[INFO] [stderr]   Downloaded gix-lock v10.0.0
[INFO] [stderr]   Downloaded git2-curl v0.19.0
[INFO] [stderr]   Downloaded miow v0.6.0
[INFO] [stderr]   Downloaded pasetors v0.6.7
[INFO] [stderr]   Downloaded cargo v0.75.1
[INFO] [stderr]   Downloaded orion v0.17.6
[INFO] [stderr]   Downloaded gix-odb v0.53.0
[INFO] [stderr]   Downloaded gix-pack v0.43.0
[INFO] [stderr]   Downloaded gix v0.54.1
[INFO] [stderr]   Downloaded gix-config v0.30.0
[INFO] [stderr]   Downloaded gix-ref v0.37.0
[INFO] [stderr]   Downloaded gix-transport v0.37.0
[INFO] [stderr]   Downloaded gix-index v0.25.0
[INFO] [stderr]   Downloaded gix-filter v0.5.0
[INFO] [stderr]   Downloaded gix-discover v0.25.0
[INFO] [stderr]   Downloaded gix-object v0.37.0
[INFO] [stderr]   Downloaded gix-protocol v0.40.0
[INFO] [stderr]   Downloaded gix-submodule v0.4.0
[INFO] [stderr]   Downloaded fatfs v0.3.6
[INFO] [stderr]   Downloaded gix-worktree v0.26.0
[INFO] [stderr]   Downloaded gix-pathspec v0.3.0
[INFO] [stderr]   Downloaded gix-credentials v0.20.0
[INFO] [stderr]   Downloaded gix-trace v0.1.3
[INFO] [stderr]   Downloaded gix-features v0.35.0
[INFO] [stderr]   Downloaded gix-glob v0.13.0
[INFO] [stderr]   Downloaded gix-actor v0.27.0
[INFO] [stderr]   Downloaded gix-diff v0.36.0
[INFO] [stderr]   Downloaded gix-ignore v0.8.0
[INFO] [stderr]   Downloaded cargo-util v0.2.7
[INFO] [stderr]   Downloaded gix-bitmap v0.2.7
[INFO] [stderr]   Downloaded gix-tempfile v10.0.0
[INFO] [stderr]   Downloaded serde-untagged v0.1.1
[INFO] [stderr]   Downloaded gix-prompt v0.7.0
[INFO] [stderr]   Downloaded gix-chunk v0.4.4
[INFO] [stderr]   Downloaded gix-traverse v0.33.0
[INFO] [stderr]   Downloaded gix-attributes v0.19.0
[INFO] [stderr]   Downloaded gix-hash v0.13.1
[INFO] [stderr]   Downloaded gix-sec v0.10.0
[INFO] [stderr]   Downloaded byteyarn v0.2.3
[INFO] [stderr]   Downloaded gix-commitgraph v0.21.0
[INFO] [stderr]   Downloaded gix-utils v0.1.5
[INFO] [stderr]   Downloaded gix-refspec v0.18.0
[INFO] [stderr]   Downloaded gix-packetline v0.16.7
[INFO] [stderr]   Downloaded gix-validate v0.8.0
[INFO] [stderr]   Downloaded gix-path v0.10.0
[INFO] [stderr]   Downloaded gix-quote v0.4.7
[INFO] [stderr]   Downloaded fscommon v0.1.1
[INFO] [stderr]   Downloaded gix-packetline-blocking v0.16.6
[INFO] [stderr]   Downloaded gix-hashtable v0.4.0
[INFO] [stderr]   Downloaded gix-command v0.2.10
[INFO] [stderr]   Downloaded gix-revwalk v0.8.0
[INFO] [stderr]   Downloaded cargo-credential-macos-keychain v0.4.0
[INFO] [stderr]   Downloaded cargo-credential-wincred v0.4.0
[INFO] running `Command { std: "docker" "create" "-v" "/var/lib/crater-agent-workspace/builds/worker-4-tc2/target:/opt/rustwide/target:rw,Z" "-v" "/var/lib/crater-agent-workspace/builds/worker-4-tc2/source:/opt/rustwide/workdir:ro,Z" "-v" "/var/lib/crater-agent-workspace/cargo-home:/opt/rustwide/cargo-home:ro,Z" "-v" "/var/lib/crater-agent-workspace/rustup-home:/opt/rustwide/rustup-home:ro,Z" "-e" "SOURCE_DIR=/opt/rustwide/workdir" "-e" "CARGO_TARGET_DIR=/opt/rustwide/target" "-e" "CARGO_HOME=/opt/rustwide/cargo-home" "-e" "RUSTUP_HOME=/opt/rustwide/rustup-home" "-w" "/opt/rustwide/workdir" "-m" "1610612736" "--user" "0:0" "--network" "none" "ghcr.io/rust-lang/crates-build-env/linux@sha256:2788e3201cd34a07e3172128adcd8b3090168a8e3bcc40d7c032b9dda1df7d1c" "/opt/rustwide/cargo-home/bin/cargo" "+nightly-2024-02-05" "metadata" "--no-deps" "--format-version=1", kill_on_drop: false }`
[INFO] [stdout] bd6a4f74ebd218e3b8cfe746c37fce4d27ec4a6ad0fbcf17480f17ef8a10002c
[INFO] running `Command { std: "docker" "start" "-a" "bd6a4f74ebd218e3b8cfe746c37fce4d27ec4a6ad0fbcf17480f17ef8a10002c", kill_on_drop: false }`
[INFO] running `Command { std: "docker" "inspect" "bd6a4f74ebd218e3b8cfe746c37fce4d27ec4a6ad0fbcf17480f17ef8a10002c", kill_on_drop: false }`
[INFO] running `Command { std: "docker" "rm" "-f" "bd6a4f74ebd218e3b8cfe746c37fce4d27ec4a6ad0fbcf17480f17ef8a10002c", kill_on_drop: false }`
[INFO] [stdout] bd6a4f74ebd218e3b8cfe746c37fce4d27ec4a6ad0fbcf17480f17ef8a10002c
[INFO] running `Command { std: "docker" "create" "-v" "/var/lib/crater-agent-workspace/builds/worker-4-tc2/target:/opt/rustwide/target:rw,Z" "-v" "/var/lib/crater-agent-workspace/builds/worker-4-tc2/source:/opt/rustwide/workdir:ro,Z" "-v" "/var/lib/crater-agent-workspace/cargo-home:/opt/rustwide/cargo-home:ro,Z" "-v" "/var/lib/crater-agent-workspace/rustup-home:/opt/rustwide/rustup-home:ro,Z" "-e" "SOURCE_DIR=/opt/rustwide/workdir" "-e" "CARGO_TARGET_DIR=/opt/rustwide/target" "-e" "CARGO_INCREMENTAL=0" "-e" "RUST_BACKTRACE=full" "-e" "RUSTFLAGS=--cap-lints=forbid -Dunexpected_cfgs" "-e" "RUSTDOCFLAGS=--cap-lints=forbid" "-e" "CARGO_HOME=/opt/rustwide/cargo-home" "-e" "RUSTUP_HOME=/opt/rustwide/rustup-home" "-w" "/opt/rustwide/workdir" "-m" "1610612736" "--user" "0:0" "--network" "none" "ghcr.io/rust-lang/crates-build-env/linux@sha256:2788e3201cd34a07e3172128adcd8b3090168a8e3bcc40d7c032b9dda1df7d1c" "/opt/rustwide/cargo-home/bin/cargo" "+nightly-2024-02-05" "check" "--frozen" "--all" "--all-targets" "--message-format=json" "-Zcheck-cfg", kill_on_drop: false }`
[INFO] [stdout] 80bd74241a4cd4681f25fa4aae4a8c8e98853e30e489dc1f52cfe4ddfd593221
[INFO] running `Command { std: "docker" "start" "-a" "80bd74241a4cd4681f25fa4aae4a8c8e98853e30e489dc1f52cfe4ddfd593221", kill_on_drop: false }`
[INFO] [stderr]    Compiling proc-macro2 v1.0.70
[INFO] [stderr]    Compiling unicode-ident v1.0.12
[INFO] [stderr]    Compiling libc v0.2.150
[INFO] [stderr]     Checking cfg-if v1.0.0
[INFO] [stderr]    Compiling autocfg v1.1.0
[INFO] [stderr]    Compiling pkg-config v0.3.27
[INFO] [stderr]    Compiling serde v1.0.193
[INFO] [stderr]    Compiling vcpkg v0.2.15
[INFO] [stderr]     Checking memchr v2.6.4
[INFO] [stderr]    Compiling thiserror v1.0.50
[INFO] [stderr]     Checking once_cell v1.18.0
[INFO] [stderr]     Checking regex-syntax v0.8.2
[INFO] [stderr]     Checking bytes v1.5.0
[INFO] [stderr]     Checking scopeguard v1.2.0
[INFO] [stderr]    Compiling crc32fast v1.3.2
[INFO] [stderr]     Checking itoa v1.0.9
[INFO] [stderr]     Checking bitflags v2.4.1
[INFO] [stderr]    Compiling crossbeam-utils v0.8.16
[INFO] [stderr]    Compiling parking_lot_core v0.9.9
[INFO] [stderr]     Checking smallvec v1.11.2
[INFO] [stderr]     Checking same-file v1.0.6
[INFO] [stderr]     Checking gix-trace v0.1.3
[INFO] [stderr]     Checking aho-corasick v1.1.2
[INFO] [stderr]     Checking walkdir v2.4.0
[INFO] [stderr]     Checking adler v1.0.2
[INFO] [stderr]     Checking sha1_smol v1.0.0
[INFO] [stderr]    Compiling lock_api v0.4.11
[INFO] [stderr]    Compiling num-traits v0.2.17
[INFO] [stderr]     Checking miniz_oxide v0.7.1
[INFO] [stderr]    Compiling version_check v0.9.4
[INFO] [stderr]    Compiling time-core v0.1.2
[INFO] [stderr]     Checking powerfmt v0.2.0
[INFO] [stderr]     Checking num_threads v0.1.6
[INFO] [stderr]    Compiling time-macros v0.2.15
[INFO] [stderr]    Compiling typenum v1.17.0
[INFO] [stderr]     Checking zeroize v1.7.0
[INFO] [stderr]    Compiling quote v1.0.33
[INFO] [stderr]    Compiling rustix v0.38.26
[INFO] [stderr]     Checking winnow v0.5.19
[INFO] [stderr]     Checking linux-raw-sys v0.4.12
[INFO] [stderr]     Checking home v0.5.5
[INFO] [stderr]    Compiling syn v2.0.39
[INFO] [stderr]     Checking crossbeam-channel v0.5.8
[INFO] [stderr]    Compiling generic-array v0.14.7
[INFO] [stderr]     Checking hashbrown v0.14.3
[INFO] [stderr]     Checking subtle v2.5.0
[INFO] [stderr]     Checking const-oid v0.9.5
[INFO] [stderr]     Checking fastrand v2.0.1
[INFO] [stderr]     Checking log v0.4.20
[INFO] [stderr]     Checking tinyvec_macros v0.1.1
[INFO] [stderr]     Checking percent-encoding v2.3.1
[INFO] [stderr]     Checking tinyvec v1.6.0
[INFO] [stderr]     Checking pin-project-lite v0.2.13
[INFO] [stderr]     Checking unicode-bidi v0.3.13
[INFO] [stderr]     Checking openssl-probe v0.1.5
[INFO] [stderr]     Checking form_urlencoded v1.2.1
[INFO] [stderr]     Checking base64ct v1.6.0
[INFO] [stderr]     Checking ryu v1.0.15
[INFO] [stderr]     Checking tracing-core v0.1.32
[INFO] [stderr]    Compiling jobserver v0.1.27
[INFO] [stderr]    Compiling syn v1.0.109
[INFO] [stderr]    Compiling serde_json v1.0.108
[INFO] [stderr]     Checking pem-rfc7468 v0.7.0
[INFO] [stderr]     Checking gix-utils v0.1.5
[INFO] [stderr]    Compiling futures-core v0.3.29
[INFO] [stderr]    Compiling cc v1.0.83
[INFO] [stderr]     Checking der v0.7.8
[INFO] [stderr]     Checking regex-automata v0.4.3
[INFO] [stderr]     Checking memmap2 v0.7.1
[INFO] [stderr]     Checking getrandom v0.2.11
[INFO] [stderr]     Checking socket2 v0.4.10
[INFO] [stderr]     Checking unicode-bom v2.0.3
[INFO] [stderr]     Checking unicode-normalization v0.1.22
[INFO] [stderr]    Compiling minimal-lexical v0.2.1
[INFO] [stderr]     Checking parking_lot v0.12.1
[INFO] [stderr]     Checking rand_core v0.6.4
[INFO] [stderr]    Compiling anyhow v1.0.75
[INFO] [stderr]     Checking btoi v0.4.3
[INFO] [stderr]     Checking num_cpus v1.16.0
[INFO] [stderr]     Checking gix-sec v0.10.0
[INFO] [stderr]     Checking equivalent v1.0.1
[INFO] [stderr]     Checking prodash v26.2.2
[INFO] [stderr]    Compiling glob v0.3.1
[INFO] [stderr]    Compiling curl v0.4.44
[INFO] [stderr]     Checking indexmap v2.1.0
[INFO] [stderr]     Checking ff v0.13.0
[INFO] [stderr]     Checking idna v0.5.0
[INFO] [stderr]     Checking socket2 v0.5.5
[INFO] [stderr]     Checking mio v0.8.9
[INFO] [stderr]    Compiling clang-sys v1.6.1
[INFO] [stderr]    Compiling slab v0.4.9
[INFO] [stderr]     Checking spki v0.7.3
[INFO] [stderr]    Compiling prettyplease v0.2.15
[INFO] [stderr]    Compiling nom v7.1.3
[INFO] [stderr]    Compiling futures-task v0.3.29
[INFO] [stderr]     Checking base16ct v0.2.0
[INFO] [stderr]     Checking pkcs8 v0.10.2
[INFO] [stderr]     Checking byteyarn v0.2.3
[INFO] [stderr]     Checking tempfile v3.8.1
[INFO] [stderr]     Checking url v2.5.0
[INFO] [stderr]     Checking crypto-common v0.1.6
[INFO] [stderr]     Checking block-buffer v0.10.4
[INFO] [stderr]     Checking crypto-bigint v0.5.5
[INFO] [stderr]     Checking tokio v1.34.0
[INFO] [stderr]     Checking digest v0.10.7
[INFO] [stderr]     Checking sec1 v0.7.3
[INFO] [stderr]     Checking group v0.13.0
[INFO] [stderr]     Checking filetime v0.2.22
[INFO] [stderr]    Compiling memoffset v0.9.0
[INFO] [stderr]    Compiling libz-sys v1.1.12
[INFO] [stderr]    Compiling openssl-sys v0.9.96
[INFO] [stderr]    Compiling libnghttp2-sys v0.1.8+1.55.1
[INFO] [stderr]    Compiling curl-sys v0.4.68+curl-8.4.0
[INFO] [stderr]    Compiling libssh2-sys v0.3.0
[INFO] [stderr]     Checking hmac v0.12.1
[INFO] [stderr]     Checking hkdf v0.12.3
[INFO] [stderr]    Compiling libgit2-sys v0.16.1+1.7.1
[INFO] [stderr]     Checking cpufeatures v0.2.11
[INFO] [stderr]    Compiling futures-util v0.3.29
[INFO] [stderr]     Checking fnv v1.0.7
[INFO] [stderr]     Checking pin-utils v0.1.0
[INFO] [stderr]     Checking foreign-types-shared v0.1.1
[INFO] [stderr]    Compiling openssl v0.10.60
[INFO] [stderr]     Checking flate2 v1.0.28
[INFO] [stderr]     Checking foreign-types v0.3.2
[INFO] [stderr]     Checking http v0.2.11
[INFO] [stderr]    Compiling libloading v0.7.4
[INFO] [stderr]    Compiling crossbeam-epoch v0.9.15
[INFO] [stderr]     Checking futures-io v0.3.29
[INFO] [stderr]    Compiling native-tls v0.2.11
[INFO] [stderr]    Compiling httparse v1.8.0
[INFO] [stderr]    Compiling either v1.9.0
[INFO] [stderr]    Compiling futures-channel v0.3.29
[INFO] [stderr]     Checking bstr v1.8.0
[INFO] [stderr]    Compiling bindgen v0.68.1
[INFO] [stderr]     Checking base64 v0.21.5
[INFO] [stderr]     Checking utf8parse v0.2.1
[INFO] [stderr]     Checking futures-sink v0.3.29
[INFO] [stderr]    Compiling cexpr v0.6.0
[INFO] [stderr]     Checking anstyle-parse v0.2.2
[INFO] [stderr]     Checking elliptic-curve v0.13.8
[INFO] [stderr]     Checking sha2 v0.10.8
[INFO] [stderr]     Checking rfc6979 v0.4.0
[INFO] [stderr]     Checking gix-command v0.2.10
[INFO] [stderr]     Checking signature v2.2.0
[INFO] [stderr]    Compiling unicase v2.7.0
[INFO] [stderr]     Checking encoding_rs v0.8.33
[INFO] [stderr]     Checking try-lock v0.2.4
[INFO] [stderr]     Checking clru v0.6.1
[INFO] [stderr]     Checking anstyle v1.0.4
[INFO] [stderr]     Checking colorchoice v1.0.0
[INFO] [stderr]     Checking regex-syntax v0.6.29
[INFO] [stderr]    Compiling lazycell v1.3.0
[INFO] [stderr]    Compiling shlex v1.2.0
[INFO] [stderr]    Compiling lazy_static v1.4.0
[INFO] [stderr]    Compiling rustc-hash v1.1.0
[INFO] [stderr]     Checking bitflags v1.3.2
[INFO] [stderr]     Checking anstyle-query v1.0.0
[INFO] [stderr]    Compiling peeking_take_while v0.1.2
[INFO] [stderr]     Checking want v0.3.1
[INFO] [stderr]     Checking anstream v0.6.4
[INFO] [stderr]     Checking ecdsa v0.16.9
[INFO] [stderr]     Checking primeorder v0.13.6
[INFO] [stderr]    Compiling tar v0.4.40
[INFO] [stderr]    Compiling which v4.4.2
[INFO] [stderr]     Checking http-body v0.4.5
[INFO] [stderr]     Checking regex v1.10.2
[INFO] [stderr]     Checking terminal_size v0.3.0
[INFO] [stderr]     Checking bitmaps v2.1.0
[INFO] [stderr]    Compiling im-rc v15.1.0
[INFO] [stderr]    Compiling memoffset v0.7.1
[INFO] [stderr]     Checking ppv-lite86 v0.2.17
[INFO] [stderr]     Checking arc-swap v1.6.0
[INFO] [stderr]     Checking clap_lex v0.6.0
[INFO] [stderr]     Checking fiat-crypto v0.2.5
[INFO] [stderr]    Compiling heck v0.4.1
[INFO] [stderr]     Checking overload v0.1.1
[INFO] [stderr]    Compiling pulldown-cmark v0.9.3
[INFO] [stderr]    Compiling semver v1.0.20
[INFO] [stderr]     Checking tower-service v0.3.2
[INFO] [stderr]     Checking strsim v0.10.0
[INFO] [stderr]     Checking httpdate v1.0.3
[INFO] [stderr]     Checking rand_chacha v0.3.1
[INFO] [stderr]     Checking nu-ansi-term v0.46.0
[INFO] [stderr]     Checking clap_builder v4.4.9
[INFO] [stderr]     Checking sized-chunks v0.6.5
[INFO] [stderr]    Compiling cargo v0.75.1
[INFO] [stderr]     Checking crossbeam-deque v0.8.3
[INFO] [stderr]     Checking p384 v0.13.0
[INFO] [stderr]     Checking sharded-slab v0.1.7
[INFO] [stderr]     Checking globset v0.4.14
[INFO] [stderr]     Checking rand_xoshiro v0.6.0
[INFO] [stderr]     Checking ordered-float v2.10.1
[INFO] [stderr]     Checking ed25519-compact v2.0.4
[INFO] [stderr]     Checking tracing-log v0.2.0
[INFO] [stderr]     Checking regex-automata v0.1.10
[INFO] [stderr]     Checking thread_local v1.1.7
[INFO] [stderr]     Checking libloading v0.8.1
[INFO] [stderr]     Checking shell-escape v0.1.5
[INFO] [stderr]     Checking ct-codecs v1.1.1
[INFO] [stderr]     Checking stable_deref_trait v1.2.0
[INFO] [stderr]     Checking iana-time-zone v0.1.58
[INFO] [stderr]     Checking hex v0.4.3
[INFO] [stderr]     Checking owning_ref v0.4.1
[INFO] [stderr]     Checking ignore v0.4.21
[INFO] [stderr]     Checking chrono v0.4.31
[INFO] [stderr]     Checking itertools v0.10.5
[INFO] [stderr]    Compiling serde_derive v1.0.193
[INFO] [stderr]    Compiling thiserror-impl v1.0.50
[INFO] [stderr]    Compiling tracing-attributes v0.1.27
[INFO] [stderr]    Compiling openssl-macros v0.1.1
[INFO] [stderr]     Checking matchers v0.1.0
[INFO] [stderr]    Compiling gix-macros v0.1.0
[INFO] [stderr]    Compiling maybe-async v0.2.7
[INFO] [stderr]    Compiling color-print-proc-macro v0.3.5
[INFO] [stderr]    Compiling clap_derive v4.4.7
[INFO] [stderr]    Compiling num-derive v0.3.3
[INFO] [stderr]     Checking rand v0.8.5
[INFO] [stderr]     Checking opener v0.6.1
[INFO] [stderr]     Checking sha1 v0.10.6
[INFO] [stderr]     Checking xattr v0.2.3
[INFO] [stderr]     Checking memmap v0.7.0
[INFO] [stderr]     Checking http-auth v0.1.8
[INFO] [stderr]     Checking ipnet v2.9.0
[INFO] [stderr]     Checking unicode-xid v0.2.4
[INFO] [stderr]     Checking bytesize v1.3.0
[INFO] [stderr]     Checking unicode-width v0.1.11
[INFO] [stderr]     Checking mime v0.3.17
[INFO] [stderr]     Checking byteorder v1.5.0
[INFO] [stderr]     Checking humantime v2.1.0
[INFO] [stderr]     Checking pathdiff v0.2.1
[INFO] [stderr]     Checking fatfs v0.3.6
[INFO] [stderr]     Checking nix v0.26.4
[INFO] [stderr]     Checking fscommon v0.1.1
[INFO] [stderr]     Checking gix-path v0.10.0
[INFO] [stderr]     Checking gix-validate v0.8.0
[INFO] [stderr]     Checking gix-chunk v0.4.4
[INFO] [stderr]     Checking gix-quote v0.4.7
[INFO] [stderr]     Checking tracing v0.1.40
[INFO] [stderr]     Checking gix-bitmap v0.2.7
[INFO] [stderr]     Checking color-print v0.3.5
[INFO] [stderr]     Checking gix-config-value v0.14.0
[INFO] [stderr]     Checking tokio-util v0.7.10
[INFO] [stderr]     Checking cargo-util v0.2.7
[INFO] [stderr]     Checking tracing-subscriber v0.3.18
[INFO] [stderr]     Checking gix-prompt v0.7.0
[INFO] [stderr]     Checking h2 v0.3.22
[INFO] [stderr]     Checking clap v4.4.10
[INFO] [stderr]     Checking tokio-native-tls v0.3.1
[INFO] [stderr]     Checking orion v0.17.6
[INFO] [stderr]     Checking hyper v0.14.27
[INFO] [stderr]    Compiling squashfs-ng v0.1.2 (https://github.com/rustkrazy/squashfs-ng-rs.git#dc2a37a7)
[INFO] [stderr]     Checking faster-hex v0.8.1
[INFO] [stderr]     Checking deranged v0.3.9
[INFO] [stderr]     Checking serde_spanned v0.6.4
[INFO] [stderr]     Checking toml_datetime v0.6.5
[INFO] [stderr]     Checking erased-serde v0.3.31
[INFO] [stderr]     Checking os_info v3.7.0
[INFO] [stderr]     Checking serde_ignored v0.1.9
[INFO] [stderr]     Checking serde_urlencoded v0.7.1
[INFO] [stderr]     Checking cargo-platform v0.1.5
[INFO] [stderr]     Checking serde-value v0.7.0
[INFO] [stderr]     Checking toml_edit v0.19.15
[INFO] [stderr]     Checking gix-hash v0.13.1
[INFO] [stderr]     Checking gix-packetline v0.16.7
[INFO] [stderr]     Checking gix-packetline-blocking v0.16.6
[INFO] [stderr]     Checking gix-features v0.35.0
[INFO] [stderr]     Checking gix-hashtable v0.4.0
[INFO] [stderr]     Checking serde-untagged v0.1.1
[INFO] [stderr]     Checking gix-fs v0.7.0
[INFO] [stderr]     Checking gix-commitgraph v0.21.0
[INFO] [stderr]     Checking gix-glob v0.13.0
[INFO] [stderr]     Checking gix-url v0.24.0
[INFO] [stderr]     Checking gix-tempfile v10.0.0
[INFO] [stderr]     Checking gix-credentials v0.20.0
[INFO] [stderr]     Checking crates-io v0.39.0
[INFO] [stderr]     Checking gix-lock v10.0.0
[INFO] [stderr]     Checking gix-attributes v0.19.0
[INFO] [stderr]     Checking time v0.3.30
[INFO] [stderr]     Checking gix-ignore v0.8.0
[INFO] [stderr]     Checking rustfix v0.6.1
[INFO] [stderr]     Checking gix-transport v0.37.0
[INFO] [stderr]     Checking gix-pathspec v0.3.0
[INFO] [stderr]     Checking hyper-tls v0.5.0
[INFO] [stderr]     Checking toml v0.7.8
[INFO] [stderr]     Checking reqwest v0.11.22
[INFO] [stderr] error: failed to run custom build command for `squashfs-ng v0.1.2 (https://github.com/rustkrazy/squashfs-ng-rs.git#dc2a37a7)`
[INFO] [stderr] note: To improve backtraces for build dependencies, set the CARGO_PROFILE_DEV_BUILD_OVERRIDE_DEBUG=true environment variable to enable debug information generation.
[INFO] [stderr] 
[INFO] [stderr] Caused by:
[INFO] [stderr]   process didn't exit successfully: `/opt/rustwide/target/debug/build/squashfs-ng-a8a80cc17d59fd16/build-script-build` (exit status: 101)
[INFO] [stderr]   --- stdout
[INFO] [stderr]   cargo:rustc-link-lib=squashfs
[INFO] [stderr]   cargo:rerun-if-changed=wrapper.h
[INFO] [stderr]   cargo:rerun-if-env-changed=TARGET
[INFO] [stderr]   cargo:rerun-if-env-changed=BINDGEN_EXTRA_CLANG_ARGS_x86_64-unknown-linux-gnu
[INFO] [stderr]   cargo:rerun-if-env-changed=BINDGEN_EXTRA_CLANG_ARGS_x86_64_unknown_linux_gnu
[INFO] [stderr]   cargo:rerun-if-env-changed=BINDGEN_EXTRA_CLANG_ARGS
[INFO] [stderr] 
[INFO] [stderr]   --- stderr
[INFO] [stderr]   wrapper.h:2:10: fatal error: 'sqfs/block.h' file not found
[INFO] [stderr]   thread 'main' panicked at /opt/rustwide/cargo-home/git/checkouts/squashfs-ng-rs-6250191cb464f994/dc2a37a/build.rs:14:10:
[INFO] [stderr]   Failed to generate SquashFS bindings: ClangDiagnostic("wrapper.h:2:10: fatal error: 'sqfs/block.h' file not found\n")
[INFO] [stderr]   stack backtrace:
[INFO] [stderr]      0:     0x55f7816c9ec6 - std::backtrace_rs::backtrace::libunwind::trace::heebc7766b165eb2a
[INFO] [stderr]                                  at /rustc/268dbbbc4b3fd71c5f360a4d0728295252430b5b/library/std/src/../../backtrace/src/backtrace/libunwind.rs:104:5
[INFO] [stderr]      1:     0x55f7816c9ec6 - std::backtrace_rs::backtrace::trace_unsynchronized::ha677020d8fc0296d
[INFO] [stderr]                                  at /rustc/268dbbbc4b3fd71c5f360a4d0728295252430b5b/library/std/src/../../backtrace/src/backtrace/mod.rs:66:5
[INFO] [stderr]      2:     0x55f7816c9ec6 - std::sys_common::backtrace::_print_fmt::hcaff2fd86a1aeaa3
[INFO] [stderr]                                  at /rustc/268dbbbc4b3fd71c5f360a4d0728295252430b5b/library/std/src/sys_common/backtrace.rs:68:5
[INFO] [stderr]      3:     0x55f7816c9ec6 - <std::sys_common::backtrace::_print::DisplayBacktrace as core::fmt::Display>::fmt::hc2446d8aa0059188
[INFO] [stderr]                                  at /rustc/268dbbbc4b3fd71c5f360a4d0728295252430b5b/library/std/src/sys_common/backtrace.rs:44:22
[INFO] [stderr]      4:     0x55f7816f3740 - core::fmt::rt::Argument::fmt::h2fbb6454da37999b
[INFO] [stderr]                                  at /rustc/268dbbbc4b3fd71c5f360a4d0728295252430b5b/library/core/src/fmt/rt.rs:142:9
[INFO] [stderr]      5:     0x55f7816f3740 - core::fmt::write::had96bdeda7d49d3a
[INFO] [stderr]                                  at /rustc/268dbbbc4b3fd71c5f360a4d0728295252430b5b/library/core/src/fmt/mod.rs:1120:17
[INFO] [stderr]      6:     0x55f7816c732f - std::io::Write::write_fmt::h30b1f36eea05b391
[INFO] [stderr]                                  at /rustc/268dbbbc4b3fd71c5f360a4d0728295252430b5b/library/std/src/io/mod.rs:1849:15
[INFO] [stderr]      7:     0x55f7816c9ca4 - std::sys_common::backtrace::_print::hc333bb91ae972137
[INFO] [stderr]                                  at /rustc/268dbbbc4b3fd71c5f360a4d0728295252430b5b/library/std/src/sys_common/backtrace.rs:47:5
[INFO] [stderr]      8:     0x55f7816c9ca4 - std::sys_common::backtrace::print::h18fd3c71a95a3169
[INFO] [stderr]                                  at /rustc/268dbbbc4b3fd71c5f360a4d0728295252430b5b/library/std/src/sys_common/backtrace.rs:34:9
[INFO] [stderr]      9:     0x55f7816cb377 - std::panicking::default_hook::{{closure}}::ha3473f9bcb4e9a37
[INFO] [stderr]     10:     0x55f7816cb0d9 - std::panicking::default_hook::h23d9d43185db6584
[INFO] [stderr]                                  at /rustc/268dbbbc4b3fd71c5f360a4d0728295252430b5b/library/std/src/panicking.rs:292:9
[INFO] [stderr]     11:     0x55f7816cb808 - std::panicking::rust_panic_with_hook::h94aceaa7df3a6edd
[INFO] [stderr]                                  at /rustc/268dbbbc4b3fd71c5f360a4d0728295252430b5b/library/std/src/panicking.rs:781:13
[INFO] [stderr]     12:     0x55f7816cb6e2 - std::panicking::begin_panic_handler::{{closure}}::h9905d45d1d82fc42
[INFO] [stderr]                                  at /rustc/268dbbbc4b3fd71c5f360a4d0728295252430b5b/library/std/src/panicking.rs:659:13
[INFO] [stderr]     13:     0x55f7816ca3c6 - std::sys_common::backtrace::__rust_end_short_backtrace::hb02085545dc143b9
[INFO] [stderr]                                  at /rustc/268dbbbc4b3fd71c5f360a4d0728295252430b5b/library/std/src/sys_common/backtrace.rs:171:18
[INFO] [stderr]     14:     0x55f7816cb434 - rust_begin_unwind
[INFO] [stderr]                                  at /rustc/268dbbbc4b3fd71c5f360a4d0728295252430b5b/library/std/src/panicking.rs:647:5
[INFO] [stderr]     15:     0x55f7811134e5 - core::panicking::panic_fmt::h6dca3983f8a9f4d0
[INFO] [stderr]                                  at /rustc/268dbbbc4b3fd71c5f360a4d0728295252430b5b/library/core/src/panicking.rs:72:14
[INFO] [stderr]     16:     0x55f781113ac3 - core::result::unwrap_failed::h640a7fdbeb8f545f
[INFO] [stderr]                                  at /rustc/268dbbbc4b3fd71c5f360a4d0728295252430b5b/library/core/src/result.rs:1649:5
[INFO] [stderr]     17:     0x55f781114eb0 - core::result::Result<T,E>::expect::hf0b5ad2253539ec1
[INFO] [stderr]     18:     0x55f781115edd - build_script_build::main::h4fd74c6b47f2b8b1
[INFO] [stderr]     19:     0x55f781114903 - core::ops::function::FnOnce::call_once::h9991d13563ce27a6
[INFO] [stderr]     20:     0x55f781113e96 - std::sys_common::backtrace::__rust_begin_short_backtrace::h608d1be8c3804393
[INFO] [stderr]     21:     0x55f781114599 - std::rt::lang_start::{{closure}}::h47424309197fc73b
[INFO] [stderr]     22:     0x55f7816c2831 - core::ops::function::impls::<impl core::ops::function::FnOnce<A> for &F>::call_once::h298d8ff12ebcec8c
[INFO] [stderr]                                  at /rustc/268dbbbc4b3fd71c5f360a4d0728295252430b5b/library/core/src/ops/function.rs:284:13
[INFO] [stderr]     23:     0x55f7816c2831 - std::panicking::try::do_call::hbd0ffb05da5bd343
[INFO] [stderr]                                  at /rustc/268dbbbc4b3fd71c5f360a4d0728295252430b5b/library/std/src/panicking.rs:554:40
[INFO] [stderr]     24:     0x55f7816c2831 - std::panicking::try::h11c9a152defd5d2a
[INFO] [stderr]                                  at /rustc/268dbbbc4b3fd71c5f360a4d0728295252430b5b/library/std/src/panicking.rs:518:19
[INFO] [stderr]     25:     0x55f7816c2831 - std::panic::catch_unwind::h0d6db2fa902b4d64
[INFO] [stderr]                                  at /rustc/268dbbbc4b3fd71c5f360a4d0728295252430b5b/library/std/src/panic.rs:142:14
[INFO] [stderr]     26:     0x55f7816c2831 - std::rt::lang_start_internal::{{closure}}::hdcc09b4aad7ef821
[INFO] [stderr]                                  at /rustc/268dbbbc4b3fd71c5f360a4d0728295252430b5b/library/std/src/rt.rs:148:48
[INFO] [stderr]     27:     0x55f7816c2831 - std::panicking::try::do_call::h3ffd2f162d60900f
[INFO] [stderr]                                  at /rustc/268dbbbc4b3fd71c5f360a4d0728295252430b5b/library/std/src/panicking.rs:554:40
[INFO] [stderr]     28:     0x55f7816c2831 - std::panicking::try::heeba82b9c3e190fb
[INFO] [stderr]                                  at /rustc/268dbbbc4b3fd71c5f360a4d0728295252430b5b/library/std/src/panicking.rs:518:19
[INFO] [stderr]     29:     0x55f7816c2831 - std::panic::catch_unwind::hdaab8f1c188f387f
[INFO] [stderr]                                  at /rustc/268dbbbc4b3fd71c5f360a4d0728295252430b5b/library/std/src/panic.rs:142:14
[INFO] [stderr]     30:     0x55f7816c2831 - std::rt::lang_start_internal::h9989e088c48b7903
[INFO] [stderr]                                  at /rustc/268dbbbc4b3fd71c5f360a4d0728295252430b5b/library/std/src/rt.rs:148:20
[INFO] [stderr]     31:     0x55f781114577 - std::rt::lang_start::h2378acdfaf3811ea
[INFO] [stderr]     32:     0x55f781116145 - main
[INFO] [stderr]     33:     0x7f38022dad90 - <unknown>
[INFO] [stderr]     34:     0x7f38022dae40 - __libc_start_main
[INFO] [stderr]     35:     0x55f781113dc5 - _start
[INFO] [stderr]     36:                0x0 - <unknown>
[INFO] [stderr] warning: build failed, waiting for other jobs to finish...
[INFO] running `Command { std: "docker" "inspect" "80bd74241a4cd4681f25fa4aae4a8c8e98853e30e489dc1f52cfe4ddfd593221", kill_on_drop: false }`
[INFO] running `Command { std: "docker" "rm" "-f" "80bd74241a4cd4681f25fa4aae4a8c8e98853e30e489dc1f52cfe4ddfd593221", kill_on_drop: false }`
[INFO] [stdout] 80bd74241a4cd4681f25fa4aae4a8c8e98853e30e489dc1f52cfe4ddfd593221
