[INFO] cloning repository https://github.com/rust-nostr/nostr-sdk-wasm-example
[INFO] running `Command { std: "git" "-c" "credential.helper=" "-c" "credential.helper=/workspace/cargo-home/bin/git-credential-null" "clone" "--bare" "https://github.com/rust-nostr/nostr-sdk-wasm-example" "/workspace/cache/git-repos/https%3A%2F%2Fgithub.com%2Frust-nostr%2Fnostr-sdk-wasm-example", kill_on_drop: false }`
[INFO] [stderr] Cloning into bare repository '/workspace/cache/git-repos/https%3A%2F%2Fgithub.com%2Frust-nostr%2Fnostr-sdk-wasm-example'...
[INFO] running `Command { std: "git" "rev-parse" "HEAD", kill_on_drop: false }`
[INFO] [stdout] 115661fe531cae5d56cc9a2ec657c15049ca86e8
[INFO] checking rust-nostr/nostr-sdk-wasm-example against nightly-2024-02-05 for check-cfg
[INFO] running `Command { std: "git" "clone" "/workspace/cache/git-repos/https%3A%2F%2Fgithub.com%2Frust-nostr%2Fnostr-sdk-wasm-example" "/workspace/builds/worker-5-tc1/source", kill_on_drop: false }`
[INFO] [stderr] Cloning into '/workspace/builds/worker-5-tc1/source'...
[INFO] [stderr] done.
[INFO] validating manifest of git repo https://github.com/rust-nostr/nostr-sdk-wasm-example on toolchain nightly-2024-02-05
[INFO] running `Command { std: CARGO_HOME="/workspace/cargo-home" RUSTUP_HOME="/workspace/rustup-home" "/workspace/cargo-home/bin/cargo" "+nightly-2024-02-05" "metadata" "--manifest-path" "Cargo.toml" "--no-deps", kill_on_drop: false }`
[INFO] removed /workspace/builds/worker-5-tc1/source/.cargo/config.toml
[INFO] started tweaking git repo https://github.com/rust-nostr/nostr-sdk-wasm-example
[INFO] finished tweaking git repo https://github.com/rust-nostr/nostr-sdk-wasm-example
[INFO] tweaked toml for git repo https://github.com/rust-nostr/nostr-sdk-wasm-example written to /workspace/builds/worker-5-tc1/source/Cargo.toml
[INFO] crate git repo https://github.com/rust-nostr/nostr-sdk-wasm-example already has a lockfile, it will not be regenerated
[INFO] running `Command { std: CARGO_HOME="/workspace/cargo-home" RUSTUP_HOME="/workspace/rustup-home" "/workspace/cargo-home/bin/cargo" "+nightly-2024-02-05" "fetch" "--manifest-path" "Cargo.toml", kill_on_drop: false }`
[INFO] [stderr]     Blocking waiting for file lock on package cache
[ERROR] error running command: no output for 300 seconds
[ERROR] this task or one of its parent failed!
[ERROR] no output for 300 seconds
[ERROR] note: run with `RUST_BACKTRACE=1` to display a backtrace.
[INFO] checking rust-nostr/nostr-sdk-wasm-example against nightly-2024-02-05+rustflags=-Dunexpected_cfgs+cargoflags=-Zcheck-cfg for check-cfg
[INFO] running `Command { std: "git" "clone" "/workspace/cache/git-repos/https%3A%2F%2Fgithub.com%2Frust-nostr%2Fnostr-sdk-wasm-example" "/workspace/builds/worker-5-tc2/source", kill_on_drop: false }`
[INFO] [stderr] Cloning into '/workspace/builds/worker-5-tc2/source'...
[INFO] [stderr] done.
[INFO] validating manifest of git repo https://github.com/rust-nostr/nostr-sdk-wasm-example on toolchain nightly-2024-02-05
[INFO] running `Command { std: CARGO_HOME="/workspace/cargo-home" RUSTUP_HOME="/workspace/rustup-home" "/workspace/cargo-home/bin/cargo" "+nightly-2024-02-05" "metadata" "--manifest-path" "Cargo.toml" "--no-deps", kill_on_drop: false }`
[INFO] removed /workspace/builds/worker-5-tc2/source/.cargo/config.toml
[INFO] started tweaking git repo https://github.com/rust-nostr/nostr-sdk-wasm-example
[INFO] finished tweaking git repo https://github.com/rust-nostr/nostr-sdk-wasm-example
[INFO] tweaked toml for git repo https://github.com/rust-nostr/nostr-sdk-wasm-example written to /workspace/builds/worker-5-tc2/source/Cargo.toml
[INFO] crate git repo https://github.com/rust-nostr/nostr-sdk-wasm-example already has a lockfile, it will not be regenerated
[INFO] running `Command { std: CARGO_HOME="/workspace/cargo-home" RUSTUP_HOME="/workspace/rustup-home" "/workspace/cargo-home/bin/cargo" "+nightly-2024-02-05" "fetch" "--manifest-path" "Cargo.toml", kill_on_drop: false }`
[INFO] [stderr]     Blocking waiting for file lock on package cache
[INFO] [stderr]     Updating git repository `https://github.com/rust-nostr/nostr`
[INFO] [stderr]     Blocking waiting for file lock on package cache
[INFO] running `Command { std: "docker" "create" "-v" "/var/lib/crater-agent-workspace/builds/worker-5-tc2/target:/opt/rustwide/target:rw,Z" "-v" "/var/lib/crater-agent-workspace/builds/worker-5-tc2/source:/opt/rustwide/workdir:ro,Z" "-v" "/var/lib/crater-agent-workspace/cargo-home:/opt/rustwide/cargo-home:ro,Z" "-v" "/var/lib/crater-agent-workspace/rustup-home:/opt/rustwide/rustup-home:ro,Z" "-e" "SOURCE_DIR=/opt/rustwide/workdir" "-e" "CARGO_TARGET_DIR=/opt/rustwide/target" "-e" "CARGO_HOME=/opt/rustwide/cargo-home" "-e" "RUSTUP_HOME=/opt/rustwide/rustup-home" "-w" "/opt/rustwide/workdir" "-m" "1610612736" "--user" "0:0" "--network" "none" "ghcr.io/rust-lang/crates-build-env/linux@sha256:2788e3201cd34a07e3172128adcd8b3090168a8e3bcc40d7c032b9dda1df7d1c" "/opt/rustwide/cargo-home/bin/cargo" "+nightly-2024-02-05" "metadata" "--no-deps" "--format-version=1", kill_on_drop: false }`
[INFO] [stdout] 0aff09466f167684bec380a9dfc21648948d4d545e4550cdde4f502ce0a765bc
[INFO] running `Command { std: "docker" "start" "-a" "0aff09466f167684bec380a9dfc21648948d4d545e4550cdde4f502ce0a765bc", kill_on_drop: false }`
[INFO] running `Command { std: "docker" "inspect" "0aff09466f167684bec380a9dfc21648948d4d545e4550cdde4f502ce0a765bc", kill_on_drop: false }`
[INFO] running `Command { std: "docker" "rm" "-f" "0aff09466f167684bec380a9dfc21648948d4d545e4550cdde4f502ce0a765bc", kill_on_drop: false }`
[INFO] [stdout] 0aff09466f167684bec380a9dfc21648948d4d545e4550cdde4f502ce0a765bc
[INFO] running `Command { std: "docker" "create" "-v" "/var/lib/crater-agent-workspace/builds/worker-5-tc2/target:/opt/rustwide/target:rw,Z" "-v" "/var/lib/crater-agent-workspace/builds/worker-5-tc2/source:/opt/rustwide/workdir:ro,Z" "-v" "/var/lib/crater-agent-workspace/cargo-home:/opt/rustwide/cargo-home:ro,Z" "-v" "/var/lib/crater-agent-workspace/rustup-home:/opt/rustwide/rustup-home:ro,Z" "-e" "SOURCE_DIR=/opt/rustwide/workdir" "-e" "CARGO_TARGET_DIR=/opt/rustwide/target" "-e" "CARGO_INCREMENTAL=0" "-e" "RUST_BACKTRACE=full" "-e" "RUSTFLAGS=--cap-lints=forbid -Dunexpected_cfgs" "-e" "RUSTDOCFLAGS=--cap-lints=forbid" "-e" "CARGO_HOME=/opt/rustwide/cargo-home" "-e" "RUSTUP_HOME=/opt/rustwide/rustup-home" "-w" "/opt/rustwide/workdir" "-m" "1610612736" "--user" "0:0" "--network" "none" "ghcr.io/rust-lang/crates-build-env/linux@sha256:2788e3201cd34a07e3172128adcd8b3090168a8e3bcc40d7c032b9dda1df7d1c" "/opt/rustwide/cargo-home/bin/cargo" "+nightly-2024-02-05" "check" "--frozen" "--all" "--all-targets" "--message-format=json" "-Zcheck-cfg", kill_on_drop: false }`
[INFO] [stdout] b0dd743fd48eeaf02ff127a0aa31c82be7f43a459c41aa4284c0fd6b36b971b2
[INFO] running `Command { std: "docker" "start" "-a" "b0dd743fd48eeaf02ff127a0aa31c82be7f43a459c41aa4284c0fd6b36b971b2", kill_on_drop: false }`
[INFO] [stderr]    Compiling proc-macro2 v1.0.72
[INFO] [stderr]    Compiling quote v1.0.26
[INFO] [stderr]    Compiling unicode-ident v1.0.5
[INFO] [stderr]     Checking cfg-if v1.0.0
[INFO] [stderr]    Compiling syn v1.0.105
[INFO] [stderr]    Compiling log v0.4.17
[INFO] [stderr]    Compiling libc v0.2.151
[INFO] [stderr]    Compiling autocfg v1.1.0
[INFO] [stderr]    Compiling version_check v0.9.4
[INFO] [stderr]    Compiling wasm-bindgen-shared v0.2.84
[INFO] [stderr]    Compiling serde_derive v1.0.158
[INFO] [stderr]    Compiling once_cell v1.19.0
[INFO] [stderr]    Compiling serde v1.0.158
[INFO] [stderr]     Checking pin-project-lite v0.2.9
[INFO] [stderr]    Compiling bumpalo v3.11.1
[INFO] [stderr]     Checking itoa v1.0.6
[INFO] [stderr]    Compiling memchr v2.5.0
[INFO] [stderr]    Compiling wasm-bindgen v0.2.84
[INFO] [stderr]     Checking futures-core v0.3.30
[INFO] [stderr]     Checking bytes v1.5.0
[INFO] [stderr]     Checking futures-sink v0.3.30
[INFO] [stderr]    Compiling typenum v1.17.0
[INFO] [stderr]    Compiling thiserror v1.0.40
[INFO] [stderr]     Checking futures-channel v0.3.30
[INFO] [stderr]    Compiling slab v0.4.8
[INFO] [stderr]    Compiling tokio v1.26.0
[INFO] [stderr]    Compiling generic-array v0.14.7
[INFO] [stderr]     Checking futures-io v0.3.30
[INFO] [stderr]     Checking futures-task v0.3.30
[INFO] [stderr]     Checking pin-utils v0.1.0
[INFO] [stderr]     Checking ryu v1.0.13
[INFO] [stderr]     Checking percent-encoding v2.3.1
[INFO] [stderr]    Compiling serde_json v1.0.94
[INFO] [stderr]     Checking spin v0.9.8
[INFO] [stderr]     Checking untrusted v0.9.0
[INFO] [stderr]     Checking tinyvec_macros v0.1.1
[INFO] [stderr]     Checking tinyvec v1.6.0
[INFO] [stderr]     Checking fnv v1.0.7
[INFO] [stderr]    Compiling rustls v0.21.10
[INFO] [stderr]     Checking form_urlencoded v1.2.1
[INFO] [stderr]    Compiling httparse v1.8.0
[INFO] [stderr]     Checking tracing-core v0.1.30
[INFO] [stderr]     Checking ppv-lite86 v0.2.17
[INFO] [stderr]     Checking unicode-bidi v0.3.14
[INFO] [stderr]     Checking cpufeatures v0.2.11
[INFO] [stderr]     Checking http v0.2.11
[INFO] [stderr]     Checking hashbrown v0.14.3
[INFO] [stderr]    Compiling bitcoin-private v0.1.0
[INFO] [stderr]     Checking equivalent v1.0.1
[INFO] [stderr]    Compiling crossbeam-utils v0.8.18
[INFO] [stderr]     Checking either v1.9.0
[INFO] [stderr]     Checking try-lock v0.2.5
[INFO] [stderr]     Checking httpdate v1.0.3
[INFO] [stderr]     Checking want v0.3.1
[INFO] [stderr]    Compiling hex_lit v0.1.1
[INFO] [stderr]     Checking webpki-roots v0.25.3
[INFO] [stderr]    Compiling syn v2.0.8
[INFO] [stderr]     Checking getrandom v0.2.11
[INFO] [stderr]     Checking num_cpus v1.15.0
[INFO] [stderr]     Checking socket2 v0.4.10
[INFO] [stderr]     Checking mio v0.8.10
[INFO] [stderr]    Compiling cc v1.0.83
[INFO] [stderr]     Checking rand_core v0.6.4
[INFO] [stderr]     Checking socket2 v0.5.5
[INFO] [stderr]     Checking tower-service v0.3.2
[INFO] [stderr]    Compiling proc-macro-error-attr v1.0.4
[INFO] [stderr]    Compiling rustversion v1.0.12
[INFO] [stderr]    Compiling rayon-core v1.12.0
[INFO] [stderr]     Checking base64 v0.21.5
[INFO] [stderr]     Checking rand_chacha v0.3.1
[INFO] [stderr]     Checking indexmap v2.1.0
[INFO] [stderr]    Compiling bitcoin v0.30.2
[INFO] [stderr]     Checking http-body v0.4.6
[INFO] [stderr]     Checking unicode-normalization v0.1.22
[INFO] [stderr]    Compiling proc-macro-error v1.0.4
[INFO] [stderr]     Checking rand v0.8.5
[INFO] [stderr]    Compiling indexmap v1.9.2
[INFO] [stderr]     Checking encoding_rs v0.8.33
[INFO] [stderr]     Checking bitcoin_hashes v0.11.0
[INFO] [stderr]     Checking crossbeam-epoch v0.9.17
[INFO] [stderr]     Checking rustls-pemfile v1.0.4
[INFO] [stderr]    Compiling async-trait v0.1.67
[INFO] [stderr]     Checking data-encoding v2.5.0
[INFO] [stderr]     Checking byteorder v1.5.0
[INFO] [stderr]    Compiling nostr v0.26.0 (https://github.com/rust-nostr/nostr?rev=22cfca6c974641ba7c50e72d19b30aa44769b304#22cfca6c)
[INFO] [stderr]     Checking mime v0.3.17
[INFO] [stderr]     Checking bech32 v0.9.1
[INFO] [stderr]     Checking crossbeam-deque v0.8.4
[INFO] [stderr]     Checking utf-8 v0.7.6
[INFO] [stderr]     Checking ipnet v2.9.0
[INFO] [stderr]    Compiling prettyplease v0.1.25
[INFO] [stderr]     Checking negentropy v0.3.1
[INFO] [stderr]     Checking hashbrown v0.12.3
[INFO] [stderr]     Checking lazy_static v1.4.0
[INFO] [stderr]     Checking idna v0.5.0
[INFO] [stderr]     Checking anymap2 v0.13.0
[INFO] [stderr]     Checking sharded-slab v0.1.7
[INFO] [stderr]     Checking thread_local v1.1.7
[INFO] [stderr]    Compiling boolinator v2.4.0
[INFO] [stderr]     Checking crypto-common v0.1.6
[INFO] [stderr]     Checking block-padding v0.3.3
[INFO] [stderr]    Compiling ring v0.17.7
[INFO] [stderr]    Compiling secp256k1-sys v0.8.1
[INFO] [stderr]     Checking url v2.5.0
[INFO] [stderr]     Checking block-buffer v0.10.4
[INFO] [stderr]     Checking inout v0.1.3
[INFO] [stderr]     Checking rayon v1.8.0
[INFO] [stderr]     Checking tracing-subscriber v0.3.18
[INFO] [stderr]     Checking digest v0.10.7
[INFO] [stderr]     Checking cipher v0.4.4
[INFO] [stderr]     Checking sha1 v0.10.6
[INFO] [stderr]     Checking aes v0.8.3
[INFO] [stderr]     Checking cbc v0.1.2
[INFO] [stderr]     Checking chacha20 v0.9.1
[INFO] [stderr]     Checking implicit-clone v0.3.5
[INFO] [stderr]    Compiling futures-macro v0.3.30
[INFO] [stderr]    Compiling thiserror-impl v1.0.40
[INFO] [stderr]    Compiling wasm-bindgen-backend v0.2.84
[INFO] [stderr]    Compiling wasm-bindgen-macro-support v0.2.84
[INFO] [stderr]     Checking futures-util v0.3.30
[INFO] [stderr]    Compiling tokio-macros v1.8.2
[INFO] [stderr]    Compiling tracing-attributes v0.1.23
[INFO] [stderr]    Compiling pin-project-internal v1.0.12
[INFO] [stderr]    Compiling yew-macro v0.20.0
[INFO] [stderr]     Checking rustls-webpki v0.101.7
[INFO] [stderr]     Checking sct v0.7.1
[INFO] [stderr]    Compiling wasm-bindgen-macro v0.2.84
[INFO] [stderr]     Checking pin-project v1.0.12
[INFO] [stderr]     Checking tracing v0.1.37
[INFO] [stderr]     Checking js-sys v0.3.61
[INFO] [stderr]     Checking console_error_panic_hook v0.1.7
[INFO] [stderr]     Checking tracing-wasm v0.2.1
[INFO] [stderr]     Checking futures v0.3.27
[INFO] [stderr]     Checking pinned v0.1.0
[INFO] [stderr]     Checking tungstenite v0.20.1
[INFO] [stderr]     Checking web-sys v0.3.60
[INFO] [stderr]     Checking wasm-bindgen-futures v0.4.34
[INFO] [stderr]     Checking gloo-timers v0.2.6
[INFO] [stderr]     Checking tokio-rustls v0.24.1
[INFO] [stderr]     Checking tokio-util v0.7.8
[INFO] [stderr]     Checking tokio-socks v0.5.1
[INFO] [stderr]     Checking tokio-stream v0.1.12
[INFO] [stderr]     Checking async-utility v0.1.1
[INFO] [stderr]     Checking tokio-tungstenite v0.20.1
[INFO] [stderr]     Checking serde_urlencoded v0.7.1
[INFO] [stderr]     Checking bitcoin_hashes v0.12.0
[INFO] [stderr]     Checking url-fork v3.0.0
[INFO] [stderr]     Checking bincode v1.3.3
[INFO] [stderr]     Checking bip39 v2.0.0
[INFO] [stderr]     Checking serde-wasm-bindgen v0.4.5
[INFO] [stderr]     Checking prokio v0.1.0
[INFO] [stderr]     Checking h2 v0.3.22
[INFO] [stderr]     Checking nostr-sdk-net v0.26.0 (https://github.com/rust-nostr/nostr?rev=22cfca6c974641ba7c50e72d19b30aa44769b304#22cfca6c)
[INFO] [stderr]     Checking secp256k1 v0.27.0
[INFO] [stderr]     Checking hyper v0.14.28
[INFO] [stderr]     Checking gloo-utils v0.1.6
[INFO] [stderr]     Checking gloo-events v0.1.2
[INFO] [stderr]     Checking gloo-render v0.1.1
[INFO] [stderr]     Checking gloo-dialogs v0.1.1
[INFO] [stderr]     Checking gloo-console v0.2.3
[INFO] [stderr]     Checking gloo-storage v0.2.2
[INFO] [stderr]     Checking gloo-net v0.2.6
[INFO] [stderr]     Checking gloo-history v0.1.3
[INFO] [stderr]     Checking gloo-file v0.2.3
[INFO] [stderr]     Checking gloo-worker v0.2.1
[INFO] [stderr]     Checking hyper-rustls v0.24.2
[INFO] [stderr]     Checking gloo v0.8.0
[INFO] [stderr]     Checking reqwest v0.11.23
[INFO] [stderr]     Checking yew v0.20.0
[INFO] [stderr]     Checking nostr-database v0.26.0 (https://github.com/rust-nostr/nostr?rev=22cfca6c974641ba7c50e72d19b30aa44769b304#22cfca6c)
[INFO] [stderr]     Checking nostr-sdk v0.26.0 (https://github.com/rust-nostr/nostr?rev=22cfca6c974641ba7c50e72d19b30aa44769b304#22cfca6c)
[INFO] [stderr]     Checking nostr-sdk-wasm-example v0.1.0 (/opt/rustwide/workdir)
[INFO] [stdout] error[E0432]: unresolved import `nostr_sdk::nips::nip07`
[INFO] [stdout]  --> src/app.rs:2:22
[INFO] [stdout]   |
[INFO] [stdout] 2 | use nostr_sdk::nips::nip07::Nip07Signer;
[INFO] [stdout]   |                      ^^^^^ could not find `nip07` in `nips`
[INFO] [stdout] 
[INFO] [stdout] 
[INFO] [stdout] error[E0432]: unresolved import `nostr_sdk::nips::nip07`
[INFO] [stdout]  --> src/app.rs:2:22
[INFO] [stdout]   |
[INFO] [stdout] 2 | use nostr_sdk::nips::nip07::Nip07Signer;
[INFO] [stdout]   |                      ^^^^^ could not find `nip07` in `nips`
[INFO] [stdout] 
[INFO] [stdout] 
[INFO] [stdout] error[E0599]: no variant or associated item named `NIP07` found for enum `nostr_sdk::ClientSigner` in the current scope
[INFO] [stdout]   --> src/app.rs:10:36
[INFO] [stdout]    |
[INFO] [stdout] 10 |         let signer = ClientSigner::NIP07(Nip07Signer::new().unwrap());
[INFO] [stdout]    |                                    ^^^^^ variant or associated item not found in `ClientSigner`
[INFO] [stdout] 
[INFO] [stdout] 
[INFO] [stdout] error[E0599]: no variant or associated item named `NIP07` found for enum `nostr_sdk::ClientSigner` in the current scope
[INFO] [stdout]   --> src/app.rs:10:36
[INFO] [stdout]    |
[INFO] [stdout] 10 |         let signer = ClientSigner::NIP07(Nip07Signer::new().unwrap());
[INFO] [stdout]    |                                    ^^^^^ variant or associated item not found in `ClientSigner`
[INFO] [stdout] 
[INFO] [stdout] 
[INFO] [stdout] error: aborting due to 2 previous errors
[INFO] [stdout] 
[INFO] [stdout] 
[INFO] [stdout] error: aborting due to 2 previous errors
[INFO] [stdout] 
[INFO] [stdout] 
[INFO] [stdout] Some errors have detailed explanations: E0432, E0599.
[INFO] [stdout] 
[INFO] [stdout] Some errors have detailed explanations: E0432, E0599.
[INFO] [stdout] 
[INFO] [stdout] For more information about an error, try `rustc --explain E0432`.
[INFO] [stdout] 
[INFO] [stdout] For more information about an error, try `rustc --explain E0432`.
[INFO] [stdout] 
[INFO] [stderr] error: could not compile `nostr-sdk-wasm-example` (bin "nostr-sdk-wasm-example" test) due to 3 previous errors
[INFO] [stderr] warning: build failed, waiting for other jobs to finish...
[INFO] [stderr] error: could not compile `nostr-sdk-wasm-example` (bin "nostr-sdk-wasm-example") due to 3 previous errors
[INFO] running `Command { std: "docker" "inspect" "b0dd743fd48eeaf02ff127a0aa31c82be7f43a459c41aa4284c0fd6b36b971b2", kill_on_drop: false }`
[INFO] running `Command { std: "docker" "rm" "-f" "b0dd743fd48eeaf02ff127a0aa31c82be7f43a459c41aa4284c0fd6b36b971b2", kill_on_drop: false }`
[INFO] [stdout] b0dd743fd48eeaf02ff127a0aa31c82be7f43a459c41aa4284c0fd6b36b971b2
