[INFO] cloning repository https://github.com/roma-glushko/inotify-toolkit
[INFO] running `Command { std: "git" "-c" "credential.helper=" "-c" "credential.helper=/workspace/cargo-home/bin/git-credential-null" "clone" "--bare" "https://github.com/roma-glushko/inotify-toolkit" "/workspace/cache/git-repos/https%3A%2F%2Fgithub.com%2Froma-glushko%2Finotify-toolkit", kill_on_drop: false }`
[INFO] [stderr] Cloning into bare repository '/workspace/cache/git-repos/https%3A%2F%2Fgithub.com%2Froma-glushko%2Finotify-toolkit'...
[INFO] running `Command { std: "git" "rev-parse" "HEAD", kill_on_drop: false }`
[INFO] [stdout] 8d2906f50c6aca365e1f1a67a2b4d74e30af35a6
[INFO] checking roma-glushko/inotify-toolkit against nightly-2024-02-05 for check-cfg
[INFO] running `Command { std: "git" "clone" "/workspace/cache/git-repos/https%3A%2F%2Fgithub.com%2Froma-glushko%2Finotify-toolkit" "/workspace/builds/worker-4-tc1/source", kill_on_drop: false }`
[INFO] [stderr] Cloning into '/workspace/builds/worker-4-tc1/source'...
[INFO] [stderr] done.
[INFO] validating manifest of git repo https://github.com/roma-glushko/inotify-toolkit on toolchain nightly-2024-02-05
[INFO] running `Command { std: CARGO_HOME="/workspace/cargo-home" RUSTUP_HOME="/workspace/rustup-home" "/workspace/cargo-home/bin/cargo" "+nightly-2024-02-05" "metadata" "--manifest-path" "Cargo.toml" "--no-deps", kill_on_drop: false }`
[INFO] removed /workspace/builds/worker-4-tc1/source/.cargo/config.toml
[INFO] started tweaking git repo https://github.com/roma-glushko/inotify-toolkit
[INFO] finished tweaking git repo https://github.com/roma-glushko/inotify-toolkit
[INFO] tweaked toml for git repo https://github.com/roma-glushko/inotify-toolkit written to /workspace/builds/worker-4-tc1/source/Cargo.toml
[INFO] crate git repo https://github.com/roma-glushko/inotify-toolkit already has a lockfile, it will not be regenerated
[INFO] running `Command { std: CARGO_HOME="/workspace/cargo-home" RUSTUP_HOME="/workspace/rustup-home" "/workspace/cargo-home/bin/cargo" "+nightly-2024-02-05" "fetch" "--manifest-path" "Cargo.toml", kill_on_drop: false }`
[INFO] [stderr]     Blocking waiting for file lock on package cache
[ERROR] error running command: no output for 300 seconds
[ERROR] this task or one of its parent failed!
[ERROR] no output for 300 seconds
[ERROR] note: run with `RUST_BACKTRACE=1` to display a backtrace.
[INFO] checking roma-glushko/inotify-toolkit against nightly-2024-02-05+rustflags=-Dunexpected_cfgs+cargoflags=-Zcheck-cfg for check-cfg
[INFO] running `Command { std: "git" "clone" "/workspace/cache/git-repos/https%3A%2F%2Fgithub.com%2Froma-glushko%2Finotify-toolkit" "/workspace/builds/worker-4-tc2/source", kill_on_drop: false }`
[INFO] [stderr] Cloning into '/workspace/builds/worker-4-tc2/source'...
[INFO] [stderr] done.
[INFO] validating manifest of git repo https://github.com/roma-glushko/inotify-toolkit on toolchain nightly-2024-02-05
[INFO] running `Command { std: CARGO_HOME="/workspace/cargo-home" RUSTUP_HOME="/workspace/rustup-home" "/workspace/cargo-home/bin/cargo" "+nightly-2024-02-05" "metadata" "--manifest-path" "Cargo.toml" "--no-deps", kill_on_drop: false }`
[INFO] removed /workspace/builds/worker-4-tc2/source/.cargo/config.toml
[INFO] started tweaking git repo https://github.com/roma-glushko/inotify-toolkit
[INFO] finished tweaking git repo https://github.com/roma-glushko/inotify-toolkit
[INFO] tweaked toml for git repo https://github.com/roma-glushko/inotify-toolkit written to /workspace/builds/worker-4-tc2/source/Cargo.toml
[INFO] crate git repo https://github.com/roma-glushko/inotify-toolkit already has a lockfile, it will not be regenerated
[INFO] running `Command { std: CARGO_HOME="/workspace/cargo-home" RUSTUP_HOME="/workspace/rustup-home" "/workspace/cargo-home/bin/cargo" "+nightly-2024-02-05" "fetch" "--manifest-path" "Cargo.toml", kill_on_drop: false }`
[INFO] [stderr]     Blocking waiting for file lock on package cache
[INFO] [stderr]     Blocking waiting for file lock on package cache
[INFO] running `Command { std: "docker" "create" "-v" "/var/lib/crater-agent-workspace/builds/worker-4-tc2/target:/opt/rustwide/target:rw,Z" "-v" "/var/lib/crater-agent-workspace/builds/worker-4-tc2/source:/opt/rustwide/workdir:ro,Z" "-v" "/var/lib/crater-agent-workspace/cargo-home:/opt/rustwide/cargo-home:ro,Z" "-v" "/var/lib/crater-agent-workspace/rustup-home:/opt/rustwide/rustup-home:ro,Z" "-e" "SOURCE_DIR=/opt/rustwide/workdir" "-e" "CARGO_TARGET_DIR=/opt/rustwide/target" "-e" "CARGO_HOME=/opt/rustwide/cargo-home" "-e" "RUSTUP_HOME=/opt/rustwide/rustup-home" "-w" "/opt/rustwide/workdir" "-m" "1610612736" "--user" "0:0" "--network" "none" "ghcr.io/rust-lang/crates-build-env/linux@sha256:2788e3201cd34a07e3172128adcd8b3090168a8e3bcc40d7c032b9dda1df7d1c" "/opt/rustwide/cargo-home/bin/cargo" "+nightly-2024-02-05" "metadata" "--no-deps" "--format-version=1", kill_on_drop: false }`
[INFO] [stdout] e3226e5b78939d2efbf5a33dbb8ab951d7bd5a02510a958552615e26067353e1
[INFO] running `Command { std: "docker" "start" "-a" "e3226e5b78939d2efbf5a33dbb8ab951d7bd5a02510a958552615e26067353e1", kill_on_drop: false }`
[INFO] running `Command { std: "docker" "inspect" "e3226e5b78939d2efbf5a33dbb8ab951d7bd5a02510a958552615e26067353e1", kill_on_drop: false }`
[INFO] running `Command { std: "docker" "rm" "-f" "e3226e5b78939d2efbf5a33dbb8ab951d7bd5a02510a958552615e26067353e1", kill_on_drop: false }`
[INFO] [stdout] e3226e5b78939d2efbf5a33dbb8ab951d7bd5a02510a958552615e26067353e1
[INFO] running `Command { std: "docker" "create" "-v" "/var/lib/crater-agent-workspace/builds/worker-4-tc2/target:/opt/rustwide/target:rw,Z" "-v" "/var/lib/crater-agent-workspace/builds/worker-4-tc2/source:/opt/rustwide/workdir:ro,Z" "-v" "/var/lib/crater-agent-workspace/cargo-home:/opt/rustwide/cargo-home:ro,Z" "-v" "/var/lib/crater-agent-workspace/rustup-home:/opt/rustwide/rustup-home:ro,Z" "-e" "SOURCE_DIR=/opt/rustwide/workdir" "-e" "CARGO_TARGET_DIR=/opt/rustwide/target" "-e" "CARGO_INCREMENTAL=0" "-e" "RUST_BACKTRACE=full" "-e" "RUSTFLAGS=--cap-lints=forbid -Dunexpected_cfgs" "-e" "RUSTDOCFLAGS=--cap-lints=forbid" "-e" "CARGO_HOME=/opt/rustwide/cargo-home" "-e" "RUSTUP_HOME=/opt/rustwide/rustup-home" "-w" "/opt/rustwide/workdir" "-m" "1610612736" "--user" "0:0" "--network" "none" "ghcr.io/rust-lang/crates-build-env/linux@sha256:2788e3201cd34a07e3172128adcd8b3090168a8e3bcc40d7c032b9dda1df7d1c" "/opt/rustwide/cargo-home/bin/cargo" "+nightly-2024-02-05" "check" "--frozen" "--all" "--all-targets" "--message-format=json" "-Zcheck-cfg", kill_on_drop: false }`
[INFO] [stdout] 6e5a5200b9092963538cf1b47b6f13b8e014aca9df096cb247668df8f520183a
[INFO] running `Command { std: "docker" "start" "-a" "6e5a5200b9092963538cf1b47b6f13b8e014aca9df096cb247668df8f520183a", kill_on_drop: false }`
[INFO] [stderr]    Compiling libc v0.2.150
[INFO] [stderr]    Compiling target-lexicon v0.12.12
[INFO] [stderr]    Compiling autocfg v1.1.0
[INFO] [stderr]     Checking cfg-if v1.0.0
[INFO] [stderr]    Compiling once_cell v1.18.0
[INFO] [stderr]    Compiling proc-macro2 v1.0.69
[INFO] [stderr]    Compiling unicode-ident v1.0.12
[INFO] [stderr]    Compiling parking_lot_core v0.9.9
[INFO] [stderr]    Compiling crossbeam-utils v0.8.16
[INFO] [stderr]     Checking smallvec v1.11.2
[INFO] [stderr]     Checking scopeguard v1.2.0
[INFO] [stderr]     Checking same-file v1.0.6
[INFO] [stderr]     Checking bitflags v1.3.2
[INFO] [stderr]    Compiling heck v0.4.1
[INFO] [stderr]     Checking log v0.4.20
[INFO] [stderr]     Checking walkdir v2.4.0
[INFO] [stderr]     Checking unindent v0.2.3
[INFO] [stderr]    Compiling lock_api v0.4.11
[INFO] [stderr]    Compiling memoffset v0.9.0
[INFO] [stderr]    Compiling indoc v2.0.4
[INFO] [stderr]     Checking file-id v0.2.1
[INFO] [stderr]    Compiling pyo3-build-config v0.20.0
[INFO] [stderr]     Checking crossbeam-channel v0.5.8
[INFO] [stderr]    Compiling quote v1.0.33
[INFO] [stderr]    Compiling syn v2.0.39
[INFO] [stderr]     Checking inotify-sys v0.1.5
[INFO] [stderr]     Checking filetime v0.2.22
[INFO] [stderr]     Checking mio v0.8.9
[INFO] [stderr]     Checking inotify v0.9.6
[INFO] [stderr]     Checking parking_lot v0.12.1
[INFO] [stderr]     Checking notify v6.1.1
[INFO] [stderr]     Checking notify-debouncer-full v0.3.1
[INFO] [stderr]    Compiling pyo3-ffi v0.20.0
[INFO] [stderr]    Compiling pyo3 v0.20.0
[INFO] [stderr]    Compiling pyo3-macros-backend v0.20.0
[INFO] [stderr]    Compiling pyo3-macros v0.20.0
[INFO] [stderr]     Checking notifykit_lib v0.0.8-alpha.1 (/opt/rustwide/workdir)
[INFO] [stdout] error[E0412]: cannot find type `Instant` in this scope
[INFO] [stdout]   --> src/processor.rs:21:15
[INFO] [stdout]    |
[INFO] [stdout] 21 |     pub time: Instant,
[INFO] [stdout]    |               ^^^^^^^ not found in this scope
[INFO] [stdout]    |
[INFO] [stdout] help: consider importing this struct
[INFO] [stdout]    |
[INFO] [stdout] 1  + use std::time::Instant;
[INFO] [stdout]    |
[INFO] [stdout] 
[INFO] [stdout] 
[INFO] [stdout] error[E0412]: cannot find type `Instant` in this scope
[INFO] [stdout]   --> src/processor.rs:25:42
[INFO] [stdout]    |
[INFO] [stdout] 25 |     pub fn new(event: NotifyEvent, time: Instant) -> Self {
[INFO] [stdout]    |                                          ^^^^^^^ not found in this scope
[INFO] [stdout]    |
[INFO] [stdout] help: consider importing this struct
[INFO] [stdout]    |
[INFO] [stdout] 1  + use std::time::Instant;
[INFO] [stdout]    |
[INFO] [stdout] 
[INFO] [stdout] 
[INFO] [stdout] error[E0433]: failed to resolve: use of undeclared type `Instant`
[INFO] [stdout]   --> src/processor.rs:48:19
[INFO] [stdout]    |
[INFO] [stdout] 48 |             time: Instant::now(),
[INFO] [stdout]    |                   ^^^^^^^ use of undeclared type `Instant`
[INFO] [stdout]    |
[INFO] [stdout] help: consider importing this struct
[INFO] [stdout]    |
[INFO] [stdout] 1  + use std::time::Instant;
[INFO] [stdout]    |
[INFO] [stdout] 
[INFO] [stdout] 
[INFO] [stdout] error[E0433]: failed to resolve: use of undeclared type `Instant`
[INFO] [stdout]   --> src/processor.rs:57:19
[INFO] [stdout]    |
[INFO] [stdout] 57 |             time: Instant::now(),
[INFO] [stdout]    |                   ^^^^^^^ use of undeclared type `Instant`
[INFO] [stdout]    |
[INFO] [stdout] help: consider importing this struct
[INFO] [stdout]    |
[INFO] [stdout] 1  + use std::time::Instant;
[INFO] [stdout]    |
[INFO] [stdout] 
[INFO] [stdout] 
[INFO] [stdout] error[E0433]: failed to resolve: use of undeclared type `Instant`
[INFO] [stdout]    --> src/processor.rs:123:20
[INFO] [stdout]     |
[INFO] [stdout] 123 |         let time = Instant::now();
[INFO] [stdout]     |                    ^^^^^^^ use of undeclared type `Instant`
[INFO] [stdout]     |
[INFO] [stdout] help: consider importing this struct
[INFO] [stdout]     |
[INFO] [stdout] 1   + use std::time::Instant;
[INFO] [stdout]     |
[INFO] [stdout] 
[INFO] [stdout] 
[INFO] [stdout] error[E0433]: failed to resolve: use of undeclared type `Instant`
[INFO] [stdout]    --> src/processor.rs:164:36
[INFO] [stdout]     |
[INFO] [stdout] 164 |             self.push_event(event, Instant::now());
[INFO] [stdout]     |                                    ^^^^^^^ use of undeclared type `Instant`
[INFO] [stdout]     |
[INFO] [stdout] help: consider importing this struct
[INFO] [stdout]     |
[INFO] [stdout] 1   + use std::time::Instant;
[INFO] [stdout]     |
[INFO] [stdout] 
[INFO] [stdout] 
[INFO] [stdout] error[E0412]: cannot find type `Instant` in this scope
[INFO] [stdout]    --> src/processor.rs:170:78
[INFO] [stdout]     |
[INFO] [stdout] 170 |     fn push_rename_event(&mut self, path: PathBuf, event: NotifyEvent, time: Instant) {
[INFO] [stdout]     |                                                                              ^^^^^^^ not found in this scope
[INFO] [stdout]     |
[INFO] [stdout] help: consider importing this struct
[INFO] [stdout]     |
[INFO] [stdout] 1   + use std::time::Instant;
[INFO] [stdout]     |
[INFO] [stdout] 
[INFO] [stdout] 
[INFO] [stdout] error[E0412]: cannot find type `Instant` in this scope
[INFO] [stdout]    --> src/processor.rs:242:63
[INFO] [stdout]     |
[INFO] [stdout] 242 |     fn push_remove_event(&mut self, event: NotifyEvent, time: Instant) {
[INFO] [stdout]     |                                                               ^^^^^^^ not found in this scope
[INFO] [stdout]     |
[INFO] [stdout] help: consider importing this struct
[INFO] [stdout]     |
[INFO] [stdout] 1   + use std::time::Instant;
[INFO] [stdout]     |
[INFO] [stdout] 
[INFO] [stdout] 
[INFO] [stdout] error[E0412]: cannot find type `Instant` in this scope
[INFO] [stdout]    --> src/processor.rs:264:56
[INFO] [stdout]     |
[INFO] [stdout] 264 |     fn push_event(&mut self, event: NotifyEvent, time: Instant) {
[INFO] [stdout]     |                                                        ^^^^^^^ not found in this scope
[INFO] [stdout]     |
[INFO] [stdout] help: consider importing this struct
[INFO] [stdout]     |
[INFO] [stdout] 1   + use std::time::Instant;
[INFO] [stdout]     |
[INFO] [stdout] 
[INFO] [stdout] 
[INFO] [stdout] error[E0433]: failed to resolve: use of undeclared type `Instant`
[INFO] [stdout]    --> src/processor.rs:290:19
[INFO] [stdout]     |
[INFO] [stdout] 290 |         let now = Instant::now();
[INFO] [stdout]     |                   ^^^^^^^ use of undeclared type `Instant`
[INFO] [stdout]     |
[INFO] [stdout] help: consider importing this struct
[INFO] [stdout]     |
[INFO] [stdout] 1   + use std::time::Instant;
[INFO] [stdout]     |
[INFO] [stdout] 
[INFO] [stdout] 
[INFO] [stdout] error[E0433]: failed to resolve: use of undeclared type `Instant`
[INFO] [stdout]    --> src/processor.rs:373:40
[INFO] [stdout]     |
[INFO] [stdout] 373 |                 self.push_event(event, Instant::now());
[INFO] [stdout]     |                                        ^^^^^^^ use of undeclared type `Instant`
[INFO] [stdout]     |
[INFO] [stdout] help: consider importing this struct
[INFO] [stdout]     |
[INFO] [stdout] 1   + use std::time::Instant;
[INFO] [stdout]     |
[INFO] [stdout] 
[INFO] [stdout] 
[INFO] [stdout] error[E0433]: failed to resolve: use of undeclared type `Instant`
[INFO] [stdout]    --> src/processor.rs:399:47
[INFO] [stdout]     |
[INFO] [stdout] 399 |                 self.push_remove_event(event, Instant::now());
[INFO] [stdout]     |                                               ^^^^^^^ use of undeclared type `Instant`
[INFO] [stdout]     |
[INFO] [stdout] help: consider importing this struct
[INFO] [stdout]     |
[INFO] [stdout] 1   + use std::time::Instant;
[INFO] [stdout]     |
[INFO] [stdout] 
[INFO] [stdout] 
[INFO] [stdout] error[E0433]: failed to resolve: use of undeclared type `Instant`
[INFO] [stdout]    --> src/processor.rs:409:40
[INFO] [stdout]     |
[INFO] [stdout] 409 |                 self.push_event(event, Instant::now());
[INFO] [stdout]     |                                        ^^^^^^^ use of undeclared type `Instant`
[INFO] [stdout]     |
[INFO] [stdout] help: consider importing this struct
[INFO] [stdout]     |
[INFO] [stdout] 1   + use std::time::Instant;
[INFO] [stdout]     |
[INFO] [stdout] 
[INFO] [stdout] 
[INFO] [stdout] error[E0433]: failed to resolve: use of undeclared type `Instant`
[INFO] [stdout]    --> src/processor.rs:441:19
[INFO] [stdout]     |
[INFO] [stdout] 441 |         let now = Instant::now();
[INFO] [stdout]     |                   ^^^^^^^ use of undeclared type `Instant`
[INFO] [stdout]     |
[INFO] [stdout] help: consider importing this struct
[INFO] [stdout]     |
[INFO] [stdout] 1   + use std::time::Instant;
[INFO] [stdout]     |
[INFO] [stdout] 
[INFO] [stdout] 
[INFO] [stdout] error[E0433]: failed to resolve: use of undeclared type `Instant`
[INFO] [stdout]    --> src/processor.rs:460:47
[INFO] [stdout]     |
[INFO] [stdout] 460 |         self.events.push(RawEvent::new(event, Instant::now()));
[INFO] [stdout]     |                                               ^^^^^^^ use of undeclared type `Instant`
[INFO] [stdout]     |
[INFO] [stdout] help: consider importing this struct
[INFO] [stdout]     |
[INFO] [stdout] 1   + use std::time::Instant;
[INFO] [stdout]     |
[INFO] [stdout] 
[INFO] [stdout] 
[INFO] [stdout] error: aborting due to 15 previous errors
[INFO] [stdout] 
[INFO] [stdout] 
[INFO] [stdout] Some errors have detailed explanations: E0412, E0433.
[INFO] [stdout] 
[INFO] [stdout] For more information about an error, try `rustc --explain E0412`.
[INFO] [stdout] 
[INFO] [stderr] error: could not compile `notifykit_lib` (lib test) due to 16 previous errors
[INFO] [stderr] warning: build failed, waiting for other jobs to finish...
[INFO] running `Command { std: "docker" "inspect" "6e5a5200b9092963538cf1b47b6f13b8e014aca9df096cb247668df8f520183a", kill_on_drop: false }`
[INFO] running `Command { std: "docker" "rm" "-f" "6e5a5200b9092963538cf1b47b6f13b8e014aca9df096cb247668df8f520183a", kill_on_drop: false }`
[INFO] [stdout] 6e5a5200b9092963538cf1b47b6f13b8e014aca9df096cb247668df8f520183a
