[INFO] cloning repository https://github.com/rix0rrr/planny
[INFO] running `Command { std: "git" "-c" "credential.helper=" "-c" "credential.helper=/workspace/cargo-home/bin/git-credential-null" "clone" "--bare" "https://github.com/rix0rrr/planny" "/workspace/cache/git-repos/https%3A%2F%2Fgithub.com%2Frix0rrr%2Fplanny", kill_on_drop: false }`
[INFO] [stderr] Cloning into bare repository '/workspace/cache/git-repos/https%3A%2F%2Fgithub.com%2Frix0rrr%2Fplanny'...
[INFO] running `Command { std: "git" "rev-parse" "HEAD", kill_on_drop: false }`
[INFO] [stdout] 7813420b3db3f9de8e0f9443706010b173fb5875
[INFO] checking rix0rrr/planny against nightly-2024-02-05 for check-cfg
[INFO] running `Command { std: "git" "clone" "/workspace/cache/git-repos/https%3A%2F%2Fgithub.com%2Frix0rrr%2Fplanny" "/workspace/builds/worker-4-tc1/source", kill_on_drop: false }`
[INFO] [stderr] Cloning into '/workspace/builds/worker-4-tc1/source'...
[INFO] [stderr] done.
[INFO] validating manifest of git repo https://github.com/rix0rrr/planny on toolchain nightly-2024-02-05
[INFO] running `Command { std: CARGO_HOME="/workspace/cargo-home" RUSTUP_HOME="/workspace/rustup-home" "/workspace/cargo-home/bin/cargo" "+nightly-2024-02-05" "metadata" "--manifest-path" "Cargo.toml" "--no-deps", kill_on_drop: false }`
[INFO] started tweaking git repo https://github.com/rix0rrr/planny
[INFO] finished tweaking git repo https://github.com/rix0rrr/planny
[INFO] tweaked toml for git repo https://github.com/rix0rrr/planny written to /workspace/builds/worker-4-tc1/source/Cargo.toml
[INFO] crate git repo https://github.com/rix0rrr/planny already has a lockfile, it will not be regenerated
[INFO] running `Command { std: CARGO_HOME="/workspace/cargo-home" RUSTUP_HOME="/workspace/rustup-home" "/workspace/cargo-home/bin/cargo" "+nightly-2024-02-05" "fetch" "--manifest-path" "Cargo.toml", kill_on_drop: false }`
[INFO] [stderr]     Blocking waiting for file lock on package cache
[ERROR] error running command: no output for 300 seconds
[ERROR] this task or one of its parent failed!
[ERROR] no output for 300 seconds
[ERROR] note: run with `RUST_BACKTRACE=1` to display a backtrace.
[INFO] checking rix0rrr/planny against nightly-2024-02-05+rustflags=-Dunexpected_cfgs+cargoflags=-Zcheck-cfg for check-cfg
[INFO] running `Command { std: "git" "clone" "/workspace/cache/git-repos/https%3A%2F%2Fgithub.com%2Frix0rrr%2Fplanny" "/workspace/builds/worker-4-tc2/source", kill_on_drop: false }`
[INFO] [stderr] Cloning into '/workspace/builds/worker-4-tc2/source'...
[INFO] [stderr] done.
[INFO] validating manifest of git repo https://github.com/rix0rrr/planny on toolchain nightly-2024-02-05
[INFO] running `Command { std: CARGO_HOME="/workspace/cargo-home" RUSTUP_HOME="/workspace/rustup-home" "/workspace/cargo-home/bin/cargo" "+nightly-2024-02-05" "metadata" "--manifest-path" "Cargo.toml" "--no-deps", kill_on_drop: false }`
[INFO] started tweaking git repo https://github.com/rix0rrr/planny
[INFO] finished tweaking git repo https://github.com/rix0rrr/planny
[INFO] tweaked toml for git repo https://github.com/rix0rrr/planny written to /workspace/builds/worker-4-tc2/source/Cargo.toml
[INFO] crate git repo https://github.com/rix0rrr/planny already has a lockfile, it will not be regenerated
[INFO] running `Command { std: CARGO_HOME="/workspace/cargo-home" RUSTUP_HOME="/workspace/rustup-home" "/workspace/cargo-home/bin/cargo" "+nightly-2024-02-05" "fetch" "--manifest-path" "Cargo.toml", kill_on_drop: false }`
[INFO] [stderr]     Blocking waiting for file lock on package cache
[INFO] [stderr]     Updating crates.io index
[INFO] [stderr]     Blocking waiting for file lock on package cache
[ERROR] error running command: no output for 300 seconds
[INFO] checking rix0rrr/planny against nightly-2024-02-05+rustflags=-Dunexpected_cfgs+cargoflags=-Zcheck-cfg for check-cfg
[INFO] running `Command { std: "git" "clone" "/workspace/cache/git-repos/https%3A%2F%2Fgithub.com%2Frix0rrr%2Fplanny" "/workspace/builds/worker-4-tc2/source", kill_on_drop: false }`
[INFO] [stderr] Cloning into '/workspace/builds/worker-4-tc2/source'...
[INFO] [stderr] done.
[INFO] validating manifest of git repo https://github.com/rix0rrr/planny on toolchain nightly-2024-02-05
[INFO] running `Command { std: CARGO_HOME="/workspace/cargo-home" RUSTUP_HOME="/workspace/rustup-home" "/workspace/cargo-home/bin/cargo" "+nightly-2024-02-05" "metadata" "--manifest-path" "Cargo.toml" "--no-deps", kill_on_drop: false }`
[INFO] started tweaking git repo https://github.com/rix0rrr/planny
[INFO] finished tweaking git repo https://github.com/rix0rrr/planny
[INFO] tweaked toml for git repo https://github.com/rix0rrr/planny written to /workspace/builds/worker-4-tc2/source/Cargo.toml
[INFO] crate git repo https://github.com/rix0rrr/planny already has a lockfile, it will not be regenerated
[INFO] running `Command { std: CARGO_HOME="/workspace/cargo-home" RUSTUP_HOME="/workspace/rustup-home" "/workspace/cargo-home/bin/cargo" "+nightly-2024-02-05" "fetch" "--manifest-path" "Cargo.toml", kill_on_drop: false }`
[INFO] [stderr]     Blocking waiting for file lock on package cache
[INFO] [stderr]     Blocking waiting for file lock on package cache
[INFO] [stderr]  Downloading crates ...
[INFO] [stderr]   Downloaded pear_codegen v0.2.8
[INFO] [stderr]   Downloaded kqueue-sys v1.0.4
[INFO] [stderr]   Downloaded atomic v0.6.0
[INFO] [stderr]   Downloaded pear v0.2.8
[INFO] [stderr]   Downloaded slug v0.1.5
[INFO] [stderr]   Downloaded human-sort v0.2.2
[INFO] [stderr]   Downloaded humansize v2.1.3
[INFO] [stderr]   Downloaded ref-cast v1.0.21
[INFO] [stderr]   Downloaded globset v0.4.14
[INFO] [stderr]   Downloaded state v0.6.0
[INFO] [stderr]   Downloaded rocket_http v0.5.0
[INFO] [stderr]   Downloaded rocket v0.5.0
[INFO] [stderr]   Downloaded deunicode v1.4.2
[INFO] [stderr]   Downloaded rocket_codegen v0.5.0
[INFO] [stderr]   Downloaded chrono-tz v0.8.4
[INFO] [stderr]   Downloaded bstr v1.8.0
[INFO] [stderr]   Downloaded tera v1.19.1
[INFO] [stderr]   Downloaded ref-cast-impl v1.0.21
[INFO] [stderr]   Downloaded ignore v0.4.21
[INFO] [stderr]   Downloaded anyhow v1.0.76
[INFO] [stderr]   Downloaded ordered-float v4.2.0
[INFO] [stderr]   Downloaded sorted-vec v0.8.3
[INFO] [stderr]   Downloaded ubyte v0.10.4
[INFO] [stderr]   Downloaded kqueue v1.0.8
[INFO] [stderr]   Downloaded float_extras v0.1.6
[INFO] [stderr]   Downloaded figment v0.10.12
[INFO] [stderr]   Downloaded rocket_dyn_templates v0.1.0
[INFO] [stderr]   Downloaded sqids v0.3.1
[INFO] [stderr]   Downloaded quantogram v0.4.4
[INFO] [stderr]   Downloaded skiplist v0.4.0
[INFO] running `Command { std: "docker" "create" "-v" "/var/lib/crater-agent-workspace/builds/worker-4-tc2/target:/opt/rustwide/target:rw,Z" "-v" "/var/lib/crater-agent-workspace/builds/worker-4-tc2/source:/opt/rustwide/workdir:ro,Z" "-v" "/var/lib/crater-agent-workspace/cargo-home:/opt/rustwide/cargo-home:ro,Z" "-v" "/var/lib/crater-agent-workspace/rustup-home:/opt/rustwide/rustup-home:ro,Z" "-e" "SOURCE_DIR=/opt/rustwide/workdir" "-e" "CARGO_TARGET_DIR=/opt/rustwide/target" "-e" "CARGO_HOME=/opt/rustwide/cargo-home" "-e" "RUSTUP_HOME=/opt/rustwide/rustup-home" "-w" "/opt/rustwide/workdir" "-m" "1610612736" "--user" "0:0" "--network" "none" "ghcr.io/rust-lang/crates-build-env/linux@sha256:2788e3201cd34a07e3172128adcd8b3090168a8e3bcc40d7c032b9dda1df7d1c" "/opt/rustwide/cargo-home/bin/cargo" "+nightly-2024-02-05" "metadata" "--no-deps" "--format-version=1", kill_on_drop: false }`
[INFO] [stdout] 8dc1651e6ee8a3167d6a9ba5687f7d595a916a0d9961756efe654c293d318ae6
[INFO] running `Command { std: "docker" "start" "-a" "8dc1651e6ee8a3167d6a9ba5687f7d595a916a0d9961756efe654c293d318ae6", kill_on_drop: false }`
[INFO] running `Command { std: "docker" "inspect" "8dc1651e6ee8a3167d6a9ba5687f7d595a916a0d9961756efe654c293d318ae6", kill_on_drop: false }`
[INFO] running `Command { std: "docker" "rm" "-f" "8dc1651e6ee8a3167d6a9ba5687f7d595a916a0d9961756efe654c293d318ae6", kill_on_drop: false }`
[INFO] [stdout] 8dc1651e6ee8a3167d6a9ba5687f7d595a916a0d9961756efe654c293d318ae6
[INFO] running `Command { std: "docker" "create" "-v" "/var/lib/crater-agent-workspace/builds/worker-4-tc2/target:/opt/rustwide/target:rw,Z" "-v" "/var/lib/crater-agent-workspace/builds/worker-4-tc2/source:/opt/rustwide/workdir:ro,Z" "-v" "/var/lib/crater-agent-workspace/cargo-home:/opt/rustwide/cargo-home:ro,Z" "-v" "/var/lib/crater-agent-workspace/rustup-home:/opt/rustwide/rustup-home:ro,Z" "-e" "SOURCE_DIR=/opt/rustwide/workdir" "-e" "CARGO_TARGET_DIR=/opt/rustwide/target" "-e" "CARGO_INCREMENTAL=0" "-e" "RUST_BACKTRACE=full" "-e" "RUSTFLAGS=--cap-lints=forbid -Dunexpected_cfgs" "-e" "RUSTDOCFLAGS=--cap-lints=forbid" "-e" "CARGO_HOME=/opt/rustwide/cargo-home" "-e" "RUSTUP_HOME=/opt/rustwide/rustup-home" "-w" "/opt/rustwide/workdir" "-m" "1610612736" "--user" "0:0" "--network" "none" "ghcr.io/rust-lang/crates-build-env/linux@sha256:2788e3201cd34a07e3172128adcd8b3090168a8e3bcc40d7c032b9dda1df7d1c" "/opt/rustwide/cargo-home/bin/cargo" "+nightly-2024-02-05" "check" "--frozen" "--all" "--all-targets" "--message-format=json" "-Zcheck-cfg", kill_on_drop: false }`
[INFO] [stdout] 009ea1127a359bd1cd13e820170cceb5c7f6320ef44348534beeb7b0193ae32d
[INFO] running `Command { std: "docker" "start" "-a" "009ea1127a359bd1cd13e820170cceb5c7f6320ef44348534beeb7b0193ae32d", kill_on_drop: false }`
[INFO] [stderr]    Compiling libc v0.2.151
[INFO] [stderr]    Compiling proc-macro2 v1.0.71
[INFO] [stderr]    Compiling serde v1.0.193
[INFO] [stderr]    Compiling yansi v1.0.0-rc.1
[INFO] [stderr]     Checking itoa v1.0.10
[INFO] [stderr]    Compiling proc-macro2-diagnostics v0.10.1
[INFO] [stderr]     Checking bytes v1.5.0
[INFO] [stderr]    Compiling thiserror v1.0.51
[INFO] [stderr]    Compiling once_cell v1.19.0
[INFO] [stderr]    Compiling rustix v0.38.28
[INFO] [stderr]    Compiling crossbeam-utils v0.8.17
[INFO] [stderr]    Compiling futures-core v0.3.29
[INFO] [stderr]     Checking hashbrown v0.14.3
[INFO] [stderr]    Compiling libm v0.2.8
[INFO] [stderr]    Compiling phf_shared v0.11.2
[INFO] [stderr]    Compiling regex-syntax v0.8.2
[INFO] [stderr]     Checking linux-raw-sys v0.4.12
[INFO] [stderr]    Compiling futures-task v0.3.29
[INFO] [stderr]    Compiling futures-util v0.3.29
[INFO] [stderr]    Compiling rand_core v0.6.4
[INFO] [stderr]    Compiling rand v0.8.5
[INFO] [stderr]     Checking tracing-core v0.1.32
[INFO] [stderr]    Compiling num-traits v0.2.17
[INFO] [stderr]    Compiling ref-cast v1.0.21
[INFO] [stderr]     Checking futures-io v0.3.29
[INFO] [stderr]     Checking http v0.2.11
[INFO] [stderr]    Compiling memoffset v0.9.0
[INFO] [stderr]     Checking aho-corasick v1.1.2
[INFO] [stderr]    Compiling quote v1.0.33
[INFO] [stderr]     Checking tracing v0.1.40
[INFO] [stderr]    Compiling syn v2.0.41
[INFO] [stderr]    Compiling regex-automata v0.4.3
[INFO] [stderr]    Compiling phf_generator v0.11.2
[INFO] [stderr]    Compiling deranged v0.3.10
[INFO] [stderr]    Compiling phf_codegen v0.11.2
[INFO] [stderr]    Compiling futures-channel v0.3.29
[INFO] [stderr]     Checking getrandom v0.2.11
[INFO] [stderr]     Checking mio v0.8.10
[INFO] [stderr]     Checking socket2 v0.5.5
[INFO] [stderr]     Checking num_cpus v1.16.0
[INFO] [stderr]     Checking signal-hook-registry v1.4.1
[INFO] [stderr]     Checking crypto-common v0.1.6
[INFO] [stderr]     Checking rand_chacha v0.3.1
[INFO] [stderr]     Checking universal-hash v0.5.1
[INFO] [stderr]     Checking cipher v0.4.4
[INFO] [stderr]     Checking digest v0.10.7
[INFO] [stderr]     Checking polyval v0.6.1
[INFO] [stderr]    Compiling phf v0.11.2
[INFO] [stderr]    Compiling uncased v0.9.9
[INFO] [stderr]    Compiling cookie v0.18.0
[INFO] [stderr]    Compiling bitflags v2.4.1
[INFO] [stderr]    Compiling try-lock v0.2.5
[INFO] [stderr]     Checking walkdir v2.4.0
[INFO] [stderr]    Compiling want v0.3.1
[INFO] [stderr]    Compiling tokio v1.35.0
[INFO] [stderr]    Compiling time v0.3.30
[INFO] [stderr]     Checking hmac v0.12.1
[INFO] [stderr]     Checking aes v0.8.3
[INFO] [stderr]     Checking ctr v0.9.2
[INFO] [stderr]     Checking ghash v0.5.0
[INFO] [stderr]    Compiling http-body v0.4.6
[INFO] [stderr]     Checking aead v0.5.2
[INFO] [stderr]    Compiling socket2 v0.4.10
[INFO] [stderr]     Checking crossbeam-epoch v0.9.16
[INFO] [stderr]    Compiling httparse v1.8.0
[INFO] [stderr]     Checking bstr v1.8.0
[INFO] [stderr]    Compiling httpdate v1.0.3
[INFO] [stderr]    Compiling inlinable_string v0.1.15
[INFO] [stderr]    Compiling percent-encoding v2.3.1
[INFO] [stderr]     Checking unic-char-range v0.9.0
[INFO] [stderr]    Compiling regex v1.10.2
[INFO] [stderr]     Checking unic-common v0.9.0
[INFO] [stderr]     Checking siphasher v0.3.11
[INFO] [stderr]    Compiling serde_json v1.0.108
[INFO] [stderr]     Checking winnow v0.5.28
[INFO] [stderr]     Checking unic-ucd-version v0.9.0
[INFO] [stderr]    Compiling futures v0.3.29
[INFO] [stderr]     Checking unic-char-property v0.9.0
[INFO] [stderr]    Compiling parse-zoneinfo v0.3.0
[INFO] [stderr]     Checking crossbeam-deque v0.8.4
[INFO] [stderr]     Checking aes-gcm v0.10.3
[INFO] [stderr]     Checking hkdf v0.12.4
[INFO] [stderr]     Checking sha2 v0.10.8
[INFO] [stderr]     Checking is-terminal v0.4.9
[INFO] [stderr]    Compiling stable-pattern v0.1.0
[INFO] [stderr]    Compiling multer v2.1.0
[INFO] [stderr]    Compiling figment v0.10.12
[INFO] [stderr]    Compiling chrono-tz-build v0.2.1
[INFO] [stderr]    Compiling state v0.6.0
[INFO] [stderr]     Checking ryu v1.0.16
[INFO] [stderr]     Checking either v1.9.0
[INFO] [stderr]    Compiling indexmap v2.1.0
[INFO] [stderr]    Compiling async-trait v0.1.74
[INFO] [stderr]     Checking chrono v0.4.31
[INFO] [stderr]     Checking unic-ucd-segment v0.9.0
[INFO] [stderr]     Checking parking_lot_core v0.9.9
[INFO] [stderr]     Checking inotify-sys v0.1.5
[INFO] [stderr]    Compiling rocket v0.5.0
[INFO] [stderr]     Checking encoding_rs v0.8.33
[INFO] [stderr]     Checking mime v0.3.17
[INFO] [stderr]     Checking fastrand v2.0.1
[INFO] [stderr]     Checking deunicode v1.4.2
[INFO] [stderr]    Compiling glob v0.3.1
[INFO] [stderr]    Compiling chrono-tz v0.8.4
[INFO] [stderr]     Checking spin v0.9.8
[INFO] [stderr]     Checking ucd-trie v0.1.6
[INFO] [stderr]     Checking parking_lot v0.12.1
[INFO] [stderr]     Checking tempfile v3.8.1
[INFO] [stderr]     Checking slug v0.1.5
[INFO] [stderr]     Checking unic-segment v0.9.0
[INFO] [stderr]     Checking inotify v0.9.6
[INFO] [stderr]     Checking filetime v0.2.23
[INFO] [stderr]     Checking humansize v2.1.3
[INFO] [stderr]     Checking crossbeam-channel v0.5.9
[INFO] [stderr]     Checking atomic v0.5.3
[INFO] [stderr]     Checking binascii v0.1.4
[INFO] [stderr]    Compiling anyhow v1.0.76
[INFO] [stderr]     Checking skiplist v0.4.0
[INFO] [stderr]     Checking float_extras v0.1.6
[INFO] [stderr]     Checking normpath v1.1.1
[INFO] [stderr]    Compiling planny v0.1.0 (/opt/rustwide/workdir)
[INFO] [stderr]     Checking fixedbitset v0.4.2
[INFO] [stderr]     Checking itertools v0.12.0
[INFO] [stderr]     Checking rand_distr v0.4.3
[INFO] [stderr]     Checking human-sort v0.2.2
[INFO] [stderr]     Checking notify v6.1.1
[INFO] [stderr]     Checking sorted-vec v0.8.3
[INFO] [stderr] error: failed to run custom build command for `planny v0.1.0 (/opt/rustwide/workdir)`
[INFO] [stderr] note: To improve backtraces for build dependencies, set the CARGO_PROFILE_DEV_BUILD_OVERRIDE_DEBUG=true environment variable to enable debug information generation.
[INFO] [stderr] 
[INFO] [stderr] Caused by:
[INFO] [stderr]   process didn't exit successfully: `/opt/rustwide/target/debug/build/planny-82592a09fe4035bd/build-script-build` (exit status: 101)
[INFO] [stderr]   --- stdout
[INFO] [stderr]   cargo:rerun-if-changed=build.rs
[INFO] [stderr]   cargo:rerun-if-changed=templates/**/*.html
[INFO] [stderr] 
[INFO] [stderr]   --- stderr
[INFO] [stderr]   thread 'main' panicked at build.rs:16:10:
[INFO] [stderr]   failed to execute process: Os { code: 2, kind: NotFound, message: "No such file or directory" }
[INFO] [stderr]   stack backtrace:
[INFO] [stderr]      0:     0x56116964d606 - std::backtrace_rs::backtrace::libunwind::trace::heebc7766b165eb2a
[INFO] [stderr]                                  at /rustc/268dbbbc4b3fd71c5f360a4d0728295252430b5b/library/std/src/../../backtrace/src/backtrace/libunwind.rs:104:5
[INFO] [stderr]      1:     0x56116964d606 - std::backtrace_rs::backtrace::trace_unsynchronized::ha677020d8fc0296d
[INFO] [stderr]                                  at /rustc/268dbbbc4b3fd71c5f360a4d0728295252430b5b/library/std/src/../../backtrace/src/backtrace/mod.rs:66:5
[INFO] [stderr]      2:     0x56116964d606 - std::sys_common::backtrace::_print_fmt::hcaff2fd86a1aeaa3
[INFO] [stderr]                                  at /rustc/268dbbbc4b3fd71c5f360a4d0728295252430b5b/library/std/src/sys_common/backtrace.rs:68:5
[INFO] [stderr]      3:     0x56116964d606 - <std::sys_common::backtrace::_print::DisplayBacktrace as core::fmt::Display>::fmt::hc2446d8aa0059188
[INFO] [stderr]                                  at /rustc/268dbbbc4b3fd71c5f360a4d0728295252430b5b/library/std/src/sys_common/backtrace.rs:44:22
[INFO] [stderr]      4:     0x56116966f8f0 - core::fmt::rt::Argument::fmt::h2fbb6454da37999b
[INFO] [stderr]                                  at /rustc/268dbbbc4b3fd71c5f360a4d0728295252430b5b/library/core/src/fmt/rt.rs:142:9
[INFO] [stderr]      5:     0x56116966f8f0 - core::fmt::write::had96bdeda7d49d3a
[INFO] [stderr]                                  at /rustc/268dbbbc4b3fd71c5f360a4d0728295252430b5b/library/core/src/fmt/mod.rs:1120:17
[INFO] [stderr]      6:     0x56116964b43f - std::io::Write::write_fmt::h30b1f36eea05b391
[INFO] [stderr]                                  at /rustc/268dbbbc4b3fd71c5f360a4d0728295252430b5b/library/std/src/io/mod.rs:1849:15
[INFO] [stderr]      7:     0x56116964d3e4 - std::sys_common::backtrace::_print::hc333bb91ae972137
[INFO] [stderr]                                  at /rustc/268dbbbc4b3fd71c5f360a4d0728295252430b5b/library/std/src/sys_common/backtrace.rs:47:5
[INFO] [stderr]      8:     0x56116964d3e4 - std::sys_common::backtrace::print::h18fd3c71a95a3169
[INFO] [stderr]                                  at /rustc/268dbbbc4b3fd71c5f360a4d0728295252430b5b/library/std/src/sys_common/backtrace.rs:34:9
[INFO] [stderr]      9:     0x56116964e947 - std::panicking::default_hook::{{closure}}::ha3473f9bcb4e9a37
[INFO] [stderr]     10:     0x56116964e6a9 - std::panicking::default_hook::h23d9d43185db6584
[INFO] [stderr]                                  at /rustc/268dbbbc4b3fd71c5f360a4d0728295252430b5b/library/std/src/panicking.rs:292:9
[INFO] [stderr]     11:     0x56116964edd8 - std::panicking::rust_panic_with_hook::h94aceaa7df3a6edd
[INFO] [stderr]                                  at /rustc/268dbbbc4b3fd71c5f360a4d0728295252430b5b/library/std/src/panicking.rs:781:13
[INFO] [stderr]     12:     0x56116964ecb2 - std::panicking::begin_panic_handler::{{closure}}::h9905d45d1d82fc42
[INFO] [stderr]                                  at /rustc/268dbbbc4b3fd71c5f360a4d0728295252430b5b/library/std/src/panicking.rs:659:13
[INFO] [stderr]     13:     0x56116964db06 - std::sys_common::backtrace::__rust_end_short_backtrace::hb02085545dc143b9
[INFO] [stderr]                                  at /rustc/268dbbbc4b3fd71c5f360a4d0728295252430b5b/library/std/src/sys_common/backtrace.rs:171:18
[INFO] [stderr]     14:     0x56116964ea04 - rust_begin_unwind
[INFO] [stderr]                                  at /rustc/268dbbbc4b3fd71c5f360a4d0728295252430b5b/library/std/src/panicking.rs:647:5
[INFO] [stderr]     15:     0x56116962b135 - core::panicking::panic_fmt::h6dca3983f8a9f4d0
[INFO] [stderr]                                  at /rustc/268dbbbc4b3fd71c5f360a4d0728295252430b5b/library/core/src/panicking.rs:72:14
[INFO] [stderr]     16:     0x56116962b5a3 - core::result::unwrap_failed::h640a7fdbeb8f545f
[INFO] [stderr]                                  at /rustc/268dbbbc4b3fd71c5f360a4d0728295252430b5b/library/core/src/result.rs:1649:5
[INFO] [stderr]     17:     0x56116962cc1e - core::result::Result<T,E>::expect::h038d697692b714b9
[INFO] [stderr]     18:     0x56116962e796 - build_script_build::main::h67c93d57ddada54b
[INFO] [stderr]     19:     0x56116962c2a3 - core::ops::function::FnOnce::call_once::h57412131f39a0a12
[INFO] [stderr]     20:     0x56116962bc66 - std::sys_common::backtrace::__rust_begin_short_backtrace::h7c7d3ef013c88547
[INFO] [stderr]     21:     0x56116962c0c9 - std::rt::lang_start::{{closure}}::h1bdad4cb224c84ee
[INFO] [stderr]     22:     0x5611696480c1 - core::ops::function::impls::<impl core::ops::function::FnOnce<A> for &F>::call_once::h298d8ff12ebcec8c
[INFO] [stderr]                                  at /rustc/268dbbbc4b3fd71c5f360a4d0728295252430b5b/library/core/src/ops/function.rs:284:13
[INFO] [stderr]     23:     0x5611696480c1 - std::panicking::try::do_call::hbd0ffb05da5bd343
[INFO] [stderr]                                  at /rustc/268dbbbc4b3fd71c5f360a4d0728295252430b5b/library/std/src/panicking.rs:554:40
[INFO] [stderr]     24:     0x5611696480c1 - std::panicking::try::h11c9a152defd5d2a
[INFO] [stderr]                                  at /rustc/268dbbbc4b3fd71c5f360a4d0728295252430b5b/library/std/src/panicking.rs:518:19
[INFO] [stderr]     25:     0x5611696480c1 - std::panic::catch_unwind::h0d6db2fa902b4d64
[INFO] [stderr]                                  at /rustc/268dbbbc4b3fd71c5f360a4d0728295252430b5b/library/std/src/panic.rs:142:14
[INFO] [stderr]     26:     0x5611696480c1 - std::rt::lang_start_internal::{{closure}}::hdcc09b4aad7ef821
[INFO] [stderr]                                  at /rustc/268dbbbc4b3fd71c5f360a4d0728295252430b5b/library/std/src/rt.rs:148:48
[INFO] [stderr]     27:     0x5611696480c1 - std::panicking::try::do_call::h3ffd2f162d60900f
[INFO] [stderr]                                  at /rustc/268dbbbc4b3fd71c5f360a4d0728295252430b5b/library/std/src/panicking.rs:554:40
[INFO] [stderr]     28:     0x5611696480c1 - std::panicking::try::heeba82b9c3e190fb
[INFO] [stderr]                                  at /rustc/268dbbbc4b3fd71c5f360a4d0728295252430b5b/library/std/src/panicking.rs:518:19
[INFO] [stderr]     29:     0x5611696480c1 - std::panic::catch_unwind::hdaab8f1c188f387f
[INFO] [stderr]                                  at /rustc/268dbbbc4b3fd71c5f360a4d0728295252430b5b/library/std/src/panic.rs:142:14
[INFO] [stderr]     30:     0x5611696480c1 - std::rt::lang_start_internal::h9989e088c48b7903
[INFO] [stderr]                                  at /rustc/268dbbbc4b3fd71c5f360a4d0728295252430b5b/library/std/src/rt.rs:148:20
[INFO] [stderr]     31:     0x56116962c0a7 - std::rt::lang_start::h4deaf02fd4bbd623
[INFO] [stderr]     32:     0x56116962e7f5 - main
[INFO] [stderr]     33:     0x7f246ea5ed90 - <unknown>
[INFO] [stderr]     34:     0x7f246ea5ee40 - __libc_start_main
[INFO] [stderr]     35:     0x56116962b865 - _start
[INFO] [stderr]     36:                0x0 - <unknown>
[INFO] [stderr] warning: build failed, waiting for other jobs to finish...
[INFO] running `Command { std: "docker" "inspect" "009ea1127a359bd1cd13e820170cceb5c7f6320ef44348534beeb7b0193ae32d", kill_on_drop: false }`
[INFO] running `Command { std: "docker" "rm" "-f" "009ea1127a359bd1cd13e820170cceb5c7f6320ef44348534beeb7b0193ae32d", kill_on_drop: false }`
[INFO] [stdout] 009ea1127a359bd1cd13e820170cceb5c7f6320ef44348534beeb7b0193ae32d
