[INFO] cloning repository https://github.com/richo/scale
[INFO] running `Command { std: "git" "-c" "credential.helper=" "-c" "credential.helper=/workspace/cargo-home/bin/git-credential-null" "clone" "--bare" "https://github.com/richo/scale" "/workspace/cache/git-repos/https%3A%2F%2Fgithub.com%2Fricho%2Fscale", kill_on_drop: false }`
[INFO] [stderr] Cloning into bare repository '/workspace/cache/git-repos/https%3A%2F%2Fgithub.com%2Fricho%2Fscale'...
[INFO] running `Command { std: "git" "rev-parse" "HEAD", kill_on_drop: false }`
[INFO] [stdout] 7534fb9d46d5a5b2401d7f070a5a9ccd21c3685e
[INFO] checking richo/scale against nightly-2024-02-05 for check-cfg
[INFO] running `Command { std: "git" "clone" "/workspace/cache/git-repos/https%3A%2F%2Fgithub.com%2Fricho%2Fscale" "/workspace/builds/worker-1-tc1/source", kill_on_drop: false }`
[INFO] [stderr] Cloning into '/workspace/builds/worker-1-tc1/source'...
[INFO] [stderr] done.
[INFO] validating manifest of git repo https://github.com/richo/scale on toolchain nightly-2024-02-05
[INFO] running `Command { std: CARGO_HOME="/workspace/cargo-home" RUSTUP_HOME="/workspace/rustup-home" "/workspace/cargo-home/bin/cargo" "+nightly-2024-02-05" "metadata" "--manifest-path" "Cargo.toml" "--no-deps", kill_on_drop: false }`
[INFO] removed /workspace/builds/worker-1-tc1/source/.cargo/config.toml
[INFO] removed /workspace/builds/worker-1-tc1/source/rust-toolchain.toml
[INFO] started tweaking git repo https://github.com/richo/scale
[INFO] finished tweaking git repo https://github.com/richo/scale
[INFO] tweaked toml for git repo https://github.com/richo/scale written to /workspace/builds/worker-1-tc1/source/Cargo.toml
[INFO] crate git repo https://github.com/richo/scale already has a lockfile, it will not be regenerated
[INFO] running `Command { std: CARGO_HOME="/workspace/cargo-home" RUSTUP_HOME="/workspace/rustup-home" "/workspace/cargo-home/bin/cargo" "+nightly-2024-02-05" "fetch" "--manifest-path" "Cargo.toml", kill_on_drop: false }`
[INFO] [stderr]     Blocking waiting for file lock on package cache
[ERROR] error running command: no output for 300 seconds
[ERROR] this task or one of its parent failed!
[ERROR] no output for 300 seconds
[ERROR] note: run with `RUST_BACKTRACE=1` to display a backtrace.
[INFO] checking richo/scale against nightly-2024-02-05+rustflags=-Dunexpected_cfgs+cargoflags=-Zcheck-cfg for check-cfg
[INFO] running `Command { std: "git" "clone" "/workspace/cache/git-repos/https%3A%2F%2Fgithub.com%2Fricho%2Fscale" "/workspace/builds/worker-1-tc2/source", kill_on_drop: false }`
[INFO] [stderr] Cloning into '/workspace/builds/worker-1-tc2/source'...
[INFO] [stderr] done.
[INFO] validating manifest of git repo https://github.com/richo/scale on toolchain nightly-2024-02-05
[INFO] running `Command { std: CARGO_HOME="/workspace/cargo-home" RUSTUP_HOME="/workspace/rustup-home" "/workspace/cargo-home/bin/cargo" "+nightly-2024-02-05" "metadata" "--manifest-path" "Cargo.toml" "--no-deps", kill_on_drop: false }`
[INFO] removed /workspace/builds/worker-1-tc2/source/.cargo/config.toml
[INFO] removed /workspace/builds/worker-1-tc2/source/rust-toolchain.toml
[INFO] started tweaking git repo https://github.com/richo/scale
[INFO] finished tweaking git repo https://github.com/richo/scale
[INFO] tweaked toml for git repo https://github.com/richo/scale written to /workspace/builds/worker-1-tc2/source/Cargo.toml
[INFO] crate git repo https://github.com/richo/scale already has a lockfile, it will not be regenerated
[INFO] running `Command { std: CARGO_HOME="/workspace/cargo-home" RUSTUP_HOME="/workspace/rustup-home" "/workspace/cargo-home/bin/cargo" "+nightly-2024-02-05" "fetch" "--manifest-path" "Cargo.toml", kill_on_drop: false }`
[INFO] [stderr]     Blocking waiting for file lock on package cache
[INFO] [stderr]     Updating git repository `https://github.com/esp-rs/esp-wifi/`
[INFO] [stderr]     Updating crates.io index
[INFO] [stderr]     Blocking waiting for file lock on package cache
[INFO] [stderr]  Downloading crates ...
[INFO] [stderr]   Downloaded minijinja v1.0.8
[INFO] [stderr]   Downloaded esp-hal-procmacros v0.6.1
[INFO] [stderr]   Downloaded riscv-atomic-emulation-trap v0.4.1
[INFO] [stderr]   Downloaded xtensa-lx-rt-proc-macros v0.2.1
[INFO] [stderr]   Downloaded xtensa-atomic-emulation-trap v0.4.0
[INFO] [stderr]   Downloaded esp-synopsys-usb-otg v0.3.2
[INFO] [stderr]   Downloaded xtensa-lx-rt v0.16.0
[INFO] [stderr]   Downloaded esp32c3-hal v0.12.0
[INFO] [stderr]   Downloaded esp32c6-hal v0.5.0
[INFO] [stderr]   Downloaded esp32c2 v0.14.0
[INFO] [stderr]   Downloaded esp32s3 v0.21.0
[INFO] [stderr]   Downloaded esp-println v0.6.0
[INFO] [stderr]   Downloaded esp-backtrace v0.8.0
[INFO] [stderr]   Downloaded esp32-hal v0.15.0
[INFO] [stderr]   Downloaded hx711 v0.6.0
[INFO] [stderr]   Downloaded esp32s3-hal v0.12.0
[INFO] [stderr]   Downloaded esp-riscv-rt v0.5.0
[INFO] [stderr]   Downloaded esp32c6 v0.7.0
[INFO] [stderr]   Downloaded esp32 v0.26.0
[INFO] [stderr]   Downloaded esp32s2 v0.17.0
[INFO] [stderr]   Downloaded esp32c3 v0.17.0
[INFO] [stderr]   Downloaded esp-hal-common v0.12.0
[INFO] [stderr]   Downloaded smoltcp v0.10.0
[INFO] [stderr]   Downloaded esp32c2-hal v0.10.0
[INFO] [stderr]   Downloaded esp32s2-hal v0.12.0
[INFO] running `Command { std: "docker" "create" "-v" "/var/lib/crater-agent-workspace/builds/worker-1-tc2/target:/opt/rustwide/target:rw,Z" "-v" "/var/lib/crater-agent-workspace/builds/worker-1-tc2/source:/opt/rustwide/workdir:ro,Z" "-v" "/var/lib/crater-agent-workspace/cargo-home:/opt/rustwide/cargo-home:ro,Z" "-v" "/var/lib/crater-agent-workspace/rustup-home:/opt/rustwide/rustup-home:ro,Z" "-e" "SOURCE_DIR=/opt/rustwide/workdir" "-e" "CARGO_TARGET_DIR=/opt/rustwide/target" "-e" "CARGO_HOME=/opt/rustwide/cargo-home" "-e" "RUSTUP_HOME=/opt/rustwide/rustup-home" "-w" "/opt/rustwide/workdir" "-m" "1610612736" "--user" "0:0" "--network" "none" "ghcr.io/rust-lang/crates-build-env/linux@sha256:2788e3201cd34a07e3172128adcd8b3090168a8e3bcc40d7c032b9dda1df7d1c" "/opt/rustwide/cargo-home/bin/cargo" "+nightly-2024-02-05" "metadata" "--no-deps" "--format-version=1", kill_on_drop: false }`
[INFO] [stdout] 683e77469649dec9a0a4a6dc37f54ef739c927ada9033ee1c626ef4ca8465810
[INFO] running `Command { std: "docker" "start" "-a" "683e77469649dec9a0a4a6dc37f54ef739c927ada9033ee1c626ef4ca8465810", kill_on_drop: false }`
[INFO] running `Command { std: "docker" "inspect" "683e77469649dec9a0a4a6dc37f54ef739c927ada9033ee1c626ef4ca8465810", kill_on_drop: false }`
[INFO] running `Command { std: "docker" "rm" "-f" "683e77469649dec9a0a4a6dc37f54ef739c927ada9033ee1c626ef4ca8465810", kill_on_drop: false }`
[INFO] [stdout] 683e77469649dec9a0a4a6dc37f54ef739c927ada9033ee1c626ef4ca8465810
[INFO] running `Command { std: "docker" "create" "-v" "/var/lib/crater-agent-workspace/builds/worker-1-tc2/target:/opt/rustwide/target:rw,Z" "-v" "/var/lib/crater-agent-workspace/builds/worker-1-tc2/source:/opt/rustwide/workdir:ro,Z" "-v" "/var/lib/crater-agent-workspace/cargo-home:/opt/rustwide/cargo-home:ro,Z" "-v" "/var/lib/crater-agent-workspace/rustup-home:/opt/rustwide/rustup-home:ro,Z" "-e" "SOURCE_DIR=/opt/rustwide/workdir" "-e" "CARGO_TARGET_DIR=/opt/rustwide/target" "-e" "CARGO_INCREMENTAL=0" "-e" "RUST_BACKTRACE=full" "-e" "RUSTFLAGS=--cap-lints=forbid -Dunexpected_cfgs" "-e" "RUSTDOCFLAGS=--cap-lints=forbid" "-e" "CARGO_HOME=/opt/rustwide/cargo-home" "-e" "RUSTUP_HOME=/opt/rustwide/rustup-home" "-w" "/opt/rustwide/workdir" "-m" "1610612736" "--user" "0:0" "--network" "none" "ghcr.io/rust-lang/crates-build-env/linux@sha256:2788e3201cd34a07e3172128adcd8b3090168a8e3bcc40d7c032b9dda1df7d1c" "/opt/rustwide/cargo-home/bin/cargo" "+nightly-2024-02-05" "check" "--frozen" "--all" "--all-targets" "--message-format=json" "-Zcheck-cfg", kill_on_drop: false }`
[INFO] [stdout] b0eb372fa8055f886cfb038d66c3f62b84b51abebe97519abffbbae4e5d8e28a
[INFO] running `Command { std: "docker" "start" "-a" "b0eb372fa8055f886cfb038d66c3f62b84b51abebe97519abffbbae4e5d8e28a", kill_on_drop: false }`
[INFO] [stderr]    Compiling proc-macro2 v1.0.67
[INFO] [stderr]    Compiling unicode-ident v1.0.12
[INFO] [stderr]    Compiling syn v1.0.109
[INFO] [stderr]    Compiling autocfg v1.1.0
[INFO] [stderr]    Compiling serde v1.0.188
[INFO] [stderr]    Compiling rustversion v1.0.14
[INFO] [stderr]    Compiling strsim v0.10.0
[INFO] [stderr]    Compiling anyhow v1.0.75
[INFO] [stderr]    Compiling heck v0.4.1
[INFO] [stderr]    Compiling fnv v1.0.7
[INFO] [stderr]    Compiling ident_case v1.0.1
[INFO] [stderr]     Checking scopeguard v1.2.0
[INFO] [stderr]    Compiling memchr v2.6.3
[INFO] [stderr]    Compiling version_check v0.9.4
[INFO] [stderr]    Compiling regex-syntax v0.7.5
[INFO] [stderr]    Compiling semver v1.0.19
[INFO] [stderr]    Compiling xtensa-lx v0.8.0
[INFO] [stderr]    Compiling equivalent v1.0.1
[INFO] [stderr]    Compiling hashbrown v0.14.0
[INFO] [stderr]    Compiling strum v0.24.1
[INFO] [stderr]     Checking stable_deref_trait v1.2.0
[INFO] [stderr]     Checking critical-section v1.1.2
[INFO] [stderr]     Checking bare-metal v1.0.0
[INFO] [stderr]    Compiling toml_datetime v0.6.3
[INFO] [stderr]     Checking log v0.4.20
[INFO] [stderr]    Compiling winnow v0.5.15
[INFO] [stderr]     Checking nb v1.1.0
[INFO] [stderr]     Checking byteorder v1.4.3
[INFO] [stderr]    Compiling paste v1.0.14
[INFO] [stderr]     Checking nb v0.1.3
[INFO] [stderr]    Compiling proc-macro-error-attr v1.0.4
[INFO] [stderr]    Compiling lock_api v0.4.10
[INFO] [stderr]    Compiling proc-macro-error v1.0.4
[INFO] [stderr]    Compiling once_cell v1.18.0
[INFO] [stderr]     Checking mutex-trait v0.2.0
[INFO] [stderr]     Checking void v1.0.2
[INFO] [stderr]    Compiling esp32 v0.26.0
[INFO] [stderr]     Checking embedded-hal v0.2.7
[INFO] [stderr]     Checking hash32 v0.2.1
[INFO] [stderr]     Checking gcd v2.3.0
[INFO] [stderr]     Checking cfg-if v1.0.0
[INFO] [stderr]     Checking vcell v0.1.3
[INFO] [stderr]     Checking r0 v1.0.0
[INFO] [stderr]    Compiling num-traits v0.2.16
[INFO] [stderr]     Checking embedded-dma v0.2.0
[INFO] [stderr]     Checking fugit v0.3.7
[INFO] [stderr]    Compiling rustc_version v0.4.0
[INFO] [stderr]    Compiling atomic-polyfill v1.0.3
[INFO] [stderr]    Compiling esp-println v0.6.0
[INFO] [stderr]     Checking bitfield v0.14.0
[INFO] [stderr]    Compiling libm v0.2.7
[INFO] [stderr]    Compiling quote v1.0.33
[INFO] [stderr]    Compiling aho-corasick v1.1.1
[INFO] [stderr]     Checking spin v0.9.8
[INFO] [stderr]    Compiling esp-wifi-sys v0.1.0 (https://github.com/esp-rs/esp-wifi/?rev=16afb0f#16afb0fe)
[INFO] [stderr]     Checking embedded-io v0.5.0
[INFO] [stderr]    Compiling syn v2.0.37
[INFO] [stderr]    Compiling heapless v0.7.16
[INFO] [stderr]    Compiling smoltcp v0.10.0
[INFO] [stderr]    Compiling indexmap v2.0.0
[INFO] [stderr]     Checking bitflags v2.4.0
[INFO] [stderr]    Compiling esp32-hal v0.15.0
[INFO] [stderr]     Checking embedded-io v0.4.0
[INFO] [stderr]     Checking managed v0.8.0
[INFO] [stderr]    Compiling esp-wifi v0.1.0 (https://github.com/esp-rs/esp-wifi/?rev=16afb0f#16afb0fe)
[INFO] [stderr]     Checking bitflags v1.3.2
[INFO] [stderr]    Compiling esp-backtrace v0.8.0
[INFO] [stderr]    Compiling litrs v0.2.3
[INFO] [stderr]    Compiling uuid v1.4.1
[INFO] [stderr]     Checking linked_list_allocator v0.10.5
[INFO] [stderr]     Checking atomic-waker v1.1.2
[INFO] [stderr]     Checking no-std-net v0.5.0
[INFO] [stderr]     Checking bleps v0.1.0 (https://github.com/bjoernQ/bleps?rev=b82f1e7009bef7e32f0918be5b186188aa5e7109#b82f1e70)
[INFO] [stderr]     Checking hx711 v0.6.0
[INFO] [stdout] error[E0583]: file not found for module `arch`
[INFO] [stdout]  --> /opt/rustwide/cargo-home/registry/src/index.crates.io-6f17d22bba15001f/esp-backtrace-0.8.0/src/lib.rs:8:1
[INFO] [stdout]   |
[INFO] [stdout] 8 | pub mod arch;
[INFO] [stdout]   | ^^^^^^^^^^^^^
[INFO] [stdout]   |
[INFO] [stdout]   = help: to create the module `arch`, create file "/opt/rustwide/cargo-home/registry/src/index.crates.io-6f17d22bba15001f/esp-backtrace-0.8.0/src/arch.rs" or "/opt/rustwide/cargo-home/registry/src/index.crates.io-6f17d22bba15001f/esp-backtrace-0.8.0/src/arch/mod.rs"
[INFO] [stdout]   = note: if there is a `mod arch` elsewhere in the crate already, import it with `use crate::...` instead
[INFO] [stdout] 
[INFO] [stdout] 
[INFO] [stdout] error[E0425]: cannot find function `backtrace` in module `crate::arch`
[INFO] [stdout]   --> /opt/rustwide/cargo-home/registry/src/index.crates.io-6f17d22bba15001f/esp-backtrace-0.8.0/src/lib.rs:31:34
[INFO] [stdout]    |
[INFO] [stdout] 31 |     let backtrace = crate::arch::backtrace();
[INFO] [stdout]    |                                  ^^^^^^^^^ not found in `crate::arch`
[INFO] [stdout] 
[INFO] [stdout] 
[INFO] [stdout] error: aborting due to 2 previous errors
[INFO] [stdout] 
[INFO] [stdout] 
[INFO] [stdout] Some errors have detailed explanations: E0425, E0583.
[INFO] [stdout] 
[INFO] [stdout] For more information about an error, try `rustc --explain E0425`.
[INFO] [stdout] 
[INFO] [stderr] error: could not compile `esp-backtrace` (lib) due to 3 previous errors
[INFO] [stderr] warning: build failed, waiting for other jobs to finish...
[INFO] running `Command { std: "docker" "inspect" "b0eb372fa8055f886cfb038d66c3f62b84b51abebe97519abffbbae4e5d8e28a", kill_on_drop: false }`
[INFO] running `Command { std: "docker" "rm" "-f" "b0eb372fa8055f886cfb038d66c3f62b84b51abebe97519abffbbae4e5d8e28a", kill_on_drop: false }`
[INFO] [stdout] b0eb372fa8055f886cfb038d66c3f62b84b51abebe97519abffbbae4e5d8e28a
