[INFO] cloning repository https://github.com/reillysiemens/auth-rs
[INFO] running `Command { std: "git" "-c" "credential.helper=" "-c" "credential.helper=/workspace/cargo-home/bin/git-credential-null" "clone" "--bare" "https://github.com/reillysiemens/auth-rs" "/workspace/cache/git-repos/https%3A%2F%2Fgithub.com%2Freillysiemens%2Fauth-rs", kill_on_drop: false }`
[INFO] [stderr] Cloning into bare repository '/workspace/cache/git-repos/https%3A%2F%2Fgithub.com%2Freillysiemens%2Fauth-rs'...
[INFO] running `Command { std: "git" "rev-parse" "HEAD", kill_on_drop: false }`
[INFO] [stdout] ce259dd8fbcd31201e2acf0d0b0dfcc1b9a5cda9
[INFO] checking reillysiemens/auth-rs against nightly-2024-02-05 for check-cfg
[INFO] running `Command { std: "git" "clone" "/workspace/cache/git-repos/https%3A%2F%2Fgithub.com%2Freillysiemens%2Fauth-rs" "/workspace/builds/worker-0-tc1/source", kill_on_drop: false }`
[INFO] [stderr] Cloning into '/workspace/builds/worker-0-tc1/source'...
[INFO] [stderr] done.
[INFO] validating manifest of git repo https://github.com/reillysiemens/auth-rs on toolchain nightly-2024-02-05
[INFO] running `Command { std: CARGO_HOME="/workspace/cargo-home" RUSTUP_HOME="/workspace/rustup-home" "/workspace/cargo-home/bin/cargo" "+nightly-2024-02-05" "metadata" "--manifest-path" "Cargo.toml" "--no-deps", kill_on_drop: false }`
[INFO] started tweaking git repo https://github.com/reillysiemens/auth-rs
[INFO] finished tweaking git repo https://github.com/reillysiemens/auth-rs
[INFO] tweaked toml for git repo https://github.com/reillysiemens/auth-rs written to /workspace/builds/worker-0-tc1/source/Cargo.toml
[INFO] crate git repo https://github.com/reillysiemens/auth-rs already has a lockfile, it will not be regenerated
[INFO] running `Command { std: CARGO_HOME="/workspace/cargo-home" RUSTUP_HOME="/workspace/rustup-home" "/workspace/cargo-home/bin/cargo" "+nightly-2024-02-05" "fetch" "--manifest-path" "Cargo.toml", kill_on_drop: false }`
[INFO] [stderr]     Blocking waiting for file lock on package cache
[ERROR] error running command: no output for 300 seconds
[ERROR] this task or one of its parent failed!
[ERROR] no output for 300 seconds
[ERROR] note: run with `RUST_BACKTRACE=1` to display a backtrace.
[INFO] checking reillysiemens/auth-rs against nightly-2024-02-05+rustflags=-Dunexpected_cfgs+cargoflags=-Zcheck-cfg for check-cfg
[INFO] running `Command { std: "git" "clone" "/workspace/cache/git-repos/https%3A%2F%2Fgithub.com%2Freillysiemens%2Fauth-rs" "/workspace/builds/worker-0-tc2/source", kill_on_drop: false }`
[INFO] [stderr] Cloning into '/workspace/builds/worker-0-tc2/source'...
[INFO] [stderr] done.
[INFO] validating manifest of git repo https://github.com/reillysiemens/auth-rs on toolchain nightly-2024-02-05
[INFO] running `Command { std: CARGO_HOME="/workspace/cargo-home" RUSTUP_HOME="/workspace/rustup-home" "/workspace/cargo-home/bin/cargo" "+nightly-2024-02-05" "metadata" "--manifest-path" "Cargo.toml" "--no-deps", kill_on_drop: false }`
[INFO] started tweaking git repo https://github.com/reillysiemens/auth-rs
[INFO] finished tweaking git repo https://github.com/reillysiemens/auth-rs
[INFO] tweaked toml for git repo https://github.com/reillysiemens/auth-rs written to /workspace/builds/worker-0-tc2/source/Cargo.toml
[INFO] crate git repo https://github.com/reillysiemens/auth-rs already has a lockfile, it will not be regenerated
[INFO] running `Command { std: CARGO_HOME="/workspace/cargo-home" RUSTUP_HOME="/workspace/rustup-home" "/workspace/cargo-home/bin/cargo" "+nightly-2024-02-05" "fetch" "--manifest-path" "Cargo.toml", kill_on_drop: false }`
[INFO] [stderr]     Blocking waiting for file lock on package cache
[INFO] [stderr]     Updating crates.io index
[INFO] [stderr]     Blocking waiting for file lock on package cache
[ERROR] error running command: no output for 300 seconds
[INFO] checking reillysiemens/auth-rs against nightly-2024-02-05+rustflags=-Dunexpected_cfgs+cargoflags=-Zcheck-cfg for check-cfg
[INFO] running `Command { std: "git" "clone" "/workspace/cache/git-repos/https%3A%2F%2Fgithub.com%2Freillysiemens%2Fauth-rs" "/workspace/builds/worker-0-tc2/source", kill_on_drop: false }`
[INFO] [stderr] Cloning into '/workspace/builds/worker-0-tc2/source'...
[INFO] [stderr] done.
[INFO] validating manifest of git repo https://github.com/reillysiemens/auth-rs on toolchain nightly-2024-02-05
[INFO] running `Command { std: CARGO_HOME="/workspace/cargo-home" RUSTUP_HOME="/workspace/rustup-home" "/workspace/cargo-home/bin/cargo" "+nightly-2024-02-05" "metadata" "--manifest-path" "Cargo.toml" "--no-deps", kill_on_drop: false }`
[INFO] started tweaking git repo https://github.com/reillysiemens/auth-rs
[INFO] finished tweaking git repo https://github.com/reillysiemens/auth-rs
[INFO] tweaked toml for git repo https://github.com/reillysiemens/auth-rs written to /workspace/builds/worker-0-tc2/source/Cargo.toml
[INFO] crate git repo https://github.com/reillysiemens/auth-rs already has a lockfile, it will not be regenerated
[INFO] running `Command { std: CARGO_HOME="/workspace/cargo-home" RUSTUP_HOME="/workspace/rustup-home" "/workspace/cargo-home/bin/cargo" "+nightly-2024-02-05" "fetch" "--manifest-path" "Cargo.toml", kill_on_drop: false }`
[INFO] [stderr]     Blocking waiting for file lock on package cache
[INFO] [stderr]     Blocking waiting for file lock on package cache
[INFO] [stderr]  Downloading crates ...
[INFO] [stderr]   Downloaded rustls-pemfile v0.3.0
[INFO] [stderr]   Downloaded num_threads v0.1.5
[INFO] [stderr]   Downloaded jsonwebtoken v8.0.1
[INFO] [stderr]   Downloaded simple_asn1 v0.6.1
[INFO] [stderr]   Downloaded oauth2 v4.1.0
[INFO] [stderr]   Downloaded hyper v0.14.17
[INFO] [stderr]   Downloaded str-buf v1.0.5
[INFO] [stderr]   Downloaded serde_path_to_error v0.1.7
[INFO] [stderr]   Downloaded async-timer v1.0.0-beta.8
[INFO] [stderr]   Downloaded azure_core v0.1.1
[INFO] [stderr]   Downloaded azure_identity v0.1.1
[INFO] running `Command { std: "docker" "create" "-v" "/var/lib/crater-agent-workspace/builds/worker-0-tc2/target:/opt/rustwide/target:rw,Z" "-v" "/var/lib/crater-agent-workspace/builds/worker-0-tc2/source:/opt/rustwide/workdir:ro,Z" "-v" "/var/lib/crater-agent-workspace/cargo-home:/opt/rustwide/cargo-home:ro,Z" "-v" "/var/lib/crater-agent-workspace/rustup-home:/opt/rustwide/rustup-home:ro,Z" "-e" "SOURCE_DIR=/opt/rustwide/workdir" "-e" "CARGO_TARGET_DIR=/opt/rustwide/target" "-e" "CARGO_HOME=/opt/rustwide/cargo-home" "-e" "RUSTUP_HOME=/opt/rustwide/rustup-home" "-w" "/opt/rustwide/workdir" "-m" "1610612736" "--user" "0:0" "--network" "none" "ghcr.io/rust-lang/crates-build-env/linux@sha256:2788e3201cd34a07e3172128adcd8b3090168a8e3bcc40d7c032b9dda1df7d1c" "/opt/rustwide/cargo-home/bin/cargo" "+nightly-2024-02-05" "metadata" "--no-deps" "--format-version=1", kill_on_drop: false }`
[INFO] [stdout] 2fccd70271fc96868937a7cc992ab347dad51aa7a1b8873dfad8aabd654ce653
[INFO] running `Command { std: "docker" "start" "-a" "2fccd70271fc96868937a7cc992ab347dad51aa7a1b8873dfad8aabd654ce653", kill_on_drop: false }`
[INFO] running `Command { std: "docker" "inspect" "2fccd70271fc96868937a7cc992ab347dad51aa7a1b8873dfad8aabd654ce653", kill_on_drop: false }`
[INFO] running `Command { std: "docker" "rm" "-f" "2fccd70271fc96868937a7cc992ab347dad51aa7a1b8873dfad8aabd654ce653", kill_on_drop: false }`
[INFO] [stdout] 2fccd70271fc96868937a7cc992ab347dad51aa7a1b8873dfad8aabd654ce653
[INFO] running `Command { std: "docker" "create" "-v" "/var/lib/crater-agent-workspace/builds/worker-0-tc2/target:/opt/rustwide/target:rw,Z" "-v" "/var/lib/crater-agent-workspace/builds/worker-0-tc2/source:/opt/rustwide/workdir:ro,Z" "-v" "/var/lib/crater-agent-workspace/cargo-home:/opt/rustwide/cargo-home:ro,Z" "-v" "/var/lib/crater-agent-workspace/rustup-home:/opt/rustwide/rustup-home:ro,Z" "-e" "SOURCE_DIR=/opt/rustwide/workdir" "-e" "CARGO_TARGET_DIR=/opt/rustwide/target" "-e" "CARGO_INCREMENTAL=0" "-e" "RUST_BACKTRACE=full" "-e" "RUSTFLAGS=--cap-lints=forbid -Dunexpected_cfgs" "-e" "RUSTDOCFLAGS=--cap-lints=forbid" "-e" "CARGO_HOME=/opt/rustwide/cargo-home" "-e" "RUSTUP_HOME=/opt/rustwide/rustup-home" "-w" "/opt/rustwide/workdir" "-m" "1610612736" "--user" "0:0" "--network" "none" "ghcr.io/rust-lang/crates-build-env/linux@sha256:2788e3201cd34a07e3172128adcd8b3090168a8e3bcc40d7c032b9dda1df7d1c" "/opt/rustwide/cargo-home/bin/cargo" "+nightly-2024-02-05" "check" "--frozen" "--all" "--all-targets" "--message-format=json" "-Zcheck-cfg", kill_on_drop: false }`
[INFO] [stdout] a60b31955e8f4017397ed37d40e53bc25c09e93a7ec6fe0e4e1bc14c815eb0d1
[INFO] running `Command { std: "docker" "start" "-a" "a60b31955e8f4017397ed37d40e53bc25c09e93a7ec6fe0e4e1bc14c815eb0d1", kill_on_drop: false }`
[INFO] [stderr]    Compiling libc v0.2.121
[INFO] [stderr]    Compiling proc-macro2 v1.0.36
[INFO] [stderr]    Compiling syn v1.0.89
[INFO] [stderr]    Compiling cc v1.0.73
[INFO] [stderr]     Checking once_cell v1.10.0
[INFO] [stderr]    Compiling memchr v2.4.1
[INFO] [stderr]     Checking pin-project-lite v0.2.8
[INFO] [stderr]     Checking itoa v1.0.1
[INFO] [stderr]    Compiling parking_lot_core v0.9.1
[INFO] [stderr]    Compiling futures-core v0.3.21
[INFO] [stderr]     Checking bytes v1.1.0
[INFO] [stderr]     Checking smallvec v1.8.0
[INFO] [stderr]     Checking futures-sink v0.3.21
[INFO] [stderr]    Compiling futures-channel v0.3.21
[INFO] [stderr]     Checking lock_api v0.4.6
[INFO] [stderr]    Compiling futures-task v0.3.21
[INFO] [stderr]    Compiling serde_derive v1.0.136
[INFO] [stderr]    Compiling serde v1.0.136
[INFO] [stderr]    Compiling futures-util v0.3.21
[INFO] [stderr]    Compiling indexmap v1.8.0
[INFO] [stderr]     Checking futures-io v0.3.21
[INFO] [stderr]     Checking slab v0.4.5
[INFO] [stderr]    Compiling num-traits v0.2.14
[INFO] [stderr]     Checking hashbrown v0.11.2
[INFO] [stderr]     Checking tracing-core v0.1.23
[INFO] [stderr]    Compiling num-integer v0.1.44
[INFO] [stderr]    Compiling httparse v1.6.0
[INFO] [stderr]     Checking ppv-lite86 v0.2.16
[INFO] [stderr]    Compiling openssl v0.10.38
[INFO] [stderr]    Compiling generic-array v0.14.5
[INFO] [stderr]    Compiling native-tls v0.2.8
[INFO] [stderr]     Checking http v0.2.6
[INFO] [stderr]     Checking try-lock v0.2.3
[INFO] [stderr]    Compiling rustls v0.20.4
[INFO] [stderr]     Checking matches v0.1.9
[INFO] [stderr]     Checking tracing v0.1.32
[INFO] [stderr]    Compiling quote v1.0.16
[INFO] [stderr]     Checking want v0.3.0
[INFO] [stderr]     Checking tinyvec v1.5.1
[INFO] [stderr]     Checking typenum v1.15.0
[INFO] [stderr]     Checking tower-service v0.3.1
[INFO] [stderr]    Compiling serde_json v1.0.79
[INFO] [stderr]     Checking ryu v1.0.9
[INFO] [stderr]     Checking base64 v0.13.0
[INFO] [stderr]    Compiling semver v1.0.6
[INFO] [stderr]     Checking form_urlencoded v1.0.1
[INFO] [stderr]     Checking unicode-bidi v0.3.7
[INFO] [stderr]    Compiling encoding_rs v0.8.30
[INFO] [stderr]    Compiling num-bigint v0.4.3
[INFO] [stderr]     Checking cpufeatures v0.2.2
[INFO] [stderr]     Checking mime v0.3.16
[INFO] [stderr]    Compiling async-trait v0.1.52
[INFO] [stderr]     Checking signal-hook-registry v1.4.0
[INFO] [stderr]     Checking num_cpus v1.13.1
[INFO] [stderr]     Checking socket2 v0.4.4
[INFO] [stderr]     Checking mio v0.8.2
[INFO] [stderr]     Checking getrandom v0.2.5
[INFO] [stderr]     Checking parking_lot v0.12.0
[INFO] [stderr]     Checking rustls-pemfile v0.3.0
[INFO] [stderr]    Compiling ring v0.16.20
[INFO] [stderr]    Compiling openssl-sys v0.9.72
[INFO] [stderr]     Checking time v0.1.43
[INFO] [stderr]     Checking rand_core v0.6.3
[INFO] [stderr]     Checking ipnet v2.4.0
[INFO] [stderr]     Checking unicode-normalization v0.1.19
[INFO] [stderr]    Compiling rustc_version v0.4.0
[INFO] [stderr]    Compiling proc-macro-error-attr v1.0.4
[INFO] [stderr]     Checking num_threads v0.1.5
[INFO] [stderr]     Checking rand_chacha v0.3.1
[INFO] [stderr]    Compiling time-macros v0.2.4
[INFO] [stderr]     Checking str-buf v1.0.5
[INFO] [stderr]    Compiling async-timer v1.0.0-beta.8
[INFO] [stderr]     Checking error-code v2.3.1
[INFO] [stderr]     Checking dyn-clone v1.0.5
[INFO] [stderr]    Compiling anyhow v1.0.56
[INFO] [stderr]     Checking digest v0.9.0
[INFO] [stderr]     Checking rand v0.8.5
[INFO] [stderr]     Checking block-buffer v0.9.0
[INFO] [stderr]    Compiling azure_core v0.1.1
[INFO] [stderr]    Compiling heck v0.4.0
[INFO] [stderr]     Checking regex-syntax v0.6.25
[INFO] [stderr]     Checking sha2 v0.9.9
[INFO] [stderr]     Checking pem v1.0.2
[INFO] [stderr]     Checking terminal_size v0.1.17
[INFO] [stderr]     Checking atty v0.2.14
[INFO] [stderr]     Checking os_str_bytes v6.0.0
[INFO] [stderr]     Checking unicode-width v0.1.9
[INFO] [stderr]     Checking textwrap v0.15.0
[INFO] [stderr]     Checking termcolor v1.1.3
[INFO] [stderr]     Checking idna v0.2.3
[INFO] [stderr]     Checking strsim v0.10.0
[INFO] [stderr]     Checking windows v0.34.0
[INFO] [stderr]     Checking http-body v0.4.4
[INFO] [stderr]     Checking quickcheck v1.0.3
[INFO] [stdout] error[E0433]: failed to resolve: could not find `windows` in `os`
[INFO] [stdout]   --> /opt/rustwide/cargo-home/registry/src/index.crates.io-6f17d22bba15001f/windows-0.34.0/src/core/pcwstr.rs:59:24
[INFO] [stdout]    |
[INFO] [stdout] 59 |         use ::std::os::windows::ffi::OsStrExt;
[INFO] [stdout]    |                        ^^^^^^^ could not find `windows` in `os`
[INFO] [stdout]    |
[INFO] [stdout] note: found an item that was configured out
[INFO] [stdout]   --> /rustc/268dbbbc4b3fd71c5f360a4d0728295252430b5b/library/std/src/os/mod.rs:53:9
[INFO] [stdout] note: found an item that was configured out
[INFO] [stdout]   --> /rustc/268dbbbc4b3fd71c5f360a4d0728295252430b5b/library/std/src/os/mod.rs:97:9
[INFO] [stdout] 
[INFO] [stdout] 
[INFO] [stderr]     Checking regex v1.5.5
[INFO] [stderr]     Checking time v0.3.9
[INFO] [stderr]    Compiling proc-macro-error v1.0.4
[INFO] [stderr]     Checking console v0.15.0
[INFO] [stdout] error[E0599]: no method named `encode_wide` found for reference `&OsStr` in the current scope
[INFO] [stdout]   --> /opt/rustwide/cargo-home/registry/src/index.crates.io-6f17d22bba15001f/windows-0.34.0/src/core/pcwstr.rs:60:71
[INFO] [stdout]    |
[INFO] [stdout] 60 | ...   Param::Boxed(PCWSTR(alloc::boxed::Box::<[u16]>::into_raw(self.encode_wide().chain(::core::iter::once(0)).collect::<alloc::vec::Vec<...
[INFO] [stdout]    |                                                                     ^^^^^^^^^^^ method not found in `&OsStr`
[INFO] [stdout] 
[INFO] [stdout] 
[INFO] [stderr]    Compiling tokio-macros v1.7.0
[INFO] [stderr]    Compiling futures-macro v0.3.21
[INFO] [stderr]    Compiling thiserror-impl v1.0.30
[INFO] [stderr]    Compiling clap_derive v3.1.4
[INFO] [stdout] error: aborting due to 2 previous errors
[INFO] [stdout] 
[INFO] [stdout] 
[INFO] [stdout] Some errors have detailed explanations: E0433, E0599.
[INFO] [stdout] 
[INFO] [stdout] For more information about an error, try `rustc --explain E0433`.
[INFO] [stdout] 
[INFO] [stderr] error: could not compile `windows` (lib) due to 3 previous errors
[INFO] [stderr] warning: build failed, waiting for other jobs to finish...
[INFO] running `Command { std: "docker" "inspect" "a60b31955e8f4017397ed37d40e53bc25c09e93a7ec6fe0e4e1bc14c815eb0d1", kill_on_drop: false }`
[INFO] running `Command { std: "docker" "rm" "-f" "a60b31955e8f4017397ed37d40e53bc25c09e93a7ec6fe0e4e1bc14c815eb0d1", kill_on_drop: false }`
[INFO] [stdout] a60b31955e8f4017397ed37d40e53bc25c09e93a7ec6fe0e4e1bc14c815eb0d1
