[INFO] cloning repository https://github.com/mk1018/move
[INFO] running `Command { std: "git" "-c" "credential.helper=" "-c" "credential.helper=/workspace/cargo-home/bin/git-credential-null" "clone" "--bare" "https://github.com/mk1018/move" "/workspace/cache/git-repos/https%3A%2F%2Fgithub.com%2Fmk1018%2Fmove", kill_on_drop: false }`
[INFO] [stderr] Cloning into bare repository '/workspace/cache/git-repos/https%3A%2F%2Fgithub.com%2Fmk1018%2Fmove'...
[INFO] running `Command { std: "git" "rev-parse" "HEAD", kill_on_drop: false }`
[INFO] [stdout] 8f84953cd4edfa2ac93e59c6f7ad3d61440bc8c7
[INFO] checking mk1018/move/8f84953cd4edfa2ac93e59c6f7ad3d61440bc8c7 against nightly-2024-02-05 for check-cfg
[INFO] running `Command { std: "git" "clone" "/workspace/cache/git-repos/https%3A%2F%2Fgithub.com%2Fmk1018%2Fmove" "/workspace/builds/worker-0-tc1/source", kill_on_drop: false }`
[INFO] [stderr] Cloning into '/workspace/builds/worker-0-tc1/source'...
[INFO] [stderr] done.
[INFO] validating manifest of git repo https://github.com/mk1018/move on toolchain nightly-2024-02-05
[INFO] running `Command { std: CARGO_HOME="/workspace/cargo-home" RUSTUP_HOME="/workspace/rustup-home" "/workspace/cargo-home/bin/cargo" "+nightly-2024-02-05" "metadata" "--manifest-path" "Cargo.toml" "--no-deps", kill_on_drop: false }`
[INFO] removed /workspace/builds/worker-0-tc1/source/.cargo/config
[INFO] removed /workspace/builds/worker-0-tc1/source/rust-toolchain
[INFO] started tweaking git repo https://github.com/mk1018/move
[INFO] finished tweaking git repo https://github.com/mk1018/move
[INFO] tweaked toml for git repo https://github.com/mk1018/move written to /workspace/builds/worker-0-tc1/source/Cargo.toml
[INFO] crate git repo https://github.com/mk1018/move already has a lockfile, it will not be regenerated
[INFO] running `Command { std: CARGO_HOME="/workspace/cargo-home" RUSTUP_HOME="/workspace/rustup-home" "/workspace/cargo-home/bin/cargo" "+nightly-2024-02-05" "fetch" "--manifest-path" "Cargo.toml", kill_on_drop: false }`
[INFO] [stderr]     Updating crates.io index
[INFO] [stderr]     Updating git repository `https://github.com/diem/diem-devtools`
[INFO] [stderr]  Downloading crates ...
[INFO] [stderr]   Downloaded ouroboros v0.9.3
[INFO] [stderr]   Downloaded ripemd160 v0.9.1
[INFO] [stderr]   Downloaded structopt-derive v0.2.18
[INFO] [stderr]   Downloaded quick-error v2.0.0
[INFO] [stderr]   Downloaded dunce v1.0.2
[INFO] [stderr]   Downloaded better_any v0.1.1
[INFO] [stderr]   Downloaded variant_count v1.1.0
[INFO] [stderr]   Downloaded simplelog v0.9.0
[INFO] [stderr]   Downloaded tracing-subscriber v0.3.3
[INFO] [stderr]   Downloaded proptest v1.0.0
[INFO] [stderr]   Downloaded colored-diff v0.2.3
[INFO] [stderr]   Downloaded target-spec v0.9.0
[INFO] [stderr]   Downloaded guppy v0.12.6
[INFO] [stderr]   Downloaded x25519-dalek-fiat v0.1.0
[INFO] [stderr]   Downloaded lsp-server v0.5.2
[INFO] [stderr]   Downloaded wasm-bindgen-shared v0.2.71
[INFO] [stderr]   Downloaded file_diff v1.0.0
[INFO] [stderr]   Downloaded dissimilar v1.0.3
[INFO] [stderr]   Downloaded trybuild v1.0.53
[INFO] [stderr]   Downloaded fiat-crypto v0.1.6
[INFO] [stderr]   Downloaded criterion v0.3.4
[INFO] [stderr]   Downloaded duct v0.13.5
[INFO] [stderr]   Downloaded indent_write v2.2.0
[INFO] [stderr]   Downloaded criterion-cpu-time v0.1.0
[INFO] [stderr]   Downloaded z3tracer v0.8.0
[INFO] [stderr]   Downloaded shared_child v0.3.5
[INFO] [stderr]   Downloaded humantime-serde v1.0.1
[INFO] [stderr]   Downloaded diffus v0.10.0
[INFO] [stderr]   Downloaded lsp-types v0.90.1
[INFO] [stderr]   Downloaded plotters-svg v0.3.0
[INFO] [stderr]   Downloaded plotters v0.3.0
[INFO] [stderr]   Downloaded signal-hook-mio v0.2.1
[INFO] [stderr]   Downloaded shell-words v1.0.0
[INFO] [stderr]   Downloaded better_typeid_derive v0.1.1
[INFO] [stderr]   Downloaded curve25519-dalek-fiat v0.1.0
[INFO] [stderr]   Downloaded datatest-stable v0.1.1
[INFO] [stderr]   Downloaded codespan v0.11.1
[INFO] [stderr]   Downloaded prettytable-rs v0.8.0
[INFO] [stderr]   Downloaded structopt v0.2.18
[INFO] [stderr]   Downloaded ordered-float v2.1.1
[INFO] [stderr]   Downloaded ignore v0.4.17
[INFO] [stderr]   Downloaded const-random v0.1.13
[INFO] [stderr]   Downloaded bstr v0.2.15
[INFO] [stderr]   Downloaded proptest-derive v0.3.0
[INFO] [stderr]   Downloaded vte_generate_state_changes v0.1.1
[INFO] [stderr]   Downloaded bitvec v0.19.6
[INFO] [stderr]   Downloaded smt2parser v0.1.0
[INFO] [stderr]   Downloaded const-random-macro v0.1.13
[INFO] [stderr]   Downloaded mirai-annotations v1.12.0
[INFO] [stderr]   Downloaded serde-name v0.1.2
[INFO] [stderr]   Downloaded wasm-bindgen-macro v0.2.71
[INFO] [stderr]   Downloaded wasm-bindgen v0.2.71
[INFO] [stderr]   Downloaded pomelo v0.1.5
[INFO] [stderr]   Downloaded serde-reflection v0.3.5
[INFO] [stderr]   Downloaded zeroize_derive v1.2.0
[INFO] [stderr]   Downloaded evm-core v0.33.0
[INFO] [stderr]   Downloaded plotters-backend v0.3.0
[INFO] [stderr]   Downloaded wasm-bindgen-backend v0.2.71
[INFO] [stderr]   Downloaded wasm-bindgen-macro-support v0.2.71
[INFO] [stderr]   Downloaded named-lock v0.1.1
[INFO] [stderr]   Downloaded evm-gasometer v0.33.0
[INFO] [stderr]   Downloaded ctrlc v3.2.1
[INFO] [stderr]   Downloaded owo-colors v3.2.0
[INFO] [stderr]   Downloaded vte v0.10.1
[INFO] [stderr]   Downloaded strip-ansi-escapes v0.1.1
[INFO] [stderr]   Downloaded twox-hash v1.6.2
[INFO] [stderr]   Downloaded determinator v0.7.0
[INFO] [stderr]   Downloaded cargo_metadata v0.14.1
[INFO] [stderr]   Downloaded debug-ignore v1.0.1
[INFO] [stderr]   Downloaded guppy-summaries v0.6.1
[INFO] [stderr]   Downloaded guppy-workspace-hack v0.1.0
[INFO] [stderr]   Downloaded nested v0.1.1
[INFO] [stderr]   Downloaded camino v1.0.5
[INFO] [stderr]   Downloaded cfg-expr v0.9.0
[INFO] [stderr]   Downloaded target-lexicon v0.12.2
[INFO] [stderr]   Downloaded criterion-plot v0.4.3
[INFO] [stderr]   Downloaded serde_cbor v0.11.1
[INFO] [stderr]   Downloaded web-sys v0.3.48
[INFO] [stderr]   Downloaded fst v0.4.5
[INFO] [stderr]   Downloaded serde_yaml v0.8.17
[INFO] [stderr]   Downloaded ed25519-dalek-fiat v0.1.0
[INFO] [stderr]   Downloaded triehash v0.8.4
[INFO] [stderr]   Downloaded ethabi v17.0.0
[INFO] [stderr]   Downloaded byte-slice-cast v1.2.0
[INFO] [stderr]   Downloaded dtoa v0.4.7
[INFO] [stderr]   Downloaded evm v0.33.1
[INFO] [stderr]   Downloaded evm-runtime v0.33.0
[INFO] [stderr]   Downloaded prettydiff v0.4.0
[INFO] [stderr]   Downloaded js-sys v0.3.48
[INFO] [stderr]   Downloaded num v0.3.1
[INFO] [stderr]   Downloaded pomelo-impl v0.1.5
[INFO] [stderr]   Downloaded crossterm v0.21.0
[INFO] [stderr]   Downloaded ethereum v0.11.1
[INFO] [stderr]   Downloaded tera v1.7.1
[INFO] [stderr]   Downloaded ethnum v1.0.4
[INFO] [stderr]   Downloaded internment v0.5.0
[INFO] [stderr]   Downloaded pretty v0.10.0
[INFO] [stderr]   Downloaded scale-info-derive v1.0.0
[INFO] [stderr]   Downloaded scale-info v1.0.0
[INFO] [stderr]   Downloaded ouroboros_macro v0.9.3
[INFO] [stderr]   Downloaded bcs v0.1.3
[INFO] [stderr]   Downloaded os_pipe v0.9.2
[INFO] [stderr]   Downloaded crossterm_winapi v0.8.0
[INFO] [stderr]   Downloaded tui v0.17.0
[INFO] [stderr]   Downloaded async-trait v0.1.48
[INFO] [stderr]   Downloaded dashmap v3.11.10
[INFO] [stderr]   Downloaded clap v3.1.8
[INFO] running `Command { std: "docker" "create" "-v" "/var/lib/crater-agent-workspace/builds/worker-0-tc1/target:/opt/rustwide/target:rw,Z" "-v" "/var/lib/crater-agent-workspace/builds/worker-0-tc1/source:/opt/rustwide/workdir:ro,Z" "-v" "/var/lib/crater-agent-workspace/cargo-home:/opt/rustwide/cargo-home:ro,Z" "-v" "/var/lib/crater-agent-workspace/rustup-home:/opt/rustwide/rustup-home:ro,Z" "-e" "SOURCE_DIR=/opt/rustwide/workdir" "-e" "CARGO_TARGET_DIR=/opt/rustwide/target" "-e" "CARGO_HOME=/opt/rustwide/cargo-home" "-e" "RUSTUP_HOME=/opt/rustwide/rustup-home" "-w" "/opt/rustwide/workdir" "-m" "1610612736" "--user" "0:0" "--network" "none" "ghcr.io/rust-lang/crates-build-env/linux@sha256:2788e3201cd34a07e3172128adcd8b3090168a8e3bcc40d7c032b9dda1df7d1c" "/opt/rustwide/cargo-home/bin/cargo" "+nightly-2024-02-05" "metadata" "--no-deps" "--format-version=1", kill_on_drop: false }`
[INFO] [stdout] 9488440a0fb9a56bb5db46647fc4621150fa987f3591460cb5d838517f1b64a3
[INFO] running `Command { std: "docker" "start" "-a" "9488440a0fb9a56bb5db46647fc4621150fa987f3591460cb5d838517f1b64a3", kill_on_drop: false }`
[INFO] running `Command { std: "docker" "inspect" "9488440a0fb9a56bb5db46647fc4621150fa987f3591460cb5d838517f1b64a3", kill_on_drop: false }`
[INFO] running `Command { std: "docker" "rm" "-f" "9488440a0fb9a56bb5db46647fc4621150fa987f3591460cb5d838517f1b64a3", kill_on_drop: false }`
[INFO] [stdout] 9488440a0fb9a56bb5db46647fc4621150fa987f3591460cb5d838517f1b64a3
[INFO] running `Command { std: "docker" "create" "-v" "/var/lib/crater-agent-workspace/builds/worker-0-tc1/target:/opt/rustwide/target:rw,Z" "-v" "/var/lib/crater-agent-workspace/builds/worker-0-tc1/source:/opt/rustwide/workdir:ro,Z" "-v" "/var/lib/crater-agent-workspace/cargo-home:/opt/rustwide/cargo-home:ro,Z" "-v" "/var/lib/crater-agent-workspace/rustup-home:/opt/rustwide/rustup-home:ro,Z" "-e" "SOURCE_DIR=/opt/rustwide/workdir" "-e" "CARGO_TARGET_DIR=/opt/rustwide/target" "-e" "CARGO_INCREMENTAL=0" "-e" "RUST_BACKTRACE=full" "-e" "RUSTFLAGS=--cap-lints=forbid" "-e" "RUSTDOCFLAGS=--cap-lints=forbid" "-e" "CARGO_HOME=/opt/rustwide/cargo-home" "-e" "RUSTUP_HOME=/opt/rustwide/rustup-home" "-w" "/opt/rustwide/workdir" "-m" "1610612736" "--user" "0:0" "--network" "none" "ghcr.io/rust-lang/crates-build-env/linux@sha256:2788e3201cd34a07e3172128adcd8b3090168a8e3bcc40d7c032b9dda1df7d1c" "/opt/rustwide/cargo-home/bin/cargo" "+nightly-2024-02-05" "check" "--frozen" "--all" "--all-targets" "--message-format=json", kill_on_drop: false }`
[INFO] [stdout] b99b8bbb11124e9ed94df8180febbb75a7748505e16ad40987c63bc26aeabf90
[INFO] running `Command { std: "docker" "start" "-a" "b99b8bbb11124e9ed94df8180febbb75a7748505e16ad40987c63bc26aeabf90", kill_on_drop: false }`
[INFO] [stderr]    Compiling proc-macro2 v1.0.28
[INFO] [stderr]    Compiling syn v1.0.74
[INFO] [stderr]    Compiling libc v0.2.112
[INFO] [stderr]    Compiling serde_derive v1.0.130
[INFO] [stderr]    Compiling serde v1.0.130
[INFO] [stderr]    Compiling version_check v0.9.2
[INFO] [stderr]     Checking byteorder v1.4.3
[INFO] [stderr]    Compiling getrandom v0.2.2
[INFO] [stderr]     Checking ppv-lite86 v0.2.10
[INFO] [stderr]     Checking once_cell v1.12.0
[INFO] [stderr]    Compiling num-traits v0.2.14
[INFO] [stderr]     Checking hex v0.4.3
[INFO] [stderr]     Checking fnv v1.0.7
[INFO] [stderr]    Compiling proc-macro2 v0.4.30
[INFO] [stderr]    Compiling anyhow v1.0.52
[INFO] [stderr]    Compiling unicode-xid v0.1.0
[INFO] [stderr]    Compiling syn v0.15.44
[INFO] [stderr]     Checking remove_dir_all v0.5.3
[INFO] [stderr]     Checking bit-vec v0.6.3
[INFO] [stderr]     Checking quick-error v1.2.3
[INFO] [stderr]    Compiling memchr v2.4.0
[INFO] [stderr]     Checking quick-error v2.0.0
[INFO] [stderr]    Compiling ref-cast v1.0.6
[INFO] [stderr]    Compiling indexmap v1.7.0
[INFO] [stderr]     Checking hashbrown v0.11.2
[INFO] [stderr]     Checking bit-set v0.5.2
[INFO] [stderr]    Compiling num-integer v0.1.44
[INFO] [stderr]    Compiling generic-array v0.14.4
[INFO] [stderr]    Compiling log v0.4.14
[INFO] [stderr]     Checking same-file v1.0.6
[INFO] [stderr]     Checking cpuid-bool v0.1.2
[INFO] [stderr]    Compiling proc-macro-error-attr v1.0.4
[INFO] [stderr]    Compiling proc-macro-error v1.0.4
[INFO] [stderr]     Checking walkdir v2.3.2
[INFO] [stderr]    Compiling num-bigint v0.4.0
[INFO] [stderr]     Checking unicode-width v0.1.8
[INFO] [stderr]     Checking difference v2.0.0
[INFO] [stderr]     Checking fixedbitset v0.2.0
[INFO] [stderr]    Compiling ryu v1.0.5
[INFO] [stderr]    Compiling heck v0.4.0
[INFO] [stderr]     Checking textwrap v0.15.0
[INFO] [stderr]     Checking strsim v0.10.0
[INFO] [stderr]    Compiling Inflector v0.11.4
[INFO] [stderr]     Checking scopeguard v1.1.0
[INFO] [stderr]     Checking stable_deref_trait v1.2.0
[INFO] [stderr]     Checking move-borrow-graph v0.0.1 (/opt/rustwide/workdir/language/move-borrow-graph)
[INFO] [stderr]    Compiling serde_json v1.0.73
[INFO] [stderr]     Checking itoa v1.0.1
[INFO] [stderr]     Checking smallvec v1.7.0
[INFO] [stderr]     Checking itertools v0.10.1
[INFO] [stderr]    Compiling proc-macro-hack v0.5.19
[INFO] [stderr]    Compiling quote v1.0.9
[INFO] [stderr]    Compiling quote v0.6.13
[INFO] [stderr]    Compiling crossbeam-utils v0.8.8
[INFO] [stderr]     Checking aho-corasick v0.7.18
[INFO] [stderr]     Checking os_str_bytes v6.0.0
[INFO] [stderr]    Compiling crunchy v0.2.2
[INFO] [stderr]    Compiling tiny-keccak v2.0.2
[INFO] [stderr]     Checking petgraph v0.5.1
[INFO] [stderr]    Compiling num-iter v0.1.42
[INFO] [stderr]     Checking regex-automata v0.1.9
[INFO] [stderr]     Checking digest v0.9.0
[INFO] [stderr]     Checking block-buffer v0.9.0
[INFO] [stderr]     Checking sha2 v0.9.3
[INFO] [stderr]     Checking sha3 v0.9.1
[INFO] [stderr]     Checking cfg-if v0.1.10
[INFO] [stderr]     Checking wait-timeout v0.2.0
[INFO] [stderr]     Checking atty v0.2.14
[INFO] [stderr]     Checking num_cpus v1.13.0
[INFO] [stderr]     Checking colored v2.0.0
[INFO] [stderr]     Checking regex v1.5.5
[INFO] [stderr]     Checking rand_core v0.6.2
[INFO] [stderr]     Checking bytes v1.0.1
[INFO] [stderr]    Compiling num-rational v0.4.0
[INFO] [stderr]     Checking num-complex v0.4.0
[INFO] [stderr]     Checking arrayvec v0.5.2
[INFO] [stderr]     Checking instant v0.1.10
[INFO] [stderr]     Checking lock_api v0.4.4
[INFO] [stderr]     Checking parking_lot_core v0.8.3
[INFO] [stderr]     Checking rand_chacha v0.3.0
[INFO] [stderr]     Checking rand_xorshift v0.3.0
[INFO] [stderr]     Checking pin-project-lite v0.2.7
[INFO] [stderr]     Checking rand v0.8.4
[INFO] [stderr]     Checking parking_lot v0.11.1
[INFO] [stderr]     Checking unicode-segmentation v1.7.1
[INFO] [stderr]    Compiling im v15.1.0
[INFO] [stderr]     Checking bitmaps v2.1.0
[INFO] [stderr]     Checking rand_xoshiro v0.6.0
[INFO] [stderr]     Checking signal-hook-registry v1.4.0
[INFO] [stderr]     Checking time v0.1.44
[INFO] [stdout] error[E0308]: mismatched types
[INFO] [stdout]   --> /opt/rustwide/cargo-home/registry/src/index.crates.io-6f17d22bba15001f/num-bigint-0.4.0/src/biguint/convert.rs:70:19
[INFO] [stdout]    |
[INFO] [stdout] 70 |         .div_ceil(&big_digit::BITS.into())
[INFO] [stdout]    |          -------- ^^^^^^^^^^^^^^^^^^^^^^^ expected `u64`, found `&_`
[INFO] [stdout]    |          |
[INFO] [stdout]    |          arguments to this method are incorrect
[INFO] [stdout]    |
[INFO] [stdout]    = note:   expected type `u64`
[INFO] [stdout]            found reference `&_`
[INFO] [stdout] note: method defined here
[INFO] [stdout]   --> /rustc/268dbbbc4b3fd71c5f360a4d0728295252430b5b/library/core/src/num/mod.rs:1181:5
[INFO] [stdout]    = note: this error originates in the macro `uint_impl` (in Nightly builds, run with -Z macro-backtrace for more info)
[INFO] [stdout] help: consider removing the borrow
[INFO] [stdout]    |
[INFO] [stdout] 70 -         .div_ceil(&big_digit::BITS.into())
[INFO] [stdout] 70 +         .div_ceil(big_digit::BITS.into())
[INFO] [stdout]    |
[INFO] [stdout] 
[INFO] [stdout] 
[INFO] [stderr]     Checking percent-encoding v2.1.0
[INFO] [stdout] error[E0308]: mismatched types
[INFO] [stdout]    --> /opt/rustwide/cargo-home/registry/src/index.crates.io-6f17d22bba15001f/num-bigint-0.4.0/src/biguint/convert.rs:585:19
[INFO] [stdout]     |
[INFO] [stdout] 585 |         .div_ceil(&u64::from(bits))
[INFO] [stdout]     |          -------- ^^^^^^^^^^^^^^^^ expected `u64`, found `&u64`
[INFO] [stdout]     |          |
[INFO] [stdout]     |          arguments to this method are incorrect
[INFO] [stdout]     |
[INFO] [stdout] note: method defined here
[INFO] [stdout]    --> /rustc/268dbbbc4b3fd71c5f360a4d0728295252430b5b/library/core/src/num/mod.rs:1181:5
[INFO] [stdout]     = note: this error originates in the macro `uint_impl` (in Nightly builds, run with -Z macro-backtrace for more info)
[INFO] [stdout] help: consider removing the borrow
[INFO] [stdout]     |
[INFO] [stdout] 585 -         .div_ceil(&u64::from(bits))
[INFO] [stdout] 585 +         .div_ceil(u64::from(bits))
[INFO] [stdout]     |
[INFO] [stdout] 
[INFO] [stdout] 
[INFO] [stdout] error[E0308]: mismatched types
[INFO] [stdout]    --> /opt/rustwide/cargo-home/registry/src/index.crates.io-6f17d22bba15001f/num-bigint-0.4.0/src/biguint/convert.rs:613:19
[INFO] [stdout]     |
[INFO] [stdout] 613 |         .div_ceil(&u64::from(bits))
[INFO] [stdout]     |          -------- ^^^^^^^^^^^^^^^^ expected `u64`, found `&u64`
[INFO] [stdout]     |          |
[INFO] [stdout]     |          arguments to this method are incorrect
[INFO] [stdout]     |
[INFO] [stdout] note: method defined here
[INFO] [stdout]    --> /rustc/268dbbbc4b3fd71c5f360a4d0728295252430b5b/library/core/src/num/mod.rs:1181:5
[INFO] [stdout]     = note: this error originates in the macro `uint_impl` (in Nightly builds, run with -Z macro-backtrace for more info)
[INFO] [stdout] help: consider removing the borrow
[INFO] [stdout]     |
[INFO] [stdout] 613 -         .div_ceil(&u64::from(bits))
[INFO] [stdout] 613 +         .div_ceil(u64::from(bits))
[INFO] [stdout]     |
[INFO] [stdout] 
[INFO] [stdout] 
[INFO] [stderr]    Compiling regex-syntax v0.6.25
[INFO] [stderr]    Compiling futures-core v0.3.16
[INFO] [stderr]    Compiling futures-macro v0.3.16
[INFO] [stdout] error[E0308]: mismatched types
[INFO] [stdout]    --> /opt/rustwide/cargo-home/registry/src/index.crates.io-6f17d22bba15001f/num-bigint-0.4.0/src/biguint.rs:398:54
[INFO] [stdout]     |
[INFO] [stdout] 398 |                 let root_scale = extra_bits.div_ceil(&n64);
[INFO] [stdout]     |                                             -------- ^^^^ expected `u64`, found `&u64`
[INFO] [stdout]     |                                             |
[INFO] [stdout]     |                                             arguments to this method are incorrect
[INFO] [stdout]     |
[INFO] [stdout] note: method defined here
[INFO] [stdout]    --> /rustc/268dbbbc4b3fd71c5f360a4d0728295252430b5b/library/core/src/num/mod.rs:1181:5
[INFO] [stdout]     = note: this error originates in the macro `uint_impl` (in Nightly builds, run with -Z macro-backtrace for more info)
[INFO] [stdout] help: consider removing the borrow
[INFO] [stdout]     |
[INFO] [stdout] 398 -                 let root_scale = extra_bits.div_ceil(&n64);
[INFO] [stdout] 398 +                 let root_scale = extra_bits.div_ceil(n64);
[INFO] [stdout]     |
[INFO] [stdout] 
[INFO] [stdout] 
[INFO] [stdout] error: aborting due to 4 previous errors
[INFO] [stdout] 
[INFO] [stdout] 
[INFO] [stdout] For more information about this error, try `rustc --explain E0308`.
[INFO] [stdout] 
[INFO] [stderr] error: could not compile `num-bigint` (lib) due to 5 previous errors
[INFO] [stderr] warning: build failed, waiting for other jobs to finish...
[INFO] running `Command { std: "docker" "inspect" "b99b8bbb11124e9ed94df8180febbb75a7748505e16ad40987c63bc26aeabf90", kill_on_drop: false }`
[INFO] running `Command { std: "docker" "rm" "-f" "b99b8bbb11124e9ed94df8180febbb75a7748505e16ad40987c63bc26aeabf90", kill_on_drop: false }`
[INFO] [stdout] b99b8bbb11124e9ed94df8180febbb75a7748505e16ad40987c63bc26aeabf90
