[INFO] cloning repository https://github.com/mitchelhaan/cpanel-dyndns
[INFO] running `Command { std: "git" "-c" "credential.helper=" "-c" "credential.helper=/workspace/cargo-home/bin/git-credential-null" "clone" "--bare" "https://github.com/mitchelhaan/cpanel-dyndns" "/workspace/cache/git-repos/https%3A%2F%2Fgithub.com%2Fmitchelhaan%2Fcpanel-dyndns", kill_on_drop: false }`
[INFO] [stderr] Cloning into bare repository '/workspace/cache/git-repos/https%3A%2F%2Fgithub.com%2Fmitchelhaan%2Fcpanel-dyndns'...
[INFO] running `Command { std: "git" "rev-parse" "HEAD", kill_on_drop: false }`
[INFO] [stdout] 5aa9f5a173044f501639015bb9f8e8461eca3e95
[INFO] checking mitchelhaan/cpanel-dyndns against nightly-2024-02-05 for check-cfg
[INFO] running `Command { std: "git" "clone" "/workspace/cache/git-repos/https%3A%2F%2Fgithub.com%2Fmitchelhaan%2Fcpanel-dyndns" "/workspace/builds/worker-0-tc1/source", kill_on_drop: false }`
[INFO] [stderr] Cloning into '/workspace/builds/worker-0-tc1/source'...
[INFO] [stderr] done.
[INFO] validating manifest of git repo https://github.com/mitchelhaan/cpanel-dyndns on toolchain nightly-2024-02-05
[INFO] running `Command { std: CARGO_HOME="/workspace/cargo-home" RUSTUP_HOME="/workspace/rustup-home" "/workspace/cargo-home/bin/cargo" "+nightly-2024-02-05" "metadata" "--manifest-path" "Cargo.toml" "--no-deps", kill_on_drop: false }`
[INFO] started tweaking git repo https://github.com/mitchelhaan/cpanel-dyndns
[INFO] finished tweaking git repo https://github.com/mitchelhaan/cpanel-dyndns
[INFO] tweaked toml for git repo https://github.com/mitchelhaan/cpanel-dyndns written to /workspace/builds/worker-0-tc1/source/Cargo.toml
[INFO] crate git repo https://github.com/mitchelhaan/cpanel-dyndns already has a lockfile, it will not be regenerated
[INFO] running `Command { std: CARGO_HOME="/workspace/cargo-home" RUSTUP_HOME="/workspace/rustup-home" "/workspace/cargo-home/bin/cargo" "+nightly-2024-02-05" "fetch" "--manifest-path" "Cargo.toml", kill_on_drop: false }`
[INFO] [stderr]     Blocking waiting for file lock on package cache
[ERROR] error running command: no output for 300 seconds
[ERROR] this task or one of its parent failed!
[ERROR] no output for 300 seconds
[ERROR] note: run with `RUST_BACKTRACE=1` to display a backtrace.
[INFO] checking mitchelhaan/cpanel-dyndns against nightly-2024-02-05+rustflags=-Dunexpected_cfgs+cargoflags=-Zcheck-cfg for check-cfg
[INFO] running `Command { std: "git" "clone" "/workspace/cache/git-repos/https%3A%2F%2Fgithub.com%2Fmitchelhaan%2Fcpanel-dyndns" "/workspace/builds/worker-0-tc2/source", kill_on_drop: false }`
[INFO] [stderr] Cloning into '/workspace/builds/worker-0-tc2/source'...
[INFO] [stderr] done.
[INFO] validating manifest of git repo https://github.com/mitchelhaan/cpanel-dyndns on toolchain nightly-2024-02-05
[INFO] running `Command { std: CARGO_HOME="/workspace/cargo-home" RUSTUP_HOME="/workspace/rustup-home" "/workspace/cargo-home/bin/cargo" "+nightly-2024-02-05" "metadata" "--manifest-path" "Cargo.toml" "--no-deps", kill_on_drop: false }`
[INFO] started tweaking git repo https://github.com/mitchelhaan/cpanel-dyndns
[INFO] finished tweaking git repo https://github.com/mitchelhaan/cpanel-dyndns
[INFO] tweaked toml for git repo https://github.com/mitchelhaan/cpanel-dyndns written to /workspace/builds/worker-0-tc2/source/Cargo.toml
[INFO] crate git repo https://github.com/mitchelhaan/cpanel-dyndns already has a lockfile, it will not be regenerated
[INFO] running `Command { std: CARGO_HOME="/workspace/cargo-home" RUSTUP_HOME="/workspace/rustup-home" "/workspace/cargo-home/bin/cargo" "+nightly-2024-02-05" "fetch" "--manifest-path" "Cargo.toml", kill_on_drop: false }`
[INFO] [stderr]     Blocking waiting for file lock on package cache
[INFO] [stderr]     Blocking waiting for file lock on package cache
[INFO] [stderr]  Downloading crates ...
[INFO] [stderr]   Downloaded openssl-sys v0.9.24
[INFO] [stderr]   Downloaded socket2 v0.3.0
[INFO] [stderr]   Downloaded curl-sys v0.4.1
[INFO] [stderr]   Downloaded curl v0.4.11
[INFO] running `Command { std: "docker" "create" "-v" "/var/lib/crater-agent-workspace/builds/worker-0-tc2/target:/opt/rustwide/target:rw,Z" "-v" "/var/lib/crater-agent-workspace/builds/worker-0-tc2/source:/opt/rustwide/workdir:ro,Z" "-v" "/var/lib/crater-agent-workspace/cargo-home:/opt/rustwide/cargo-home:ro,Z" "-v" "/var/lib/crater-agent-workspace/rustup-home:/opt/rustwide/rustup-home:ro,Z" "-e" "SOURCE_DIR=/opt/rustwide/workdir" "-e" "CARGO_TARGET_DIR=/opt/rustwide/target" "-e" "CARGO_HOME=/opt/rustwide/cargo-home" "-e" "RUSTUP_HOME=/opt/rustwide/rustup-home" "-w" "/opt/rustwide/workdir" "-m" "1610612736" "--user" "0:0" "--network" "none" "ghcr.io/rust-lang/crates-build-env/linux@sha256:2788e3201cd34a07e3172128adcd8b3090168a8e3bcc40d7c032b9dda1df7d1c" "/opt/rustwide/cargo-home/bin/cargo" "+nightly-2024-02-05" "metadata" "--no-deps" "--format-version=1", kill_on_drop: false }`
[INFO] [stdout] ecbcd0b915dce20bb424dcae91a4896b223df7e842a4ed81898a48b0240c9750
[INFO] running `Command { std: "docker" "start" "-a" "ecbcd0b915dce20bb424dcae91a4896b223df7e842a4ed81898a48b0240c9750", kill_on_drop: false }`
[INFO] running `Command { std: "docker" "inspect" "ecbcd0b915dce20bb424dcae91a4896b223df7e842a4ed81898a48b0240c9750", kill_on_drop: false }`
[INFO] running `Command { std: "docker" "rm" "-f" "ecbcd0b915dce20bb424dcae91a4896b223df7e842a4ed81898a48b0240c9750", kill_on_drop: false }`
[INFO] [stdout] ecbcd0b915dce20bb424dcae91a4896b223df7e842a4ed81898a48b0240c9750
[INFO] running `Command { std: "docker" "create" "-v" "/var/lib/crater-agent-workspace/builds/worker-0-tc2/target:/opt/rustwide/target:rw,Z" "-v" "/var/lib/crater-agent-workspace/builds/worker-0-tc2/source:/opt/rustwide/workdir:ro,Z" "-v" "/var/lib/crater-agent-workspace/cargo-home:/opt/rustwide/cargo-home:ro,Z" "-v" "/var/lib/crater-agent-workspace/rustup-home:/opt/rustwide/rustup-home:ro,Z" "-e" "SOURCE_DIR=/opt/rustwide/workdir" "-e" "CARGO_TARGET_DIR=/opt/rustwide/target" "-e" "CARGO_INCREMENTAL=0" "-e" "RUST_BACKTRACE=full" "-e" "RUSTFLAGS=--cap-lints=forbid -Dunexpected_cfgs" "-e" "RUSTDOCFLAGS=--cap-lints=forbid" "-e" "CARGO_HOME=/opt/rustwide/cargo-home" "-e" "RUSTUP_HOME=/opt/rustwide/rustup-home" "-w" "/opt/rustwide/workdir" "-m" "1610612736" "--user" "0:0" "--network" "none" "ghcr.io/rust-lang/crates-build-env/linux@sha256:2788e3201cd34a07e3172128adcd8b3090168a8e3bcc40d7c032b9dda1df7d1c" "/opt/rustwide/cargo-home/bin/cargo" "+nightly-2024-02-05" "check" "--frozen" "--all" "--all-targets" "--message-format=json" "-Zcheck-cfg", kill_on_drop: false }`
[INFO] [stdout] dfbda301bb6a11292e8a5c6823b45647821127fd680da43c7a9b0c45c4583e75
[INFO] running `Command { std: "docker" "start" "-a" "dfbda301bb6a11292e8a5c6823b45647821127fd680da43c7a9b0c45c4583e75", kill_on_drop: false }`
[INFO] [stderr]    Compiling pkg-config v0.3.9
[INFO] [stderr]    Compiling cc v1.0.4
[INFO] [stderr]     Checking libc v0.2.35
[INFO] [stderr]     Checking num-traits v0.1.41
[INFO] [stderr]     Checking void v1.0.2
[INFO] [stderr]     Checking linked-hash-map v0.4.2
[INFO] [stderr]     Checking lazy_static v1.0.0
[INFO] [stderr]     Checking cfg-if v0.1.2
[INFO] [stderr]     Checking bitflags v1.0.1
[INFO] [stderr]     Checking utf8-ranges v1.0.0
[INFO] [stderr]     Checking regex-syntax v0.4.2
[INFO] [stderr]     Checking openssl-probe v0.1.2
[INFO] [stderr]     Checking unreachable v1.0.0
[INFO] [stderr]     Checking thread_local v0.3.5
[INFO] [stderr]     Checking lru-cache v0.1.1
[INFO] [stderr]     Checking num-integer v0.1.35
[INFO] [stderr]     Checking memchr v2.0.1
[INFO] [stderr]     Checking time v0.1.39
[INFO] [stderr]     Checking socket2 v0.3.0
[INFO] [stderr]    Compiling libz-sys v1.0.18
[INFO] [stderr]    Compiling openssl-sys v0.9.24
[INFO] [stderr]    Compiling curl-sys v0.4.1
[INFO] [stderr]    Compiling libsqlite3-sys v0.9.1
[INFO] [stdout] error[E0512]: cannot transmute between types of different sizes, or dependently-sized types
[INFO] [stdout]    --> /opt/rustwide/cargo-home/registry/src/index.crates.io-6f17d22bba15001f/socket2-0.3.0/src/sockaddr.rs:161:9
[INFO] [stdout]     |
[INFO] [stdout] 161 |         mem::transmute::<SocketAddrV4, sockaddr_in>(v4);
[INFO] [stdout]     |         ^^^^^^^^^^^^^^^^^^^^^^^^^^^^^^^^^^^^^^^^^^^
[INFO] [stdout]     |
[INFO] [stdout]     = note: source type: `SocketAddrV4` (48 bits)
[INFO] [stdout]     = note: target type: `sockaddr_in` (128 bits)
[INFO] [stdout] 
[INFO] [stdout] 
[INFO] [stderr]     Checking aho-corasick v0.6.4
[INFO] [stderr]     Checking num-iter v0.1.34
[INFO] [stdout] error: aborting due to 1 previous error
[INFO] [stdout] 
[INFO] [stdout] 
[INFO] [stdout] For more information about this error, try `rustc --explain E0512`.
[INFO] [stdout] 
[INFO] [stderr] error: could not compile `socket2` (lib) due to 2 previous errors
[INFO] [stderr] warning: build failed, waiting for other jobs to finish...
[INFO] running `Command { std: "docker" "inspect" "dfbda301bb6a11292e8a5c6823b45647821127fd680da43c7a9b0c45c4583e75", kill_on_drop: false }`
[INFO] running `Command { std: "docker" "rm" "-f" "dfbda301bb6a11292e8a5c6823b45647821127fd680da43c7a9b0c45c4583e75", kill_on_drop: false }`
[INFO] [stdout] dfbda301bb6a11292e8a5c6823b45647821127fd680da43c7a9b0c45c4583e75
