[INFO] cloning repository https://github.com/maksymsur/cosmos_writer_smartcontract
[INFO] running `Command { std: "git" "-c" "credential.helper=" "-c" "credential.helper=/workspace/cargo-home/bin/git-credential-null" "clone" "--bare" "https://github.com/maksymsur/cosmos_writer_smartcontract" "/workspace/cache/git-repos/https%3A%2F%2Fgithub.com%2Fmaksymsur%2Fcosmos_writer_smartcontract", kill_on_drop: false }`
[INFO] [stderr] Cloning into bare repository '/workspace/cache/git-repos/https%3A%2F%2Fgithub.com%2Fmaksymsur%2Fcosmos_writer_smartcontract'...
[INFO] running `Command { std: "git" "rev-parse" "HEAD", kill_on_drop: false }`
[INFO] [stdout] 23aeef494b69fdae3df13e79226dbbedd3475f85
[INFO] checking maksymsur/cosmos_writer_smartcontract against nightly-2024-02-05 for check-cfg
[INFO] running `Command { std: "git" "clone" "/workspace/cache/git-repos/https%3A%2F%2Fgithub.com%2Fmaksymsur%2Fcosmos_writer_smartcontract" "/workspace/builds/worker-7-tc1/source", kill_on_drop: false }`
[INFO] [stderr] Cloning into '/workspace/builds/worker-7-tc1/source'...
[INFO] [stderr] done.
[INFO] validating manifest of git repo https://github.com/maksymsur/cosmos_writer_smartcontract on toolchain nightly-2024-02-05
[INFO] running `Command { std: CARGO_HOME="/workspace/cargo-home" RUSTUP_HOME="/workspace/rustup-home" "/workspace/cargo-home/bin/cargo" "+nightly-2024-02-05" "metadata" "--manifest-path" "Cargo.toml" "--no-deps", kill_on_drop: false }`
[INFO] removed /workspace/builds/worker-7-tc1/source/.cargo/config
[INFO] started tweaking git repo https://github.com/maksymsur/cosmos_writer_smartcontract
[INFO] finished tweaking git repo https://github.com/maksymsur/cosmos_writer_smartcontract
[INFO] tweaked toml for git repo https://github.com/maksymsur/cosmos_writer_smartcontract written to /workspace/builds/worker-7-tc1/source/Cargo.toml
[INFO] crate git repo https://github.com/maksymsur/cosmos_writer_smartcontract already has a lockfile, it will not be regenerated
[INFO] running `Command { std: CARGO_HOME="/workspace/cargo-home" RUSTUP_HOME="/workspace/rustup-home" "/workspace/cargo-home/bin/cargo" "+nightly-2024-02-05" "fetch" "--manifest-path" "Cargo.toml", kill_on_drop: false }`
[INFO] [stderr]     Blocking waiting for file lock on package cache
[ERROR] error running command: no output for 300 seconds
[ERROR] this task or one of its parent failed!
[ERROR] no output for 300 seconds
[ERROR] note: run with `RUST_BACKTRACE=1` to display a backtrace.
[INFO] checking maksymsur/cosmos_writer_smartcontract against nightly-2024-02-05+rustflags=-Dunexpected_cfgs+cargoflags=-Zcheck-cfg for check-cfg
[INFO] running `Command { std: "git" "clone" "/workspace/cache/git-repos/https%3A%2F%2Fgithub.com%2Fmaksymsur%2Fcosmos_writer_smartcontract" "/workspace/builds/worker-7-tc2/source", kill_on_drop: false }`
[INFO] [stderr] Cloning into '/workspace/builds/worker-7-tc2/source'...
[INFO] [stderr] done.
[INFO] validating manifest of git repo https://github.com/maksymsur/cosmos_writer_smartcontract on toolchain nightly-2024-02-05
[INFO] running `Command { std: CARGO_HOME="/workspace/cargo-home" RUSTUP_HOME="/workspace/rustup-home" "/workspace/cargo-home/bin/cargo" "+nightly-2024-02-05" "metadata" "--manifest-path" "Cargo.toml" "--no-deps", kill_on_drop: false }`
[INFO] removed /workspace/builds/worker-7-tc2/source/.cargo/config
[INFO] started tweaking git repo https://github.com/maksymsur/cosmos_writer_smartcontract
[INFO] finished tweaking git repo https://github.com/maksymsur/cosmos_writer_smartcontract
[INFO] tweaked toml for git repo https://github.com/maksymsur/cosmos_writer_smartcontract written to /workspace/builds/worker-7-tc2/source/Cargo.toml
[INFO] crate git repo https://github.com/maksymsur/cosmos_writer_smartcontract already has a lockfile, it will not be regenerated
[INFO] running `Command { std: CARGO_HOME="/workspace/cargo-home" RUSTUP_HOME="/workspace/rustup-home" "/workspace/cargo-home/bin/cargo" "+nightly-2024-02-05" "fetch" "--manifest-path" "Cargo.toml", kill_on_drop: false }`
[INFO] [stderr]     Blocking waiting for file lock on package cache
[INFO] [stderr]     Blocking waiting for file lock on package cache
[INFO] [stderr]  Downloading crates ...
[INFO] [stderr]   Downloaded cosmwasm-crypto v1.2.3
[INFO] [stderr]   Downloaded cw2 v1.0.1
[INFO] [stderr]   Downloaded cosmwasm-derive v1.2.3
[INFO] [stderr]   Downloaded cosmwasm-schema v1.2.3
[INFO] [stderr]   Downloaded cosmwasm-schema-derive v1.2.3
[INFO] [stderr]   Downloaded cosmwasm-storage v1.2.3
[INFO] [stderr]   Downloaded cw-storage-plus v1.0.1
[INFO] [stderr]   Downloaded serde-json-wasm v0.5.0
[INFO] [stderr]   Downloaded cw-utils v1.0.1
[INFO] [stderr]   Downloaded cosmwasm-std v1.2.3
[INFO] [stderr]   Downloaded cw-multi-test v0.16.3
[INFO] running `Command { std: "docker" "create" "-v" "/var/lib/crater-agent-workspace/builds/worker-7-tc2/target:/opt/rustwide/target:rw,Z" "-v" "/var/lib/crater-agent-workspace/builds/worker-7-tc2/source:/opt/rustwide/workdir:ro,Z" "-v" "/var/lib/crater-agent-workspace/cargo-home:/opt/rustwide/cargo-home:ro,Z" "-v" "/var/lib/crater-agent-workspace/rustup-home:/opt/rustwide/rustup-home:ro,Z" "-e" "SOURCE_DIR=/opt/rustwide/workdir" "-e" "CARGO_TARGET_DIR=/opt/rustwide/target" "-e" "CARGO_HOME=/opt/rustwide/cargo-home" "-e" "RUSTUP_HOME=/opt/rustwide/rustup-home" "-w" "/opt/rustwide/workdir" "-m" "1610612736" "--user" "0:0" "--network" "none" "ghcr.io/rust-lang/crates-build-env/linux@sha256:2788e3201cd34a07e3172128adcd8b3090168a8e3bcc40d7c032b9dda1df7d1c" "/opt/rustwide/cargo-home/bin/cargo" "+nightly-2024-02-05" "metadata" "--no-deps" "--format-version=1", kill_on_drop: false }`
[INFO] [stdout] 1139a632da6ee7dffa14f7db7ac9cd65b6427e43fd6f2da35b5241cfc4c42d33
[INFO] running `Command { std: "docker" "start" "-a" "1139a632da6ee7dffa14f7db7ac9cd65b6427e43fd6f2da35b5241cfc4c42d33", kill_on_drop: false }`
[INFO] running `Command { std: "docker" "inspect" "1139a632da6ee7dffa14f7db7ac9cd65b6427e43fd6f2da35b5241cfc4c42d33", kill_on_drop: false }`
[INFO] running `Command { std: "docker" "rm" "-f" "1139a632da6ee7dffa14f7db7ac9cd65b6427e43fd6f2da35b5241cfc4c42d33", kill_on_drop: false }`
[INFO] [stdout] 1139a632da6ee7dffa14f7db7ac9cd65b6427e43fd6f2da35b5241cfc4c42d33
[INFO] running `Command { std: "docker" "create" "-v" "/var/lib/crater-agent-workspace/builds/worker-7-tc2/target:/opt/rustwide/target:rw,Z" "-v" "/var/lib/crater-agent-workspace/builds/worker-7-tc2/source:/opt/rustwide/workdir:ro,Z" "-v" "/var/lib/crater-agent-workspace/cargo-home:/opt/rustwide/cargo-home:ro,Z" "-v" "/var/lib/crater-agent-workspace/rustup-home:/opt/rustwide/rustup-home:ro,Z" "-e" "SOURCE_DIR=/opt/rustwide/workdir" "-e" "CARGO_TARGET_DIR=/opt/rustwide/target" "-e" "CARGO_INCREMENTAL=0" "-e" "RUST_BACKTRACE=full" "-e" "RUSTFLAGS=--cap-lints=forbid -Dunexpected_cfgs" "-e" "RUSTDOCFLAGS=--cap-lints=forbid" "-e" "CARGO_HOME=/opt/rustwide/cargo-home" "-e" "RUSTUP_HOME=/opt/rustwide/rustup-home" "-w" "/opt/rustwide/workdir" "-m" "1610612736" "--user" "0:0" "--network" "none" "ghcr.io/rust-lang/crates-build-env/linux@sha256:2788e3201cd34a07e3172128adcd8b3090168a8e3bcc40d7c032b9dda1df7d1c" "/opt/rustwide/cargo-home/bin/cargo" "+nightly-2024-02-05" "check" "--frozen" "--all" "--all-targets" "--message-format=json" "-Zcheck-cfg", kill_on_drop: false }`
[INFO] [stdout] 22318b5109fa3386a2085950952840853426aa039e25b8a1230bd4fe757b509c
[INFO] running `Command { std: "docker" "start" "-a" "22318b5109fa3386a2085950952840853426aa039e25b8a1230bd4fe757b509c", kill_on_drop: false }`
[INFO] [stderr]    Compiling proc-macro2 v1.0.56
[INFO] [stderr]    Compiling generic-array v0.14.7
[INFO] [stderr]     Checking typenum v1.16.0
[INFO] [stderr]    Compiling libc v0.2.141
[INFO] [stderr]     Checking subtle v2.4.1
[INFO] [stderr]     Checking zeroize v1.6.0
[INFO] [stderr]    Compiling syn v1.0.109
[INFO] [stderr]    Compiling serde_derive v1.0.159
[INFO] [stderr]     Checking const-oid v0.9.2
[INFO] [stderr]    Compiling serde v1.0.159
[INFO] [stderr]     Checking base64ct v1.6.0
[INFO] [stderr]    Compiling ahash v0.7.6
[INFO] [stderr]     Checking base16ct v0.1.1
[INFO] [stderr]     Checking cpufeatures v0.2.6
[INFO] [stderr]    Compiling serde_json v1.0.95
[INFO] [stderr]     Checking once_cell v1.17.1
[INFO] [stderr]    Compiling thiserror v1.0.40
[INFO] [stderr]     Checking byteorder v1.4.3
[INFO] [stderr]     Checking rand_core v0.5.1
[INFO] [stderr]    Compiling crunchy v0.2.2
[INFO] [stderr]     Checking der v0.6.1
[INFO] [stderr]     Checking ryu v1.0.13
[INFO] [stderr]     Checking opaque-debug v0.3.0
[INFO] [stderr]    Compiling schemars v0.8.12
[INFO] [stderr]     Checking hex v0.4.3
[INFO] [stderr]     Checking itoa v1.0.6
[INFO] [stderr]     Checking dyn-clone v1.0.11
[INFO] [stderr]     Checking base64 v0.13.1
[INFO] [stderr]     Checking forward_ref v1.0.0
[INFO] [stderr]    Compiling anyhow v1.0.70
[INFO] [stderr]    Compiling either v1.8.1
[INFO] [stderr]    Compiling semver v1.0.17
[INFO] [stderr]     Checking bytes v1.4.0
[INFO] [stderr]     Checking uint v0.9.5
[INFO] [stderr]    Compiling itertools v0.10.5
[INFO] [stdout] error[E0635]: unknown feature `proc_macro_span_shrink`
[INFO] [stdout]   --> /opt/rustwide/cargo-home/registry/src/index.crates.io-6f17d22bba15001f/proc-macro2-1.0.56/src/lib.rs:92:30
[INFO] [stdout]    |
[INFO] [stdout] 92 |     feature(proc_macro_span, proc_macro_span_shrink)
[INFO] [stdout]    |                              ^^^^^^^^^^^^^^^^^^^^^^
[INFO] [stdout] 
[INFO] [stdout] 
[INFO] [stdout] error: aborting due to 1 previous error
[INFO] [stdout] 
[INFO] [stdout] 
[INFO] [stdout] For more information about this error, try `rustc --explain E0635`.
[INFO] [stdout] 
[INFO] [stderr] error: could not compile `proc-macro2` (lib) due to 2 previous errors
[INFO] [stderr] warning: build failed, waiting for other jobs to finish...
[INFO] running `Command { std: "docker" "inspect" "22318b5109fa3386a2085950952840853426aa039e25b8a1230bd4fe757b509c", kill_on_drop: false }`
[INFO] running `Command { std: "docker" "rm" "-f" "22318b5109fa3386a2085950952840853426aa039e25b8a1230bd4fe757b509c", kill_on_drop: false }`
[INFO] [stdout] 22318b5109fa3386a2085950952840853426aa039e25b8a1230bd4fe757b509c
