[INFO] cloning repository https://github.com/kesnar/Game-of-Life-rust
[INFO] running `Command { std: "git" "-c" "credential.helper=" "-c" "credential.helper=/workspace/cargo-home/bin/git-credential-null" "clone" "--bare" "https://github.com/kesnar/Game-of-Life-rust" "/workspace/cache/git-repos/https%3A%2F%2Fgithub.com%2Fkesnar%2FGame-of-Life-rust", kill_on_drop: false }`
[INFO] [stderr] Cloning into bare repository '/workspace/cache/git-repos/https%3A%2F%2Fgithub.com%2Fkesnar%2FGame-of-Life-rust'...
[INFO] running `Command { std: "git" "rev-parse" "HEAD", kill_on_drop: false }`
[INFO] [stdout] ce42b3e52d19f40e8e554975c6fbdb10f1f9d717
[INFO] checking kesnar/Game-of-Life-rust against nightly-2024-02-05 for check-cfg
[INFO] running `Command { std: "git" "clone" "/workspace/cache/git-repos/https%3A%2F%2Fgithub.com%2Fkesnar%2FGame-of-Life-rust" "/workspace/builds/worker-3-tc1/source", kill_on_drop: false }`
[INFO] [stderr] Cloning into '/workspace/builds/worker-3-tc1/source'...
[INFO] [stderr] done.
[INFO] validating manifest of git repo https://github.com/kesnar/Game-of-Life-rust on toolchain nightly-2024-02-05
[INFO] running `Command { std: CARGO_HOME="/workspace/cargo-home" RUSTUP_HOME="/workspace/rustup-home" "/workspace/cargo-home/bin/cargo" "+nightly-2024-02-05" "metadata" "--manifest-path" "Cargo.toml" "--no-deps", kill_on_drop: false }`
[INFO] started tweaking git repo https://github.com/kesnar/Game-of-Life-rust
[INFO] finished tweaking git repo https://github.com/kesnar/Game-of-Life-rust
[INFO] tweaked toml for git repo https://github.com/kesnar/Game-of-Life-rust written to /workspace/builds/worker-3-tc1/source/Cargo.toml
[INFO] crate git repo https://github.com/kesnar/Game-of-Life-rust already has a lockfile, it will not be regenerated
[INFO] running `Command { std: CARGO_HOME="/workspace/cargo-home" RUSTUP_HOME="/workspace/rustup-home" "/workspace/cargo-home/bin/cargo" "+nightly-2024-02-05" "fetch" "--manifest-path" "Cargo.toml", kill_on_drop: false }`
[INFO] [stderr]     Blocking waiting for file lock on package cache
[ERROR] error running command: no output for 300 seconds
[ERROR] this task or one of its parent failed!
[ERROR] no output for 300 seconds
[ERROR] note: run with `RUST_BACKTRACE=1` to display a backtrace.
[INFO] checking kesnar/Game-of-Life-rust against nightly-2024-02-05+rustflags=-Dunexpected_cfgs+cargoflags=-Zcheck-cfg for check-cfg
[INFO] running `Command { std: "git" "clone" "/workspace/cache/git-repos/https%3A%2F%2Fgithub.com%2Fkesnar%2FGame-of-Life-rust" "/workspace/builds/worker-3-tc2/source", kill_on_drop: false }`
[INFO] [stderr] Cloning into '/workspace/builds/worker-3-tc2/source'...
[INFO] [stderr] done.
[INFO] validating manifest of git repo https://github.com/kesnar/Game-of-Life-rust on toolchain nightly-2024-02-05
[INFO] running `Command { std: CARGO_HOME="/workspace/cargo-home" RUSTUP_HOME="/workspace/rustup-home" "/workspace/cargo-home/bin/cargo" "+nightly-2024-02-05" "metadata" "--manifest-path" "Cargo.toml" "--no-deps", kill_on_drop: false }`
[INFO] started tweaking git repo https://github.com/kesnar/Game-of-Life-rust
[INFO] finished tweaking git repo https://github.com/kesnar/Game-of-Life-rust
[INFO] tweaked toml for git repo https://github.com/kesnar/Game-of-Life-rust written to /workspace/builds/worker-3-tc2/source/Cargo.toml
[INFO] crate git repo https://github.com/kesnar/Game-of-Life-rust already has a lockfile, it will not be regenerated
[INFO] running `Command { std: CARGO_HOME="/workspace/cargo-home" RUSTUP_HOME="/workspace/rustup-home" "/workspace/cargo-home/bin/cargo" "+nightly-2024-02-05" "fetch" "--manifest-path" "Cargo.toml", kill_on_drop: false }`
[INFO] [stderr]     Blocking waiting for file lock on package cache
[INFO] [stderr]     Blocking waiting for file lock on package cache
[INFO] [stderr]  Downloading crates ...
[INFO] [stderr]   Downloaded getrandom v0.1.11
[INFO] running `Command { std: "docker" "create" "-v" "/var/lib/crater-agent-workspace/builds/worker-3-tc2/target:/opt/rustwide/target:rw,Z" "-v" "/var/lib/crater-agent-workspace/builds/worker-3-tc2/source:/opt/rustwide/workdir:ro,Z" "-v" "/var/lib/crater-agent-workspace/cargo-home:/opt/rustwide/cargo-home:ro,Z" "-v" "/var/lib/crater-agent-workspace/rustup-home:/opt/rustwide/rustup-home:ro,Z" "-e" "SOURCE_DIR=/opt/rustwide/workdir" "-e" "CARGO_TARGET_DIR=/opt/rustwide/target" "-e" "CARGO_HOME=/opt/rustwide/cargo-home" "-e" "RUSTUP_HOME=/opt/rustwide/rustup-home" "-w" "/opt/rustwide/workdir" "-m" "1610612736" "--user" "0:0" "--network" "none" "ghcr.io/rust-lang/crates-build-env/linux@sha256:2788e3201cd34a07e3172128adcd8b3090168a8e3bcc40d7c032b9dda1df7d1c" "/opt/rustwide/cargo-home/bin/cargo" "+nightly-2024-02-05" "metadata" "--no-deps" "--format-version=1", kill_on_drop: false }`
[INFO] [stdout] f0441e02bc686dc85e1a5a4d141787c60bd4d95f444d2616afc259544480929a
[INFO] running `Command { std: "docker" "start" "-a" "f0441e02bc686dc85e1a5a4d141787c60bd4d95f444d2616afc259544480929a", kill_on_drop: false }`
[INFO] running `Command { std: "docker" "inspect" "f0441e02bc686dc85e1a5a4d141787c60bd4d95f444d2616afc259544480929a", kill_on_drop: false }`
[INFO] running `Command { std: "docker" "rm" "-f" "f0441e02bc686dc85e1a5a4d141787c60bd4d95f444d2616afc259544480929a", kill_on_drop: false }`
[INFO] [stdout] f0441e02bc686dc85e1a5a4d141787c60bd4d95f444d2616afc259544480929a
[INFO] running `Command { std: "docker" "create" "-v" "/var/lib/crater-agent-workspace/builds/worker-3-tc2/target:/opt/rustwide/target:rw,Z" "-v" "/var/lib/crater-agent-workspace/builds/worker-3-tc2/source:/opt/rustwide/workdir:ro,Z" "-v" "/var/lib/crater-agent-workspace/cargo-home:/opt/rustwide/cargo-home:ro,Z" "-v" "/var/lib/crater-agent-workspace/rustup-home:/opt/rustwide/rustup-home:ro,Z" "-e" "SOURCE_DIR=/opt/rustwide/workdir" "-e" "CARGO_TARGET_DIR=/opt/rustwide/target" "-e" "CARGO_INCREMENTAL=0" "-e" "RUST_BACKTRACE=full" "-e" "RUSTFLAGS=--cap-lints=forbid -Dunexpected_cfgs" "-e" "RUSTDOCFLAGS=--cap-lints=forbid" "-e" "CARGO_HOME=/opt/rustwide/cargo-home" "-e" "RUSTUP_HOME=/opt/rustwide/rustup-home" "-w" "/opt/rustwide/workdir" "-m" "1610612736" "--user" "0:0" "--network" "none" "ghcr.io/rust-lang/crates-build-env/linux@sha256:2788e3201cd34a07e3172128adcd8b3090168a8e3bcc40d7c032b9dda1df7d1c" "/opt/rustwide/cargo-home/bin/cargo" "+nightly-2024-02-05" "check" "--frozen" "--all" "--all-targets" "--message-format=json" "-Zcheck-cfg", kill_on_drop: false }`
[INFO] [stdout] c40a0a7d3dd229e4fc5c4867f7ec9b18adc33c038389c65d6962b4abed6b9c81
[INFO] running `Command { std: "docker" "start" "-a" "c40a0a7d3dd229e4fc5c4867f7ec9b18adc33c038389c65d6962b4abed6b9c81", kill_on_drop: false }`
[INFO] [stderr]    Compiling libc v0.2.62
[INFO] [stderr]    Compiling getrandom v0.1.11
[INFO] [stderr]     Checking cfg-if v0.1.9
[INFO] [stderr]     Checking lazy_static v1.4.0
[INFO] [stderr]     Checking ppv-lite86 v0.2.5
[INFO] [stderr]     Checking c2-chacha v0.2.2
[INFO] [stderr]     Checking rand_core v0.5.1
[INFO] [stderr]     Checking rand_chacha v0.2.1
[INFO] [stderr]     Checking rand v0.7.0
[INFO] [stderr]     Checking game_of_life v0.1.0 (/opt/rustwide/workdir)
[INFO] [stdout] error[E0061]: this method takes 0 arguments but 1 argument was supplied
[INFO] [stdout]  --> src/main.rs:8:49
[INFO] [stdout]   |
[INFO] [stdout] 8 |     let height:usize = args[2].parse::<usize>().unwrap("Not enough arguments!");
[INFO] [stdout]   |                                                 ^^^^^^ -----------------------
[INFO] [stdout]   |                                                        |
[INFO] [stdout]   |                                                        unexpected argument of type `&'static str`
[INFO] [stdout]   |                                                        help: remove the extra argument
[INFO] [stdout]   |
[INFO] [stdout] note: method defined here
[INFO] [stdout]  --> /rustc/268dbbbc4b3fd71c5f360a4d0728295252430b5b/library/core/src/result.rs:1067:12
[INFO] [stdout] 
[INFO] [stdout] 
[INFO] [stdout] error[E0061]: this method takes 0 arguments but 1 argument was supplied
[INFO] [stdout]  --> src/main.rs:8:49
[INFO] [stdout]   |
[INFO] [stdout] 8 |     let height:usize = args[2].parse::<usize>().unwrap("Not enough arguments!");
[INFO] [stdout]   |                                                 ^^^^^^ -----------------------
[INFO] [stdout]   |                                                        |
[INFO] [stdout]   |                                                        unexpected argument of type `&'static str`
[INFO] [stdout]   |                                                        help: remove the extra argument
[INFO] [stdout]   |
[INFO] [stdout] note: method defined here
[INFO] [stdout]  --> /rustc/268dbbbc4b3fd71c5f360a4d0728295252430b5b/library/core/src/result.rs:1067:12
[INFO] [stdout] 
[INFO] [stdout] 
[INFO] [stdout] error: aborting due to 1 previous error
[INFO] [stdout] 
[INFO] [stdout] 
[INFO] [stdout] For more information about this error, try `rustc --explain E0061`.
[INFO] [stdout] 
[INFO] [stdout] error: aborting due to 1 previous error
[INFO] [stdout] 
[INFO] [stdout] 
[INFO] [stdout] For more information about this error, try `rustc --explain E0061`.
[INFO] [stdout] 
[INFO] [stderr] error: could not compile `game_of_life` (bin "game_of_life") due to 2 previous errors
[INFO] [stderr] warning: build failed, waiting for other jobs to finish...
[INFO] [stderr] error: could not compile `game_of_life` (bin "game_of_life" test) due to 2 previous errors
[INFO] running `Command { std: "docker" "inspect" "c40a0a7d3dd229e4fc5c4867f7ec9b18adc33c038389c65d6962b4abed6b9c81", kill_on_drop: false }`
[INFO] running `Command { std: "docker" "rm" "-f" "c40a0a7d3dd229e4fc5c4867f7ec9b18adc33c038389c65d6962b4abed6b9c81", kill_on_drop: false }`
[INFO] [stdout] c40a0a7d3dd229e4fc5c4867f7ec9b18adc33c038389c65d6962b4abed6b9c81
