[INFO] cloning repository https://github.com/jacobh/pipenv-rs
[INFO] running `Command { std: "git" "-c" "credential.helper=" "-c" "credential.helper=/workspace/cargo-home/bin/git-credential-null" "clone" "--bare" "https://github.com/jacobh/pipenv-rs" "/workspace/cache/git-repos/https%3A%2F%2Fgithub.com%2Fjacobh%2Fpipenv-rs", kill_on_drop: false }`
[INFO] [stderr] Cloning into bare repository '/workspace/cache/git-repos/https%3A%2F%2Fgithub.com%2Fjacobh%2Fpipenv-rs'...
[INFO] running `Command { std: "git" "rev-parse" "HEAD", kill_on_drop: false }`
[INFO] [stdout] 8c95fbbfe5b2d6238a49c5b82ae08ccc689f2d65
[INFO] checking jacobh/pipenv-rs against nightly-2024-02-05 for check-cfg
[INFO] running `Command { std: "git" "clone" "/workspace/cache/git-repos/https%3A%2F%2Fgithub.com%2Fjacobh%2Fpipenv-rs" "/workspace/builds/worker-2-tc1/source", kill_on_drop: false }`
[INFO] [stderr] Cloning into '/workspace/builds/worker-2-tc1/source'...
[INFO] [stderr] done.
[INFO] validating manifest of git repo https://github.com/jacobh/pipenv-rs on toolchain nightly-2024-02-05
[INFO] running `Command { std: CARGO_HOME="/workspace/cargo-home" RUSTUP_HOME="/workspace/rustup-home" "/workspace/cargo-home/bin/cargo" "+nightly-2024-02-05" "metadata" "--manifest-path" "Cargo.toml" "--no-deps", kill_on_drop: false }`
[INFO] started tweaking git repo https://github.com/jacobh/pipenv-rs
[INFO] finished tweaking git repo https://github.com/jacobh/pipenv-rs
[INFO] tweaked toml for git repo https://github.com/jacobh/pipenv-rs written to /workspace/builds/worker-2-tc1/source/Cargo.toml
[INFO] crate git repo https://github.com/jacobh/pipenv-rs already has a lockfile, it will not be regenerated
[INFO] running `Command { std: CARGO_HOME="/workspace/cargo-home" RUSTUP_HOME="/workspace/rustup-home" "/workspace/cargo-home/bin/cargo" "+nightly-2024-02-05" "fetch" "--manifest-path" "Cargo.toml", kill_on_drop: false }`
[INFO] [stderr]     Blocking waiting for file lock on package cache
[ERROR] error running command: no output for 300 seconds
[ERROR] this task or one of its parent failed!
[ERROR] no output for 300 seconds
[ERROR] note: run with `RUST_BACKTRACE=1` to display a backtrace.
[INFO] checking jacobh/pipenv-rs against nightly-2024-02-05+rustflags=-Dunexpected_cfgs+cargoflags=-Zcheck-cfg for check-cfg
[INFO] running `Command { std: "git" "clone" "/workspace/cache/git-repos/https%3A%2F%2Fgithub.com%2Fjacobh%2Fpipenv-rs" "/workspace/builds/worker-2-tc2/source", kill_on_drop: false }`
[INFO] [stderr] Cloning into '/workspace/builds/worker-2-tc2/source'...
[INFO] [stderr] done.
[INFO] validating manifest of git repo https://github.com/jacobh/pipenv-rs on toolchain nightly-2024-02-05
[INFO] running `Command { std: CARGO_HOME="/workspace/cargo-home" RUSTUP_HOME="/workspace/rustup-home" "/workspace/cargo-home/bin/cargo" "+nightly-2024-02-05" "metadata" "--manifest-path" "Cargo.toml" "--no-deps", kill_on_drop: false }`
[INFO] started tweaking git repo https://github.com/jacobh/pipenv-rs
[INFO] finished tweaking git repo https://github.com/jacobh/pipenv-rs
[INFO] tweaked toml for git repo https://github.com/jacobh/pipenv-rs written to /workspace/builds/worker-2-tc2/source/Cargo.toml
[INFO] crate git repo https://github.com/jacobh/pipenv-rs already has a lockfile, it will not be regenerated
[INFO] running `Command { std: CARGO_HOME="/workspace/cargo-home" RUSTUP_HOME="/workspace/rustup-home" "/workspace/cargo-home/bin/cargo" "+nightly-2024-02-05" "fetch" "--manifest-path" "Cargo.toml", kill_on_drop: false }`
[INFO] [stderr]     Blocking waiting for file lock on package cache
[INFO] [stderr]     Blocking waiting for file lock on package cache
[ERROR] error running command: no output for 300 seconds
[INFO] checking jacobh/pipenv-rs against nightly-2024-02-05+rustflags=-Dunexpected_cfgs+cargoflags=-Zcheck-cfg for check-cfg
[INFO] running `Command { std: "git" "clone" "/workspace/cache/git-repos/https%3A%2F%2Fgithub.com%2Fjacobh%2Fpipenv-rs" "/workspace/builds/worker-2-tc2/source", kill_on_drop: false }`
[INFO] [stderr] Cloning into '/workspace/builds/worker-2-tc2/source'...
[INFO] [stderr] done.
[INFO] validating manifest of git repo https://github.com/jacobh/pipenv-rs on toolchain nightly-2024-02-05
[INFO] running `Command { std: CARGO_HOME="/workspace/cargo-home" RUSTUP_HOME="/workspace/rustup-home" "/workspace/cargo-home/bin/cargo" "+nightly-2024-02-05" "metadata" "--manifest-path" "Cargo.toml" "--no-deps", kill_on_drop: false }`
[INFO] started tweaking git repo https://github.com/jacobh/pipenv-rs
[INFO] finished tweaking git repo https://github.com/jacobh/pipenv-rs
[INFO] tweaked toml for git repo https://github.com/jacobh/pipenv-rs written to /workspace/builds/worker-2-tc2/source/Cargo.toml
[INFO] crate git repo https://github.com/jacobh/pipenv-rs already has a lockfile, it will not be regenerated
[INFO] running `Command { std: CARGO_HOME="/workspace/cargo-home" RUSTUP_HOME="/workspace/rustup-home" "/workspace/cargo-home/bin/cargo" "+nightly-2024-02-05" "fetch" "--manifest-path" "Cargo.toml", kill_on_drop: false }`
[INFO] [stderr]     Blocking waiting for file lock on package cache
[INFO] [stderr]     Blocking waiting for file lock on package cache
[INFO] [stderr]  Downloading crates ...
[INFO] [stderr]   Downloaded xattr v0.1.11
[INFO] [stderr]   Downloaded futures-cpupool v0.1.6
[INFO] [stderr]   Downloaded filetime v0.1.14
[INFO] [stderr]   Downloaded tar v0.4.13
[INFO] [stderr]   Downloaded mime_guess v2.0.0-alpha.2
[INFO] [stderr]   Downloaded openssl-sys v0.9.19
[INFO] [stderr]   Downloaded cc v1.0.0
[INFO] [stderr]   Downloaded backtrace-sys v0.1.14
[INFO] [stderr]   Downloaded mime v0.3.4
[INFO] [stderr]   Downloaded reqwest v0.8.0
[INFO] [stderr]   Downloaded openssl v0.9.19
[INFO] running `Command { std: "docker" "create" "-v" "/var/lib/crater-agent-workspace/builds/worker-2-tc2/target:/opt/rustwide/target:rw,Z" "-v" "/var/lib/crater-agent-workspace/builds/worker-2-tc2/source:/opt/rustwide/workdir:ro,Z" "-v" "/var/lib/crater-agent-workspace/cargo-home:/opt/rustwide/cargo-home:ro,Z" "-v" "/var/lib/crater-agent-workspace/rustup-home:/opt/rustwide/rustup-home:ro,Z" "-e" "SOURCE_DIR=/opt/rustwide/workdir" "-e" "CARGO_TARGET_DIR=/opt/rustwide/target" "-e" "CARGO_HOME=/opt/rustwide/cargo-home" "-e" "RUSTUP_HOME=/opt/rustwide/rustup-home" "-w" "/opt/rustwide/workdir" "-m" "1610612736" "--user" "0:0" "--network" "none" "ghcr.io/rust-lang/crates-build-env/linux@sha256:2788e3201cd34a07e3172128adcd8b3090168a8e3bcc40d7c032b9dda1df7d1c" "/opt/rustwide/cargo-home/bin/cargo" "+nightly-2024-02-05" "metadata" "--no-deps" "--format-version=1", kill_on_drop: false }`
[INFO] [stdout] 6527e69f6e90d6c9e79ec032fa38c7493939e459ce9f77071bcad40159fec18b
[INFO] running `Command { std: "docker" "start" "-a" "6527e69f6e90d6c9e79ec032fa38c7493939e459ce9f77071bcad40159fec18b", kill_on_drop: false }`
[INFO] running `Command { std: "docker" "inspect" "6527e69f6e90d6c9e79ec032fa38c7493939e459ce9f77071bcad40159fec18b", kill_on_drop: false }`
[INFO] running `Command { std: "docker" "rm" "-f" "6527e69f6e90d6c9e79ec032fa38c7493939e459ce9f77071bcad40159fec18b", kill_on_drop: false }`
[INFO] [stdout] 6527e69f6e90d6c9e79ec032fa38c7493939e459ce9f77071bcad40159fec18b
[INFO] running `Command { std: "docker" "create" "-v" "/var/lib/crater-agent-workspace/builds/worker-2-tc2/target:/opt/rustwide/target:rw,Z" "-v" "/var/lib/crater-agent-workspace/builds/worker-2-tc2/source:/opt/rustwide/workdir:ro,Z" "-v" "/var/lib/crater-agent-workspace/cargo-home:/opt/rustwide/cargo-home:ro,Z" "-v" "/var/lib/crater-agent-workspace/rustup-home:/opt/rustwide/rustup-home:ro,Z" "-e" "SOURCE_DIR=/opt/rustwide/workdir" "-e" "CARGO_TARGET_DIR=/opt/rustwide/target" "-e" "CARGO_INCREMENTAL=0" "-e" "RUST_BACKTRACE=full" "-e" "RUSTFLAGS=--cap-lints=forbid -Dunexpected_cfgs" "-e" "RUSTDOCFLAGS=--cap-lints=forbid" "-e" "CARGO_HOME=/opt/rustwide/cargo-home" "-e" "RUSTUP_HOME=/opt/rustwide/rustup-home" "-w" "/opt/rustwide/workdir" "-m" "1610612736" "--user" "0:0" "--network" "none" "ghcr.io/rust-lang/crates-build-env/linux@sha256:2788e3201cd34a07e3172128adcd8b3090168a8e3bcc40d7c032b9dda1df7d1c" "/opt/rustwide/cargo-home/bin/cargo" "+nightly-2024-02-05" "check" "--frozen" "--all" "--all-targets" "--message-format=json" "-Zcheck-cfg", kill_on_drop: false }`
[INFO] [stdout] df168ab3c4adaabd5c0488ea0de92f042b43203c38153e5d20f8e033e57ea935
[INFO] running `Command { std: "docker" "start" "-a" "df168ab3c4adaabd5c0488ea0de92f042b43203c38153e5d20f8e033e57ea935", kill_on_drop: false }`
[INFO] [stderr]     Checking libc v0.2.32
[INFO] [stderr]    Compiling cc v1.0.0
[INFO] [stderr]    Compiling version_check v0.1.3
[INFO] [stderr]     Checking cfg-if v0.1.2
[INFO] [stderr]     Checking futures v0.1.16
[INFO] [stderr]     Checking byteorder v1.1.0
[INFO] [stderr]    Compiling pkg-config v0.3.9
[INFO] [stderr]     Checking lazy_static v0.2.9
[INFO] [stderr]    Compiling semver v0.1.20
[INFO] [stderr]     Checking log v0.3.8
[INFO] [stderr]    Compiling siphasher v0.2.2
[INFO] [stderr]     Checking slab v0.3.0
[INFO] [stderr]     Checking lazycell v0.5.1
[INFO] [stderr]     Checking scoped-tls v0.1.0
[INFO] [stderr]     Checking bitflags v0.9.1
[INFO] [stderr]    Compiling openssl v0.9.19
[INFO] [stderr]     Checking slab v0.4.0
[INFO] [stderr]     Checking matches v0.1.6
[INFO] [stderr]     Checking percent-encoding v1.0.0
[INFO] [stderr]     Checking foreign-types v0.2.0
[INFO] [stderr]     Checking unicode-bidi v0.3.4
[INFO] [stderr]     Checking safemem v0.2.0
[INFO] [stderr]     Checking serde v1.0.15
[INFO] [stderr]     Checking unicode-normalization v0.1.5
[INFO] [stderr]    Compiling rustc_version v0.1.7
[INFO] [stderr]     Checking smallvec v0.2.1
[INFO] [stderr]    Compiling unicase v1.4.2
[INFO] [stderr]    Compiling unicode-xid v0.0.4
[INFO] [stderr]     Checking take v0.1.0
[INFO] [stderr]    Compiling synom v0.11.3
[INFO] [stderr]     Checking itoa v0.3.4
[INFO] [stderr]    Compiling rayon-core v1.2.1
[INFO] [stderr]     Checking base64 v0.6.0
[INFO] [stderr]    Compiling unicase v2.0.0
[INFO] [stderr]     Checking void v1.0.2
[INFO] [stderr]    Compiling phf_shared v0.7.21
[INFO] [stderr]     Checking dtoa v0.4.2
[INFO] [stderr]     Checking scopeguard v0.3.2
[INFO] [stderr]     Checking either v1.2.0
[INFO] [stderr]     Checking httparse v1.2.3
[INFO] [stderr]    Compiling quote v0.3.15
[INFO] [stderr]     Checking language-tags v0.2.2
[INFO] [stderr]     Checking unreachable v1.0.0
[INFO] [stderr]     Checking idna v0.1.4
[INFO] [stderr]     Checking unicode-width v0.1.4
[INFO] [stderr]     Checking num-traits v0.1.40
[INFO] [stderr]     Checking adler32 v1.0.2
[INFO] [stderr]     Checking coco v0.1.1
[INFO] [stderr]     Checking rustc-demangle v0.1.5
[INFO] [stderr]    Compiling rand v0.3.17
[INFO] [stderr]     Checking libflate v0.1.11
[INFO] [stderr]     Checking phf v0.7.21
[INFO] [stderr]     Checking thread_local v0.3.4
[INFO] [stderr]     Checking iovec v0.1.1
[INFO] [stderr]     Checking net2 v0.2.31
[INFO] [stderr]     Checking num_cpus v1.7.0
[INFO] [stderr]     Checking bytes v0.4.5
[INFO] [stderr]     Checking time v0.1.38
[INFO] [stderr]    Compiling syn v0.11.11
[INFO] [stderr]     Checking mime v0.3.4
[INFO] [stderr]     Checking memchr v1.0.1
[INFO] [stderr]     Checking term_size v0.3.0
[INFO] [stderr]     Checking atty v0.2.3
[INFO] [stderr]     Checking textwrap v0.8.0
[INFO] [stderr]     Checking filetime v0.1.14
[INFO] [stderr]     Checking xattr v0.1.11
[INFO] [stderr]     Checking uuid v0.5.1
[INFO] [stderr]     Checking aho-corasick v0.6.3
[INFO] [stderr]     Checking podio v0.1.5
[INFO] [stderr]     Checking semver-parser v0.7.0
[INFO] [stderr]    Compiling openssl-sys v0.9.19
[INFO] [stderr]     Checking mio v0.6.10
[INFO] [stderr]    Compiling miniz-sys v0.1.10
[INFO] [stderr]    Compiling backtrace-sys v0.1.14
[INFO] [stderr]    Compiling bzip2-sys v0.1.6
[INFO] [stderr]     Checking msdos_time v0.1.5
[INFO] [stderr]     Checking yaml-rust v0.3.5
[INFO] [stderr]     Checking ansi_term v0.9.0
[INFO] [stderr]     Checking vec_map v0.8.0
[INFO] [stderr]     Checking utf8-ranges v1.0.0
[INFO] [stderr]     Checking tokio-io v0.1.3
[INFO] [stderr]     Checking tokio-service v0.1.0
[INFO] [stderr]     Checking futures-cpupool v0.1.6
[INFO] [stderr]     Checking relay v0.1.0
[INFO] [stderr]     Checking strsim v0.6.0
[INFO] [stderr]     Checking url v1.5.1
[INFO] [stderr]     Checking regex-syntax v0.4.1
[INFO] [stderr]    Compiling phf_generator v0.7.21
[INFO] [stderr]     Checking semver v0.8.0
[INFO] [stderr]     Checking tar v0.4.13
[INFO] [stderr]     Checking clap v2.26.2
[INFO] [stderr]    Compiling phf_codegen v0.7.21
[INFO] [stderr]    Compiling mime_guess v2.0.0-alpha.2
[INFO] [stderr]     Checking rayon v0.8.2
[INFO] [stderr]    Compiling serde_derive_internals v0.16.0
[INFO] [stdout] error[E0713]: borrow may still be in use when destructor runs
[INFO] [stdout]    --> /opt/rustwide/cargo-home/registry/src/index.crates.io-6f17d22bba15001f/url-1.5.1/src/form_urlencoded.rs:251:40
[INFO] [stdout]     |
[INFO] [stdout] 249 | impl<'a> Target for ::UrlQuery<'a> {
[INFO] [stdout]     |      -- lifetime `'a` defined here
[INFO] [stdout] 250 |     fn as_mut_string(&mut self) -> &mut String { &mut self.url.serialization }
[INFO] [stdout] 251 |     fn finish(self) -> &'a mut ::Url { self.url }
[INFO] [stdout]     |                                        ^^^^^^^^ - here, drop of `self` needs exclusive access to `*self.url`, because the type `UrlQuery<'_>` implements the `Drop` trait
[INFO] [stdout]     |                                        |
[INFO] [stdout]     |                                        returning this value requires that `*self.url` is borrowed for `'a`
[INFO] [stdout] 
[INFO] [stdout] 
[INFO] [stderr] error: failed to run custom build command for `openssl-sys v0.9.19`
[INFO] [stderr] note: To improve backtraces for build dependencies, set the CARGO_PROFILE_DEV_BUILD_OVERRIDE_DEBUG=true environment variable to enable debug information generation.
[INFO] [stderr] 
[INFO] [stderr] Caused by:
[INFO] [stderr]   process didn't exit successfully: `/opt/rustwide/target/debug/build/openssl-sys-0f26a7bf1c3ada35/build-script-build` (exit status: 101)
[INFO] [stderr]   --- stdout
[INFO] [stderr]   cargo:rerun-if-env-changed=X86_64_UNKNOWN_LINUX_GNU_OPENSSL_LIB_DIR
[INFO] [stderr]   cargo:rerun-if-env-changed=OPENSSL_LIB_DIR
[INFO] [stderr]   cargo:rerun-if-env-changed=X86_64_UNKNOWN_LINUX_GNU_OPENSSL_INCLUDE_DIR
[INFO] [stderr]   cargo:rerun-if-env-changed=OPENSSL_INCLUDE_DIR
[INFO] [stderr]   cargo:rerun-if-env-changed=X86_64_UNKNOWN_LINUX_GNU_OPENSSL_DIR
[INFO] [stderr]   cargo:rerun-if-env-changed=OPENSSL_DIR
[INFO] [stderr]   cargo:rustc-link-lib=ssl
[INFO] [stderr]   cargo:rustc-link-lib=crypto
[INFO] [stderr]   OPT_LEVEL = Some("0")
[INFO] [stderr]   TARGET = Some("x86_64-unknown-linux-gnu")
[INFO] [stderr]   HOST = Some("x86_64-unknown-linux-gnu")
[INFO] [stderr]   TARGET = Some("x86_64-unknown-linux-gnu")
[INFO] [stderr]   TARGET = Some("x86_64-unknown-linux-gnu")
[INFO] [stderr]   HOST = Some("x86_64-unknown-linux-gnu")
[INFO] [stderr]   CC_x86_64-unknown-linux-gnu = None
[INFO] [stderr]   CC_x86_64_unknown_linux_gnu = None
[INFO] [stderr]   HOST_CC = None
[INFO] [stderr]   CC = None
[INFO] [stderr]   HOST = Some("x86_64-unknown-linux-gnu")
[INFO] [stderr]   TARGET = Some("x86_64-unknown-linux-gnu")
[INFO] [stderr]   HOST = Some("x86_64-unknown-linux-gnu")
[INFO] [stderr]   CFLAGS_x86_64-unknown-linux-gnu = None
[INFO] [stderr]   CFLAGS_x86_64_unknown_linux_gnu = None
[INFO] [stderr]   HOST_CFLAGS = None
[INFO] [stderr]   CFLAGS = None
[INFO] [stderr]   DEBUG = Some("true")
[INFO] [stderr]   running: "cc" "-O0" "-ffunction-sections" "-fdata-sections" "-fPIC" "-g" "-m64" "-Wall" "-Wextra" "-E" "/opt/rustwide/target/debug/build/openssl-sys-b16685a9f28aba59/out/expando.c"
[INFO] [stderr]   exit status: 0
[INFO] [stderr]   cargo:rustc-cfg=osslconf="OPENSSL_NO_SSL3_METHOD"
[INFO] [stderr]   cargo:conf=OPENSSL_NO_SSL3_METHOD
[INFO] [stderr] 
[INFO] [stderr]   --- stderr
[INFO] [stderr]   thread 'main' panicked at /opt/rustwide/cargo-home/registry/src/index.crates.io-6f17d22bba15001f/openssl-sys-0.9.19/build.rs:488:9:
[INFO] [stderr] 
[INFO] [stderr] 
[INFO] [stderr]   This crate is only compatible with OpenSSL 1.0.1, 1.0.2, and 1.1.0, or LibreSSL
[INFO] [stderr]   2.5 and 2.6.0, but a different version of OpenSSL was found. The build is now
[INFO] [stderr]   aborting due to this version mismatch.
[INFO] [stderr] 
[INFO] [stderr] 
[INFO] [stderr]   stack backtrace:
[INFO] [stderr]      0:     0x55b1e9e358b6 - std::backtrace_rs::backtrace::libunwind::trace::heebc7766b165eb2a
[INFO] [stderr]                                  at /rustc/268dbbbc4b3fd71c5f360a4d0728295252430b5b/library/std/src/../../backtrace/src/backtrace/libunwind.rs:104:5
[INFO] [stderr]      1:     0x55b1e9e358b6 - std::backtrace_rs::backtrace::trace_unsynchronized::ha677020d8fc0296d
[INFO] [stderr]                                  at /rustc/268dbbbc4b3fd71c5f360a4d0728295252430b5b/library/std/src/../../backtrace/src/backtrace/mod.rs:66:5
[INFO] [stderr]      2:     0x55b1e9e358b6 - std::sys_common::backtrace::_print_fmt::hcaff2fd86a1aeaa3
[INFO] [stderr]                                  at /rustc/268dbbbc4b3fd71c5f360a4d0728295252430b5b/library/std/src/sys_common/backtrace.rs:68:5
[INFO] [stderr]      3:     0x55b1e9e358b6 - <std::sys_common::backtrace::_print::DisplayBacktrace as core::fmt::Display>::fmt::hc2446d8aa0059188
[INFO] [stderr]                                  at /rustc/268dbbbc4b3fd71c5f360a4d0728295252430b5b/library/std/src/sys_common/backtrace.rs:44:22
[INFO] [stderr]      4:     0x55b1e9e5aad0 - core::fmt::rt::Argument::fmt::h2fbb6454da37999b
[INFO] [stderr]                                  at /rustc/268dbbbc4b3fd71c5f360a4d0728295252430b5b/library/core/src/fmt/rt.rs:142:9
[INFO] [stderr]      5:     0x55b1e9e5aad0 - core::fmt::write::had96bdeda7d49d3a
[INFO] [stderr]                                  at /rustc/268dbbbc4b3fd71c5f360a4d0728295252430b5b/library/core/src/fmt/mod.rs:1120:17
[INFO] [stderr]      6:     0x55b1e9e3309f - std::io::Write::write_fmt::h30b1f36eea05b391
[INFO] [stderr]                                  at /rustc/268dbbbc4b3fd71c5f360a4d0728295252430b5b/library/std/src/io/mod.rs:1849:15
[INFO] [stderr]      7:     0x55b1e9e35694 - std::sys_common::backtrace::_print::hc333bb91ae972137
[INFO] [stderr]                                  at /rustc/268dbbbc4b3fd71c5f360a4d0728295252430b5b/library/std/src/sys_common/backtrace.rs:47:5
[INFO] [stderr]      8:     0x55b1e9e35694 - std::sys_common::backtrace::print::h18fd3c71a95a3169
[INFO] [stderr]                                  at /rustc/268dbbbc4b3fd71c5f360a4d0728295252430b5b/library/std/src/sys_common/backtrace.rs:34:9
[INFO] [stderr]      9:     0x55b1e9e36f77 - std::panicking::default_hook::{{closure}}::ha3473f9bcb4e9a37
[INFO] [stderr]     10:     0x55b1e9e36cd9 - std::panicking::default_hook::h23d9d43185db6584
[INFO] [stderr]                                  at /rustc/268dbbbc4b3fd71c5f360a4d0728295252430b5b/library/std/src/panicking.rs:292:9
[INFO] [stderr]     11:     0x55b1e9e37408 - std::panicking::rust_panic_with_hook::h94aceaa7df3a6edd
[INFO] [stderr]                                  at /rustc/268dbbbc4b3fd71c5f360a4d0728295252430b5b/library/std/src/panicking.rs:781:13
[INFO] [stderr]     12:     0x55b1e9e02b9e - std::panicking::begin_panic::{{closure}}::hc98bd15ba8ce7800
[INFO] [stderr]     13:     0x55b1e9e04fda - std::sys_common::backtrace::__rust_end_short_backtrace::h3c27ad2a83ec6aad
[INFO] [stderr]     14:     0x55b1e9e02b4b - std::panicking::begin_panic::h732f9321b9426209
[INFO] [stderr]     15:     0x55b1e9dd4880 - build_script_build::validate_headers::hdc0db9fe0e605185
[INFO] [stderr]     16:     0x55b1e9dd34de - build_script_build::try_pkg_config::h90a2bc35f9a6adb3
[INFO] [stderr]     17:     0x55b1e9dd2537 - build_script_build::find_openssl_dir::he3636f69b453c77e
[INFO] [stderr]     18:     0x55b1e9dd22e8 - build_script_build::main::{{closure}}::h9e2e85c1be2327d9
[INFO] [stderr]     19:     0x55b1e9dddb8f - core::option::Option<T>::unwrap_or_else::h652866467b0d9282
[INFO] [stderr]     20:     0x55b1e9dd131f - build_script_build::main::h6c02450f134bf06a
[INFO] [stderr]     21:     0x55b1e9dda5f3 - core::ops::function::FnOnce::call_once::h7aaf4fc3c289028a
[INFO] [stderr]     22:     0x55b1e9dd9ef6 - std::sys_common::backtrace::__rust_begin_short_backtrace::had2b6805609675b2
[INFO] [stderr]     23:     0x55b1e9dd6e99 - std::rt::lang_start::{{closure}}::he3e55ebc12c16832
[INFO] [stderr]     24:     0x55b1e9e2f381 - core::ops::function::impls::<impl core::ops::function::FnOnce<A> for &F>::call_once::h298d8ff12ebcec8c
[INFO] [stderr]                                  at /rustc/268dbbbc4b3fd71c5f360a4d0728295252430b5b/library/core/src/ops/function.rs:284:13
[INFO] [stderr]     25:     0x55b1e9e2f381 - std::panicking::try::do_call::hbd0ffb05da5bd343
[INFO] [stderr]                                  at /rustc/268dbbbc4b3fd71c5f360a4d0728295252430b5b/library/std/src/panicking.rs:554:40
[INFO] [stderr]     26:     0x55b1e9e2f381 - std::panicking::try::h11c9a152defd5d2a
[INFO] [stderr]                                  at /rustc/268dbbbc4b3fd71c5f360a4d0728295252430b5b/library/std/src/panicking.rs:518:19
[INFO] [stderr]     27:     0x55b1e9e2f381 - std::panic::catch_unwind::h0d6db2fa902b4d64
[INFO] [stderr]                                  at /rustc/268dbbbc4b3fd71c5f360a4d0728295252430b5b/library/std/src/panic.rs:142:14
[INFO] [stderr]     28:     0x55b1e9e2f381 - std::rt::lang_start_internal::{{closure}}::hdcc09b4aad7ef821
[INFO] [stderr]                                  at /rustc/268dbbbc4b3fd71c5f360a4d0728295252430b5b/library/std/src/rt.rs:148:48
[INFO] [stderr]     29:     0x55b1e9e2f381 - std::panicking::try::do_call::h3ffd2f162d60900f
[INFO] [stderr]                                  at /rustc/268dbbbc4b3fd71c5f360a4d0728295252430b5b/library/std/src/panicking.rs:554:40
[INFO] [stderr]     30:     0x55b1e9e2f381 - std::panicking::try::heeba82b9c3e190fb
[INFO] [stderr]                                  at /rustc/268dbbbc4b3fd71c5f360a4d0728295252430b5b/library/std/src/panicking.rs:518:19
[INFO] [stderr]     31:     0x55b1e9e2f381 - std::panic::catch_unwind::hdaab8f1c188f387f
[INFO] [stderr]                                  at /rustc/268dbbbc4b3fd71c5f360a4d0728295252430b5b/library/std/src/panic.rs:142:14
[INFO] [stderr]     32:     0x55b1e9e2f381 - std::rt::lang_start_internal::h9989e088c48b7903
[INFO] [stderr]                                  at /rustc/268dbbbc4b3fd71c5f360a4d0728295252430b5b/library/std/src/rt.rs:148:20
[INFO] [stderr]     33:     0x55b1e9dd6e77 - std::rt::lang_start::h17af52e346fd4453
[INFO] [stderr]     34:     0x55b1e9dd63f5 - main
[INFO] [stderr]     35:     0x7f188e17ad90 - <unknown>
[INFO] [stderr]     36:     0x7f188e17ae40 - __libc_start_main
[INFO] [stderr]     37:     0x55b1e9dcbe85 - _start
[INFO] [stderr]     38:                0x0 - <unknown>
[INFO] [stderr] warning: build failed, waiting for other jobs to finish...
[INFO] [stdout] error: aborting due to 1 previous error
[INFO] [stdout] 
[INFO] [stdout] 
[INFO] [stdout] For more information about this error, try `rustc --explain E0713`.
[INFO] [stdout] 
[INFO] [stderr] error: could not compile `url` (lib) due to 2 previous errors
[INFO] running `Command { std: "docker" "inspect" "df168ab3c4adaabd5c0488ea0de92f042b43203c38153e5d20f8e033e57ea935", kill_on_drop: false }`
[INFO] running `Command { std: "docker" "rm" "-f" "df168ab3c4adaabd5c0488ea0de92f042b43203c38153e5d20f8e033e57ea935", kill_on_drop: false }`
[INFO] [stdout] df168ab3c4adaabd5c0488ea0de92f042b43203c38153e5d20f8e033e57ea935
