[INFO] cloning repository https://github.com/hmvp/cargo_test_formatter
[INFO] running `Command { std: "git" "-c" "credential.helper=" "-c" "credential.helper=/workspace/cargo-home/bin/git-credential-null" "clone" "--bare" "https://github.com/hmvp/cargo_test_formatter" "/workspace/cache/git-repos/https%3A%2F%2Fgithub.com%2Fhmvp%2Fcargo_test_formatter", kill_on_drop: false }`
[INFO] [stderr] Cloning into bare repository '/workspace/cache/git-repos/https%3A%2F%2Fgithub.com%2Fhmvp%2Fcargo_test_formatter'...
[INFO] running `Command { std: "git" "rev-parse" "HEAD", kill_on_drop: false }`
[INFO] [stdout] 33b2142e5815af4556747e67c43f6e8c47b8753c
[INFO] checking hmvp/cargo_test_formatter against nightly-2024-02-05 for check-cfg
[INFO] running `Command { std: "git" "clone" "/workspace/cache/git-repos/https%3A%2F%2Fgithub.com%2Fhmvp%2Fcargo_test_formatter" "/workspace/builds/worker-7-tc1/source", kill_on_drop: false }`
[INFO] [stderr] Cloning into '/workspace/builds/worker-7-tc1/source'...
[INFO] [stderr] done.
[INFO] validating manifest of git repo https://github.com/hmvp/cargo_test_formatter on toolchain nightly-2024-02-05
[INFO] running `Command { std: CARGO_HOME="/workspace/cargo-home" RUSTUP_HOME="/workspace/rustup-home" "/workspace/cargo-home/bin/cargo" "+nightly-2024-02-05" "metadata" "--manifest-path" "Cargo.toml" "--no-deps", kill_on_drop: false }`
[INFO] started tweaking git repo https://github.com/hmvp/cargo_test_formatter
[INFO] finished tweaking git repo https://github.com/hmvp/cargo_test_formatter
[INFO] tweaked toml for git repo https://github.com/hmvp/cargo_test_formatter written to /workspace/builds/worker-7-tc1/source/Cargo.toml
[INFO] crate git repo https://github.com/hmvp/cargo_test_formatter already has a lockfile, it will not be regenerated
[INFO] running `Command { std: CARGO_HOME="/workspace/cargo-home" RUSTUP_HOME="/workspace/rustup-home" "/workspace/cargo-home/bin/cargo" "+nightly-2024-02-05" "fetch" "--manifest-path" "Cargo.toml", kill_on_drop: false }`
[INFO] [stderr]     Blocking waiting for file lock on package cache
[ERROR] error running command: no output for 300 seconds
[ERROR] this task or one of its parent failed!
[ERROR] no output for 300 seconds
[ERROR] note: run with `RUST_BACKTRACE=1` to display a backtrace.
[INFO] checking hmvp/cargo_test_formatter against nightly-2024-02-05+rustflags=-Dunexpected_cfgs+cargoflags=-Zcheck-cfg for check-cfg
[INFO] running `Command { std: "git" "clone" "/workspace/cache/git-repos/https%3A%2F%2Fgithub.com%2Fhmvp%2Fcargo_test_formatter" "/workspace/builds/worker-7-tc2/source", kill_on_drop: false }`
[INFO] [stderr] Cloning into '/workspace/builds/worker-7-tc2/source'...
[INFO] [stderr] done.
[INFO] validating manifest of git repo https://github.com/hmvp/cargo_test_formatter on toolchain nightly-2024-02-05
[INFO] running `Command { std: CARGO_HOME="/workspace/cargo-home" RUSTUP_HOME="/workspace/rustup-home" "/workspace/cargo-home/bin/cargo" "+nightly-2024-02-05" "metadata" "--manifest-path" "Cargo.toml" "--no-deps", kill_on_drop: false }`
[INFO] started tweaking git repo https://github.com/hmvp/cargo_test_formatter
[INFO] finished tweaking git repo https://github.com/hmvp/cargo_test_formatter
[INFO] tweaked toml for git repo https://github.com/hmvp/cargo_test_formatter written to /workspace/builds/worker-7-tc2/source/Cargo.toml
[INFO] crate git repo https://github.com/hmvp/cargo_test_formatter already has a lockfile, it will not be regenerated
[INFO] running `Command { std: CARGO_HOME="/workspace/cargo-home" RUSTUP_HOME="/workspace/rustup-home" "/workspace/cargo-home/bin/cargo" "+nightly-2024-02-05" "fetch" "--manifest-path" "Cargo.toml", kill_on_drop: false }`
[INFO] [stderr]     Blocking waiting for file lock on package cache
[INFO] [stderr]     Blocking waiting for file lock on package cache
[INFO] running `Command { std: "docker" "create" "-v" "/var/lib/crater-agent-workspace/builds/worker-7-tc2/target:/opt/rustwide/target:rw,Z" "-v" "/var/lib/crater-agent-workspace/builds/worker-7-tc2/source:/opt/rustwide/workdir:ro,Z" "-v" "/var/lib/crater-agent-workspace/cargo-home:/opt/rustwide/cargo-home:ro,Z" "-v" "/var/lib/crater-agent-workspace/rustup-home:/opt/rustwide/rustup-home:ro,Z" "-e" "SOURCE_DIR=/opt/rustwide/workdir" "-e" "CARGO_TARGET_DIR=/opt/rustwide/target" "-e" "CARGO_HOME=/opt/rustwide/cargo-home" "-e" "RUSTUP_HOME=/opt/rustwide/rustup-home" "-w" "/opt/rustwide/workdir" "-m" "1610612736" "--user" "0:0" "--network" "none" "ghcr.io/rust-lang/crates-build-env/linux@sha256:2788e3201cd34a07e3172128adcd8b3090168a8e3bcc40d7c032b9dda1df7d1c" "/opt/rustwide/cargo-home/bin/cargo" "+nightly-2024-02-05" "metadata" "--no-deps" "--format-version=1", kill_on_drop: false }`
[INFO] [stdout] 979c5c5849e9afb88dd2b11395c1205659fb266809c1965936f0c74bb077a822
[INFO] running `Command { std: "docker" "start" "-a" "979c5c5849e9afb88dd2b11395c1205659fb266809c1965936f0c74bb077a822", kill_on_drop: false }`
[INFO] running `Command { std: "docker" "inspect" "979c5c5849e9afb88dd2b11395c1205659fb266809c1965936f0c74bb077a822", kill_on_drop: false }`
[INFO] running `Command { std: "docker" "rm" "-f" "979c5c5849e9afb88dd2b11395c1205659fb266809c1965936f0c74bb077a822", kill_on_drop: false }`
[INFO] [stdout] 979c5c5849e9afb88dd2b11395c1205659fb266809c1965936f0c74bb077a822
[INFO] running `Command { std: "docker" "create" "-v" "/var/lib/crater-agent-workspace/builds/worker-7-tc2/target:/opt/rustwide/target:rw,Z" "-v" "/var/lib/crater-agent-workspace/builds/worker-7-tc2/source:/opt/rustwide/workdir:ro,Z" "-v" "/var/lib/crater-agent-workspace/cargo-home:/opt/rustwide/cargo-home:ro,Z" "-v" "/var/lib/crater-agent-workspace/rustup-home:/opt/rustwide/rustup-home:ro,Z" "-e" "SOURCE_DIR=/opt/rustwide/workdir" "-e" "CARGO_TARGET_DIR=/opt/rustwide/target" "-e" "CARGO_INCREMENTAL=0" "-e" "RUST_BACKTRACE=full" "-e" "RUSTFLAGS=--cap-lints=forbid -Dunexpected_cfgs" "-e" "RUSTDOCFLAGS=--cap-lints=forbid" "-e" "CARGO_HOME=/opt/rustwide/cargo-home" "-e" "RUSTUP_HOME=/opt/rustwide/rustup-home" "-w" "/opt/rustwide/workdir" "-m" "1610612736" "--user" "0:0" "--network" "none" "ghcr.io/rust-lang/crates-build-env/linux@sha256:2788e3201cd34a07e3172128adcd8b3090168a8e3bcc40d7c032b9dda1df7d1c" "/opt/rustwide/cargo-home/bin/cargo" "+nightly-2024-02-05" "check" "--frozen" "--all" "--all-targets" "--message-format=json" "-Zcheck-cfg", kill_on_drop: false }`
[INFO] [stdout] dce210566f61eecfe224c98c3667e3b855ff3ab407d71946426fb0dd3daa0145
[INFO] running `Command { std: "docker" "start" "-a" "dce210566f61eecfe224c98c3667e3b855ff3ab407d71946426fb0dd3daa0145", kill_on_drop: false }`
[INFO] [stderr]     Checking libc v0.2.33
[INFO] [stderr]     Checking RustyXML v0.1.1
[INFO] [stderr]     Checking memchr v1.0.2
[INFO] [stderr]     Checking nom v3.2.1
[INFO] [stderr]     Checking cargo_test_formatter v0.2.0 (/opt/rustwide/workdir)
[INFO] [stdout] error: couldn't read src/../tests/test_empty_module.txt: No such file or directory (os error 2)
[INFO] [stdout]    --> src/parser.rs:237:32
[INFO] [stdout]     |
[INFO] [stdout] 237 |         assert_eq!(test_module(include_str!("../tests/test_empty_module.txt")),
[INFO] [stdout]     |                                ^^^^^^^^^^^^^^^^^^^^^^^^^^^^^^^^^^^^^^^^^^^^^^
[INFO] [stdout]     |
[INFO] [stdout]     = note: this error originates in the macro `include_str` (in Nightly builds, run with -Z macro-backtrace for more info)
[INFO] [stdout] 
[INFO] [stdout] 
[INFO] [stdout] warning: unused doc comment
[INFO] [stdout]  --> src/parser.rs:8:1
[INFO] [stdout]   |
[INFO] [stdout] 8 | /// 1
[INFO] [stdout]   | ^^^^^ rustdoc does not generate documentation for macro invocations
[INFO] [stdout]   |
[INFO] [stdout]   = help: to document an item produced by a macro, the macro must produce the documentation as part of its expansion
[INFO] [stdout]   = note: `#[warn(unused_doc_comments)]` on by default
[INFO] [stdout] 
[INFO] [stdout] 
[INFO] [stdout] warning: unused doc comment
[INFO] [stdout]   --> src/parser.rs:16:1
[INFO] [stdout]    |
[INFO] [stdout] 16 | /// ok|FAILED|ignored
[INFO] [stdout]    | ^^^^^^^^^^^^^^^^^^^^^ rustdoc does not generate documentation for macro invocations
[INFO] [stdout]    |
[INFO] [stdout]    = help: to document an item produced by a macro, the macro must produce the documentation as part of its expansion
[INFO] [stdout] 
[INFO] [stdout] 
[INFO] [stdout] warning: unused doc comment
[INFO] [stdout]   --> src/parser.rs:62:1
[INFO] [stdout]    |
[INFO] [stdout] 62 | / /// Test line
[INFO] [stdout] 63 | | ///  
[INFO] [stdout] 64 | | /// ## Normal test
[INFO] [stdout] 65 | | /// ```
[INFO] [stdout] ...  |
[INFO] [stdout] 71 | | /// test src/hexfile.rs - hexfile::MBHexFile::new (line 102) ... ok
[INFO] [stdout] 72 | | /// ```
[INFO] [stdout]    | |_------^
[INFO] [stdout]    |   |
[INFO] [stdout]    |   rustdoc does not generate documentation for macro invocations
[INFO] [stdout]    |
[INFO] [stdout]    = help: to document an item produced by a macro, the macro must produce the documentation as part of its expansion
[INFO] [stdout] 
[INFO] [stdout] 
[INFO] [stdout] warning: unused doc comment
[INFO] [stdout]  --> src/parser.rs:8:1
[INFO] [stdout]   |
[INFO] [stdout] 8 | /// 1
[INFO] [stdout]   | ^^^^^ rustdoc does not generate documentation for macro invocations
[INFO] [stdout]   |
[INFO] [stdout]   = help: to document an item produced by a macro, the macro must produce the documentation as part of its expansion
[INFO] [stdout]   = note: `#[warn(unused_doc_comments)]` on by default
[INFO] [stdout] 
[INFO] [stdout] 
[INFO] [stdout] warning: unused doc comment
[INFO] [stdout]   --> src/parser.rs:16:1
[INFO] [stdout]    |
[INFO] [stdout] 16 | /// ok|FAILED|ignored
[INFO] [stdout]    | ^^^^^^^^^^^^^^^^^^^^^ rustdoc does not generate documentation for macro invocations
[INFO] [stdout]    |
[INFO] [stdout]    = help: to document an item produced by a macro, the macro must produce the documentation as part of its expansion
[INFO] [stdout] 
[INFO] [stdout] 
[INFO] [stdout] warning: unused doc comment
[INFO] [stdout]   --> src/parser.rs:62:1
[INFO] [stdout]    |
[INFO] [stdout] 62 | / /// Test line
[INFO] [stdout] 63 | | ///  
[INFO] [stdout] 64 | | /// ## Normal test
[INFO] [stdout] 65 | | /// ```
[INFO] [stdout] ...  |
[INFO] [stdout] 71 | | /// test src/hexfile.rs - hexfile::MBHexFile::new (line 102) ... ok
[INFO] [stdout] 72 | | /// ```
[INFO] [stdout]    | |_------^
[INFO] [stdout]    |   |
[INFO] [stdout]    |   rustdoc does not generate documentation for macro invocations
[INFO] [stdout]    |
[INFO] [stdout]    = help: to document an item produced by a macro, the macro must produce the documentation as part of its expansion
[INFO] [stdout] 
[INFO] [stdout] 
[INFO] [stdout] error: aborting due to 1 previous error; 3 warnings emitted
[INFO] [stdout] 
[INFO] [stdout] 
[INFO] [stderr] error: could not compile `cargo_test_formatter` (bin "cargo_test_formatter" test) due to 2 previous errors; 3 warnings emitted
[INFO] [stderr] warning: build failed, waiting for other jobs to finish...
[INFO] [stdout] warning: 3 warnings emitted
[INFO] [stdout] 
[INFO] [stdout] 
[INFO] running `Command { std: "docker" "inspect" "dce210566f61eecfe224c98c3667e3b855ff3ab407d71946426fb0dd3daa0145", kill_on_drop: false }`
[INFO] running `Command { std: "docker" "rm" "-f" "dce210566f61eecfe224c98c3667e3b855ff3ab407d71946426fb0dd3daa0145", kill_on_drop: false }`
[INFO] [stdout] dce210566f61eecfe224c98c3667e3b855ff3ab407d71946426fb0dd3daa0145
