[INFO] cloning repository https://github.com/greens-games/exidle
[INFO] running `Command { std: "git" "-c" "credential.helper=" "-c" "credential.helper=/workspace/cargo-home/bin/git-credential-null" "clone" "--bare" "https://github.com/greens-games/exidle" "/workspace/cache/git-repos/https%3A%2F%2Fgithub.com%2Fgreens-games%2Fexidle", kill_on_drop: false }`
[INFO] [stderr] Cloning into bare repository '/workspace/cache/git-repos/https%3A%2F%2Fgithub.com%2Fgreens-games%2Fexidle'...
[INFO] running `Command { std: "git" "rev-parse" "HEAD", kill_on_drop: false }`
[INFO] [stdout] b522d81ae7617f0fac464924055e7b836e468359
[INFO] checking greens-games/exidle against nightly-2024-02-05 for check-cfg
[INFO] running `Command { std: "git" "clone" "/workspace/cache/git-repos/https%3A%2F%2Fgithub.com%2Fgreens-games%2Fexidle" "/workspace/builds/worker-3-tc1/source", kill_on_drop: false }`
[INFO] [stderr] Cloning into '/workspace/builds/worker-3-tc1/source'...
[INFO] [stderr] done.
[INFO] validating manifest of git repo https://github.com/greens-games/exidle on toolchain nightly-2024-02-05
[INFO] running `Command { std: CARGO_HOME="/workspace/cargo-home" RUSTUP_HOME="/workspace/rustup-home" "/workspace/cargo-home/bin/cargo" "+nightly-2024-02-05" "metadata" "--manifest-path" "Cargo.toml" "--no-deps", kill_on_drop: false }`
[INFO] started tweaking git repo https://github.com/greens-games/exidle
[INFO] finished tweaking git repo https://github.com/greens-games/exidle
[INFO] tweaked toml for git repo https://github.com/greens-games/exidle written to /workspace/builds/worker-3-tc1/source/Cargo.toml
[INFO] crate git repo https://github.com/greens-games/exidle already has a lockfile, it will not be regenerated
[INFO] running `Command { std: CARGO_HOME="/workspace/cargo-home" RUSTUP_HOME="/workspace/rustup-home" "/workspace/cargo-home/bin/cargo" "+nightly-2024-02-05" "fetch" "--manifest-path" "Cargo.toml", kill_on_drop: false }`
[INFO] [stderr] warning: virtual workspace defaulting to `resolver = "1"` despite one or more workspace members being on edition 2021 which implies `resolver = "2"`
[INFO] [stderr] note: to keep the current resolver, specify `workspace.resolver = "1"` in the workspace root's manifest
[INFO] [stderr] note: to use the edition 2021 resolver, specify `workspace.resolver = "2"` in the workspace root's manifest
[INFO] [stderr] note: for more details see https://doc.rust-lang.org/cargo/reference/resolver.html#resolver-versions
[INFO] [stderr]     Blocking waiting for file lock on package cache
[INFO] [stderr]     Blocking waiting for file lock on package cache
[ERROR] error running command: no output for 300 seconds
[ERROR] this task or one of its parent failed!
[ERROR] no output for 300 seconds
[ERROR] note: run with `RUST_BACKTRACE=1` to display a backtrace.
[INFO] checking greens-games/exidle against nightly-2024-02-05+rustflags=-Dunexpected_cfgs+cargoflags=-Zcheck-cfg for check-cfg
[INFO] running `Command { std: "git" "clone" "/workspace/cache/git-repos/https%3A%2F%2Fgithub.com%2Fgreens-games%2Fexidle" "/workspace/builds/worker-3-tc2/source", kill_on_drop: false }`
[INFO] [stderr] Cloning into '/workspace/builds/worker-3-tc2/source'...
[INFO] [stderr] done.
[INFO] validating manifest of git repo https://github.com/greens-games/exidle on toolchain nightly-2024-02-05
[INFO] running `Command { std: CARGO_HOME="/workspace/cargo-home" RUSTUP_HOME="/workspace/rustup-home" "/workspace/cargo-home/bin/cargo" "+nightly-2024-02-05" "metadata" "--manifest-path" "Cargo.toml" "--no-deps", kill_on_drop: false }`
[INFO] started tweaking git repo https://github.com/greens-games/exidle
[INFO] finished tweaking git repo https://github.com/greens-games/exidle
[INFO] tweaked toml for git repo https://github.com/greens-games/exidle written to /workspace/builds/worker-3-tc2/source/Cargo.toml
[INFO] crate git repo https://github.com/greens-games/exidle already has a lockfile, it will not be regenerated
[INFO] running `Command { std: CARGO_HOME="/workspace/cargo-home" RUSTUP_HOME="/workspace/rustup-home" "/workspace/cargo-home/bin/cargo" "+nightly-2024-02-05" "fetch" "--manifest-path" "Cargo.toml", kill_on_drop: false }`
[INFO] [stderr] warning: virtual workspace defaulting to `resolver = "1"` despite one or more workspace members being on edition 2021 which implies `resolver = "2"`
[INFO] [stderr] note: to keep the current resolver, specify `workspace.resolver = "1"` in the workspace root's manifest
[INFO] [stderr] note: to use the edition 2021 resolver, specify `workspace.resolver = "2"` in the workspace root's manifest
[INFO] [stderr] note: for more details see https://doc.rust-lang.org/cargo/reference/resolver.html#resolver-versions
[INFO] [stderr]     Blocking waiting for file lock on package cache
[INFO] [stderr]     Blocking waiting for file lock on package cache
[INFO] running `Command { std: "docker" "create" "-v" "/var/lib/crater-agent-workspace/builds/worker-3-tc2/target:/opt/rustwide/target:rw,Z" "-v" "/var/lib/crater-agent-workspace/builds/worker-3-tc2/source:/opt/rustwide/workdir:ro,Z" "-v" "/var/lib/crater-agent-workspace/cargo-home:/opt/rustwide/cargo-home:ro,Z" "-v" "/var/lib/crater-agent-workspace/rustup-home:/opt/rustwide/rustup-home:ro,Z" "-e" "SOURCE_DIR=/opt/rustwide/workdir" "-e" "CARGO_TARGET_DIR=/opt/rustwide/target" "-e" "CARGO_HOME=/opt/rustwide/cargo-home" "-e" "RUSTUP_HOME=/opt/rustwide/rustup-home" "-w" "/opt/rustwide/workdir" "-m" "1610612736" "--user" "0:0" "--network" "none" "ghcr.io/rust-lang/crates-build-env/linux@sha256:2788e3201cd34a07e3172128adcd8b3090168a8e3bcc40d7c032b9dda1df7d1c" "/opt/rustwide/cargo-home/bin/cargo" "+nightly-2024-02-05" "metadata" "--no-deps" "--format-version=1", kill_on_drop: false }`
[INFO] [stdout] b8825d1c226ec50780a074dbc540598d6755edcfd273dd1b3ab23de4b563c789
[INFO] running `Command { std: "docker" "start" "-a" "b8825d1c226ec50780a074dbc540598d6755edcfd273dd1b3ab23de4b563c789", kill_on_drop: false }`
[INFO] running `Command { std: "docker" "inspect" "b8825d1c226ec50780a074dbc540598d6755edcfd273dd1b3ab23de4b563c789", kill_on_drop: false }`
[INFO] running `Command { std: "docker" "rm" "-f" "b8825d1c226ec50780a074dbc540598d6755edcfd273dd1b3ab23de4b563c789", kill_on_drop: false }`
[INFO] [stdout] b8825d1c226ec50780a074dbc540598d6755edcfd273dd1b3ab23de4b563c789
[INFO] running `Command { std: "docker" "create" "-v" "/var/lib/crater-agent-workspace/builds/worker-3-tc2/target:/opt/rustwide/target:rw,Z" "-v" "/var/lib/crater-agent-workspace/builds/worker-3-tc2/source:/opt/rustwide/workdir:ro,Z" "-v" "/var/lib/crater-agent-workspace/cargo-home:/opt/rustwide/cargo-home:ro,Z" "-v" "/var/lib/crater-agent-workspace/rustup-home:/opt/rustwide/rustup-home:ro,Z" "-e" "SOURCE_DIR=/opt/rustwide/workdir" "-e" "CARGO_TARGET_DIR=/opt/rustwide/target" "-e" "CARGO_INCREMENTAL=0" "-e" "RUST_BACKTRACE=full" "-e" "RUSTFLAGS=--cap-lints=forbid -Dunexpected_cfgs" "-e" "RUSTDOCFLAGS=--cap-lints=forbid" "-e" "CARGO_HOME=/opt/rustwide/cargo-home" "-e" "RUSTUP_HOME=/opt/rustwide/rustup-home" "-w" "/opt/rustwide/workdir" "-m" "1610612736" "--user" "0:0" "--network" "none" "ghcr.io/rust-lang/crates-build-env/linux@sha256:2788e3201cd34a07e3172128adcd8b3090168a8e3bcc40d7c032b9dda1df7d1c" "/opt/rustwide/cargo-home/bin/cargo" "+nightly-2024-02-05" "check" "--frozen" "--all" "--all-targets" "--message-format=json" "-Zcheck-cfg", kill_on_drop: false }`
[INFO] [stdout] a255d3f21942151234a56173beae69182d4fe6ed20bef45ed058e5143d8b56fe
[INFO] running `Command { std: "docker" "start" "-a" "a255d3f21942151234a56173beae69182d4fe6ed20bef45ed058e5143d8b56fe", kill_on_drop: false }`
[INFO] [stderr] warning: virtual workspace defaulting to `resolver = "1"` despite one or more workspace members being on edition 2021 which implies `resolver = "2"`
[INFO] [stderr] note: to keep the current resolver, specify `workspace.resolver = "1"` in the workspace root's manifest
[INFO] [stderr] note: to use the edition 2021 resolver, specify `workspace.resolver = "2"` in the workspace root's manifest
[INFO] [stderr] note: for more details see https://doc.rust-lang.org/cargo/reference/resolver.html#resolver-versions
[INFO] [stderr]    Compiling proc-macro2 v1.0.66
[INFO] [stderr]    Compiling libc v0.2.147
[INFO] [stderr]    Compiling autocfg v1.1.0
[INFO] [stderr]    Compiling wasm-bindgen-shared v0.2.87
[INFO] [stderr]    Compiling once_cell v1.18.0
[INFO] [stderr]    Compiling bumpalo v3.13.0
[INFO] [stderr]    Compiling futures-core v0.3.28
[INFO] [stderr]    Compiling log v0.4.19
[INFO] [stderr]     Checking itoa v1.0.9
[INFO] [stderr]    Compiling wasm-bindgen v0.2.87
[INFO] [stderr]     Checking pin-project-lite v0.2.10
[INFO] [stderr]    Compiling serde v1.0.181
[INFO] [stderr]    Compiling serde_derive v1.0.181
[INFO] [stderr]     Checking bytes v1.4.0
[INFO] [stderr]    Compiling futures-channel v0.3.28
[INFO] [stderr]     Checking futures-sink v0.3.28
[INFO] [stderr]    Compiling memchr v2.5.0
[INFO] [stderr]    Compiling parking_lot_core v0.9.8
[INFO] [stderr]     Checking smallvec v1.11.0
[INFO] [stderr]    Compiling futures-task v0.3.28
[INFO] [stderr]     Checking scopeguard v1.2.0
[INFO] [stderr]    Compiling futures-util v0.3.28
[INFO] [stderr]    Compiling lock_api v0.4.10
[INFO] [stderr]    Compiling slab v0.4.8
[INFO] [stderr]    Compiling tokio v1.29.1
[INFO] [stderr]     Checking ryu v1.0.15
[INFO] [stderr]    Compiling rustversion v1.0.14
[INFO] [stderr]    Compiling serde_json v1.0.104
[INFO] [stderr]     Checking futures-io v0.3.28
[INFO] [stderr]     Checking pin-utils v0.1.0
[INFO] [stderr]     Checking fnv v1.0.7
[INFO] [stderr]     Checking tracing-core v0.1.31
[INFO] [stderr]     Checking http v0.2.9
[INFO] [stderr]     Checking percent-encoding v2.3.0
[INFO] [stderr]    Compiling pkg-config v0.3.27
[INFO] [stderr]    Compiling unicase v2.6.0
[INFO] [stderr]    Compiling thiserror v1.0.44
[INFO] [stderr]     Checking bitflags v2.3.3
[INFO] [stderr]     Checking form_urlencoded v1.2.0
[INFO] [stderr]    Compiling quote v1.0.32
[INFO] [stderr]    Compiling rustix v0.38.7
[INFO] [stderr]     Checking tower-service v0.3.2
[INFO] [stderr]     Checking linux-raw-sys v0.4.5
[INFO] [stderr]    Compiling crc32fast v1.3.2
[INFO] [stderr]    Compiling zstd-safe v6.0.6
[INFO] [stderr]     Checking alloc-no-stdlib v2.0.4
[INFO] [stderr]     Checking alloc-stdlib v0.2.2
[INFO] [stderr]    Compiling syn v1.0.109
[INFO] [stderr]    Compiling syn v2.0.28
[INFO] [stderr]     Checking utf8parse v0.2.1
[INFO] [stderr]     Checking tower-layer v0.3.2
[INFO] [stderr]     Checking adler v1.0.2
[INFO] [stderr]    Compiling async-trait v0.1.72
[INFO] [stderr]     Checking mime v0.3.17
[INFO] [stderr]    Compiling httparse v1.8.0
[INFO] [stderr]     Checking http-body v0.4.5
[INFO] [stderr]     Checking miniz_oxide v0.7.1
[INFO] [stderr]     Checking anstyle-parse v0.2.1
[INFO] [stderr]    Compiling mime_guess v2.0.4
[INFO] [stderr]     Checking brotli-decompressor v2.3.4
[INFO] [stderr]     Checking colorchoice v1.0.0
[INFO] [stderr]     Checking try-lock v0.2.4
[INFO] [stderr]     Checking anstyle-query v1.0.0
[INFO] [stderr]     Checking mio v0.8.8
[INFO] [stderr]     Checking num_cpus v1.16.0
[INFO] [stderr]     Checking signal-hook-registry v1.4.1
[INFO] [stderr]     Checking socket2 v0.4.9
[INFO] [stderr]     Checking getrandom v0.2.10
[INFO] [stderr]     Checking httpdate v1.0.2
[INFO] [stderr]     Checking anstyle v1.0.1
[INFO] [stderr]    Compiling jobserver v0.1.26
[INFO] [stderr]     Checking flate2 v1.0.26
[INFO] [stderr]     Checking rand_core v0.6.4
[INFO] [stderr]     Checking want v0.3.1
[INFO] [stderr]     Checking parking_lot v0.12.1
[INFO] [stderr]    Compiling indexmap v1.9.3
[INFO] [stderr]    Compiling prettyplease v0.1.25
[INFO] [stderr]    Compiling cc v1.0.81
[INFO] [stderr]     Checking clap_lex v0.5.0
[INFO] [stderr]    Compiling axum-core v0.3.4
[INFO] [stderr]    Compiling axum v0.6.20
[INFO] [stderr]     Checking overload v0.1.1
[INFO] [stderr]     Checking rand_chacha v0.3.1
[INFO] [stderr]    Compiling proc-macro-error-attr v1.0.4
[INFO] [stderr]     Checking uuid v1.4.1
[INFO] [stderr]     Checking nu-ansi-term v0.46.0
[INFO] [stderr]     Checking sharded-slab v0.1.4
[INFO] [stderr]     Checking tracing-log v0.1.3
[INFO] [stderr]     Checking thread_local v1.1.7
[INFO] [stderr]     Checking is-terminal v0.4.9
[INFO] [stderr]     Checking hashbrown v0.12.3
[INFO] [stderr]     Checking iri-string v0.7.0
[INFO] [stderr]     Checking anstream v0.3.2
[INFO] [stderr]     Checking matchit v0.7.2
[INFO] [stderr]     Checking sync_wrapper v0.1.2
[INFO] [stderr]     Checking http-range-header v0.3.1
[INFO] [stderr]     Checking anymap2 v0.13.0
[INFO] [stderr]     Checking base64 v0.21.2
[INFO] [stderr]     Checking rand v0.8.5
[INFO] [stderr]    Compiling boolinator v2.4.0
[INFO] [stderr]     Checking brotli v3.3.4
[INFO] [stderr]     Checking clap_builder v4.3.19
[INFO] [stderr]    Compiling zstd-sys v2.0.8+zstd.1.5.5
[INFO] [stderr]     Checking tracing-subscriber v0.3.17
[INFO] [stderr]     Checking implicit-clone v0.3.6
[INFO] [stderr]     Checking serde_urlencoded v0.7.1
[INFO] [stderr]     Checking serde_path_to_error v0.1.14
[INFO] [stderr]     Checking bincode v1.3.3
[INFO] [stderr]    Compiling wasm-bindgen-backend v0.2.87
[INFO] [stderr]    Compiling proc-macro-error v1.0.4
[INFO] [stderr]    Compiling wasm-bindgen-macro-support v0.2.87
[INFO] [stderr]    Compiling futures-macro v0.3.28
[INFO] [stderr]    Compiling tokio-macros v2.1.0
[INFO] [stderr]    Compiling pin-project-internal v1.1.2
[INFO] [stderr]    Compiling tracing-attributes v0.1.26
[INFO] [stderr]    Compiling thiserror-impl v1.0.44
[INFO] [stderr]    Compiling clap_derive v4.3.12
[INFO] [stderr]    Compiling wasm-bindgen-macro v0.2.87
[INFO] [stderr]     Checking zstd v0.12.4
[INFO] [stderr]    Compiling yew-macro v0.20.0
[INFO] [stderr]     Checking pin-project v1.1.2
[INFO] [stderr]     Checking tracing v0.1.37
[INFO] [stderr]     Checking js-sys v0.3.64
[INFO] [stderr]     Checking console_error_panic_hook v0.1.7
[INFO] [stderr]     Checking clap v4.3.19
[INFO] [stderr]     Checking futures v0.3.28
[INFO] [stderr]     Checking pinned v0.1.0
[INFO] [stderr]     Checking web-sys v0.3.64
[INFO] [stderr]     Checking wasm-bindgen-futures v0.4.37
[INFO] [stderr]     Checking serde-wasm-bindgen v0.5.0
[INFO] [stderr]     Checking gloo-timers v0.2.6
[INFO] [stderr]     Checking tower v0.4.13
[INFO] [stderr]     Checking hyper v0.14.27
[INFO] [stderr]     Checking tokio-util v0.7.8
[INFO] [stderr]     Checking async-compression v0.4.1
[INFO] [stderr]     Checking tokio-stream v0.1.14
[INFO] [stderr]     Checking prokio v0.1.0
[INFO] [stderr]     Checking tower-http v0.4.3
[INFO] [stderr]     Checking gloo-utils v0.1.7
[INFO] [stderr]     Checking gloo-events v0.1.2
[INFO] [stderr]     Checking gloo-render v0.1.1
[INFO] [stderr]     Checking gloo-dialogs v0.1.1
[INFO] [stderr]     Checking gloo-console v0.2.3
[INFO] [stderr]     Checking gloo-storage v0.2.2
[INFO] [stderr]     Checking gloo-net v0.3.1
[INFO] [stderr]     Checking gloo-history v0.1.5
[INFO] [stderr]     Checking gloo-file v0.2.3
[INFO] [stderr]     Checking gloo-worker v0.2.1
[INFO] [stderr]     Checking gloo v0.8.1
[INFO] [stderr]     Checking yew v0.20.0
[INFO] [stderr]     Checking exidle-server v0.1.0 (/opt/rustwide/workdir/exidle-server)
[INFO] [stdout] warning: unused import: `Deserialize`
[INFO] [stdout]  --> exidle-server/src/player/mod.rs:1:24
[INFO] [stdout]   |
[INFO] [stdout] 1 | use serde::{Serialize, Deserialize};
[INFO] [stdout]   |                        ^^^^^^^^^^^
[INFO] [stdout]   |
[INFO] [stdout]   = note: `#[warn(unused_imports)]` on by default
[INFO] [stdout] 
[INFO] [stdout] 
[INFO] [stdout] warning: unused import: `Deserialize`
[INFO] [stdout]  --> exidle-server/src/player/mod.rs:1:24
[INFO] [stdout]   |
[INFO] [stdout] 1 | use serde::{Serialize, Deserialize};
[INFO] [stdout]   |                        ^^^^^^^^^^^
[INFO] [stdout]   |
[INFO] [stdout]   = note: `#[warn(unused_imports)]` on by default
[INFO] [stdout] 
[INFO] [stdout] 
[INFO] [stdout] error[E0308]: mismatched types
[INFO] [stdout]   --> exidle-server/src/items/mod.rs:35:54
[INFO] [stdout]    |
[INFO] [stdout] 35 |         println!("Rarity is: {}", weight_dist.sample(&rng));
[INFO] [stdout]    |                                               ------ ^^^^ types differ in mutability
[INFO] [stdout]    |                                               |
[INFO] [stdout]    |                                               arguments to this method are incorrect
[INFO] [stdout]    |
[INFO] [stdout]    = note: expected mutable reference `&mut _`
[INFO] [stdout]                       found reference `&ChaCha8Rng`
[INFO] [stdout] note: method defined here
[INFO] [stdout]   --> /opt/rustwide/cargo-home/registry/src/index.crates.io-6f17d22bba15001f/rand-0.8.5/src/distributions/distribution.rs:37:8
[INFO] [stdout]    |
[INFO] [stdout] 37 |     fn sample<R: Rng + ?Sized>(&self, rng: &mut R) -> T;
[INFO] [stdout]    |        ^^^^^^
[INFO] [stdout] 
[INFO] [stdout] 
[INFO] [stdout] error[E0308]: mismatched types
[INFO] [stdout]   --> exidle-server/src/items/mod.rs:35:54
[INFO] [stdout]    |
[INFO] [stdout] 35 |         println!("Rarity is: {}", weight_dist.sample(&rng));
[INFO] [stdout]    |                                               ------ ^^^^ types differ in mutability
[INFO] [stdout]    |                                               |
[INFO] [stdout]    |                                               arguments to this method are incorrect
[INFO] [stdout]    |
[INFO] [stdout]    = note: expected mutable reference `&mut _`
[INFO] [stdout]                       found reference `&ChaCha8Rng`
[INFO] [stdout] note: method defined here
[INFO] [stdout]   --> /opt/rustwide/cargo-home/registry/src/index.crates.io-6f17d22bba15001f/rand-0.8.5/src/distributions/distribution.rs:37:8
[INFO] [stdout]    |
[INFO] [stdout] 37 |     fn sample<R: Rng + ?Sized>(&self, rng: &mut R) -> T;
[INFO] [stdout]    |        ^^^^^^
[INFO] [stdout] 
[INFO] [stdout] 
[INFO] [stdout] error: aborting due to 1 previous error; 1 warning emitted
[INFO] [stdout] 
[INFO] [stdout] 
[INFO] [stdout] For more information about this error, try `rustc --explain E0308`.
[INFO] [stdout] 
[INFO] [stdout] error: aborting due to 1 previous error; 1 warning emitted
[INFO] [stdout] 
[INFO] [stdout] 
[INFO] [stdout] For more information about this error, try `rustc --explain E0308`.
[INFO] [stdout] 
[INFO] [stderr] error: could not compile `exidle-server` (lib test) due to 2 previous errors; 1 warning emitted
[INFO] [stderr] warning: build failed, waiting for other jobs to finish...
[INFO] [stderr] error: could not compile `exidle-server` (lib) due to 2 previous errors; 1 warning emitted
[INFO] running `Command { std: "docker" "inspect" "a255d3f21942151234a56173beae69182d4fe6ed20bef45ed058e5143d8b56fe", kill_on_drop: false }`
[INFO] running `Command { std: "docker" "rm" "-f" "a255d3f21942151234a56173beae69182d4fe6ed20bef45ed058e5143d8b56fe", kill_on_drop: false }`
[INFO] [stdout] a255d3f21942151234a56173beae69182d4fe6ed20bef45ed058e5143d8b56fe
