[INFO] cloning repository https://github.com/goro-network/ecosystem-libraries
[INFO] running `Command { std: "git" "-c" "credential.helper=" "-c" "credential.helper=/workspace/cargo-home/bin/git-credential-null" "clone" "--bare" "https://github.com/goro-network/ecosystem-libraries" "/workspace/cache/git-repos/https%3A%2F%2Fgithub.com%2Fgoro-network%2Fecosystem-libraries", kill_on_drop: false }`
[INFO] [stderr] Cloning into bare repository '/workspace/cache/git-repos/https%3A%2F%2Fgithub.com%2Fgoro-network%2Fecosystem-libraries'...
[INFO] running `Command { std: "git" "rev-parse" "HEAD", kill_on_drop: false }`
[INFO] [stdout] 9b92a4a8eca68b3ebd681655bf616c8a86d01ab4
[INFO] checking goro-network/ecosystem-libraries/9b92a4a8eca68b3ebd681655bf616c8a86d01ab4 against nightly-2024-02-05 for check-cfg
[INFO] running `Command { std: "git" "clone" "/workspace/cache/git-repos/https%3A%2F%2Fgithub.com%2Fgoro-network%2Fecosystem-libraries" "/workspace/builds/worker-2-tc1/source", kill_on_drop: false }`
[INFO] [stderr] Cloning into '/workspace/builds/worker-2-tc1/source'...
[INFO] [stderr] done.
[INFO] validating manifest of git repo https://github.com/goro-network/ecosystem-libraries on toolchain nightly-2024-02-05
[INFO] running `Command { std: CARGO_HOME="/workspace/cargo-home" RUSTUP_HOME="/workspace/rustup-home" "/workspace/cargo-home/bin/cargo" "+nightly-2024-02-05" "metadata" "--manifest-path" "Cargo.toml" "--no-deps", kill_on_drop: false }`
[INFO] removed /workspace/builds/worker-2-tc1/source/.cargo/config.toml
[INFO] started tweaking git repo https://github.com/goro-network/ecosystem-libraries
[INFO] finished tweaking git repo https://github.com/goro-network/ecosystem-libraries
[INFO] tweaked toml for git repo https://github.com/goro-network/ecosystem-libraries written to /workspace/builds/worker-2-tc1/source/Cargo.toml
[INFO] running `Command { std: CARGO_HOME="/workspace/cargo-home" RUSTUP_HOME="/workspace/rustup-home" "/workspace/cargo-home/bin/cargo" "+nightly-2024-02-05" "generate-lockfile" "--manifest-path" "Cargo.toml", kill_on_drop: false }`
[INFO] [stderr]     Updating git repository `https://github.com/nagara-network/ss58-registry`
[INFO] [stderr]     Updating crates.io index
[INFO] running `Command { std: CARGO_HOME="/workspace/cargo-home" RUSTUP_HOME="/workspace/rustup-home" "/workspace/cargo-home/bin/cargo" "+nightly-2024-02-05" "fetch" "--manifest-path" "Cargo.toml", kill_on_drop: false }`
[INFO] [stderr]  Downloading crates ...
[INFO] [stderr]   Downloaded ed25519-compact v2.1.1
[INFO] [stderr]   Downloaded sp-core-hashing v12.0.0
[INFO] [stderr]   Downloaded sp-core v24.0.0
[INFO] [stderr]   Downloaded sp-wasm-interface v17.0.0
[INFO] [stderr]   Downloaded sp-tracing v13.0.0
[INFO] [stderr]   Downloaded sp-debug-derive v11.0.0
[INFO] [stderr]   Downloaded sp-runtime-interface-proc-macro v14.0.0
[INFO] [stderr]   Downloaded sp-std v11.0.0
[INFO] [stderr]   Downloaded sp-externalities v0.22.0
[INFO] [stderr]   Downloaded sp-runtime-interface v20.0.0
[INFO] [stderr]   Downloaded curve25519-dalek v4.1.2
[INFO] [stderr]   Downloaded sp-storage v16.0.0
[INFO] running `Command { std: "docker" "create" "-v" "/var/lib/crater-agent-workspace/builds/worker-2-tc1/target:/opt/rustwide/target:rw,Z" "-v" "/var/lib/crater-agent-workspace/builds/worker-2-tc1/source:/opt/rustwide/workdir:ro,Z" "-v" "/var/lib/crater-agent-workspace/cargo-home:/opt/rustwide/cargo-home:ro,Z" "-v" "/var/lib/crater-agent-workspace/rustup-home:/opt/rustwide/rustup-home:ro,Z" "-e" "SOURCE_DIR=/opt/rustwide/workdir" "-e" "CARGO_TARGET_DIR=/opt/rustwide/target" "-e" "CARGO_HOME=/opt/rustwide/cargo-home" "-e" "RUSTUP_HOME=/opt/rustwide/rustup-home" "-w" "/opt/rustwide/workdir" "-m" "1610612736" "--user" "0:0" "--network" "none" "ghcr.io/rust-lang/crates-build-env/linux@sha256:2788e3201cd34a07e3172128adcd8b3090168a8e3bcc40d7c032b9dda1df7d1c" "/opt/rustwide/cargo-home/bin/cargo" "+nightly-2024-02-05" "metadata" "--no-deps" "--format-version=1", kill_on_drop: false }`
[INFO] [stdout] 49abd600e672801971f736fd8bb5ca7c85395c72871cc65d063c9a72d573bc68
[INFO] running `Command { std: "docker" "start" "-a" "49abd600e672801971f736fd8bb5ca7c85395c72871cc65d063c9a72d573bc68", kill_on_drop: false }`
[INFO] running `Command { std: "docker" "inspect" "49abd600e672801971f736fd8bb5ca7c85395c72871cc65d063c9a72d573bc68", kill_on_drop: false }`
[INFO] running `Command { std: "docker" "rm" "-f" "49abd600e672801971f736fd8bb5ca7c85395c72871cc65d063c9a72d573bc68", kill_on_drop: false }`
[INFO] [stdout] 49abd600e672801971f736fd8bb5ca7c85395c72871cc65d063c9a72d573bc68
[INFO] running `Command { std: "docker" "create" "-v" "/var/lib/crater-agent-workspace/builds/worker-2-tc1/target:/opt/rustwide/target:rw,Z" "-v" "/var/lib/crater-agent-workspace/builds/worker-2-tc1/source:/opt/rustwide/workdir:ro,Z" "-v" "/var/lib/crater-agent-workspace/cargo-home:/opt/rustwide/cargo-home:ro,Z" "-v" "/var/lib/crater-agent-workspace/rustup-home:/opt/rustwide/rustup-home:ro,Z" "-e" "SOURCE_DIR=/opt/rustwide/workdir" "-e" "CARGO_TARGET_DIR=/opt/rustwide/target" "-e" "CARGO_INCREMENTAL=0" "-e" "RUST_BACKTRACE=full" "-e" "RUSTFLAGS=--cap-lints=forbid" "-e" "RUSTDOCFLAGS=--cap-lints=forbid" "-e" "CARGO_HOME=/opt/rustwide/cargo-home" "-e" "RUSTUP_HOME=/opt/rustwide/rustup-home" "-w" "/opt/rustwide/workdir" "-m" "1610612736" "--user" "0:0" "--network" "none" "ghcr.io/rust-lang/crates-build-env/linux@sha256:2788e3201cd34a07e3172128adcd8b3090168a8e3bcc40d7c032b9dda1df7d1c" "/opt/rustwide/cargo-home/bin/cargo" "+nightly-2024-02-05" "check" "--frozen" "--all" "--all-targets" "--message-format=json", kill_on_drop: false }`
[INFO] [stdout] a85fa986bcbc87c25a278a13cbf61dc3f9db9226b0e0d1f2d95dbae5fabae6ab
[INFO] running `Command { std: "docker" "start" "-a" "a85fa986bcbc87c25a278a13cbf61dc3f9db9226b0e0d1f2d95dbae5fabae6ab", kill_on_drop: false }`
[INFO] [stderr]    Compiling proc-macro2 v1.0.78
[INFO] [stderr]    Compiling libc v0.2.153
[INFO] [stderr]    Compiling serde v1.0.196
[INFO] [stderr]    Compiling typenum v1.17.0
[INFO] [stderr]    Compiling generic-array v0.14.7
[INFO] [stderr]     Checking once_cell v1.19.0
[INFO] [stderr]     Checking subtle v2.5.0
[INFO] [stderr]    Compiling syn v1.0.109
[INFO] [stderr]     Checking memchr v2.7.1
[INFO] [stderr]    Compiling hashbrown v0.14.3
[INFO] [stderr]    Compiling toml_datetime v0.6.3
[INFO] [stderr]     Checking bytes v1.5.0
[INFO] [stderr]    Compiling winnow v0.5.39
[INFO] [stderr]     Checking ppv-lite86 v0.2.17
[INFO] [stderr]     Checking byteorder v1.5.0
[INFO] [stderr]    Compiling quote v1.0.35
[INFO] [stderr]    Compiling indexmap v2.2.2
[INFO] [stderr]    Compiling ahash v0.7.7
[INFO] [stderr]    Compiling syn v2.0.48
[INFO] [stderr]    Compiling radium v0.7.0
[INFO] [stderr]     Checking cpufeatures v0.2.12
[INFO] [stderr]     Checking tinyvec_macros v0.1.1
[INFO] [stderr]     Checking tap v1.0.1
[INFO] [stderr]     Checking wyz v0.5.1
[INFO] [stderr]     Checking tinyvec v1.6.0
[INFO] [stderr]     Checking getrandom v0.2.12
[INFO] [stderr]    Compiling cc v1.0.83
[INFO] [stderr]     Checking rand_core v0.6.4
[INFO] [stderr]     Checking rand_chacha v0.3.1
[INFO] [stderr]     Checking crypto-common v0.1.6
[INFO] [stderr]     Checking block-buffer v0.10.4
[INFO] [stderr]     Checking itoa v1.0.10
[INFO] [stderr]     Checking digest v0.10.7
[INFO] [stderr]     Checking rand v0.8.5
[INFO] [stderr]     Checking percent-encoding v2.3.1
[INFO] [stderr]     Checking funty v2.0.0
[INFO] [stderr]     Checking unicode-normalization v0.1.22
[INFO] [stderr]    Compiling toml_edit v0.20.2
[INFO] [stderr]     Checking bitvec v1.0.1
[INFO] [stderr]     Checking hashbrown v0.12.3
[INFO] [stderr]     Checking tracing-core v0.1.32
[INFO] [stderr]    Compiling aho-corasick v1.1.2
[INFO] [stderr]    Compiling indexmap v1.9.3
[INFO] [stderr]    Compiling ahash v0.8.7
[INFO] [stderr]     Checking futures-core v0.3.30
[INFO] [stderr]    Compiling regex-syntax v0.8.2
[INFO] [stderr]     Checking smallvec v1.13.1
[INFO] [stderr]     Checking byte-slice-cast v1.2.2
[INFO] [stderr]     Checking form_urlencoded v1.2.1
[INFO] [stderr]     Checking unicode-bidi v0.3.15
[INFO] [stderr]     Checking zerocopy v0.7.32
[INFO] [stderr]    Compiling proc-macro-crate v2.0.2
[INFO] [stderr]    Compiling paste v1.0.14
[INFO] [stderr]     Checking idna v0.5.0
[INFO] [stderr]    Compiling lock_api v0.4.11
[INFO] [stderr]     Checking futures-sink v0.3.30
[INFO] [stderr]     Checking bitflags v2.4.2
[INFO] [stderr]    Compiling parking_lot_core v0.9.9
[INFO] [stderr]     Checking url v2.5.0
[INFO] [stderr]    Compiling regex-automata v0.4.5
[INFO] [stderr]    Compiling thiserror v1.0.56
[INFO] [stderr]     Checking scopeguard v1.2.0
[INFO] [stderr]     Checking getrandom v0.1.16
[INFO] [stderr]    Compiling crc32fast v1.3.2
[INFO] [stderr]     Checking keccak v0.1.5
[INFO] [stderr]    Compiling anyhow v1.0.79
[INFO] [stderr]     Checking parking_lot v0.12.1
[INFO] [stderr]     Checking rand_core v0.5.1
[INFO] [stderr]     Checking stable_deref_trait v1.2.0
[INFO] [stderr]    Compiling rustix v0.38.31
[INFO] [stderr]    Compiling convert_case v0.4.0
[INFO] [stderr]     Checking arrayref v0.3.7
[INFO] [stderr]    Compiling target-lexicon v0.12.13
[INFO] [stderr]    Compiling io-lifetimes v1.0.11
[INFO] [stderr]    Compiling lazy_static v1.4.0
[INFO] [stderr]    Compiling crunchy v0.2.2
[INFO] [stderr]     Checking fallible-iterator v0.2.0
[INFO] [stderr]     Checking hashbrown v0.13.2
[INFO] [stderr]    Compiling regex v1.10.3
[INFO] [stderr]    Compiling toml_edit v0.19.15
[INFO] [stderr]     Checking sha2 v0.10.8
[INFO] [stderr]    Compiling serde_derive v1.0.196
[INFO] [stderr]    Compiling zeroize_derive v1.4.2
[INFO] [stderr]    Compiling tracing-attributes v0.1.27
[INFO] [stderr]    Compiling thiserror-impl v1.0.56
[INFO] [stderr]    Compiling parity-scale-codec-derive v3.6.9
[INFO] [stderr]     Checking zeroize v1.7.0
[INFO] [stderr]    Compiling impl-trait-for-tuples v0.2.2
[INFO] [stderr]    Compiling derive_more v0.99.17
[INFO] [stderr]    Compiling Inflector v0.11.4
[INFO] [stderr]     Checking digest v0.9.0
[INFO] [stderr]    Compiling memoffset v0.8.0
[INFO] [stderr]    Compiling rustix v0.36.17
[INFO] [stderr]    Compiling semver v1.0.21
[INFO] [stderr]     Checking linux-raw-sys v0.4.13
[INFO] [stderr]    Compiling serde_json v1.0.113
[INFO] [stderr]     Checking ryu v1.0.16
[INFO] [stderr]    Compiling proc-macro-crate v1.3.1
[INFO] [stderr]    Compiling futures-macro v0.3.30
[INFO] [stderr]     Checking futures-channel v0.3.30
[INFO] [stderr]    Compiling wasmtime-runtime v8.0.1
[INFO] [stderr]     Checking generic-array v0.12.4
[INFO] [stderr]    Compiling num-traits v0.2.17
[INFO] [stderr]     Checking linux-raw-sys v0.1.4
[INFO] [stderr]     Checking futures-task v0.3.30
[INFO] [stderr]     Checking static_assertions v1.1.0
[INFO] [stderr]     Checking bitflags v1.3.2
[INFO] [stderr]    Compiling cpp_demangle v0.3.5
[INFO] [stderr]     Checking futures-io v0.3.30
[INFO] [stderr]    Compiling libsecp256k1-core v0.3.0
[INFO] [stderr]     Checking memfd v0.6.4
[INFO] [stderr]     Checking futures-util v0.3.30
[INFO] [stderr]    Compiling psm v0.1.21
[INFO] [stderr]     Checking hmac v0.12.1
[INFO] [stderr]     Checking socket2 v0.5.5
[INFO] [stderr]     Checking signal-hook-registry v1.4.1
[INFO] [stderr]     Checking wasmtime-jit-debug v8.0.1
[INFO] [stderr]     Checking wasmtime-asm-macros v8.0.1
[INFO] [stderr]     Checking byte-tools v0.3.1
[INFO] [stderr]     Checking sp-std v11.0.0
[INFO] [stderr]    Compiling ref-cast v1.0.22
[INFO] [stderr]    Compiling unicode-xid v0.2.4
[INFO] [stderr]     Checking regex-syntax v0.6.29
[INFO] [stderr]     Checking block-padding v0.1.5
[INFO] [stderr]    Compiling rustc_version v0.4.0
[INFO] [stderr]     Checking digest v0.8.1
[INFO] [stderr]    Compiling scale-info-derive v2.10.0
[INFO] [stderr]    Compiling ref-cast-impl v1.0.22
[INFO] [stderr]     Checking block-buffer v0.9.0
[INFO] [stderr]     Checking wasmtime-jit-icache-coherence v8.0.1
[INFO] [stderr]     Checking iana-time-zone v0.1.60
[INFO] [stderr]     Checking rustc-demangle v0.1.23
[INFO] [stderr]    Compiling platforms v3.3.0
[INFO] [stderr]     Checking log v0.4.20
[INFO] [stderr]     Checking arrayvec v0.7.4
[INFO] [stderr]     Checking cranelift-entity v0.95.1
[INFO] [stderr]     Checking tracing v0.1.40
[INFO] [stderr]     Checking hex v0.4.3
[INFO] [stderr]     Checking mio v0.8.10
[INFO] [stderr]     Checking parity-scale-codec v3.6.9
[INFO] [stderr]     Checking regex-automata v0.1.10
[INFO] [stderr]     Checking impl-serde v0.4.0
[INFO] [stderr]     Checking wasmparser v0.102.0
[INFO] [stderr]     Checking gimli v0.27.3
[INFO] [stderr]     Checking object v0.30.4
[INFO] [stderr]     Checking tokio v1.36.0
[INFO] [stderr]     Checking bincode v1.3.3
[INFO] [stderr]    Compiling wasmtime v8.0.1
[INFO] [stderr]     Checking matchers v0.0.1
[INFO] [stderr]     Checking scale-info v2.10.0
[INFO] [stderr]     Checking num-format v0.4.4
[INFO] [stderr]     Checking tracing-log v0.1.4
[INFO] [stderr]    Compiling curve25519-dalek v4.1.2
[INFO] [stderr]     Checking tracing-serde v0.1.3
[INFO] [stderr]     Checking sha2 v0.9.9
[INFO] [stderr]     Checking chrono v0.4.33
[INFO] [stderr]    Compiling ss58-registry v1.44.0 (https://github.com/nagara-network/ss58-registry?rev=0038a88#0038a884)
[INFO] [stderr]     Checking block-buffer v0.7.3
[INFO] [stderr]    Compiling libsecp256k1-gen-ecmult v0.3.0
[INFO] [stderr]    Compiling libsecp256k1-gen-genmult v0.3.0
[INFO] [stderr]    Compiling thiserror-impl-no-std v2.0.2
[INFO] [stderr]    Compiling sp-debug-derive v11.0.0
[INFO] [stderr]     Checking rand_chacha v0.2.2
[INFO] [stderr]    Compiling secp256k1-sys v0.6.1
[INFO] [stderr]     Checking crypto-mac v0.11.0
[INFO] [stderr]     Checking num_cpus v1.16.0
[INFO] [stderr]     Checking thread_local v1.1.7
[INFO] [stderr]     Checking ansi_term v0.12.1
[INFO] [stderr]     Checking wasmtime-types v8.0.1
[INFO] [stderr]     Checking opaque-debug v0.2.3
[INFO] [stderr]     Checking rustc-hex v2.1.0
[INFO] [stderr]     Checking fake-simd v0.1.2
[INFO] [stderr]     Checking local-waker v0.1.4
[INFO] [stderr]     Checking fixed-hash v0.8.0
[INFO] [stderr]     Checking sha2 v0.8.2
[INFO] [stderr]     Checking tracing-subscriber v0.2.25
[INFO] [stderr]     Checking sp-storage v16.0.0
[INFO] [stderr]     Checking futures-executor v0.3.30
[INFO] [stderr]     Checking addr2line v0.19.0
[INFO] [stderr]     Checking wasmtime-environ v8.0.1
[INFO] [stderr]     Checking rand v0.7.3
[INFO] [stderr]    Compiling libsecp256k1 v0.7.1
[INFO] [stderr]     Checking impl-codec v0.6.0
[INFO] [stderr]     Checking uint v0.9.5
[INFO] [stderr]     Checking curve25519-dalek v2.1.3
[INFO] [stderr]     Checking pbkdf2 v0.12.2
[INFO] [stderr]     Checking merlin v2.0.1
[INFO] [stderr]    Compiling actix-macros v0.2.4
[INFO] [stderr]    Compiling curve25519-dalek-derive v0.1.1
[INFO] [stderr]     Checking thiserror-no-std v2.0.2
[INFO] [stderr]     Checking blake2 v0.10.6
[INFO] [stderr]    Compiling httparse v1.8.0
[INFO] [stderr]     Checking bs58 v0.5.0
[INFO] [stderr]    Compiling fnv v1.0.7
[INFO] [stderr]     Checking arrayvec v0.5.2
[INFO] [stderr]     Checking environmental v1.1.4
[INFO] [stderr]     Checking constant_time_eq v0.3.0
[INFO] [stderr]    Compiling pin-project-lite v0.2.13
[INFO] [stderr]     Checking blake2b_simd v1.0.2
[INFO] [stderr]     Checking sp-externalities v0.22.0
[INFO] [stderr]     Checking schnorrkel v0.9.1
[INFO] [stderr]     Checking http v0.2.11
[INFO] [stderr]     Checking actix-rt v2.9.0
[INFO] [stderr]     Checking sp-tracing v13.0.0
[INFO] [stderr]     Checking primitive-types v0.12.2
[INFO] [stderr]     Checking wasmtime-jit v8.0.1
[INFO] [stderr]    Compiling bytestring v1.3.1
[INFO] [stderr]     Checking futures v0.3.30
[INFO] [stderr]     Checking actix-utils v3.0.1
[INFO] [stderr]     Checking tokio-util v0.7.10
[INFO] [stdout] error[E0658]: use of unstable library feature 'stdsimd'
[INFO] [stdout]   --> /opt/rustwide/cargo-home/registry/src/index.crates.io-6f17d22bba15001f/curve25519-dalek-4.1.2/src/backend/vector/ifma/field.rs:26:5
[INFO] [stdout]    |
[INFO] [stdout] 26 |     _mm256_madd52lo_epu64(z.into(), x.into(), y.into()).into()
[INFO] [stdout]    |     ^^^^^^^^^^^^^^^^^^^^^
[INFO] [stdout]    |
[INFO] [stdout]    = note: see issue #48556 <https://github.com/rust-lang/rust/issues/48556> for more information
[INFO] [stdout]    = help: add `#![feature(stdsimd)]` to the crate attributes to enable
[INFO] [stdout]    = note: this compiler was built on 2024-02-04; consider upgrading it if it is out of date
[INFO] [stdout] 
[INFO] [stdout] 
[INFO] [stdout] error[E0658]: use of unstable library feature 'stdsimd'
[INFO] [stdout]   --> /opt/rustwide/cargo-home/registry/src/index.crates.io-6f17d22bba15001f/curve25519-dalek-4.1.2/src/backend/vector/ifma/field.rs:25:9
[INFO] [stdout]    |
[INFO] [stdout] 25 |     use core::arch::x86_64::_mm256_madd52lo_epu64;
[INFO] [stdout]    |         ^^^^^^^^^^^^^^^^^^^^^^^^^^^^^^^^^^^^^^^^^
[INFO] [stdout]    |
[INFO] [stdout]    = note: see issue #48556 <https://github.com/rust-lang/rust/issues/48556> for more information
[INFO] [stdout]    = help: add `#![feature(stdsimd)]` to the crate attributes to enable
[INFO] [stdout]    = note: this compiler was built on 2024-02-04; consider upgrading it if it is out of date
[INFO] [stdout] 
[INFO] [stdout] 
[INFO] [stdout] error[E0658]: use of unstable library feature 'stdsimd'
[INFO] [stdout]   --> /opt/rustwide/cargo-home/registry/src/index.crates.io-6f17d22bba15001f/curve25519-dalek-4.1.2/src/backend/vector/ifma/field.rs:34:5
[INFO] [stdout]    |
[INFO] [stdout] 34 |     _mm256_madd52hi_epu64(z.into(), x.into(), y.into()).into()
[INFO] [stdout]    |     ^^^^^^^^^^^^^^^^^^^^^
[INFO] [stdout]    |
[INFO] [stdout]    = note: see issue #48556 <https://github.com/rust-lang/rust/issues/48556> for more information
[INFO] [stdout]    = help: add `#![feature(stdsimd)]` to the crate attributes to enable
[INFO] [stdout]    = note: this compiler was built on 2024-02-04; consider upgrading it if it is out of date
[INFO] [stdout] 
[INFO] [stdout] 
[INFO] [stdout] error[E0658]: use of unstable library feature 'stdsimd'
[INFO] [stdout]   --> /opt/rustwide/cargo-home/registry/src/index.crates.io-6f17d22bba15001f/curve25519-dalek-4.1.2/src/backend/vector/ifma/field.rs:33:9
[INFO] [stdout]    |
[INFO] [stdout] 33 |     use core::arch::x86_64::_mm256_madd52hi_epu64;
[INFO] [stdout]    |         ^^^^^^^^^^^^^^^^^^^^^^^^^^^^^^^^^^^^^^^^^
[INFO] [stdout]    |
[INFO] [stdout]    = note: see issue #48556 <https://github.com/rust-lang/rust/issues/48556> for more information
[INFO] [stdout]    = help: add `#![feature(stdsimd)]` to the crate attributes to enable
[INFO] [stdout]    = note: this compiler was built on 2024-02-04; consider upgrading it if it is out of date
[INFO] [stdout] 
[INFO] [stdout] 
[INFO] [stdout] error[E0635]: unknown feature `stdarch_x86_avx512`
[INFO] [stdout]   --> /opt/rustwide/cargo-home/registry/src/index.crates.io-6f17d22bba15001f/curve25519-dalek-4.1.2/src/lib.rs:19:13
[INFO] [stdout]    |
[INFO] [stdout] 19 |     feature(stdarch_x86_avx512)
[INFO] [stdout]    |             ^^^^^^^^^^^^^^^^^^
[INFO] [stdout] 
[INFO] [stdout] 
[INFO] [stderr]     Checking hmac v0.11.0
[INFO] [stderr]     Checking pbkdf2 v0.8.0
[INFO] [stderr]     Checking twox-hash v1.6.3
[INFO] [stdout] error: aborting due to 5 previous errors
[INFO] [stdout] 
[INFO] [stdout] 
[INFO] [stdout] Some errors have detailed explanations: E0635, E0658.
[INFO] [stdout] 
[INFO] [stdout] For more information about an error, try `rustc --explain E0635`.
[INFO] [stdout] 
[INFO] [stderr] error: could not compile `curve25519-dalek` (lib) due to 6 previous errors
[INFO] [stderr] warning: build failed, waiting for other jobs to finish...
[INFO] running `Command { std: "docker" "inspect" "a85fa986bcbc87c25a278a13cbf61dc3f9db9226b0e0d1f2d95dbae5fabae6ab", kill_on_drop: false }`
[INFO] running `Command { std: "docker" "rm" "-f" "a85fa986bcbc87c25a278a13cbf61dc3f9db9226b0e0d1f2d95dbae5fabae6ab", kill_on_drop: false }`
[INFO] [stdout] a85fa986bcbc87c25a278a13cbf61dc3f9db9226b0e0d1f2d95dbae5fabae6ab
