[INFO] cloning repository https://github.com/gobanos/diesel-union-bug
[INFO] running `Command { std: "git" "-c" "credential.helper=" "-c" "credential.helper=/workspace/cargo-home/bin/git-credential-null" "clone" "--bare" "https://github.com/gobanos/diesel-union-bug" "/workspace/cache/git-repos/https%3A%2F%2Fgithub.com%2Fgobanos%2Fdiesel-union-bug", kill_on_drop: false }`
[INFO] [stderr] Cloning into bare repository '/workspace/cache/git-repos/https%3A%2F%2Fgithub.com%2Fgobanos%2Fdiesel-union-bug'...
[INFO] running `Command { std: "git" "rev-parse" "HEAD", kill_on_drop: false }`
[INFO] [stdout] 32133dee8619d7ddc698f2e9e40d3720c53beb4f
[INFO] checking gobanos/diesel-union-bug against nightly-2024-02-05 for check-cfg
[INFO] running `Command { std: "git" "clone" "/workspace/cache/git-repos/https%3A%2F%2Fgithub.com%2Fgobanos%2Fdiesel-union-bug" "/workspace/builds/worker-7-tc1/source", kill_on_drop: false }`
[INFO] [stderr] Cloning into '/workspace/builds/worker-7-tc1/source'...
[INFO] [stderr] done.
[INFO] validating manifest of git repo https://github.com/gobanos/diesel-union-bug on toolchain nightly-2024-02-05
[INFO] running `Command { std: CARGO_HOME="/workspace/cargo-home" RUSTUP_HOME="/workspace/rustup-home" "/workspace/cargo-home/bin/cargo" "+nightly-2024-02-05" "metadata" "--manifest-path" "Cargo.toml" "--no-deps", kill_on_drop: false }`
[INFO] started tweaking git repo https://github.com/gobanos/diesel-union-bug
[INFO] finished tweaking git repo https://github.com/gobanos/diesel-union-bug
[INFO] tweaked toml for git repo https://github.com/gobanos/diesel-union-bug written to /workspace/builds/worker-7-tc1/source/Cargo.toml
[INFO] crate git repo https://github.com/gobanos/diesel-union-bug already has a lockfile, it will not be regenerated
[INFO] running `Command { std: CARGO_HOME="/workspace/cargo-home" RUSTUP_HOME="/workspace/rustup-home" "/workspace/cargo-home/bin/cargo" "+nightly-2024-02-05" "fetch" "--manifest-path" "Cargo.toml", kill_on_drop: false }`
[INFO] [stderr]     Blocking waiting for file lock on package cache
[ERROR] error running command: no output for 300 seconds
[ERROR] this task or one of its parent failed!
[ERROR] no output for 300 seconds
[ERROR] note: run with `RUST_BACKTRACE=1` to display a backtrace.
[INFO] checking gobanos/diesel-union-bug against nightly-2024-02-05+rustflags=-Dunexpected_cfgs+cargoflags=-Zcheck-cfg for check-cfg
[INFO] running `Command { std: "git" "clone" "/workspace/cache/git-repos/https%3A%2F%2Fgithub.com%2Fgobanos%2Fdiesel-union-bug" "/workspace/builds/worker-7-tc2/source", kill_on_drop: false }`
[INFO] [stderr] Cloning into '/workspace/builds/worker-7-tc2/source'...
[INFO] [stderr] done.
[INFO] validating manifest of git repo https://github.com/gobanos/diesel-union-bug on toolchain nightly-2024-02-05
[INFO] running `Command { std: CARGO_HOME="/workspace/cargo-home" RUSTUP_HOME="/workspace/rustup-home" "/workspace/cargo-home/bin/cargo" "+nightly-2024-02-05" "metadata" "--manifest-path" "Cargo.toml" "--no-deps", kill_on_drop: false }`
[INFO] started tweaking git repo https://github.com/gobanos/diesel-union-bug
[INFO] finished tweaking git repo https://github.com/gobanos/diesel-union-bug
[INFO] tweaked toml for git repo https://github.com/gobanos/diesel-union-bug written to /workspace/builds/worker-7-tc2/source/Cargo.toml
[INFO] crate git repo https://github.com/gobanos/diesel-union-bug already has a lockfile, it will not be regenerated
[INFO] running `Command { std: CARGO_HOME="/workspace/cargo-home" RUSTUP_HOME="/workspace/rustup-home" "/workspace/cargo-home/bin/cargo" "+nightly-2024-02-05" "fetch" "--manifest-path" "Cargo.toml", kill_on_drop: false }`
[INFO] [stderr]     Blocking waiting for file lock on package cache
[INFO] [stderr]     Blocking waiting for file lock on package cache
[INFO] [stderr]  Downloading crates ...
[INFO] [stderr]   Downloaded diesel_derives v2.0.0-rc.0
[INFO] [stderr]   Downloaded diesel v2.0.0-rc.0
[INFO] running `Command { std: "docker" "create" "-v" "/var/lib/crater-agent-workspace/builds/worker-7-tc2/target:/opt/rustwide/target:rw,Z" "-v" "/var/lib/crater-agent-workspace/builds/worker-7-tc2/source:/opt/rustwide/workdir:ro,Z" "-v" "/var/lib/crater-agent-workspace/cargo-home:/opt/rustwide/cargo-home:ro,Z" "-v" "/var/lib/crater-agent-workspace/rustup-home:/opt/rustwide/rustup-home:ro,Z" "-e" "SOURCE_DIR=/opt/rustwide/workdir" "-e" "CARGO_TARGET_DIR=/opt/rustwide/target" "-e" "CARGO_HOME=/opt/rustwide/cargo-home" "-e" "RUSTUP_HOME=/opt/rustwide/rustup-home" "-w" "/opt/rustwide/workdir" "-m" "1610612736" "--user" "0:0" "--network" "none" "ghcr.io/rust-lang/crates-build-env/linux@sha256:2788e3201cd34a07e3172128adcd8b3090168a8e3bcc40d7c032b9dda1df7d1c" "/opt/rustwide/cargo-home/bin/cargo" "+nightly-2024-02-05" "metadata" "--no-deps" "--format-version=1", kill_on_drop: false }`
[INFO] [stdout] 4932d99ba64dce2857cb90d960f95f421c76f91168da95d48a2954ed10fcebb9
[INFO] running `Command { std: "docker" "start" "-a" "4932d99ba64dce2857cb90d960f95f421c76f91168da95d48a2954ed10fcebb9", kill_on_drop: false }`
[INFO] running `Command { std: "docker" "inspect" "4932d99ba64dce2857cb90d960f95f421c76f91168da95d48a2954ed10fcebb9", kill_on_drop: false }`
[INFO] running `Command { std: "docker" "rm" "-f" "4932d99ba64dce2857cb90d960f95f421c76f91168da95d48a2954ed10fcebb9", kill_on_drop: false }`
[INFO] [stdout] 4932d99ba64dce2857cb90d960f95f421c76f91168da95d48a2954ed10fcebb9
[INFO] running `Command { std: "docker" "create" "-v" "/var/lib/crater-agent-workspace/builds/worker-7-tc2/target:/opt/rustwide/target:rw,Z" "-v" "/var/lib/crater-agent-workspace/builds/worker-7-tc2/source:/opt/rustwide/workdir:ro,Z" "-v" "/var/lib/crater-agent-workspace/cargo-home:/opt/rustwide/cargo-home:ro,Z" "-v" "/var/lib/crater-agent-workspace/rustup-home:/opt/rustwide/rustup-home:ro,Z" "-e" "SOURCE_DIR=/opt/rustwide/workdir" "-e" "CARGO_TARGET_DIR=/opt/rustwide/target" "-e" "CARGO_INCREMENTAL=0" "-e" "RUST_BACKTRACE=full" "-e" "RUSTFLAGS=--cap-lints=forbid -Dunexpected_cfgs" "-e" "RUSTDOCFLAGS=--cap-lints=forbid" "-e" "CARGO_HOME=/opt/rustwide/cargo-home" "-e" "RUSTUP_HOME=/opt/rustwide/rustup-home" "-w" "/opt/rustwide/workdir" "-m" "1610612736" "--user" "0:0" "--network" "none" "ghcr.io/rust-lang/crates-build-env/linux@sha256:2788e3201cd34a07e3172128adcd8b3090168a8e3bcc40d7c032b9dda1df7d1c" "/opt/rustwide/cargo-home/bin/cargo" "+nightly-2024-02-05" "check" "--frozen" "--all" "--all-targets" "--message-format=json" "-Zcheck-cfg", kill_on_drop: false }`
[INFO] [stdout] 0b17bdefb45aafef92c7de21fbd37a3423b25cfa60a677190494ed399f832443
[INFO] running `Command { std: "docker" "start" "-a" "0b17bdefb45aafef92c7de21fbd37a3423b25cfa60a677190494ed399f832443", kill_on_drop: false }`
[INFO] [stderr]    Compiling version_check v0.9.4
[INFO] [stderr]    Compiling proc-macro2 v1.0.37
[INFO] [stderr]    Compiling unicode-xid v0.2.2
[INFO] [stderr]    Compiling syn v1.0.91
[INFO] [stderr]    Compiling proc-macro-error-attr v1.0.4
[INFO] [stderr]    Compiling proc-macro-error v1.0.4
[INFO] [stderr]    Compiling quote v1.0.18
[INFO] [stderr]    Compiling diesel_derives v2.0.0-rc.0
[INFO] [stderr]     Checking diesel v2.0.0-rc.0
[INFO] [stderr]     Checking diesel-union-bug v0.1.0 (/opt/rustwide/workdir)
[INFO] [stdout] error[E0433]: failed to resolve: use of undeclared type `Conn`
[INFO] [stdout]   --> src/main.rs:20:21
[INFO] [stdout]    |
[INFO] [stdout] 20 |     let conn = &mut Conn::establish(&db_url)?;
[INFO] [stdout]    |                     ^^^^ use of undeclared type `Conn`
[INFO] [stdout] 
[INFO] [stdout] 
[INFO] [stdout] error[E0433]: failed to resolve: use of undeclared type `Conn`
[INFO] [stdout]   --> src/main.rs:20:21
[INFO] [stdout]    |
[INFO] [stdout] 20 |     let conn = &mut Conn::establish(&db_url)?;
[INFO] [stdout]    |                     ^^^^ use of undeclared type `Conn`
[INFO] [stdout] 
[INFO] [stdout] 
[INFO] [stdout] error[E0277]: the trait bound `(Integer, Text): load_dsl::private::CompatibleType<User, _>` is not satisfied
[INFO] [stdout]     --> src/main.rs:26:23
[INFO] [stdout]      |
[INFO] [stdout] 26   |         .load::<User>(conn)?;
[INFO] [stdout]      |          ----         ^^^^ the trait `load_dsl::private::CompatibleType<User, _>` is not implemented for `(Integer, Text)`, which is required by `query_builder::combination_clause::CombinationClause<query_builder::combination_clause::Union, query_builder::combination_clause::Distinct, SelectStatement<FromClause<table>, query_builder::select_clause::DefaultSelectClause<FromClause<table>>, query_builder::distinct_clause::NoDistinctClause, query_builder::where_clause::NoWhereClause, query_builder::order_clause::OrderClause<expression::operators::Asc<columns::id>>, query_builder::limit_offset_clause::LimitOffsetClause<query_builder::limit_clause::LimitClause<expression::bound::Bound<BigInt, i64>>, query_builder::offset_clause::NoOffsetClause>>, SelectStatement<FromClause<table>, query_builder::select_clause::DefaultSelectClause<FromClause<table>>, query_builder::distinct_clause::NoDistinctClause, query_builder::where_clause::NoWhereClause, query_builder::order_clause::OrderClause<expression::operators::Desc<columns::id>>, query_builder::limit_offset_clause::LimitOffsetClause<query_builder::limit_clause::LimitClause<expression::bound::Bound<BigInt, i64>>, query_builder::offset_clause::NoOffsetClause>>>: LoadQuery<'_, _, User>`
[INFO] [stdout]      |          |
[INFO] [stdout]      |          required by a bound introduced by this call
[INFO] [stdout]      |
[INFO] [stdout]      = help: the following other types implement trait `load_dsl::private::CompatibleType<U, DB>`:
[INFO] [stdout]                (ST0,)
[INFO] [stdout]                (ST0, ST1)
[INFO] [stdout]                (ST0, ST1, ST2)
[INFO] [stdout]                (ST0, ST1, ST2, ST3)
[INFO] [stdout]                (ST0, ST1, ST2, ST3, ST4)
[INFO] [stdout]                (ST0, ST1, ST2, ST3, ST4, ST5)
[INFO] [stdout]                (ST0, ST1, ST2, ST3, ST4, ST5, ST6)
[INFO] [stdout]                (ST0, ST1, ST2, ST3, ST4, ST5, ST6, ST7)
[INFO] [stdout]              and 24 others
[INFO] [stdout]      = note: required for `CombinationClause<Union, Distinct, SelectStatement<FromClause<table>, ..., ..., ..., ..., ...>, ...>` to implement `LoadQuery<'_, _, User>`
[INFO] [stdout]      = note: the full type name has been written to '/opt/rustwide/target/debug/deps/diesel_union_bug-6c52e813303d25d0.long-type-5795391683918280635.txt'
[INFO] [stdout] note: required by a bound in `diesel::RunQueryDsl::load`
[INFO] [stdout]     --> /opt/rustwide/cargo-home/registry/src/index.crates.io-6f17d22bba15001f/diesel-2.0.0-rc.0/src/query_dsl/mod.rs:1489:15
[INFO] [stdout]      |
[INFO] [stdout] 1487 |     fn load<'query, U>(self, conn: &mut Conn) -> QueryResult<Vec<U>>
[INFO] [stdout]      |        ---- required by a bound in this associated function
[INFO] [stdout] 1488 |     where
[INFO] [stdout] 1489 |         Self: LoadQuery<'query, Conn, U>,
[INFO] [stdout]      |               ^^^^^^^^^^^^^^^^^^^^^^^^^^ required by this bound in `RunQueryDsl::load`
[INFO] [stdout] 
[INFO] [stdout] 
[INFO] [stdout] error[E0277]: the trait bound `(Integer, Text): load_dsl::private::CompatibleType<User, _>` is not satisfied
[INFO] [stdout]     --> src/main.rs:26:23
[INFO] [stdout]      |
[INFO] [stdout] 26   |         .load::<User>(conn)?;
[INFO] [stdout]      |          ----         ^^^^ the trait `load_dsl::private::CompatibleType<User, _>` is not implemented for `(Integer, Text)`, which is required by `query_builder::combination_clause::CombinationClause<query_builder::combination_clause::Union, query_builder::combination_clause::Distinct, SelectStatement<FromClause<table>, query_builder::select_clause::DefaultSelectClause<FromClause<table>>, query_builder::distinct_clause::NoDistinctClause, query_builder::where_clause::NoWhereClause, query_builder::order_clause::OrderClause<expression::operators::Asc<columns::id>>, query_builder::limit_offset_clause::LimitOffsetClause<query_builder::limit_clause::LimitClause<expression::bound::Bound<BigInt, i64>>, query_builder::offset_clause::NoOffsetClause>>, SelectStatement<FromClause<table>, query_builder::select_clause::DefaultSelectClause<FromClause<table>>, query_builder::distinct_clause::NoDistinctClause, query_builder::where_clause::NoWhereClause, query_builder::order_clause::OrderClause<expression::operators::Desc<columns::id>>, query_builder::limit_offset_clause::LimitOffsetClause<query_builder::limit_clause::LimitClause<expression::bound::Bound<BigInt, i64>>, query_builder::offset_clause::NoOffsetClause>>>: LoadQuery<'_, _, User>`
[INFO] [stdout]      |          |
[INFO] [stdout]      |          required by a bound introduced by this call
[INFO] [stdout]      |
[INFO] [stdout]      = help: the following other types implement trait `load_dsl::private::CompatibleType<U, DB>`:
[INFO] [stdout]                (ST0,)
[INFO] [stdout]                (ST0, ST1)
[INFO] [stdout]                (ST0, ST1, ST2)
[INFO] [stdout]                (ST0, ST1, ST2, ST3)
[INFO] [stdout]                (ST0, ST1, ST2, ST3, ST4)
[INFO] [stdout]                (ST0, ST1, ST2, ST3, ST4, ST5)
[INFO] [stdout]                (ST0, ST1, ST2, ST3, ST4, ST5, ST6)
[INFO] [stdout]                (ST0, ST1, ST2, ST3, ST4, ST5, ST6, ST7)
[INFO] [stdout]              and 24 others
[INFO] [stdout]      = note: required for `CombinationClause<Union, Distinct, SelectStatement<FromClause<table>, ..., ..., ..., ..., ...>, ...>` to implement `LoadQuery<'_, _, User>`
[INFO] [stdout]      = note: the full type name has been written to '/opt/rustwide/target/debug/deps/diesel_union_bug-0db54db52a31c806.long-type-15270850472186075252.txt'
[INFO] [stdout] note: required by a bound in `diesel::RunQueryDsl::load`
[INFO] [stdout]     --> /opt/rustwide/cargo-home/registry/src/index.crates.io-6f17d22bba15001f/diesel-2.0.0-rc.0/src/query_dsl/mod.rs:1489:15
[INFO] [stdout]      |
[INFO] [stdout] 1487 |     fn load<'query, U>(self, conn: &mut Conn) -> QueryResult<Vec<U>>
[INFO] [stdout]      |        ---- required by a bound in this associated function
[INFO] [stdout] 1488 |     where
[INFO] [stdout] 1489 |         Self: LoadQuery<'query, Conn, U>,
[INFO] [stdout]      |               ^^^^^^^^^^^^^^^^^^^^^^^^^^ required by this bound in `RunQueryDsl::load`
[INFO] [stdout] 
[INFO] [stdout] 
[INFO] [stdout] error[E0277]: the trait bound `User: FromSqlRow<_, _>` is not satisfied
[INFO] [stdout]     --> src/main.rs:26:23
[INFO] [stdout]      |
[INFO] [stdout] 26   |         .load::<User>(conn)?;
[INFO] [stdout]      |          ----         ^^^^ the trait `FromSqlRow<_, _>` is not implemented for `User`, which is required by `query_builder::combination_clause::CombinationClause<query_builder::combination_clause::Union, query_builder::combination_clause::Distinct, SelectStatement<FromClause<table>, query_builder::select_clause::DefaultSelectClause<FromClause<table>>, query_builder::distinct_clause::NoDistinctClause, query_builder::where_clause::NoWhereClause, query_builder::order_clause::OrderClause<expression::operators::Asc<columns::id>>, query_builder::limit_offset_clause::LimitOffsetClause<query_builder::limit_clause::LimitClause<expression::bound::Bound<BigInt, i64>>, query_builder::offset_clause::NoOffsetClause>>, SelectStatement<FromClause<table>, query_builder::select_clause::DefaultSelectClause<FromClause<table>>, query_builder::distinct_clause::NoDistinctClause, query_builder::where_clause::NoWhereClause, query_builder::order_clause::OrderClause<expression::operators::Desc<columns::id>>, query_builder::limit_offset_clause::LimitOffsetClause<query_builder::limit_clause::LimitClause<expression::bound::Bound<BigInt, i64>>, query_builder::offset_clause::NoOffsetClause>>>: LoadQuery<'_, _, User>`
[INFO] [stdout]      |          |
[INFO] [stdout]      |          required by a bound introduced by this call
[INFO] [stdout]      |
[INFO] [stdout]      = help: the following other types implement trait `FromSqlRow<ST, DB>`:
[INFO] [stdout]                <(T1, T0) as FromSqlRow<(ST1, Untyped), __DB>>
[INFO] [stdout]                <(T1, T2, T0) as FromSqlRow<(ST1, ST2, Untyped), __DB>>
[INFO] [stdout]                <(T1, T2, T3, T0) as FromSqlRow<(ST1, ST2, ST3, Untyped), __DB>>
[INFO] [stdout]                <(T1, T2, T3, T4, T0) as FromSqlRow<(ST1, ST2, ST3, ST4, Untyped), __DB>>
[INFO] [stdout]                <(T1, T2, T3, T4, T5, T0) as FromSqlRow<(ST1, ST2, ST3, ST4, ST5, Untyped), __DB>>
[INFO] [stdout]                <(T1, T2, T3, T4, T5, T6, T0) as FromSqlRow<(ST1, ST2, ST3, ST4, ST5, ST6, Untyped), __DB>>
[INFO] [stdout]                <(T1, T2, T3, T4, T5, T6, T7, T0) as FromSqlRow<(ST1, ST2, ST3, ST4, ST5, ST6, ST7, Untyped), __DB>>
[INFO] [stdout]                <(T1, T2, T3, T4, T5, T6, T7, T8, T0) as FromSqlRow<(ST1, ST2, ST3, ST4, ST5, ST6, ST7, ST8, Untyped), __DB>>
[INFO] [stdout]              and 23 others
[INFO] [stdout]      = note: required for `CombinationClause<Union, Distinct, SelectStatement<FromClause<table>, ..., ..., ..., ..., ...>, ...>` to implement `LoadQuery<'_, _, User>`
[INFO] [stdout]      = note: the full type name has been written to '/opt/rustwide/target/debug/deps/diesel_union_bug-6c52e813303d25d0.long-type-5795391683918280635.txt'
[INFO] [stdout] note: required by a bound in `diesel::RunQueryDsl::load`
[INFO] [stdout]     --> /opt/rustwide/cargo-home/registry/src/index.crates.io-6f17d22bba15001f/diesel-2.0.0-rc.0/src/query_dsl/mod.rs:1489:15
[INFO] [stdout]      |
[INFO] [stdout] 1487 |     fn load<'query, U>(self, conn: &mut Conn) -> QueryResult<Vec<U>>
[INFO] [stdout]      |        ---- required by a bound in this associated function
[INFO] [stdout] 1488 |     where
[INFO] [stdout] 1489 |         Self: LoadQuery<'query, Conn, U>,
[INFO] [stdout]      |               ^^^^^^^^^^^^^^^^^^^^^^^^^^ required by this bound in `RunQueryDsl::load`
[INFO] [stdout] 
[INFO] [stdout] 
[INFO] [stdout] error[E0277]: the trait bound `User: FromSqlRow<_, _>` is not satisfied
[INFO] [stdout]     --> src/main.rs:26:23
[INFO] [stdout]      |
[INFO] [stdout] 26   |         .load::<User>(conn)?;
[INFO] [stdout]      |          ----         ^^^^ the trait `FromSqlRow<_, _>` is not implemented for `User`, which is required by `query_builder::combination_clause::CombinationClause<query_builder::combination_clause::Union, query_builder::combination_clause::Distinct, SelectStatement<FromClause<table>, query_builder::select_clause::DefaultSelectClause<FromClause<table>>, query_builder::distinct_clause::NoDistinctClause, query_builder::where_clause::NoWhereClause, query_builder::order_clause::OrderClause<expression::operators::Asc<columns::id>>, query_builder::limit_offset_clause::LimitOffsetClause<query_builder::limit_clause::LimitClause<expression::bound::Bound<BigInt, i64>>, query_builder::offset_clause::NoOffsetClause>>, SelectStatement<FromClause<table>, query_builder::select_clause::DefaultSelectClause<FromClause<table>>, query_builder::distinct_clause::NoDistinctClause, query_builder::where_clause::NoWhereClause, query_builder::order_clause::OrderClause<expression::operators::Desc<columns::id>>, query_builder::limit_offset_clause::LimitOffsetClause<query_builder::limit_clause::LimitClause<expression::bound::Bound<BigInt, i64>>, query_builder::offset_clause::NoOffsetClause>>>: LoadQuery<'_, _, User>`
[INFO] [stdout]      |          |
[INFO] [stdout]      |          required by a bound introduced by this call
[INFO] [stdout]      |
[INFO] [stdout]      = help: the following other types implement trait `FromSqlRow<ST, DB>`:
[INFO] [stdout]                <(T1, T0) as FromSqlRow<(ST1, Untyped), __DB>>
[INFO] [stdout]                <(T1, T2, T0) as FromSqlRow<(ST1, ST2, Untyped), __DB>>
[INFO] [stdout]                <(T1, T2, T3, T0) as FromSqlRow<(ST1, ST2, ST3, Untyped), __DB>>
[INFO] [stdout]                <(T1, T2, T3, T4, T0) as FromSqlRow<(ST1, ST2, ST3, ST4, Untyped), __DB>>
[INFO] [stdout]                <(T1, T2, T3, T4, T5, T0) as FromSqlRow<(ST1, ST2, ST3, ST4, ST5, Untyped), __DB>>
[INFO] [stdout]                <(T1, T2, T3, T4, T5, T6, T0) as FromSqlRow<(ST1, ST2, ST3, ST4, ST5, ST6, Untyped), __DB>>
[INFO] [stdout]                <(T1, T2, T3, T4, T5, T6, T7, T0) as FromSqlRow<(ST1, ST2, ST3, ST4, ST5, ST6, ST7, Untyped), __DB>>
[INFO] [stdout]                <(T1, T2, T3, T4, T5, T6, T7, T8, T0) as FromSqlRow<(ST1, ST2, ST3, ST4, ST5, ST6, ST7, ST8, Untyped), __DB>>
[INFO] [stdout]              and 23 others
[INFO] [stdout]      = note: required for `CombinationClause<Union, Distinct, SelectStatement<FromClause<table>, ..., ..., ..., ..., ...>, ...>` to implement `LoadQuery<'_, _, User>`
[INFO] [stdout]      = note: the full type name has been written to '/opt/rustwide/target/debug/deps/diesel_union_bug-0db54db52a31c806.long-type-15270850472186075252.txt'
[INFO] [stdout] note: required by a bound in `diesel::RunQueryDsl::load`
[INFO] [stdout]     --> /opt/rustwide/cargo-home/registry/src/index.crates.io-6f17d22bba15001f/diesel-2.0.0-rc.0/src/query_dsl/mod.rs:1489:15
[INFO] [stdout]      |
[INFO] [stdout] 1487 |     fn load<'query, U>(self, conn: &mut Conn) -> QueryResult<Vec<U>>
[INFO] [stdout]      |        ---- required by a bound in this associated function
[INFO] [stdout] 1488 |     where
[INFO] [stdout] 1489 |         Self: LoadQuery<'query, Conn, U>,
[INFO] [stdout]      |               ^^^^^^^^^^^^^^^^^^^^^^^^^^ required by this bound in `RunQueryDsl::load`
[INFO] [stdout] 
[INFO] [stdout] 
[INFO] [stdout] error[E0277]: the trait bound `query_builder::combination_clause::RhsParenthesisWrapper<SelectStatement<FromClause<table>, query_builder::select_clause::DefaultSelectClause<FromClause<table>>, query_builder::distinct_clause::NoDistinctClause, query_builder::where_clause::NoWhereClause, query_builder::order_clause::OrderClause<expression::operators::Desc<columns::id>>, query_builder::limit_offset_clause::LimitOffsetClause<query_builder::limit_clause::LimitClause<expression::bound::Bound<BigInt, i64>>, query_builder::offset_clause::NoOffsetClause>>>: QueryFragment<_>` is not satisfied
[INFO] [stdout]     --> src/main.rs:26:23
[INFO] [stdout]      |
[INFO] [stdout] 26   |         .load::<User>(conn)?;
[INFO] [stdout]      |          ----         ^^^^ the trait `QueryFragment<_>` is not implemented for `RhsParenthesisWrapper<SelectStatement<FromClause<table>, DefaultSelectClause<...>, ..., ..., ..., ...>>`, which is required by `query_builder::combination_clause::CombinationClause<query_builder::combination_clause::Union, query_builder::combination_clause::Distinct, SelectStatement<FromClause<table>, query_builder::select_clause::DefaultSelectClause<FromClause<table>>, query_builder::distinct_clause::NoDistinctClause, query_builder::where_clause::NoWhereClause, query_builder::order_clause::OrderClause<expression::operators::Asc<columns::id>>, query_builder::limit_offset_clause::LimitOffsetClause<query_builder::limit_clause::LimitClause<expression::bound::Bound<BigInt, i64>>, query_builder::offset_clause::NoOffsetClause>>, SelectStatement<FromClause<table>, query_builder::select_clause::DefaultSelectClause<FromClause<table>>, query_builder::distinct_clause::NoDistinctClause, query_builder::where_clause::NoWhereClause, query_builder::order_clause::OrderClause<expression::operators::Desc<columns::id>>, query_builder::limit_offset_clause::LimitOffsetClause<query_builder::limit_clause::LimitClause<expression::bound::Bound<BigInt, i64>>, query_builder::offset_clause::NoOffsetClause>>>: LoadQuery<'_, _, User>`
[INFO] [stdout]      |          |
[INFO] [stdout]      |          required by a bound introduced by this call
[INFO] [stdout]      |
[INFO] [stdout]      = help: the following other types implement trait `QueryFragment<DB, SP>`:
[INFO] [stdout]                <table as QueryFragment<DB>>
[INFO] [stdout]                <columns::star as QueryFragment<DB>>
[INFO] [stdout]                <columns::id as QueryFragment<DB>>
[INFO] [stdout]                <Box<T> as QueryFragment<DB>>
[INFO] [stdout]                <columns::email as QueryFragment<DB>>
[INFO] [stdout]                <DeleteStatement<T, U, Ret> as QueryFragment<DB>>
[INFO] [stdout]                <FromClause<F> as QueryFragment<DB>>
[INFO] [stdout]                <query_builder::select_clause::DefaultSelectClause<QS> as QueryFragment<DB>>
[INFO] [stdout]              and 190 others
[INFO] [stdout]      = note: required for `CombinationClause<Union, Distinct, SelectStatement<FromClause<table>, ..., ..., ..., ..., ...>, ...>` to implement `QueryFragment<_>`
[INFO] [stdout]      = note: the full type name has been written to '/opt/rustwide/target/debug/deps/diesel_union_bug-6c52e813303d25d0.long-type-5795391683918280635.txt'
[INFO] [stdout]      = note: required for `CombinationClause<Union, Distinct, SelectStatement<FromClause<table>, ..., ..., ..., ..., ...>, ...>` to implement `LoadQuery<'_, _, User>`
[INFO] [stdout]      = note: the full type name has been written to '/opt/rustwide/target/debug/deps/diesel_union_bug-6c52e813303d25d0.long-type-5795391683918280635.txt'
[INFO] [stdout] note: required by a bound in `diesel::RunQueryDsl::load`
[INFO] [stdout]     --> /opt/rustwide/cargo-home/registry/src/index.crates.io-6f17d22bba15001f/diesel-2.0.0-rc.0/src/query_dsl/mod.rs:1489:15
[INFO] [stdout]      |
[INFO] [stdout] 1487 |     fn load<'query, U>(self, conn: &mut Conn) -> QueryResult<Vec<U>>
[INFO] [stdout]      |        ---- required by a bound in this associated function
[INFO] [stdout] 1488 |     where
[INFO] [stdout] 1489 |         Self: LoadQuery<'query, Conn, U>,
[INFO] [stdout]      |               ^^^^^^^^^^^^^^^^^^^^^^^^^^ required by this bound in `RunQueryDsl::load`
[INFO] [stdout] 
[INFO] [stdout] 
[INFO] [stdout] error[E0277]: the trait bound `query_builder::combination_clause::RhsParenthesisWrapper<SelectStatement<FromClause<table>, query_builder::select_clause::DefaultSelectClause<FromClause<table>>, query_builder::distinct_clause::NoDistinctClause, query_builder::where_clause::NoWhereClause, query_builder::order_clause::OrderClause<expression::operators::Desc<columns::id>>, query_builder::limit_offset_clause::LimitOffsetClause<query_builder::limit_clause::LimitClause<expression::bound::Bound<BigInt, i64>>, query_builder::offset_clause::NoOffsetClause>>>: QueryFragment<_>` is not satisfied
[INFO] [stdout]     --> src/main.rs:26:23
[INFO] [stdout]      |
[INFO] [stdout] 26   |         .load::<User>(conn)?;
[INFO] [stdout]      |          ----         ^^^^ the trait `QueryFragment<_>` is not implemented for `RhsParenthesisWrapper<SelectStatement<FromClause<table>, DefaultSelectClause<...>, ..., ..., ..., ...>>`, which is required by `query_builder::combination_clause::CombinationClause<query_builder::combination_clause::Union, query_builder::combination_clause::Distinct, SelectStatement<FromClause<table>, query_builder::select_clause::DefaultSelectClause<FromClause<table>>, query_builder::distinct_clause::NoDistinctClause, query_builder::where_clause::NoWhereClause, query_builder::order_clause::OrderClause<expression::operators::Asc<columns::id>>, query_builder::limit_offset_clause::LimitOffsetClause<query_builder::limit_clause::LimitClause<expression::bound::Bound<BigInt, i64>>, query_builder::offset_clause::NoOffsetClause>>, SelectStatement<FromClause<table>, query_builder::select_clause::DefaultSelectClause<FromClause<table>>, query_builder::distinct_clause::NoDistinctClause, query_builder::where_clause::NoWhereClause, query_builder::order_clause::OrderClause<expression::operators::Desc<columns::id>>, query_builder::limit_offset_clause::LimitOffsetClause<query_builder::limit_clause::LimitClause<expression::bound::Bound<BigInt, i64>>, query_builder::offset_clause::NoOffsetClause>>>: LoadQuery<'_, _, User>`
[INFO] [stdout]      |          |
[INFO] [stdout]      |          required by a bound introduced by this call
[INFO] [stdout]      |
[INFO] [stdout]      = help: the following other types implement trait `QueryFragment<DB, SP>`:
[INFO] [stdout]                <table as QueryFragment<DB>>
[INFO] [stdout]                <columns::star as QueryFragment<DB>>
[INFO] [stdout]                <columns::id as QueryFragment<DB>>
[INFO] [stdout]                <Box<T> as QueryFragment<DB>>
[INFO] [stdout]                <columns::email as QueryFragment<DB>>
[INFO] [stdout]                <DeleteStatement<T, U, Ret> as QueryFragment<DB>>
[INFO] [stdout]                <FromClause<F> as QueryFragment<DB>>
[INFO] [stdout]                <query_builder::select_clause::DefaultSelectClause<QS> as QueryFragment<DB>>
[INFO] [stdout]              and 190 others
[INFO] [stdout]      = note: required for `CombinationClause<Union, Distinct, SelectStatement<FromClause<table>, ..., ..., ..., ..., ...>, ...>` to implement `QueryFragment<_>`
[INFO] [stdout]      = note: the full type name has been written to '/opt/rustwide/target/debug/deps/diesel_union_bug-0db54db52a31c806.long-type-15270850472186075252.txt'
[INFO] [stdout]      = note: required for `CombinationClause<Union, Distinct, SelectStatement<FromClause<table>, ..., ..., ..., ..., ...>, ...>` to implement `LoadQuery<'_, _, User>`
[INFO] [stdout]      = note: the full type name has been written to '/opt/rustwide/target/debug/deps/diesel_union_bug-0db54db52a31c806.long-type-15270850472186075252.txt'
[INFO] [stdout] note: required by a bound in `diesel::RunQueryDsl::load`
[INFO] [stdout]     --> /opt/rustwide/cargo-home/registry/src/index.crates.io-6f17d22bba15001f/diesel-2.0.0-rc.0/src/query_dsl/mod.rs:1489:15
[INFO] [stdout]      |
[INFO] [stdout] 1487 |     fn load<'query, U>(self, conn: &mut Conn) -> QueryResult<Vec<U>>
[INFO] [stdout]      |        ---- required by a bound in this associated function
[INFO] [stdout] 1488 |     where
[INFO] [stdout] 1489 |         Self: LoadQuery<'query, Conn, U>,
[INFO] [stdout]      |               ^^^^^^^^^^^^^^^^^^^^^^^^^^ required by this bound in `RunQueryDsl::load`
[INFO] [stdout] 
[INFO] [stdout] 
[INFO] [stdout] error[E0277]: the trait bound `query_builder::limit_offset_clause::LimitOffsetClause<query_builder::limit_clause::LimitClause<expression::bound::Bound<BigInt, i64>>, query_builder::offset_clause::NoOffsetClause>: QueryFragment<_>` is not satisfied
[INFO] [stdout]     --> src/main.rs:26:23
[INFO] [stdout]      |
[INFO] [stdout] 26   |         .load::<User>(conn)?;
[INFO] [stdout]      |          ----         ^^^^ the trait `QueryFragment<_>` is not implemented for `LimitOffsetClause<LimitClause<Bound<BigInt, i64>>, NoOffsetClause>`, which is required by `query_builder::combination_clause::CombinationClause<query_builder::combination_clause::Union, query_builder::combination_clause::Distinct, SelectStatement<FromClause<table>, query_builder::select_clause::DefaultSelectClause<FromClause<table>>, query_builder::distinct_clause::NoDistinctClause, query_builder::where_clause::NoWhereClause, query_builder::order_clause::OrderClause<expression::operators::Asc<columns::id>>, query_builder::limit_offset_clause::LimitOffsetClause<query_builder::limit_clause::LimitClause<expression::bound::Bound<BigInt, i64>>, query_builder::offset_clause::NoOffsetClause>>, SelectStatement<FromClause<table>, query_builder::select_clause::DefaultSelectClause<FromClause<table>>, query_builder::distinct_clause::NoDistinctClause, query_builder::where_clause::NoWhereClause, query_builder::order_clause::OrderClause<expression::operators::Desc<columns::id>>, query_builder::limit_offset_clause::LimitOffsetClause<query_builder::limit_clause::LimitClause<expression::bound::Bound<BigInt, i64>>, query_builder::offset_clause::NoOffsetClause>>>: LoadQuery<'_, _, User>`
[INFO] [stdout]      |          |
[INFO] [stdout]      |          required by a bound introduced by this call
[INFO] [stdout]      |
[INFO] [stdout]      = help: the following other types implement trait `QueryFragment<DB, SP>`:
[INFO] [stdout]                <table as QueryFragment<DB>>
[INFO] [stdout]                <columns::star as QueryFragment<DB>>
[INFO] [stdout]                <columns::id as QueryFragment<DB>>
[INFO] [stdout]                <Box<T> as QueryFragment<DB>>
[INFO] [stdout]                <columns::email as QueryFragment<DB>>
[INFO] [stdout]                <DeleteStatement<T, U, Ret> as QueryFragment<DB>>
[INFO] [stdout]                <FromClause<F> as QueryFragment<DB>>
[INFO] [stdout]                <query_builder::select_clause::DefaultSelectClause<QS> as QueryFragment<DB>>
[INFO] [stdout]              and 190 others
[INFO] [stdout]      = note: required for `SelectStatement<FromClause<table>, DefaultSelectClause<FromClause<table>>, NoDistinctClause, ..., ..., ...>` to implement `QueryFragment<_>`
[INFO] [stdout]      = note: the full type name has been written to '/opt/rustwide/target/debug/deps/diesel_union_bug-6c52e813303d25d0.long-type-11341485262569706806.txt'
[INFO] [stdout]      = note: 1 redundant requirement hidden
[INFO] [stdout]      = note: required for `CombinationClause<Union, Distinct, SelectStatement<FromClause<table>, ..., ..., ..., ..., ...>, ...>` to implement `QueryFragment<_>`
[INFO] [stdout]      = note: the full type name has been written to '/opt/rustwide/target/debug/deps/diesel_union_bug-6c52e813303d25d0.long-type-5795391683918280635.txt'
[INFO] [stdout]      = note: required for `CombinationClause<Union, Distinct, SelectStatement<FromClause<table>, ..., ..., ..., ..., ...>, ...>` to implement `LoadQuery<'_, _, User>`
[INFO] [stdout]      = note: the full type name has been written to '/opt/rustwide/target/debug/deps/diesel_union_bug-6c52e813303d25d0.long-type-5795391683918280635.txt'
[INFO] [stdout] note: required by a bound in `diesel::RunQueryDsl::load`
[INFO] [stdout]     --> /opt/rustwide/cargo-home/registry/src/index.crates.io-6f17d22bba15001f/diesel-2.0.0-rc.0/src/query_dsl/mod.rs:1489:15
[INFO] [stdout]      |
[INFO] [stdout] 1487 |     fn load<'query, U>(self, conn: &mut Conn) -> QueryResult<Vec<U>>
[INFO] [stdout]      |        ---- required by a bound in this associated function
[INFO] [stdout] 1488 |     where
[INFO] [stdout] 1489 |         Self: LoadQuery<'query, Conn, U>,
[INFO] [stdout]      |               ^^^^^^^^^^^^^^^^^^^^^^^^^^ required by this bound in `RunQueryDsl::load`
[INFO] [stdout] 
[INFO] [stdout] 
[INFO] [stdout] error[E0277]: the trait bound `query_builder::limit_offset_clause::LimitOffsetClause<query_builder::limit_clause::LimitClause<expression::bound::Bound<BigInt, i64>>, query_builder::offset_clause::NoOffsetClause>: QueryFragment<_>` is not satisfied
[INFO] [stdout]     --> src/main.rs:26:23
[INFO] [stdout]      |
[INFO] [stdout] 26   |         .load::<User>(conn)?;
[INFO] [stdout]      |          ----         ^^^^ the trait `QueryFragment<_>` is not implemented for `LimitOffsetClause<LimitClause<Bound<BigInt, i64>>, NoOffsetClause>`, which is required by `query_builder::combination_clause::CombinationClause<query_builder::combination_clause::Union, query_builder::combination_clause::Distinct, SelectStatement<FromClause<table>, query_builder::select_clause::DefaultSelectClause<FromClause<table>>, query_builder::distinct_clause::NoDistinctClause, query_builder::where_clause::NoWhereClause, query_builder::order_clause::OrderClause<expression::operators::Asc<columns::id>>, query_builder::limit_offset_clause::LimitOffsetClause<query_builder::limit_clause::LimitClause<expression::bound::Bound<BigInt, i64>>, query_builder::offset_clause::NoOffsetClause>>, SelectStatement<FromClause<table>, query_builder::select_clause::DefaultSelectClause<FromClause<table>>, query_builder::distinct_clause::NoDistinctClause, query_builder::where_clause::NoWhereClause, query_builder::order_clause::OrderClause<expression::operators::Desc<columns::id>>, query_builder::limit_offset_clause::LimitOffsetClause<query_builder::limit_clause::LimitClause<expression::bound::Bound<BigInt, i64>>, query_builder::offset_clause::NoOffsetClause>>>: LoadQuery<'_, _, User>`
[INFO] [stdout]      |          |
[INFO] [stdout]      |          required by a bound introduced by this call
[INFO] [stdout]      |
[INFO] [stdout]      = help: the following other types implement trait `QueryFragment<DB, SP>`:
[INFO] [stdout]                <table as QueryFragment<DB>>
[INFO] [stdout]                <columns::star as QueryFragment<DB>>
[INFO] [stdout]                <columns::id as QueryFragment<DB>>
[INFO] [stdout]                <Box<T> as QueryFragment<DB>>
[INFO] [stdout]                <columns::email as QueryFragment<DB>>
[INFO] [stdout]                <DeleteStatement<T, U, Ret> as QueryFragment<DB>>
[INFO] [stdout]                <FromClause<F> as QueryFragment<DB>>
[INFO] [stdout]                <query_builder::select_clause::DefaultSelectClause<QS> as QueryFragment<DB>>
[INFO] [stdout]              and 190 others
[INFO] [stdout]      = note: required for `SelectStatement<FromClause<table>, DefaultSelectClause<FromClause<table>>, NoDistinctClause, ..., ..., ...>` to implement `QueryFragment<_>`
[INFO] [stdout]      = note: the full type name has been written to '/opt/rustwide/target/debug/deps/diesel_union_bug-0db54db52a31c806.long-type-8127445182539020698.txt'
[INFO] [stdout]      = note: 1 redundant requirement hidden
[INFO] [stdout]      = note: required for `CombinationClause<Union, Distinct, SelectStatement<FromClause<table>, ..., ..., ..., ..., ...>, ...>` to implement `QueryFragment<_>`
[INFO] [stdout]      = note: the full type name has been written to '/opt/rustwide/target/debug/deps/diesel_union_bug-0db54db52a31c806.long-type-15270850472186075252.txt'
[INFO] [stdout]      = note: required for `CombinationClause<Union, Distinct, SelectStatement<FromClause<table>, ..., ..., ..., ..., ...>, ...>` to implement `LoadQuery<'_, _, User>`
[INFO] [stdout]      = note: the full type name has been written to '/opt/rustwide/target/debug/deps/diesel_union_bug-0db54db52a31c806.long-type-15270850472186075252.txt'
[INFO] [stdout] note: required by a bound in `diesel::RunQueryDsl::load`
[INFO] [stdout]     --> /opt/rustwide/cargo-home/registry/src/index.crates.io-6f17d22bba15001f/diesel-2.0.0-rc.0/src/query_dsl/mod.rs:1489:15
[INFO] [stdout]      |
[INFO] [stdout] 1487 |     fn load<'query, U>(self, conn: &mut Conn) -> QueryResult<Vec<U>>
[INFO] [stdout]      |        ---- required by a bound in this associated function
[INFO] [stdout] 1488 |     where
[INFO] [stdout] 1489 |         Self: LoadQuery<'query, Conn, U>,
[INFO] [stdout]      |               ^^^^^^^^^^^^^^^^^^^^^^^^^^ required by this bound in `RunQueryDsl::load`
[INFO] [stdout] 
[INFO] [stdout] 
[INFO] [stdout] error: aborting due to 5 previous errors
[INFO] [stdout] 
[INFO] [stdout] 
[INFO] [stdout] Some errors have detailed explanations: E0277, E0433.
[INFO] [stdout] 
[INFO] [stdout] For more information about an error, try `rustc --explain E0277`.
[INFO] [stdout] 
[INFO] [stdout] error: aborting due to 5 previous errors
[INFO] [stdout] 
[INFO] [stdout] 
[INFO] [stdout] Some errors have detailed explanations: E0277, E0433.
[INFO] [stdout] 
[INFO] [stdout] For more information about an error, try `rustc --explain E0277`.
[INFO] [stdout] 
[INFO] [stderr] error: could not compile `diesel-union-bug` (bin "diesel-union-bug") due to 6 previous errors
[INFO] [stderr] warning: build failed, waiting for other jobs to finish...
[INFO] [stderr] error: could not compile `diesel-union-bug` (bin "diesel-union-bug" test) due to 6 previous errors
[INFO] running `Command { std: "docker" "inspect" "0b17bdefb45aafef92c7de21fbd37a3423b25cfa60a677190494ed399f832443", kill_on_drop: false }`
[INFO] running `Command { std: "docker" "rm" "-f" "0b17bdefb45aafef92c7de21fbd37a3423b25cfa60a677190494ed399f832443", kill_on_drop: false }`
[INFO] [stdout] 0b17bdefb45aafef92c7de21fbd37a3423b25cfa60a677190494ed399f832443
