[INFO] cloning repository https://github.com/fernando-apollo/router-op-redis-plugin
[INFO] running `Command { std: "git" "-c" "credential.helper=" "-c" "credential.helper=/workspace/cargo-home/bin/git-credential-null" "clone" "--bare" "https://github.com/fernando-apollo/router-op-redis-plugin" "/workspace/cache/git-repos/https%3A%2F%2Fgithub.com%2Ffernando-apollo%2Frouter-op-redis-plugin", kill_on_drop: false }`
[INFO] [stderr] Cloning into bare repository '/workspace/cache/git-repos/https%3A%2F%2Fgithub.com%2Ffernando-apollo%2Frouter-op-redis-plugin'...
[INFO] running `Command { std: "git" "rev-parse" "HEAD", kill_on_drop: false }`
[INFO] [stdout] b17bebe2698eaad33701737d70c34137e21493de
[INFO] checking fernando-apollo/router-op-redis-plugin against nightly-2024-02-05 for check-cfg
[INFO] running `Command { std: "git" "clone" "/workspace/cache/git-repos/https%3A%2F%2Fgithub.com%2Ffernando-apollo%2Frouter-op-redis-plugin" "/workspace/builds/worker-7-tc1/source", kill_on_drop: false }`
[INFO] [stderr] Cloning into '/workspace/builds/worker-7-tc1/source'...
[INFO] [stderr] done.
[INFO] validating manifest of git repo https://github.com/fernando-apollo/router-op-redis-plugin on toolchain nightly-2024-02-05
[INFO] running `Command { std: CARGO_HOME="/workspace/cargo-home" RUSTUP_HOME="/workspace/rustup-home" "/workspace/cargo-home/bin/cargo" "+nightly-2024-02-05" "metadata" "--manifest-path" "Cargo.toml" "--no-deps", kill_on_drop: false }`
[INFO] removed /workspace/builds/worker-7-tc1/source/.cargo/config
[INFO] started tweaking git repo https://github.com/fernando-apollo/router-op-redis-plugin
[INFO] finished tweaking git repo https://github.com/fernando-apollo/router-op-redis-plugin
[INFO] tweaked toml for git repo https://github.com/fernando-apollo/router-op-redis-plugin written to /workspace/builds/worker-7-tc1/source/Cargo.toml
[INFO] crate git repo https://github.com/fernando-apollo/router-op-redis-plugin already has a lockfile, it will not be regenerated
[INFO] running `Command { std: CARGO_HOME="/workspace/cargo-home" RUSTUP_HOME="/workspace/rustup-home" "/workspace/cargo-home/bin/cargo" "+nightly-2024-02-05" "fetch" "--manifest-path" "Cargo.toml", kill_on_drop: false }`
[INFO] [stderr]     Blocking waiting for file lock on package cache
[ERROR] error running command: no output for 300 seconds
[ERROR] this task or one of its parent failed!
[ERROR] no output for 300 seconds
[ERROR] note: run with `RUST_BACKTRACE=1` to display a backtrace.
[INFO] checking fernando-apollo/router-op-redis-plugin against nightly-2024-02-05+rustflags=-Dunexpected_cfgs+cargoflags=-Zcheck-cfg for check-cfg
[INFO] running `Command { std: "git" "clone" "/workspace/cache/git-repos/https%3A%2F%2Fgithub.com%2Ffernando-apollo%2Frouter-op-redis-plugin" "/workspace/builds/worker-7-tc2/source", kill_on_drop: false }`
[INFO] [stderr] Cloning into '/workspace/builds/worker-7-tc2/source'...
[INFO] [stderr] done.
[INFO] validating manifest of git repo https://github.com/fernando-apollo/router-op-redis-plugin on toolchain nightly-2024-02-05
[INFO] running `Command { std: CARGO_HOME="/workspace/cargo-home" RUSTUP_HOME="/workspace/rustup-home" "/workspace/cargo-home/bin/cargo" "+nightly-2024-02-05" "metadata" "--manifest-path" "Cargo.toml" "--no-deps", kill_on_drop: false }`
[INFO] removed /workspace/builds/worker-7-tc2/source/.cargo/config
[INFO] started tweaking git repo https://github.com/fernando-apollo/router-op-redis-plugin
[INFO] finished tweaking git repo https://github.com/fernando-apollo/router-op-redis-plugin
[INFO] tweaked toml for git repo https://github.com/fernando-apollo/router-op-redis-plugin written to /workspace/builds/worker-7-tc2/source/Cargo.toml
[INFO] crate git repo https://github.com/fernando-apollo/router-op-redis-plugin already has a lockfile, it will not be regenerated
[INFO] running `Command { std: CARGO_HOME="/workspace/cargo-home" RUSTUP_HOME="/workspace/rustup-home" "/workspace/cargo-home/bin/cargo" "+nightly-2024-02-05" "fetch" "--manifest-path" "Cargo.toml", kill_on_drop: false }`
[INFO] [stderr]     Blocking waiting for file lock on package cache
[INFO] [stderr]     Updating git repository `https://github.com/apollographql/router.git`
[INFO] [stderr] error: invalid key
[INFO] [stderr]   --> ../../../cargo-home/git/checkouts/router-18de2f110854a520/8123e8a/apollo-router-scaffold/templates/base/Cargo.toml:18:1
[INFO] [stderr]    |
[INFO] [stderr] 18 | {{#if integration_test}}
[INFO] [stderr]    | ^
[INFO] [stderr]    |
[INFO] [stderr] error: invalid key
[INFO] [stderr]   --> ../../../cargo-home/git/checkouts/router-18de2f110854a520/8123e8a/apollo-router-scaffold/templates/base/xtask/Cargo.toml:10:1
[INFO] [stderr]    |
[INFO] [stderr] 10 | {{#if integration_test}}
[INFO] [stderr]    | ^
[INFO] [stderr]    |
[INFO] [stderr]     Updating crates.io index
[INFO] [stderr]     Blocking waiting for file lock on package cache
[INFO] [stderr]  Downloading crates ...
[INFO] [stderr]   Downloaded rust-embed-impl v6.3.1
[INFO] [stderr]   Downloaded access-json v0.1.0
[INFO] [stderr]   Downloaded rowan v0.15.10
[INFO] [stderr]   Downloaded rust-embed-utils v7.3.0
[INFO] [stderr]   Downloaded opentelemetry-http v0.7.0
[INFO] [stderr]   Downloaded linkme-impl v0.3.7
[INFO] [stderr]   Downloaded opentelemetry-datadog v0.6.0
[INFO] [stderr]   Downloaded opentelemetry-prometheus v0.11.0
[INFO] [stderr]   Downloaded iso8601 v0.5.1
[INFO] [stderr]   Downloaded console v0.12.0
[INFO] [stderr]   Downloaded opentelemetry-semantic-conventions v0.10.0
[INFO] [stderr]   Downloaded apollo-encoder v0.4.0
[INFO] [stderr]   Downloaded buildstructor v0.5.1
[INFO] [stderr]   Downloaded opentelemetry-jaeger v0.17.0
[INFO] [stderr]   Downloaded redis v0.21.7
[INFO] [stderr]   Downloaded ci_info v0.14.9
[INFO] [stderr]   Downloaded rust-embed v6.4.2
[INFO] [stderr]   Downloaded apollo-router v1.9.0
[INFO] [stderr]   Downloaded deno_core v0.142.0
[INFO] [stderr]   Downloaded apollo-parser v0.4.1
[INFO] [stderr]   Downloaded toml_edit v0.18.0
[INFO] [stderr]   Downloaded cargo-scaffold v0.8.7
[INFO] [stderr]   Downloaded redis_cluster_async v0.7.0
[INFO] [stderr]   Downloaded apollo-compiler v0.6.0
[INFO] [stderr]   Downloaded deno_ops v0.20.0
[INFO] [stderr]   Downloaded fraction v0.12.2
[INFO] [stderr]   Downloaded jsonschema v0.16.1
[INFO] [stderr]   Downloaded v8 v0.44.3
[INFO] [stderr]   Downloaded deduplicate v0.3.5
[INFO] [stderr]   Downloaded router-bridge v0.1.12
[INFO] [stderr]   Downloaded proteus v0.5.0
[INFO] [stderr]   Downloaded buildstructor v0.3.2
[INFO] [stderr]   Downloaded serde_v8 v0.53.0
[INFO] [stderr]   Downloaded mediatype v0.19.13
[INFO] [stderr]   Downloaded serde_json_bytes v0.2.0
[INFO] [stderr]   Downloaded str_inflector v0.12.0
[INFO] [stderr]   Downloaded shellexpand v3.0.0
[INFO] [stderr]   Downloaded linkme v0.3.7
[INFO] [stderr]   Downloaded opentelemetry-zipkin v0.16.0
[INFO] [stderr]   Downloaded thrift v0.16.0
[INFO] running `Command { std: "docker" "create" "-v" "/var/lib/crater-agent-workspace/builds/worker-7-tc2/target:/opt/rustwide/target:rw,Z" "-v" "/var/lib/crater-agent-workspace/builds/worker-7-tc2/source:/opt/rustwide/workdir:ro,Z" "-v" "/var/lib/crater-agent-workspace/cargo-home:/opt/rustwide/cargo-home:ro,Z" "-v" "/var/lib/crater-agent-workspace/rustup-home:/opt/rustwide/rustup-home:ro,Z" "-e" "SOURCE_DIR=/opt/rustwide/workdir" "-e" "CARGO_TARGET_DIR=/opt/rustwide/target" "-e" "CARGO_HOME=/opt/rustwide/cargo-home" "-e" "RUSTUP_HOME=/opt/rustwide/rustup-home" "-w" "/opt/rustwide/workdir" "-m" "1610612736" "--user" "0:0" "--network" "none" "ghcr.io/rust-lang/crates-build-env/linux@sha256:2788e3201cd34a07e3172128adcd8b3090168a8e3bcc40d7c032b9dda1df7d1c" "/opt/rustwide/cargo-home/bin/cargo" "+nightly-2024-02-05" "metadata" "--no-deps" "--format-version=1", kill_on_drop: false }`
[INFO] [stdout] 6ec5e05f663d3f08bfc1d5e4e2ef6f940543786ddc5aca8131d18f323bb6824d
[INFO] running `Command { std: "docker" "start" "-a" "6ec5e05f663d3f08bfc1d5e4e2ef6f940543786ddc5aca8131d18f323bb6824d", kill_on_drop: false }`
[INFO] running `Command { std: "docker" "inspect" "6ec5e05f663d3f08bfc1d5e4e2ef6f940543786ddc5aca8131d18f323bb6824d", kill_on_drop: false }`
[INFO] running `Command { std: "docker" "rm" "-f" "6ec5e05f663d3f08bfc1d5e4e2ef6f940543786ddc5aca8131d18f323bb6824d", kill_on_drop: false }`
[INFO] [stdout] 6ec5e05f663d3f08bfc1d5e4e2ef6f940543786ddc5aca8131d18f323bb6824d
[INFO] running `Command { std: "docker" "create" "-v" "/var/lib/crater-agent-workspace/builds/worker-7-tc2/target:/opt/rustwide/target:rw,Z" "-v" "/var/lib/crater-agent-workspace/builds/worker-7-tc2/source:/opt/rustwide/workdir:ro,Z" "-v" "/var/lib/crater-agent-workspace/cargo-home:/opt/rustwide/cargo-home:ro,Z" "-v" "/var/lib/crater-agent-workspace/rustup-home:/opt/rustwide/rustup-home:ro,Z" "-e" "SOURCE_DIR=/opt/rustwide/workdir" "-e" "CARGO_TARGET_DIR=/opt/rustwide/target" "-e" "CARGO_INCREMENTAL=0" "-e" "RUST_BACKTRACE=full" "-e" "RUSTFLAGS=--cap-lints=forbid -Dunexpected_cfgs" "-e" "RUSTDOCFLAGS=--cap-lints=forbid" "-e" "CARGO_HOME=/opt/rustwide/cargo-home" "-e" "RUSTUP_HOME=/opt/rustwide/rustup-home" "-w" "/opt/rustwide/workdir" "-m" "1610612736" "--user" "0:0" "--network" "none" "ghcr.io/rust-lang/crates-build-env/linux@sha256:2788e3201cd34a07e3172128adcd8b3090168a8e3bcc40d7c032b9dda1df7d1c" "/opt/rustwide/cargo-home/bin/cargo" "+nightly-2024-02-05" "check" "--frozen" "--all" "--all-targets" "--message-format=json" "-Zcheck-cfg", kill_on_drop: false }`
[INFO] [stdout] 9c2d9afbf10a54a01611f4375fafa4e6258a472e251ca39b87cf50f6b7bdf3b0
[INFO] running `Command { std: "docker" "start" "-a" "9c2d9afbf10a54a01611f4375fafa4e6258a472e251ca39b87cf50f6b7bdf3b0", kill_on_drop: false }`
[INFO] [stderr] error: invalid key
[INFO] [stderr]   --> ../cargo-home/git/checkouts/router-18de2f110854a520/8123e8a/apollo-router-scaffold/templates/base/Cargo.toml:18:1
[INFO] [stderr]    |
[INFO] [stderr] 18 | {{#if integration_test}}
[INFO] [stderr]    | ^
[INFO] [stderr]    |
[INFO] [stderr] error: invalid key
[INFO] [stderr]   --> ../cargo-home/git/checkouts/router-18de2f110854a520/8123e8a/apollo-router-scaffold/templates/base/xtask/Cargo.toml:10:1
[INFO] [stderr]    |
[INFO] [stderr] 10 | {{#if integration_test}}
[INFO] [stderr]    | ^
[INFO] [stderr]    |
[INFO] [stderr]    Compiling proc-macro2 v1.0.50
[INFO] [stderr]    Compiling quote v1.0.23
[INFO] [stderr]    Compiling unicode-ident v1.0.6
[INFO] [stderr]    Compiling syn v1.0.107
[INFO] [stderr]    Compiling autocfg v1.1.0
[INFO] [stderr]    Compiling version_check v0.9.4
[INFO] [stderr]    Compiling libc v0.2.139
[INFO] [stderr]    Compiling serde_derive v1.0.152
[INFO] [stderr]    Compiling serde v1.0.152
[INFO] [stderr]     Checking once_cell v1.17.0
[INFO] [stderr]    Compiling memchr v2.5.0
[INFO] [stderr]    Compiling ahash v0.7.6
[INFO] [stderr]    Compiling log v0.4.17
[INFO] [stderr]    Compiling lock_api v0.4.9
[INFO] [stdout] error[E0635]: unknown feature `proc_macro_span_shrink`
[INFO] [stdout]   --> /opt/rustwide/cargo-home/registry/src/index.crates.io-6f17d22bba15001f/proc-macro2-1.0.50/src/lib.rs:92:30
[INFO] [stdout]    |
[INFO] [stdout] 92 |     feature(proc_macro_span, proc_macro_span_shrink)
[INFO] [stdout]    |                              ^^^^^^^^^^^^^^^^^^^^^^
[INFO] [stdout] 
[INFO] [stdout] 
[INFO] [stdout] error: aborting due to 1 previous error
[INFO] [stdout] 
[INFO] [stdout] 
[INFO] [stdout] For more information about this error, try `rustc --explain E0635`.
[INFO] [stdout] 
[INFO] [stderr] error: could not compile `proc-macro2` (lib) due to 2 previous errors
[INFO] [stderr] warning: build failed, waiting for other jobs to finish...
[INFO] running `Command { std: "docker" "inspect" "9c2d9afbf10a54a01611f4375fafa4e6258a472e251ca39b87cf50f6b7bdf3b0", kill_on_drop: false }`
[INFO] running `Command { std: "docker" "rm" "-f" "9c2d9afbf10a54a01611f4375fafa4e6258a472e251ca39b87cf50f6b7bdf3b0", kill_on_drop: false }`
[INFO] [stdout] 9c2d9afbf10a54a01611f4375fafa4e6258a472e251ca39b87cf50f6b7bdf3b0
