[INFO] cloning repository https://github.com/fee1-dead/aoc
[INFO] running `Command { std: "git" "-c" "credential.helper=" "-c" "credential.helper=/workspace/cargo-home/bin/git-credential-null" "clone" "--bare" "https://github.com/fee1-dead/aoc" "/workspace/cache/git-repos/https%3A%2F%2Fgithub.com%2Ffee1-dead%2Faoc", kill_on_drop: false }`
[INFO] [stderr] Cloning into bare repository '/workspace/cache/git-repos/https%3A%2F%2Fgithub.com%2Ffee1-dead%2Faoc'...
[INFO] running `Command { std: "git" "rev-parse" "HEAD", kill_on_drop: false }`
[INFO] [stdout] da519ad38c646b63fb1bb4251afd24b1643ac750
[INFO] checking fee1-dead/aoc against nightly-2024-02-05 for check-cfg
[INFO] running `Command { std: "git" "clone" "/workspace/cache/git-repos/https%3A%2F%2Fgithub.com%2Ffee1-dead%2Faoc" "/workspace/builds/worker-3-tc1/source", kill_on_drop: false }`
[INFO] [stderr] Cloning into '/workspace/builds/worker-3-tc1/source'...
[INFO] [stderr] done.
[INFO] validating manifest of git repo https://github.com/fee1-dead/aoc on toolchain nightly-2024-02-05
[INFO] running `Command { std: CARGO_HOME="/workspace/cargo-home" RUSTUP_HOME="/workspace/rustup-home" "/workspace/cargo-home/bin/cargo" "+nightly-2024-02-05" "metadata" "--manifest-path" "Cargo.toml" "--no-deps", kill_on_drop: false }`
[INFO] started tweaking git repo https://github.com/fee1-dead/aoc
[INFO] finished tweaking git repo https://github.com/fee1-dead/aoc
[INFO] tweaked toml for git repo https://github.com/fee1-dead/aoc written to /workspace/builds/worker-3-tc1/source/Cargo.toml
[INFO] crate git repo https://github.com/fee1-dead/aoc already has a lockfile, it will not be regenerated
[INFO] running `Command { std: CARGO_HOME="/workspace/cargo-home" RUSTUP_HOME="/workspace/rustup-home" "/workspace/cargo-home/bin/cargo" "+nightly-2024-02-05" "fetch" "--manifest-path" "Cargo.toml", kill_on_drop: false }`
[INFO] [stderr]     Blocking waiting for file lock on package cache
[ERROR] error running command: no output for 300 seconds
[ERROR] this task or one of its parent failed!
[ERROR] no output for 300 seconds
[ERROR] note: run with `RUST_BACKTRACE=1` to display a backtrace.
[INFO] checking fee1-dead/aoc against nightly-2024-02-05+rustflags=-Dunexpected_cfgs+cargoflags=-Zcheck-cfg for check-cfg
[INFO] running `Command { std: "git" "clone" "/workspace/cache/git-repos/https%3A%2F%2Fgithub.com%2Ffee1-dead%2Faoc" "/workspace/builds/worker-3-tc2/source", kill_on_drop: false }`
[INFO] [stderr] Cloning into '/workspace/builds/worker-3-tc2/source'...
[INFO] [stderr] done.
[INFO] validating manifest of git repo https://github.com/fee1-dead/aoc on toolchain nightly-2024-02-05
[INFO] running `Command { std: CARGO_HOME="/workspace/cargo-home" RUSTUP_HOME="/workspace/rustup-home" "/workspace/cargo-home/bin/cargo" "+nightly-2024-02-05" "metadata" "--manifest-path" "Cargo.toml" "--no-deps", kill_on_drop: false }`
[INFO] started tweaking git repo https://github.com/fee1-dead/aoc
[INFO] finished tweaking git repo https://github.com/fee1-dead/aoc
[INFO] tweaked toml for git repo https://github.com/fee1-dead/aoc written to /workspace/builds/worker-3-tc2/source/Cargo.toml
[INFO] crate git repo https://github.com/fee1-dead/aoc already has a lockfile, it will not be regenerated
[INFO] running `Command { std: CARGO_HOME="/workspace/cargo-home" RUSTUP_HOME="/workspace/rustup-home" "/workspace/cargo-home/bin/cargo" "+nightly-2024-02-05" "fetch" "--manifest-path" "Cargo.toml", kill_on_drop: false }`
[INFO] [stderr]     Blocking waiting for file lock on package cache
[INFO] [stderr]     Updating git repository `https://github.com/fee1-dead/scanfmt.git`
[INFO] [stderr]     Blocking waiting for file lock on package cache
[ERROR] error running command: no output for 300 seconds
[INFO] checking fee1-dead/aoc against nightly-2024-02-05+rustflags=-Dunexpected_cfgs+cargoflags=-Zcheck-cfg for check-cfg
[INFO] running `Command { std: "git" "clone" "/workspace/cache/git-repos/https%3A%2F%2Fgithub.com%2Ffee1-dead%2Faoc" "/workspace/builds/worker-3-tc2/source", kill_on_drop: false }`
[INFO] [stderr] Cloning into '/workspace/builds/worker-3-tc2/source'...
[INFO] [stderr] done.
[INFO] validating manifest of git repo https://github.com/fee1-dead/aoc on toolchain nightly-2024-02-05
[INFO] running `Command { std: CARGO_HOME="/workspace/cargo-home" RUSTUP_HOME="/workspace/rustup-home" "/workspace/cargo-home/bin/cargo" "+nightly-2024-02-05" "metadata" "--manifest-path" "Cargo.toml" "--no-deps", kill_on_drop: false }`
[INFO] started tweaking git repo https://github.com/fee1-dead/aoc
[INFO] finished tweaking git repo https://github.com/fee1-dead/aoc
[INFO] tweaked toml for git repo https://github.com/fee1-dead/aoc written to /workspace/builds/worker-3-tc2/source/Cargo.toml
[INFO] crate git repo https://github.com/fee1-dead/aoc already has a lockfile, it will not be regenerated
[INFO] running `Command { std: CARGO_HOME="/workspace/cargo-home" RUSTUP_HOME="/workspace/rustup-home" "/workspace/cargo-home/bin/cargo" "+nightly-2024-02-05" "fetch" "--manifest-path" "Cargo.toml", kill_on_drop: false }`
[INFO] [stderr]     Blocking waiting for file lock on package cache
[INFO] [stderr]     Blocking waiting for file lock on package cache
[INFO] running `Command { std: "docker" "create" "-v" "/var/lib/crater-agent-workspace/builds/worker-3-tc2/target:/opt/rustwide/target:rw,Z" "-v" "/var/lib/crater-agent-workspace/builds/worker-3-tc2/source:/opt/rustwide/workdir:ro,Z" "-v" "/var/lib/crater-agent-workspace/cargo-home:/opt/rustwide/cargo-home:ro,Z" "-v" "/var/lib/crater-agent-workspace/rustup-home:/opt/rustwide/rustup-home:ro,Z" "-e" "SOURCE_DIR=/opt/rustwide/workdir" "-e" "CARGO_TARGET_DIR=/opt/rustwide/target" "-e" "CARGO_HOME=/opt/rustwide/cargo-home" "-e" "RUSTUP_HOME=/opt/rustwide/rustup-home" "-w" "/opt/rustwide/workdir" "-m" "1610612736" "--user" "0:0" "--network" "none" "ghcr.io/rust-lang/crates-build-env/linux@sha256:2788e3201cd34a07e3172128adcd8b3090168a8e3bcc40d7c032b9dda1df7d1c" "/opt/rustwide/cargo-home/bin/cargo" "+nightly-2024-02-05" "metadata" "--no-deps" "--format-version=1", kill_on_drop: false }`
[INFO] [stdout] 8f9327725c82e1f795dd67af9bcdaa54b1975588af3386d8b23e2c1001791b0c
[INFO] running `Command { std: "docker" "start" "-a" "8f9327725c82e1f795dd67af9bcdaa54b1975588af3386d8b23e2c1001791b0c", kill_on_drop: false }`
[INFO] running `Command { std: "docker" "inspect" "8f9327725c82e1f795dd67af9bcdaa54b1975588af3386d8b23e2c1001791b0c", kill_on_drop: false }`
[INFO] running `Command { std: "docker" "rm" "-f" "8f9327725c82e1f795dd67af9bcdaa54b1975588af3386d8b23e2c1001791b0c", kill_on_drop: false }`
[INFO] [stdout] 8f9327725c82e1f795dd67af9bcdaa54b1975588af3386d8b23e2c1001791b0c
[INFO] running `Command { std: "docker" "create" "-v" "/var/lib/crater-agent-workspace/builds/worker-3-tc2/target:/opt/rustwide/target:rw,Z" "-v" "/var/lib/crater-agent-workspace/builds/worker-3-tc2/source:/opt/rustwide/workdir:ro,Z" "-v" "/var/lib/crater-agent-workspace/cargo-home:/opt/rustwide/cargo-home:ro,Z" "-v" "/var/lib/crater-agent-workspace/rustup-home:/opt/rustwide/rustup-home:ro,Z" "-e" "SOURCE_DIR=/opt/rustwide/workdir" "-e" "CARGO_TARGET_DIR=/opt/rustwide/target" "-e" "CARGO_INCREMENTAL=0" "-e" "RUST_BACKTRACE=full" "-e" "RUSTFLAGS=--cap-lints=forbid -Dunexpected_cfgs" "-e" "RUSTDOCFLAGS=--cap-lints=forbid" "-e" "CARGO_HOME=/opt/rustwide/cargo-home" "-e" "RUSTUP_HOME=/opt/rustwide/rustup-home" "-w" "/opt/rustwide/workdir" "-m" "1610612736" "--user" "0:0" "--network" "none" "ghcr.io/rust-lang/crates-build-env/linux@sha256:2788e3201cd34a07e3172128adcd8b3090168a8e3bcc40d7c032b9dda1df7d1c" "/opt/rustwide/cargo-home/bin/cargo" "+nightly-2024-02-05" "check" "--frozen" "--all" "--all-targets" "--message-format=json" "-Zcheck-cfg", kill_on_drop: false }`
[INFO] [stdout] 4ac701c553f2c21e7c4cf02cd38ad9b89a152d2fc89701560ccd3b9067a84526
[INFO] running `Command { std: "docker" "start" "-a" "4ac701c553f2c21e7c4cf02cd38ad9b89a152d2fc89701560ccd3b9067a84526", kill_on_drop: false }`
[INFO] [stderr]    Compiling autocfg v1.0.1
[INFO] [stderr]    Compiling libc v0.2.107
[INFO] [stderr]     Checking cfg-if v1.0.0
[INFO] [stderr]    Compiling cc v1.0.72
[INFO] [stderr]     Checking once_cell v1.8.0
[INFO] [stderr]     Checking pin-project-lite v0.2.7
[INFO] [stderr]    Compiling memchr v2.4.1
[INFO] [stderr]    Compiling log v0.4.14
[INFO] [stderr]    Compiling proc-macro2 v1.0.32
[INFO] [stderr]    Compiling unicode-xid v0.2.2
[INFO] [stderr]     Checking lazy_static v1.4.0
[INFO] [stderr]    Compiling syn v1.0.81
[INFO] [stderr]    Compiling futures-core v0.3.17
[INFO] [stderr]     Checking bytes v1.1.0
[INFO] [stderr]     Checking spin v0.5.2
[INFO] [stderr]     Checking untrusted v0.7.1
[INFO] [stderr]    Compiling proc-macro-hack v0.5.19
[INFO] [stderr]     Checking itoa v0.4.8
[INFO] [stderr]     Checking tracing-core v0.1.21
[INFO] [stderr]    Compiling proc-macro-nested v0.1.7
[INFO] [stderr]    Compiling futures-task v0.3.17
[INFO] [stderr]     Checking fnv v1.0.7
[INFO] [stderr]     Checking futures-io v0.3.17
[INFO] [stderr]    Compiling httparse v1.5.1
[INFO] [stderr]     Checking hashbrown v0.11.2
[INFO] [stderr]     Checking futures-sink v0.3.17
[INFO] [stderr]     Checking matches v0.1.9
[INFO] [stderr]     Checking http v0.2.5
[INFO] [stderr]     Checking slab v0.4.5
[INFO] [stderr]    Compiling tokio v1.14.0
[INFO] [stderr]    Compiling num-traits v0.2.14
[INFO] [stderr]     Checking tracing v0.1.29
[INFO] [stderr]    Compiling futures-macro v0.3.17
[INFO] [stderr]    Compiling indexmap v1.7.0
[INFO] [stderr]    Compiling futures-util v0.3.17
[INFO] [stderr]    Compiling num-integer v0.1.44
[INFO] [stderr]     Checking pin-utils v0.1.0
[INFO] [stderr]    Compiling futures-channel v0.3.17
[INFO] [stderr]     Checking tinyvec_macros v0.1.0
[INFO] [stderr]    Compiling num-bigint v0.4.3
[INFO] [stderr]     Checking tinyvec v1.5.1
[INFO] [stderr]     Checking thread_local v1.1.4
[INFO] [stderr]     Checking sharded-slab v0.1.4
[INFO] [stderr]    Compiling ryu v1.0.5
[INFO] [stderr]    Compiling serde v1.0.130
[INFO] [stderr]     Checking percent-encoding v2.1.0
[INFO] [stderr]    Compiling quote v1.0.10
[INFO] [stderr]     Checking try-lock v0.2.3
[INFO] [stderr]     Checking base64 v0.13.0
[INFO] [stderr]     Checking want v0.3.0
[INFO] [stderr]     Checking num_cpus v1.13.0
[INFO] [stderr]     Checking mio v0.7.14
[INFO] [stderr]     Checking form_urlencoded v1.0.1
[INFO] [stderr]     Checking socket2 v0.4.2
[INFO] [stderr]    Compiling num-rational v0.4.0
[INFO] [stderr]    Compiling num-iter v0.1.42
[INFO] [stderr]    Compiling eyre v0.6.8
[INFO] [stderr]     Checking httpdate v1.0.1
[INFO] [stderr]    Compiling ring v0.16.20
[INFO] [stderr]    Compiling backtrace v0.3.66
[INFO] [stderr]     Checking adler v1.0.2
[INFO] [stderr]     Checking unicode-bidi v0.3.7
[INFO] [stderr]    Compiling encoding_rs v0.8.29
[INFO] [stderr]     Checking tower-service v0.3.1
[INFO] [stderr]     Checking gimli v0.26.2
[INFO] [stderr]     Checking miniz_oxide v0.5.4
[INFO] [stderr]     Checking tracing-subscriber v0.3.7
[INFO] [stderr]     Checking unicode-normalization v0.1.19
[INFO] [stderr]     Checking object v0.29.0
[INFO] [stderr]     Checking owo-colors v3.5.0
[INFO] [stderr]    Compiling anyhow v1.0.45
[INFO] [stderr]     Checking indenter v0.3.3
[INFO] [stderr]     Checking rustc-demangle v0.1.21
[INFO] [stderr]     Checking num-complex v0.4.0
[INFO] [stderr]     Checking byteorder v1.4.3
[INFO] [stderr]     Checking mime v0.3.16
[INFO] [stderr]     Checking ipnet v2.3.1
[INFO] [stderr]     Checking http-body v0.4.4
[INFO] [stderr]     Checking either v1.6.1
[INFO] [stderr]     Checking fxhash v0.2.1
[INFO] [stderr]     Checking tap v1.0.1
[INFO] [stderr]     Checking itertools v0.10.1
[INFO] [stderr]     Checking md5 v0.7.0
[INFO] [stderr]     Checking idna v0.2.3
[INFO] [stderr]     Checking tracing-error v0.2.0
[INFO] [stderr]     Checking color-spantrace v0.2.0
[INFO] [stderr]     Checking url v2.2.2
[INFO] [stderr]     Checking addr2line v0.17.0
[INFO] [stderr]     Checking num v0.4.0
[INFO] [stderr]     Checking serde_urlencoded v0.7.0
[INFO] [stderr]    Compiling scanfmt_macros v0.1.0 (https://github.com/fee1-dead/scanfmt.git#4a1d665f)
[INFO] [stderr]     Checking color-eyre v0.6.2
[INFO] [stderr]     Checking tokio-util v0.6.9
[INFO] [stderr]     Checking webpki v0.21.4
[INFO] [stderr]     Checking sct v0.6.1
[INFO] [stderr]     Checking scanfmt v0.2.0 (https://github.com/fee1-dead/scanfmt.git#4a1d665f)
[INFO] [stderr]     Checking rustls v0.19.1
[INFO] [stderr]     Checking webpki-roots v0.21.1
[INFO] [stderr]     Checking tokio-rustls v0.22.0
[INFO] [stderr]     Checking h2 v0.3.7
[INFO] [stderr]     Checking hyper v0.14.15
[INFO] [stderr]     Checking hyper-rustls v0.22.1
[INFO] [stderr]     Checking reqwest v0.11.6
[INFO] [stderr]     Checking aoc v0.1.0 (/opt/rustwide/workdir)
[INFO] [stdout] error: couldn't read src/../SESSION: No such file or directory (os error 2)
[INFO] [stdout]   --> src/main.rs:17:50
[INFO] [stdout]    |
[INFO] [stdout] 17 | const SESSION_COOKIE: &str = concat!("session=", include_str!("../SESSION"));
[INFO] [stdout]    |                                                  ^^^^^^^^^^^^^^^^^^^^^^^^^^
[INFO] [stdout]    |
[INFO] [stdout]    = note: this error originates in the macro `include_str` (in Nightly builds, run with -Z macro-backtrace for more info)
[INFO] [stdout] 
[INFO] [stdout] 
[INFO] [stdout] error: couldn't read src/../SESSION: No such file or directory (os error 2)
[INFO] [stdout]   --> src/main.rs:17:50
[INFO] [stdout]    |
[INFO] [stdout] 17 | const SESSION_COOKIE: &str = concat!("session=", include_str!("../SESSION"));
[INFO] [stdout]    |                                                  ^^^^^^^^^^^^^^^^^^^^^^^^^^
[INFO] [stdout]    |
[INFO] [stdout]    = note: this error originates in the macro `include_str` (in Nightly builds, run with -Z macro-backtrace for more info)
[INFO] [stdout] 
[INFO] [stdout] 
[INFO] [stdout] error: aborting due to 1 previous error
[INFO] [stdout] 
[INFO] [stdout] 
[INFO] [stdout] error: aborting due to 1 previous error
[INFO] [stdout] 
[INFO] [stdout] 
[INFO] [stderr] error: could not compile `aoc` (bin "aoc") due to 2 previous errors
[INFO] [stderr] warning: build failed, waiting for other jobs to finish...
[INFO] [stderr] error: could not compile `aoc` (bin "aoc" test) due to 2 previous errors
[INFO] running `Command { std: "docker" "inspect" "4ac701c553f2c21e7c4cf02cd38ad9b89a152d2fc89701560ccd3b9067a84526", kill_on_drop: false }`
[INFO] running `Command { std: "docker" "rm" "-f" "4ac701c553f2c21e7c4cf02cd38ad9b89a152d2fc89701560ccd3b9067a84526", kill_on_drop: false }`
[INFO] [stdout] 4ac701c553f2c21e7c4cf02cd38ad9b89a152d2fc89701560ccd3b9067a84526
