[INFO] cloning repository https://github.com/eiko/turtle_shell
[INFO] running `Command { std: "git" "-c" "credential.helper=" "-c" "credential.helper=/workspace/cargo-home/bin/git-credential-null" "clone" "--bare" "https://github.com/eiko/turtle_shell" "/workspace/cache/git-repos/https%3A%2F%2Fgithub.com%2Feiko%2Fturtle_shell", kill_on_drop: false }`
[INFO] [stderr] Cloning into bare repository '/workspace/cache/git-repos/https%3A%2F%2Fgithub.com%2Feiko%2Fturtle_shell'...
[INFO] running `Command { std: "git" "rev-parse" "HEAD", kill_on_drop: false }`
[INFO] [stdout] d69436563f9828dbb5d95779c799a91894bfb0f3
[INFO] checking eiko/turtle_shell against nightly-2024-02-05 for check-cfg
[INFO] running `Command { std: "git" "clone" "/workspace/cache/git-repos/https%3A%2F%2Fgithub.com%2Feiko%2Fturtle_shell" "/workspace/builds/worker-3-tc1/source", kill_on_drop: false }`
[INFO] [stderr] Cloning into '/workspace/builds/worker-3-tc1/source'...
[INFO] [stderr] done.
[INFO] validating manifest of git repo https://github.com/eiko/turtle_shell on toolchain nightly-2024-02-05
[INFO] running `Command { std: CARGO_HOME="/workspace/cargo-home" RUSTUP_HOME="/workspace/rustup-home" "/workspace/cargo-home/bin/cargo" "+nightly-2024-02-05" "metadata" "--manifest-path" "Cargo.toml" "--no-deps", kill_on_drop: false }`
[INFO] started tweaking git repo https://github.com/eiko/turtle_shell
[INFO] finished tweaking git repo https://github.com/eiko/turtle_shell
[INFO] tweaked toml for git repo https://github.com/eiko/turtle_shell written to /workspace/builds/worker-3-tc1/source/Cargo.toml
[INFO] crate git repo https://github.com/eiko/turtle_shell already has a lockfile, it will not be regenerated
[INFO] running `Command { std: CARGO_HOME="/workspace/cargo-home" RUSTUP_HOME="/workspace/rustup-home" "/workspace/cargo-home/bin/cargo" "+nightly-2024-02-05" "fetch" "--manifest-path" "Cargo.toml", kill_on_drop: false }`
[INFO] [stderr]     Blocking waiting for file lock on package cache
[ERROR] error running command: no output for 300 seconds
[ERROR] this task or one of its parent failed!
[ERROR] no output for 300 seconds
[ERROR] note: run with `RUST_BACKTRACE=1` to display a backtrace.
[INFO] checking eiko/turtle_shell against nightly-2024-02-05+rustflags=-Dunexpected_cfgs+cargoflags=-Zcheck-cfg for check-cfg
[INFO] running `Command { std: "git" "clone" "/workspace/cache/git-repos/https%3A%2F%2Fgithub.com%2Feiko%2Fturtle_shell" "/workspace/builds/worker-3-tc2/source", kill_on_drop: false }`
[INFO] [stderr] Cloning into '/workspace/builds/worker-3-tc2/source'...
[INFO] [stderr] done.
[INFO] validating manifest of git repo https://github.com/eiko/turtle_shell on toolchain nightly-2024-02-05
[INFO] running `Command { std: CARGO_HOME="/workspace/cargo-home" RUSTUP_HOME="/workspace/rustup-home" "/workspace/cargo-home/bin/cargo" "+nightly-2024-02-05" "metadata" "--manifest-path" "Cargo.toml" "--no-deps", kill_on_drop: false }`
[INFO] started tweaking git repo https://github.com/eiko/turtle_shell
[INFO] finished tweaking git repo https://github.com/eiko/turtle_shell
[INFO] tweaked toml for git repo https://github.com/eiko/turtle_shell written to /workspace/builds/worker-3-tc2/source/Cargo.toml
[INFO] crate git repo https://github.com/eiko/turtle_shell already has a lockfile, it will not be regenerated
[INFO] running `Command { std: CARGO_HOME="/workspace/cargo-home" RUSTUP_HOME="/workspace/rustup-home" "/workspace/cargo-home/bin/cargo" "+nightly-2024-02-05" "fetch" "--manifest-path" "Cargo.toml", kill_on_drop: false }`
[INFO] [stderr]     Blocking waiting for file lock on package cache
[INFO] [stderr]     Blocking waiting for file lock on package cache
[ERROR] error running command: no output for 300 seconds
[INFO] checking eiko/turtle_shell against nightly-2024-02-05+rustflags=-Dunexpected_cfgs+cargoflags=-Zcheck-cfg for check-cfg
[INFO] running `Command { std: "git" "clone" "/workspace/cache/git-repos/https%3A%2F%2Fgithub.com%2Feiko%2Fturtle_shell" "/workspace/builds/worker-3-tc2/source", kill_on_drop: false }`
[INFO] [stderr] Cloning into '/workspace/builds/worker-3-tc2/source'...
[INFO] [stderr] done.
[INFO] validating manifest of git repo https://github.com/eiko/turtle_shell on toolchain nightly-2024-02-05
[INFO] running `Command { std: CARGO_HOME="/workspace/cargo-home" RUSTUP_HOME="/workspace/rustup-home" "/workspace/cargo-home/bin/cargo" "+nightly-2024-02-05" "metadata" "--manifest-path" "Cargo.toml" "--no-deps", kill_on_drop: false }`
[INFO] started tweaking git repo https://github.com/eiko/turtle_shell
[INFO] finished tweaking git repo https://github.com/eiko/turtle_shell
[INFO] tweaked toml for git repo https://github.com/eiko/turtle_shell written to /workspace/builds/worker-3-tc2/source/Cargo.toml
[INFO] crate git repo https://github.com/eiko/turtle_shell already has a lockfile, it will not be regenerated
[INFO] running `Command { std: CARGO_HOME="/workspace/cargo-home" RUSTUP_HOME="/workspace/rustup-home" "/workspace/cargo-home/bin/cargo" "+nightly-2024-02-05" "fetch" "--manifest-path" "Cargo.toml", kill_on_drop: false }`
[INFO] [stderr]     Blocking waiting for file lock on package cache
[INFO] [stderr]     Blocking waiting for file lock on package cache
[INFO] [stderr]  Downloading crates ...
[INFO] [stderr]   Downloaded gio-sys v0.3.3
[INFO] [stderr]   Downloaded pango v0.1.2
[INFO] [stderr]   Downloaded gdk-pixbuf-sys v0.3.3
[INFO] [stderr]   Downloaded gdk-sys v0.3.3
[INFO] [stderr]   Downloaded gobject-sys v0.3.3
[INFO] [stderr]   Downloaded cairo-sys-rs v0.3.3
[INFO] [stderr]   Downloaded gio v0.1.2
[INFO] [stderr]   Downloaded cairo-rs v0.1.2
[INFO] [stderr]   Downloaded glib v0.1.2
[INFO] [stderr]   Downloaded gtk v0.1.2
[INFO] [stderr]   Downloaded gdk v0.5.2
[INFO] [stderr]   Downloaded pango-sys v0.3.3
[INFO] [stderr]   Downloaded gdk-pixbuf v0.1.2
[INFO] [stderr]   Downloaded glib-sys v0.3.3
[INFO] [stderr]   Downloaded atk-sys v0.3.3
[INFO] [stderr]   Downloaded gtk-sys v0.3.3
[INFO] running `Command { std: "docker" "create" "-v" "/var/lib/crater-agent-workspace/builds/worker-3-tc2/target:/opt/rustwide/target:rw,Z" "-v" "/var/lib/crater-agent-workspace/builds/worker-3-tc2/source:/opt/rustwide/workdir:ro,Z" "-v" "/var/lib/crater-agent-workspace/cargo-home:/opt/rustwide/cargo-home:ro,Z" "-v" "/var/lib/crater-agent-workspace/rustup-home:/opt/rustwide/rustup-home:ro,Z" "-e" "SOURCE_DIR=/opt/rustwide/workdir" "-e" "CARGO_TARGET_DIR=/opt/rustwide/target" "-e" "CARGO_HOME=/opt/rustwide/cargo-home" "-e" "RUSTUP_HOME=/opt/rustwide/rustup-home" "-w" "/opt/rustwide/workdir" "-m" "1610612736" "--user" "0:0" "--network" "none" "ghcr.io/rust-lang/crates-build-env/linux@sha256:2788e3201cd34a07e3172128adcd8b3090168a8e3bcc40d7c032b9dda1df7d1c" "/opt/rustwide/cargo-home/bin/cargo" "+nightly-2024-02-05" "metadata" "--no-deps" "--format-version=1", kill_on_drop: false }`
[INFO] [stdout] 7895a8c0cb6659f97901b6c736680bc72e266c01480b6d64b8b26db62bf4832b
[INFO] running `Command { std: "docker" "start" "-a" "7895a8c0cb6659f97901b6c736680bc72e266c01480b6d64b8b26db62bf4832b", kill_on_drop: false }`
[INFO] running `Command { std: "docker" "inspect" "7895a8c0cb6659f97901b6c736680bc72e266c01480b6d64b8b26db62bf4832b", kill_on_drop: false }`
[INFO] running `Command { std: "docker" "rm" "-f" "7895a8c0cb6659f97901b6c736680bc72e266c01480b6d64b8b26db62bf4832b", kill_on_drop: false }`
[INFO] [stdout] 7895a8c0cb6659f97901b6c736680bc72e266c01480b6d64b8b26db62bf4832b
[INFO] running `Command { std: "docker" "create" "-v" "/var/lib/crater-agent-workspace/builds/worker-3-tc2/target:/opt/rustwide/target:rw,Z" "-v" "/var/lib/crater-agent-workspace/builds/worker-3-tc2/source:/opt/rustwide/workdir:ro,Z" "-v" "/var/lib/crater-agent-workspace/cargo-home:/opt/rustwide/cargo-home:ro,Z" "-v" "/var/lib/crater-agent-workspace/rustup-home:/opt/rustwide/rustup-home:ro,Z" "-e" "SOURCE_DIR=/opt/rustwide/workdir" "-e" "CARGO_TARGET_DIR=/opt/rustwide/target" "-e" "CARGO_INCREMENTAL=0" "-e" "RUST_BACKTRACE=full" "-e" "RUSTFLAGS=--cap-lints=forbid -Dunexpected_cfgs" "-e" "RUSTDOCFLAGS=--cap-lints=forbid" "-e" "CARGO_HOME=/opt/rustwide/cargo-home" "-e" "RUSTUP_HOME=/opt/rustwide/rustup-home" "-w" "/opt/rustwide/workdir" "-m" "1610612736" "--user" "0:0" "--network" "none" "ghcr.io/rust-lang/crates-build-env/linux@sha256:2788e3201cd34a07e3172128adcd8b3090168a8e3bcc40d7c032b9dda1df7d1c" "/opt/rustwide/cargo-home/bin/cargo" "+nightly-2024-02-05" "check" "--frozen" "--all" "--all-targets" "--message-format=json" "-Zcheck-cfg", kill_on_drop: false }`
[INFO] [stdout] 9f3210d662d55776942d87500aa02154e30886143946544cb3aefeff7034dfd8
[INFO] running `Command { std: "docker" "start" "-a" "9f3210d662d55776942d87500aa02154e30886143946544cb3aefeff7034dfd8", kill_on_drop: false }`
[INFO] [stderr]    Compiling pkg-config v0.3.9
[INFO] [stderr]     Checking libc v0.2.21
[INFO] [stderr]     Checking bitflags v0.4.0
[INFO] [stderr]     Checking bitflags v0.5.0
[INFO] [stderr]    Compiling gdk-pixbuf v0.1.2
[INFO] [stderr]    Compiling gio v0.1.2
[INFO] [stderr]    Compiling cairo-rs v0.1.2
[INFO] [stderr]     Checking c_vec v1.2.0
[INFO] [stderr]    Compiling gdk v0.5.2
[INFO] [stderr]    Compiling gtk v0.1.2
[INFO] [stderr]    Compiling glib-sys v0.3.3
[INFO] [stderr]    Compiling gobject-sys v0.3.3
[INFO] [stderr]    Compiling gio-sys v0.3.3
[INFO] [stderr]    Compiling gdk-pixbuf-sys v0.3.3
[INFO] [stderr]    Compiling cairo-sys-rs v0.3.3
[INFO] [stderr]    Compiling pango-sys v0.3.3
[INFO] [stderr]    Compiling gdk-sys v0.3.3
[INFO] [stderr]    Compiling atk-sys v0.3.3
[INFO] [stderr]    Compiling gtk-sys v0.3.3
[INFO] [stderr]     Checking rand v0.3.15
[INFO] [stderr]     Checking glib v0.1.2
[INFO] [stdout] error[E0119]: conflicting implementations of trait `SetValue` for type `&_`
[INFO] [stdout]    --> /opt/rustwide/cargo-home/registry/src/index.crates.io-6f17d22bba15001f/glib-0.1.2/src/value.rs:483:1
[INFO] [stdout]     |
[INFO] [stdout] 452 | impl<'a, T: ?Sized + SetValue> SetValue for &'a T {
[INFO] [stdout]     | ------------------------------------------------- first implementation here
[INFO] [stdout] ...
[INFO] [stdout] 483 | impl<T: IsA<Object>> SetValue for T {
[INFO] [stdout]     | ^^^^^^^^^^^^^^^^^^^^^^^^^^^^^^^^^^^ conflicting implementation for `&_`
[INFO] [stdout]     |
[INFO] [stdout]     = note: downstream crates may implement trait `object::IsA<object::Object>` for type `&_`
[INFO] [stdout] 
[INFO] [stdout] 
[INFO] [stdout] error[E0119]: conflicting implementations of trait `SetValueOptional` for type `&_`
[INFO] [stdout]    --> /opt/rustwide/cargo-home/registry/src/index.crates.io-6f17d22bba15001f/glib-0.1.2/src/value.rs:489:1
[INFO] [stdout]     |
[INFO] [stdout] 458 | impl<'a, T: ?Sized + SetValueOptional> SetValueOptional for &'a T {
[INFO] [stdout]     | ----------------------------------------------------------------- first implementation here
[INFO] [stdout] ...
[INFO] [stdout] 489 | impl<T: IsA<Object>> SetValueOptional for T {
[INFO] [stdout]     | ^^^^^^^^^^^^^^^^^^^^^^^^^^^^^^^^^^^^^^^^^^^ conflicting implementation for `&_`
[INFO] [stdout]     |
[INFO] [stdout]     = note: downstream crates may implement trait `object::IsA<object::Object>` for type `&_`
[INFO] [stdout] 
[INFO] [stdout] 
[INFO] [stdout] error: aborting due to 2 previous errors
[INFO] [stdout] 
[INFO] [stdout] 
[INFO] [stdout] For more information about this error, try `rustc --explain E0119`.
[INFO] [stdout] 
[INFO] [stderr] error: could not compile `glib` (lib) due to 3 previous errors
[INFO] [stderr] warning: build failed, waiting for other jobs to finish...
[INFO] running `Command { std: "docker" "inspect" "9f3210d662d55776942d87500aa02154e30886143946544cb3aefeff7034dfd8", kill_on_drop: false }`
[INFO] running `Command { std: "docker" "rm" "-f" "9f3210d662d55776942d87500aa02154e30886143946544cb3aefeff7034dfd8", kill_on_drop: false }`
[INFO] [stdout] 9f3210d662d55776942d87500aa02154e30886143946544cb3aefeff7034dfd8
