[INFO] cloning repository https://github.com/edzdez/sway-easyfocus
[INFO] running `Command { std: "git" "-c" "credential.helper=" "-c" "credential.helper=/workspace/cargo-home/bin/git-credential-null" "clone" "--bare" "https://github.com/edzdez/sway-easyfocus" "/workspace/cache/git-repos/https%3A%2F%2Fgithub.com%2Fedzdez%2Fsway-easyfocus", kill_on_drop: false }`
[INFO] [stderr] Cloning into bare repository '/workspace/cache/git-repos/https%3A%2F%2Fgithub.com%2Fedzdez%2Fsway-easyfocus'...
[INFO] running `Command { std: "git" "rev-parse" "HEAD", kill_on_drop: false }`
[INFO] [stdout] 2bef3f56ecb43828c6a64ba696e0f74a745e251c
[INFO] checking edzdez/sway-easyfocus against nightly-2024-02-05 for check-cfg
[INFO] running `Command { std: "git" "clone" "/workspace/cache/git-repos/https%3A%2F%2Fgithub.com%2Fedzdez%2Fsway-easyfocus" "/workspace/builds/worker-2-tc1/source", kill_on_drop: false }`
[INFO] [stderr] Cloning into '/workspace/builds/worker-2-tc1/source'...
[INFO] [stderr] done.
[INFO] validating manifest of git repo https://github.com/edzdez/sway-easyfocus on toolchain nightly-2024-02-05
[INFO] running `Command { std: CARGO_HOME="/workspace/cargo-home" RUSTUP_HOME="/workspace/rustup-home" "/workspace/cargo-home/bin/cargo" "+nightly-2024-02-05" "metadata" "--manifest-path" "Cargo.toml" "--no-deps", kill_on_drop: false }`
[INFO] started tweaking git repo https://github.com/edzdez/sway-easyfocus
[INFO] finished tweaking git repo https://github.com/edzdez/sway-easyfocus
[INFO] tweaked toml for git repo https://github.com/edzdez/sway-easyfocus written to /workspace/builds/worker-2-tc1/source/Cargo.toml
[INFO] crate git repo https://github.com/edzdez/sway-easyfocus already has a lockfile, it will not be regenerated
[INFO] running `Command { std: CARGO_HOME="/workspace/cargo-home" RUSTUP_HOME="/workspace/rustup-home" "/workspace/cargo-home/bin/cargo" "+nightly-2024-02-05" "fetch" "--manifest-path" "Cargo.toml", kill_on_drop: false }`
[INFO] [stderr]     Blocking waiting for file lock on package cache
[INFO] [stderr]     Updating crates.io index
[INFO] [stderr]     Blocking waiting for file lock on package cache
[ERROR] error running command: no output for 300 seconds
[ERROR] this task or one of its parent failed!
[ERROR] no output for 300 seconds
[ERROR] note: run with `RUST_BACKTRACE=1` to display a backtrace.
[INFO] checking edzdez/sway-easyfocus against nightly-2024-02-05+rustflags=-Dunexpected_cfgs+cargoflags=-Zcheck-cfg for check-cfg
[INFO] running `Command { std: "git" "clone" "/workspace/cache/git-repos/https%3A%2F%2Fgithub.com%2Fedzdez%2Fsway-easyfocus" "/workspace/builds/worker-2-tc2/source", kill_on_drop: false }`
[INFO] [stderr] Cloning into '/workspace/builds/worker-2-tc2/source'...
[INFO] [stderr] done.
[INFO] validating manifest of git repo https://github.com/edzdez/sway-easyfocus on toolchain nightly-2024-02-05
[INFO] running `Command { std: CARGO_HOME="/workspace/cargo-home" RUSTUP_HOME="/workspace/rustup-home" "/workspace/cargo-home/bin/cargo" "+nightly-2024-02-05" "metadata" "--manifest-path" "Cargo.toml" "--no-deps", kill_on_drop: false }`
[INFO] started tweaking git repo https://github.com/edzdez/sway-easyfocus
[INFO] finished tweaking git repo https://github.com/edzdez/sway-easyfocus
[INFO] tweaked toml for git repo https://github.com/edzdez/sway-easyfocus written to /workspace/builds/worker-2-tc2/source/Cargo.toml
[INFO] crate git repo https://github.com/edzdez/sway-easyfocus already has a lockfile, it will not be regenerated
[INFO] running `Command { std: CARGO_HOME="/workspace/cargo-home" RUSTUP_HOME="/workspace/rustup-home" "/workspace/cargo-home/bin/cargo" "+nightly-2024-02-05" "fetch" "--manifest-path" "Cargo.toml", kill_on_drop: false }`
[INFO] [stderr]     Blocking waiting for file lock on package cache
[INFO] [stderr]     Blocking waiting for file lock on package cache
[INFO] [stderr]  Downloading crates ...
[INFO] [stderr]   Downloaded gdk-pixbuf-sys v0.17.10
[INFO] [stderr]   Downloaded gtk-layer-shell-sys v0.6.0
[INFO] [stderr]   Downloaded gtk-layer-shell v0.6.1
[INFO] [stderr]   Downloaded cairo-sys-rs v0.17.10
[INFO] [stderr]   Downloaded gdk-pixbuf v0.17.10
[INFO] [stderr]   Downloaded gio-sys v0.17.10
[INFO] [stderr]   Downloaded cairo-rs v0.17.10
[INFO] [stderr]   Downloaded glib-macros v0.17.10
[INFO] [stderr]   Downloaded pango v0.17.10
[INFO] [stderr]   Downloaded gio v0.17.10
[INFO] [stderr]   Downloaded winnow v0.4.8
[INFO] [stderr]   Downloaded glib v0.17.10
[INFO] [stderr]   Downloaded pango-sys v0.17.10
[INFO] running `Command { std: "docker" "create" "-v" "/var/lib/crater-agent-workspace/builds/worker-2-tc2/target:/opt/rustwide/target:rw,Z" "-v" "/var/lib/crater-agent-workspace/builds/worker-2-tc2/source:/opt/rustwide/workdir:ro,Z" "-v" "/var/lib/crater-agent-workspace/cargo-home:/opt/rustwide/cargo-home:ro,Z" "-v" "/var/lib/crater-agent-workspace/rustup-home:/opt/rustwide/rustup-home:ro,Z" "-e" "SOURCE_DIR=/opt/rustwide/workdir" "-e" "CARGO_TARGET_DIR=/opt/rustwide/target" "-e" "CARGO_HOME=/opt/rustwide/cargo-home" "-e" "RUSTUP_HOME=/opt/rustwide/rustup-home" "-w" "/opt/rustwide/workdir" "-m" "1610612736" "--user" "0:0" "--network" "none" "ghcr.io/rust-lang/crates-build-env/linux@sha256:2788e3201cd34a07e3172128adcd8b3090168a8e3bcc40d7c032b9dda1df7d1c" "/opt/rustwide/cargo-home/bin/cargo" "+nightly-2024-02-05" "metadata" "--no-deps" "--format-version=1", kill_on_drop: false }`
[INFO] [stdout] 124959684a23db57dcc109be6b0e745e28f4d72e4840c63c7548101bbdb2b969
[INFO] running `Command { std: "docker" "start" "-a" "124959684a23db57dcc109be6b0e745e28f4d72e4840c63c7548101bbdb2b969", kill_on_drop: false }`
[INFO] running `Command { std: "docker" "inspect" "124959684a23db57dcc109be6b0e745e28f4d72e4840c63c7548101bbdb2b969", kill_on_drop: false }`
[INFO] running `Command { std: "docker" "rm" "-f" "124959684a23db57dcc109be6b0e745e28f4d72e4840c63c7548101bbdb2b969", kill_on_drop: false }`
[INFO] [stdout] 124959684a23db57dcc109be6b0e745e28f4d72e4840c63c7548101bbdb2b969
[INFO] running `Command { std: "docker" "create" "-v" "/var/lib/crater-agent-workspace/builds/worker-2-tc2/target:/opt/rustwide/target:rw,Z" "-v" "/var/lib/crater-agent-workspace/builds/worker-2-tc2/source:/opt/rustwide/workdir:ro,Z" "-v" "/var/lib/crater-agent-workspace/cargo-home:/opt/rustwide/cargo-home:ro,Z" "-v" "/var/lib/crater-agent-workspace/rustup-home:/opt/rustwide/rustup-home:ro,Z" "-e" "SOURCE_DIR=/opt/rustwide/workdir" "-e" "CARGO_TARGET_DIR=/opt/rustwide/target" "-e" "CARGO_INCREMENTAL=0" "-e" "RUST_BACKTRACE=full" "-e" "RUSTFLAGS=--cap-lints=forbid -Dunexpected_cfgs" "-e" "RUSTDOCFLAGS=--cap-lints=forbid" "-e" "CARGO_HOME=/opt/rustwide/cargo-home" "-e" "RUSTUP_HOME=/opt/rustwide/rustup-home" "-w" "/opt/rustwide/workdir" "-m" "1610612736" "--user" "0:0" "--network" "none" "ghcr.io/rust-lang/crates-build-env/linux@sha256:2788e3201cd34a07e3172128adcd8b3090168a8e3bcc40d7c032b9dda1df7d1c" "/opt/rustwide/cargo-home/bin/cargo" "+nightly-2024-02-05" "check" "--frozen" "--all" "--all-targets" "--message-format=json" "-Zcheck-cfg", kill_on_drop: false }`
[INFO] [stdout] 139ef80834ce513f5d5862c8144bc2f70e8f193a882c5cf8cebc0d662a18a368
[INFO] running `Command { std: "docker" "start" "-a" "139ef80834ce513f5d5862c8144bc2f70e8f193a882c5cf8cebc0d662a18a368", kill_on_drop: false }`
[INFO] [stderr]    Compiling serde v1.0.167
[INFO] [stderr]    Compiling equivalent v1.0.0
[INFO] [stderr]    Compiling hashbrown v0.14.0
[INFO] [stderr]    Compiling winnow v0.4.8
[INFO] [stderr]    Compiling target-lexicon v0.12.8
[INFO] [stderr]    Compiling heck v0.4.1
[INFO] [stderr]    Compiling smallvec v1.11.0
[INFO] [stderr]    Compiling pkg-config v0.3.27
[INFO] [stderr]    Compiling version-compare v0.1.1
[INFO] [stderr]    Compiling proc-macro2 v1.0.63
[INFO] [stderr]    Compiling unicode-ident v1.0.10
[INFO] [stderr]    Compiling quote v1.0.29
[INFO] [stderr]    Compiling libc v0.2.147
[INFO] [stderr]    Compiling proc-macro-error-attr v1.0.4
[INFO] [stderr]    Compiling indexmap v2.0.0
[INFO] [stderr]    Compiling syn v1.0.109
[INFO] [stderr]    Compiling futures-core v0.3.28
[INFO] [stderr]    Compiling cfg-expr v0.15.3
[INFO] [stderr]    Compiling slab v0.4.8
[INFO] [stderr]    Compiling syn v2.0.23
[INFO] [stderr]    Compiling proc-macro-error v1.0.4
[INFO] [stderr]    Compiling anyhow v1.0.71
[INFO] [stderr]    Compiling futures-task v0.3.28
[INFO] [stderr]    Compiling thiserror v1.0.43
[INFO] [stderr]    Compiling once_cell v1.18.0
[INFO] [stderr]    Compiling futures-util v0.3.28
[INFO] [stderr]     Checking pin-project-lite v0.2.10
[INFO] [stderr]    Compiling futures-channel v0.3.28
[INFO] [stderr]     Checking bitflags v1.3.2
[INFO] [stderr]    Compiling semver v1.0.17
[INFO] [stderr]    Compiling gio v0.17.10
[INFO] [stderr]     Checking bitflags v2.3.3
[INFO] [stderr]     Checking futures-io v0.3.28
[INFO] [stderr]    Compiling rustix v0.38.3
[INFO] [stderr]    Compiling memoffset v0.9.0
[INFO] [stderr]     Checking linux-raw-sys v0.4.3
[INFO] [stderr]     Checking ryu v1.0.14
[INFO] [stderr]     Checking itoa v1.0.8
[INFO] [stderr]    Compiling rustc_version v0.4.0
[INFO] [stderr]    Compiling serde_json v1.0.100
[INFO] [stderr]     Checking utf8parse v0.2.1
[INFO] [stderr]    Compiling toml_datetime v0.6.3
[INFO] [stderr]    Compiling serde_spanned v0.6.3
[INFO] [stderr]     Checking anstyle-parse v0.2.1
[INFO] [stderr]    Compiling toml_edit v0.19.12
[INFO] [stderr]    Compiling field-offset v0.3.6
[INFO] [stderr]    Compiling gtk v0.17.1
[INFO] [stderr]    Compiling uncased v0.9.9
[INFO] [stderr]     Checking anstyle v1.0.1
[INFO] [stderr]     Checking colorchoice v1.0.0
[INFO] [stderr]     Checking anstyle-query v1.0.0
[INFO] [stderr]    Compiling figment v0.10.10
[INFO] [stderr]     Checking unsafe-libyaml v0.2.8
[INFO] [stderr]     Checking clap_lex v0.5.0
[INFO] [stderr]     Checking is-terminal v0.4.9
[INFO] [stderr]     Checking anstream v0.3.2
[INFO] [stderr]     Checking strsim v0.10.0
[INFO] [stderr]     Checking clap_builder v4.3.11
[INFO] [stderr]     Checking home v0.5.5
[INFO] [stderr]     Checking xdg v2.5.0
[INFO] [stderr]    Compiling toml v0.7.6
[INFO] [stderr]    Compiling proc-macro-crate v1.3.1
[INFO] [stderr]    Compiling thiserror-impl v1.0.43
[INFO] [stderr]    Compiling futures-macro v0.3.28
[INFO] [stderr]    Compiling serde_derive v1.0.167
[INFO] [stderr]    Compiling clap_derive v4.3.2
[INFO] [stderr]    Compiling system-deps v6.1.1
[INFO] [stderr]    Compiling glib-macros v0.17.10
[INFO] [stderr]    Compiling glib-sys v0.17.10
[INFO] [stderr]    Compiling gobject-sys v0.17.10
[INFO] [stderr]    Compiling gio-sys v0.17.10
[INFO] [stderr]    Compiling gdk-sys v0.17.0
[INFO] [stderr]    Compiling atk-sys v0.17.0
[INFO] [stderr]    Compiling pango-sys v0.17.10
[INFO] [stderr]    Compiling gdk-pixbuf-sys v0.17.10
[INFO] [stderr]    Compiling cairo-sys-rs v0.17.10
[INFO] [stderr]    Compiling gtk-sys v0.17.0
[INFO] [stderr]    Compiling gtk-layer-shell-sys v0.6.0
[INFO] [stderr]    Compiling gtk3-macros v0.17.1
[INFO] [stderr]     Checking clap v4.3.11
[INFO] [stderr] The following warnings were emitted during compilation:
[INFO] [stderr] 
[INFO] [stderr] warning: gtk-layer-shell-sys@0.6.0: `PKG_CONFIG_ALLOW_SYSTEM_CFLAGS="1" "pkg-config" "--libs" "--cflags" "gtk-layer-shell-0" "gtk-layer-shell-0 >= 0.6"` did not exit successfully: exit status: 1
[INFO] [stderr] 
[INFO] [stderr] error: failed to run custom build command for `gtk-layer-shell-sys v0.6.0`
[INFO] [stderr] note: To improve backtraces for build dependencies, set the CARGO_PROFILE_DEV_BUILD_OVERRIDE_DEBUG=true environment variable to enable debug information generation.
[INFO] [stderr] 
[INFO] [stderr] Caused by:
[INFO] [stderr]   process didn't exit successfully: `/opt/rustwide/target/debug/build/gtk-layer-shell-sys-d993975dd5af4396/build-script-build` (exit status: 1)
[INFO] [stderr]   --- stdout
[INFO] [stderr]   cargo:rerun-if-env-changed=GTK_LAYER_SHELL_0_NO_PKG_CONFIG
[INFO] [stderr]   cargo:rerun-if-env-changed=PKG_CONFIG_x86_64-unknown-linux-gnu
[INFO] [stderr]   cargo:rerun-if-env-changed=PKG_CONFIG_x86_64_unknown_linux_gnu
[INFO] [stderr]   cargo:rerun-if-env-changed=HOST_PKG_CONFIG
[INFO] [stderr]   cargo:rerun-if-env-changed=PKG_CONFIG
[INFO] [stderr]   cargo:rerun-if-env-changed=PKG_CONFIG_PATH_x86_64-unknown-linux-gnu
[INFO] [stderr]   cargo:rerun-if-env-changed=PKG_CONFIG_PATH_x86_64_unknown_linux_gnu
[INFO] [stderr]   cargo:rerun-if-env-changed=HOST_PKG_CONFIG_PATH
[INFO] [stderr]   cargo:rerun-if-env-changed=PKG_CONFIG_PATH
[INFO] [stderr]   cargo:rerun-if-env-changed=PKG_CONFIG_LIBDIR_x86_64-unknown-linux-gnu
[INFO] [stderr]   cargo:rerun-if-env-changed=PKG_CONFIG_LIBDIR_x86_64_unknown_linux_gnu
[INFO] [stderr]   cargo:rerun-if-env-changed=HOST_PKG_CONFIG_LIBDIR
[INFO] [stderr]   cargo:rerun-if-env-changed=PKG_CONFIG_LIBDIR
[INFO] [stderr]   cargo:rerun-if-env-changed=PKG_CONFIG_SYSROOT_DIR_x86_64-unknown-linux-gnu
[INFO] [stderr]   cargo:rerun-if-env-changed=PKG_CONFIG_SYSROOT_DIR_x86_64_unknown_linux_gnu
[INFO] [stderr]   cargo:rerun-if-env-changed=HOST_PKG_CONFIG_SYSROOT_DIR
[INFO] [stderr]   cargo:rerun-if-env-changed=PKG_CONFIG_SYSROOT_DIR
[INFO] [stderr]   cargo:warning=`PKG_CONFIG_ALLOW_SYSTEM_CFLAGS="1" "pkg-config" "--libs" "--cflags" "gtk-layer-shell-0" "gtk-layer-shell-0 >= 0.6"` did not exit successfully: exit status: 1
[INFO] [stderr]   error: could not find system library 'gtk-layer-shell-0' required by the 'gtk-layer-shell-sys' crate
[INFO] [stderr] 
[INFO] [stderr]   --- stderr
[INFO] [stderr]   Package gtk-layer-shell-0 was not found in the pkg-config search path.
[INFO] [stderr]   Perhaps you should add the directory containing `gtk-layer-shell-0.pc'
[INFO] [stderr]   to the PKG_CONFIG_PATH environment variable
[INFO] [stderr]   No package 'gtk-layer-shell-0' found
[INFO] [stderr]   Package gtk-layer-shell-0 was not found in the pkg-config search path.
[INFO] [stderr]   Perhaps you should add the directory containing `gtk-layer-shell-0.pc'
[INFO] [stderr]   to the PKG_CONFIG_PATH environment variable
[INFO] [stderr]   No package 'gtk-layer-shell-0' found
[INFO] [stderr] 
[INFO] [stderr] warning: build failed, waiting for other jobs to finish...
[INFO] running `Command { std: "docker" "inspect" "139ef80834ce513f5d5862c8144bc2f70e8f193a882c5cf8cebc0d662a18a368", kill_on_drop: false }`
[INFO] running `Command { std: "docker" "rm" "-f" "139ef80834ce513f5d5862c8144bc2f70e8f193a882c5cf8cebc0d662a18a368", kill_on_drop: false }`
[INFO] [stdout] 139ef80834ce513f5d5862c8144bc2f70e8f193a882c5cf8cebc0d662a18a368
