[INFO] cloning repository https://github.com/drewstaylor/cw-popmg
[INFO] running `Command { std: "git" "-c" "credential.helper=" "-c" "credential.helper=/workspace/cargo-home/bin/git-credential-null" "clone" "--bare" "https://github.com/drewstaylor/cw-popmg" "/workspace/cache/git-repos/https%3A%2F%2Fgithub.com%2Fdrewstaylor%2Fcw-popmg", kill_on_drop: false }`
[INFO] [stderr] Cloning into bare repository '/workspace/cache/git-repos/https%3A%2F%2Fgithub.com%2Fdrewstaylor%2Fcw-popmg'...
[INFO] running `Command { std: "git" "rev-parse" "HEAD", kill_on_drop: false }`
[INFO] [stdout] 8310c9602561547edebfd6abae86c19652e493e5
[INFO] checking drewstaylor/cw-popmg against nightly-2024-02-05 for check-cfg
[INFO] running `Command { std: "git" "clone" "/workspace/cache/git-repos/https%3A%2F%2Fgithub.com%2Fdrewstaylor%2Fcw-popmg" "/workspace/builds/worker-5-tc1/source", kill_on_drop: false }`
[INFO] [stderr] Cloning into '/workspace/builds/worker-5-tc1/source'...
[INFO] [stderr] done.
[INFO] validating manifest of git repo https://github.com/drewstaylor/cw-popmg on toolchain nightly-2024-02-05
[INFO] running `Command { std: CARGO_HOME="/workspace/cargo-home" RUSTUP_HOME="/workspace/rustup-home" "/workspace/cargo-home/bin/cargo" "+nightly-2024-02-05" "metadata" "--manifest-path" "Cargo.toml" "--no-deps", kill_on_drop: false }`
[INFO] removed /workspace/builds/worker-5-tc1/source/.cargo/config
[INFO] started tweaking git repo https://github.com/drewstaylor/cw-popmg
[INFO] finished tweaking git repo https://github.com/drewstaylor/cw-popmg
[INFO] tweaked toml for git repo https://github.com/drewstaylor/cw-popmg written to /workspace/builds/worker-5-tc1/source/Cargo.toml
[INFO] crate git repo https://github.com/drewstaylor/cw-popmg already has a lockfile, it will not be regenerated
[INFO] running `Command { std: CARGO_HOME="/workspace/cargo-home" RUSTUP_HOME="/workspace/rustup-home" "/workspace/cargo-home/bin/cargo" "+nightly-2024-02-05" "fetch" "--manifest-path" "Cargo.toml", kill_on_drop: false }`
[INFO] [stderr]     Updating crates.io index
[INFO] [stderr]  Downloading crates ...
[INFO] [stderr]   Downloaded cw2 v0.14.0
[INFO] [stderr]   Downloaded cw-storage-plus v0.14.0
[INFO] [stderr]   Downloaded recur-fn v2.2.0
[INFO] running `Command { std: "docker" "create" "-v" "/var/lib/crater-agent-workspace/builds/worker-5-tc1/target:/opt/rustwide/target:rw,Z" "-v" "/var/lib/crater-agent-workspace/builds/worker-5-tc1/source:/opt/rustwide/workdir:ro,Z" "-v" "/var/lib/crater-agent-workspace/cargo-home:/opt/rustwide/cargo-home:ro,Z" "-v" "/var/lib/crater-agent-workspace/rustup-home:/opt/rustwide/rustup-home:ro,Z" "-e" "SOURCE_DIR=/opt/rustwide/workdir" "-e" "CARGO_TARGET_DIR=/opt/rustwide/target" "-e" "CARGO_HOME=/opt/rustwide/cargo-home" "-e" "RUSTUP_HOME=/opt/rustwide/rustup-home" "-w" "/opt/rustwide/workdir" "-m" "1610612736" "--user" "0:0" "--network" "none" "ghcr.io/rust-lang/crates-build-env/linux@sha256:2788e3201cd34a07e3172128adcd8b3090168a8e3bcc40d7c032b9dda1df7d1c" "/opt/rustwide/cargo-home/bin/cargo" "+nightly-2024-02-05" "metadata" "--no-deps" "--format-version=1", kill_on_drop: false }`
[INFO] [stdout] 7294d1d7f180696bae190e48c76038203e9f6195dadc6202ea28ffdcac7e63fb
[INFO] running `Command { std: "docker" "start" "-a" "7294d1d7f180696bae190e48c76038203e9f6195dadc6202ea28ffdcac7e63fb", kill_on_drop: false }`
[INFO] running `Command { std: "docker" "inspect" "7294d1d7f180696bae190e48c76038203e9f6195dadc6202ea28ffdcac7e63fb", kill_on_drop: false }`
[INFO] running `Command { std: "docker" "rm" "-f" "7294d1d7f180696bae190e48c76038203e9f6195dadc6202ea28ffdcac7e63fb", kill_on_drop: false }`
[INFO] [stdout] 7294d1d7f180696bae190e48c76038203e9f6195dadc6202ea28ffdcac7e63fb
[INFO] running `Command { std: "docker" "create" "-v" "/var/lib/crater-agent-workspace/builds/worker-5-tc1/target:/opt/rustwide/target:rw,Z" "-v" "/var/lib/crater-agent-workspace/builds/worker-5-tc1/source:/opt/rustwide/workdir:ro,Z" "-v" "/var/lib/crater-agent-workspace/cargo-home:/opt/rustwide/cargo-home:ro,Z" "-v" "/var/lib/crater-agent-workspace/rustup-home:/opt/rustwide/rustup-home:ro,Z" "-e" "SOURCE_DIR=/opt/rustwide/workdir" "-e" "CARGO_TARGET_DIR=/opt/rustwide/target" "-e" "CARGO_INCREMENTAL=0" "-e" "RUST_BACKTRACE=full" "-e" "RUSTFLAGS=--cap-lints=forbid" "-e" "RUSTDOCFLAGS=--cap-lints=forbid" "-e" "CARGO_HOME=/opt/rustwide/cargo-home" "-e" "RUSTUP_HOME=/opt/rustwide/rustup-home" "-w" "/opt/rustwide/workdir" "-m" "1610612736" "--user" "0:0" "--network" "none" "ghcr.io/rust-lang/crates-build-env/linux@sha256:2788e3201cd34a07e3172128adcd8b3090168a8e3bcc40d7c032b9dda1df7d1c" "/opt/rustwide/cargo-home/bin/cargo" "+nightly-2024-02-05" "check" "--frozen" "--all" "--all-targets" "--message-format=json", kill_on_drop: false }`
[INFO] [stdout] 1092979024e8f742d4736fa21a6d00a84ba10924f727662aa4a9f809674f65d4
[INFO] running `Command { std: "docker" "start" "-a" "1092979024e8f742d4736fa21a6d00a84ba10924f727662aa4a9f809674f65d4", kill_on_drop: false }`
[INFO] [stderr]    Compiling version_check v0.9.4
[INFO] [stderr]     Checking zeroize v1.6.0
[INFO] [stderr]    Compiling typenum v1.17.0
[INFO] [stderr]    Compiling proc-macro2 v1.0.69
[INFO] [stderr]    Compiling unicode-ident v1.0.12
[INFO] [stderr]     Checking cfg-if v1.0.0
[INFO] [stderr]     Checking subtle v2.5.0
[INFO] [stderr]    Compiling libc v0.2.149
[INFO] [stderr]     Checking const-oid v0.9.5
[INFO] [stderr]    Compiling serde v1.0.190
[INFO] [stderr]    Compiling syn v1.0.109
[INFO] [stderr]     Checking der v0.7.8
[INFO] [stderr]     Checking base16ct v0.2.0
[INFO] [stderr]    Compiling generic-array v0.14.7
[INFO] [stderr]    Compiling ahash v0.7.7
[INFO] [stderr]     Checking once_cell v1.18.0
[INFO] [stderr]     Checking cpufeatures v0.2.11
[INFO] [stderr]     Checking byteorder v1.5.0
[INFO] [stderr]    Compiling serde_json v1.0.108
[INFO] [stderr]     Checking opaque-debug v0.3.0
[INFO] [stderr]     Checking itoa v1.0.9
[INFO] [stderr]     Checking rand_core v0.5.1
[INFO] [stderr]    Compiling crunchy v0.2.2
[INFO] [stderr]    Compiling thiserror v1.0.50
[INFO] [stderr]    Compiling quote v1.0.33
[INFO] [stderr]     Checking ryu v1.0.15
[INFO] [stderr]    Compiling syn v2.0.38
[INFO] [stderr]     Checking hex v0.4.3
[INFO] [stderr]     Checking getrandom v0.2.10
[INFO] [stderr]    Compiling schemars v0.8.15
[INFO] [stderr]     Checking spki v0.7.2
[INFO] [stderr]     Checking rand_core v0.6.4
[INFO] [stderr]     Checking dyn-clone v1.0.16
[INFO] [stderr]     Checking ff v0.13.0
[INFO] [stderr]     Checking hashbrown v0.12.3
[INFO] [stderr]     Checking pkcs8 v0.10.2
[INFO] [stderr]     Checking static_assertions v1.1.0
[INFO] [stderr]     Checking group v0.13.0
[INFO] [stderr]     Checking uint v0.9.5
[INFO] [stderr]     Checking forward_ref v1.0.0
[INFO] [stderr]     Checking base64 v0.13.1
[INFO] [stderr]    Compiling arrayvec v0.4.12
[INFO] [stderr]     Checking nodrop v0.1.14
[INFO] [stderr]     Checking constant_time_eq v0.1.5
[INFO] [stderr]     Checking recur-fn v2.2.0
[INFO] [stderr]     Checking block-buffer v0.10.4
[INFO] [stderr]     Checking crypto-common v0.1.6
[INFO] [stderr]     Checking sec1 v0.7.3
[INFO] [stderr]     Checking crypto-bigint v0.5.3
[INFO] [stderr]     Checking digest v0.9.0
[INFO] [stderr]     Checking block-buffer v0.9.0
[INFO] [stderr]     Checking curve25519-dalek v3.2.0
[INFO] [stderr]     Checking sha2 v0.9.9
[INFO] [stderr]     Checking digest v0.10.7
[INFO] [stderr]     Checking hmac v0.12.1
[INFO] [stderr]     Checking signature v2.1.0
[INFO] [stderr]     Checking rfc6979 v0.4.0
[INFO] [stderr]     Checking sha2 v0.10.8
[INFO] [stderr]     Checking blake2-rfc v0.2.18
[INFO] [stderr]    Compiling serde_derive v1.0.190
[INFO] [stderr]    Compiling thiserror-impl v1.0.50
[INFO] [stderr]     Checking elliptic-curve v0.13.6
[INFO] [stderr]    Compiling serde_derive_internals v0.26.0
[INFO] [stderr]     Checking ecdsa v0.16.8
[INFO] [stderr]     Checking k256 v0.13.1
[INFO] [stderr]    Compiling schemars_derive v0.8.15
[INFO] [stderr]    Compiling cosmwasm-derive v1.5.0
[INFO] [stderr]     Checking ed25519-zebra v3.1.0
[INFO] [stderr]     Checking serde-json-wasm v0.4.1
[INFO] [stderr]     Checking cosmwasm-crypto v1.5.0
[INFO] [stdout] error: failed to write to `/opt/rustwide/target/debug/deps/rmetascqqtn/lib.rmeta`: No space left on device (os error 28)
[INFO] [stdout] 
[INFO] [stdout] 
[INFO] [stderr] error: could not compile `schemars` (lib) due to 1 previous error
[INFO] running `Command { std: "docker" "inspect" "1092979024e8f742d4736fa21a6d00a84ba10924f727662aa4a9f809674f65d4", kill_on_drop: false }`
[INFO] running `Command { std: "docker" "rm" "-f" "1092979024e8f742d4736fa21a6d00a84ba10924f727662aa4a9f809674f65d4", kill_on_drop: false }`
[INFO] [stdout] 1092979024e8f742d4736fa21a6d00a84ba10924f727662aa4a9f809674f65d4
[INFO] checking drewstaylor/cw-popmg against nightly-2024-02-05+rustflags=-Dunexpected_cfgs+cargoflags=-Zcheck-cfg for check-cfg
[INFO] running `Command { std: "git" "clone" "/workspace/cache/git-repos/https%3A%2F%2Fgithub.com%2Fdrewstaylor%2Fcw-popmg" "/workspace/builds/worker-5-tc2/source", kill_on_drop: false }`
[INFO] [stderr] Cloning into '/workspace/builds/worker-5-tc2/source'...
[INFO] [stderr] done.
[INFO] validating manifest of git repo https://github.com/drewstaylor/cw-popmg on toolchain nightly-2024-02-05
[INFO] running `Command { std: CARGO_HOME="/workspace/cargo-home" RUSTUP_HOME="/workspace/rustup-home" "/workspace/cargo-home/bin/cargo" "+nightly-2024-02-05" "metadata" "--manifest-path" "Cargo.toml" "--no-deps", kill_on_drop: false }`
[INFO] removed /workspace/builds/worker-5-tc2/source/.cargo/config
[INFO] started tweaking git repo https://github.com/drewstaylor/cw-popmg
[INFO] finished tweaking git repo https://github.com/drewstaylor/cw-popmg
[INFO] tweaked toml for git repo https://github.com/drewstaylor/cw-popmg written to /workspace/builds/worker-5-tc2/source/Cargo.toml
[INFO] crate git repo https://github.com/drewstaylor/cw-popmg already has a lockfile, it will not be regenerated
[INFO] running `Command { std: CARGO_HOME="/workspace/cargo-home" RUSTUP_HOME="/workspace/rustup-home" "/workspace/cargo-home/bin/cargo" "+nightly-2024-02-05" "fetch" "--manifest-path" "Cargo.toml", kill_on_drop: false }`
[INFO] checking drewstaylor/cw-popmg against nightly-2024-02-05+rustflags=-Dunexpected_cfgs+cargoflags=-Zcheck-cfg for check-cfg
[INFO] running `Command { std: "git" "clone" "/workspace/cache/git-repos/https%3A%2F%2Fgithub.com%2Fdrewstaylor%2Fcw-popmg" "/workspace/builds/worker-5-tc2/source", kill_on_drop: false }`
[INFO] [stderr] fatal: could not create work tree dir '/workspace/builds/worker-5-tc2/source': No space left on device
[INFO] checking drewstaylor/cw-popmg against nightly-2024-02-05+rustflags=-Dunexpected_cfgs+cargoflags=-Zcheck-cfg for check-cfg
[INFO] running `Command { std: "git" "clone" "/workspace/cache/git-repos/https%3A%2F%2Fgithub.com%2Fdrewstaylor%2Fcw-popmg" "/workspace/builds/worker-5-tc2/source", kill_on_drop: false }`
[INFO] [stderr] fatal: could not create work tree dir '/workspace/builds/worker-5-tc2/source': No space left on device
[INFO] checking drewstaylor/cw-popmg against nightly-2024-02-05+rustflags=-Dunexpected_cfgs+cargoflags=-Zcheck-cfg for check-cfg
[INFO] running `Command { std: "git" "clone" "/workspace/cache/git-repos/https%3A%2F%2Fgithub.com%2Fdrewstaylor%2Fcw-popmg" "/workspace/builds/worker-5-tc2/source", kill_on_drop: false }`
[INFO] [stderr] fatal: could not create work tree dir '/workspace/builds/worker-5-tc2/source': No space left on device
[INFO] checking drewstaylor/cw-popmg against nightly-2024-02-05+rustflags=-Dunexpected_cfgs+cargoflags=-Zcheck-cfg for check-cfg
[INFO] running `Command { std: "git" "clone" "/workspace/cache/git-repos/https%3A%2F%2Fgithub.com%2Fdrewstaylor%2Fcw-popmg" "/workspace/builds/worker-5-tc2/source", kill_on_drop: false }`
[INFO] [stderr] fatal: could not create work tree dir '/workspace/builds/worker-5-tc2/source': No space left on device
[ERROR] this task or one of its parent failed!
[ERROR] failed to checkout https://github.com/drewstaylor/cw-popmg
[ERROR] caused by: command failed: exit status: 128
[ERROR] note: run with `RUST_BACKTRACE=1` to display a backtrace.
