[INFO] cloning repository https://github.com/doyoubi/mylint-rs
[INFO] running `Command { std: "git" "-c" "credential.helper=" "-c" "credential.helper=/workspace/cargo-home/bin/git-credential-null" "clone" "--bare" "https://github.com/doyoubi/mylint-rs" "/workspace/cache/git-repos/https%3A%2F%2Fgithub.com%2Fdoyoubi%2Fmylint-rs", kill_on_drop: false }`
[INFO] [stderr] Cloning into bare repository '/workspace/cache/git-repos/https%3A%2F%2Fgithub.com%2Fdoyoubi%2Fmylint-rs'...
[INFO] running `Command { std: "git" "rev-parse" "HEAD", kill_on_drop: false }`
[INFO] [stdout] 391322bdb63d5c36777415af7489ef8136e1153f
[INFO] checking doyoubi/mylint-rs against nightly-2024-02-05 for check-cfg
[INFO] running `Command { std: "git" "clone" "/workspace/cache/git-repos/https%3A%2F%2Fgithub.com%2Fdoyoubi%2Fmylint-rs" "/workspace/builds/worker-1-tc1/source", kill_on_drop: false }`
[INFO] [stderr] Cloning into '/workspace/builds/worker-1-tc1/source'...
[INFO] [stderr] done.
[INFO] validating manifest of git repo https://github.com/doyoubi/mylint-rs on toolchain nightly-2024-02-05
[INFO] running `Command { std: CARGO_HOME="/workspace/cargo-home" RUSTUP_HOME="/workspace/rustup-home" "/workspace/cargo-home/bin/cargo" "+nightly-2024-02-05" "metadata" "--manifest-path" "Cargo.toml" "--no-deps", kill_on_drop: false }`
[INFO] removed /workspace/builds/worker-1-tc1/source/rust-toolchain
[INFO] started tweaking git repo https://github.com/doyoubi/mylint-rs
[INFO] finished tweaking git repo https://github.com/doyoubi/mylint-rs
[INFO] tweaked toml for git repo https://github.com/doyoubi/mylint-rs written to /workspace/builds/worker-1-tc1/source/Cargo.toml
[INFO] crate git repo https://github.com/doyoubi/mylint-rs already has a lockfile, it will not be regenerated
[INFO] running `Command { std: CARGO_HOME="/workspace/cargo-home" RUSTUP_HOME="/workspace/rustup-home" "/workspace/cargo-home/bin/cargo" "+nightly-2024-02-05" "fetch" "--manifest-path" "Cargo.toml", kill_on_drop: false }`
[INFO] [stderr]     Blocking waiting for file lock on package cache
[ERROR] error running command: no output for 300 seconds
[ERROR] this task or one of its parent failed!
[ERROR] no output for 300 seconds
[ERROR] note: run with `RUST_BACKTRACE=1` to display a backtrace.
[INFO] checking doyoubi/mylint-rs against nightly-2024-02-05+rustflags=-Dunexpected_cfgs+cargoflags=-Zcheck-cfg for check-cfg
[INFO] running `Command { std: "git" "clone" "/workspace/cache/git-repos/https%3A%2F%2Fgithub.com%2Fdoyoubi%2Fmylint-rs" "/workspace/builds/worker-1-tc2/source", kill_on_drop: false }`
[INFO] [stderr] Cloning into '/workspace/builds/worker-1-tc2/source'...
[INFO] [stderr] done.
[INFO] validating manifest of git repo https://github.com/doyoubi/mylint-rs on toolchain nightly-2024-02-05
[INFO] running `Command { std: CARGO_HOME="/workspace/cargo-home" RUSTUP_HOME="/workspace/rustup-home" "/workspace/cargo-home/bin/cargo" "+nightly-2024-02-05" "metadata" "--manifest-path" "Cargo.toml" "--no-deps", kill_on_drop: false }`
[INFO] removed /workspace/builds/worker-1-tc2/source/rust-toolchain
[INFO] started tweaking git repo https://github.com/doyoubi/mylint-rs
[INFO] finished tweaking git repo https://github.com/doyoubi/mylint-rs
[INFO] tweaked toml for git repo https://github.com/doyoubi/mylint-rs written to /workspace/builds/worker-1-tc2/source/Cargo.toml
[INFO] crate git repo https://github.com/doyoubi/mylint-rs already has a lockfile, it will not be regenerated
[INFO] running `Command { std: CARGO_HOME="/workspace/cargo-home" RUSTUP_HOME="/workspace/rustup-home" "/workspace/cargo-home/bin/cargo" "+nightly-2024-02-05" "fetch" "--manifest-path" "Cargo.toml", kill_on_drop: false }`
[INFO] [stderr]     Blocking waiting for file lock on package cache
[INFO] [stderr]     Updating crates.io index
[INFO] [stderr]     Blocking waiting for file lock on package cache
[INFO] [stderr]  Downloading crates ...
[INFO] [stderr]   Downloaded tree-sitter v0.6.3
[INFO] [stderr]   Downloaded structopt-derive v0.4.4
[INFO] [stderr]   Downloaded scan_dir v0.3.3
[INFO] [stderr]   Downloaded structopt v0.3.11
[INFO] [stderr]   Downloaded regex-syntax v0.6.16
[INFO] running `Command { std: "docker" "create" "-v" "/var/lib/crater-agent-workspace/builds/worker-1-tc2/target:/opt/rustwide/target:rw,Z" "-v" "/var/lib/crater-agent-workspace/builds/worker-1-tc2/source:/opt/rustwide/workdir:ro,Z" "-v" "/var/lib/crater-agent-workspace/cargo-home:/opt/rustwide/cargo-home:ro,Z" "-v" "/var/lib/crater-agent-workspace/rustup-home:/opt/rustwide/rustup-home:ro,Z" "-e" "SOURCE_DIR=/opt/rustwide/workdir" "-e" "CARGO_TARGET_DIR=/opt/rustwide/target" "-e" "CARGO_HOME=/opt/rustwide/cargo-home" "-e" "RUSTUP_HOME=/opt/rustwide/rustup-home" "-w" "/opt/rustwide/workdir" "-m" "1610612736" "--user" "0:0" "--network" "none" "ghcr.io/rust-lang/crates-build-env/linux@sha256:2788e3201cd34a07e3172128adcd8b3090168a8e3bcc40d7c032b9dda1df7d1c" "/opt/rustwide/cargo-home/bin/cargo" "+nightly-2024-02-05" "metadata" "--no-deps" "--format-version=1", kill_on_drop: false }`
[INFO] [stdout] c75c8942973f4292fb51d033f0e060f99b0421231b3f42d9885bc08b375923fc
[INFO] running `Command { std: "docker" "start" "-a" "c75c8942973f4292fb51d033f0e060f99b0421231b3f42d9885bc08b375923fc", kill_on_drop: false }`
[INFO] running `Command { std: "docker" "inspect" "c75c8942973f4292fb51d033f0e060f99b0421231b3f42d9885bc08b375923fc", kill_on_drop: false }`
[INFO] running `Command { std: "docker" "rm" "-f" "c75c8942973f4292fb51d033f0e060f99b0421231b3f42d9885bc08b375923fc", kill_on_drop: false }`
[INFO] [stdout] c75c8942973f4292fb51d033f0e060f99b0421231b3f42d9885bc08b375923fc
[INFO] running `Command { std: "docker" "create" "-v" "/var/lib/crater-agent-workspace/builds/worker-1-tc2/target:/opt/rustwide/target:rw,Z" "-v" "/var/lib/crater-agent-workspace/builds/worker-1-tc2/source:/opt/rustwide/workdir:ro,Z" "-v" "/var/lib/crater-agent-workspace/cargo-home:/opt/rustwide/cargo-home:ro,Z" "-v" "/var/lib/crater-agent-workspace/rustup-home:/opt/rustwide/rustup-home:ro,Z" "-e" "SOURCE_DIR=/opt/rustwide/workdir" "-e" "CARGO_TARGET_DIR=/opt/rustwide/target" "-e" "CARGO_INCREMENTAL=0" "-e" "RUST_BACKTRACE=full" "-e" "RUSTFLAGS=--cap-lints=forbid -Dunexpected_cfgs" "-e" "RUSTDOCFLAGS=--cap-lints=forbid" "-e" "CARGO_HOME=/opt/rustwide/cargo-home" "-e" "RUSTUP_HOME=/opt/rustwide/rustup-home" "-w" "/opt/rustwide/workdir" "-m" "1610612736" "--user" "0:0" "--network" "none" "ghcr.io/rust-lang/crates-build-env/linux@sha256:2788e3201cd34a07e3172128adcd8b3090168a8e3bcc40d7c032b9dda1df7d1c" "/opt/rustwide/cargo-home/bin/cargo" "+nightly-2024-02-05" "check" "--frozen" "--all" "--all-targets" "--message-format=json" "-Zcheck-cfg", kill_on_drop: false }`
[INFO] [stdout] c1c8986ed6c8fbb711ea99b80edcb930d4f0ef7817743003f5b18710e2887fa3
[INFO] running `Command { std: "docker" "start" "-a" "c1c8986ed6c8fbb711ea99b80edcb930d4f0ef7817743003f5b18710e2887fa3", kill_on_drop: false }`
[INFO] [stderr]    Compiling libc v0.2.67
[INFO] [stderr]    Compiling cc v1.0.50
[INFO] [stderr]    Compiling proc-macro2 v1.0.9
[INFO] [stderr]    Compiling unicode-xid v0.2.0
[INFO] [stderr]    Compiling cfg-if v0.1.10
[INFO] [stderr]    Compiling log v0.4.8
[INFO] [stderr]    Compiling syn v1.0.16
[INFO] [stderr]    Compiling glob v0.3.0
[INFO] [stderr]    Compiling nom v4.2.3
[INFO] [stderr]    Compiling proc-macro2 v0.4.30
[INFO] [stderr]    Compiling lazy_static v1.4.0
[INFO] [stderr]    Compiling rustc-demangle v0.1.16
[INFO] [stderr]    Compiling thread_local v1.0.1
[INFO] [stderr]    Compiling aho-corasick v0.7.9
[INFO] [stderr]    Compiling clang-sys v0.28.1
[INFO] [stderr]    Compiling quick-error v1.2.3
[INFO] [stderr]    Compiling unicode-xid v0.1.0
[INFO] [stderr]    Compiling regex-syntax v0.6.16
[INFO] [stderr]    Compiling unicode-width v0.1.7
[INFO] [stderr]    Compiling atty v0.2.14
[INFO] [stderr]    Compiling version_check v0.9.1
[INFO] [stderr]    Compiling textwrap v0.11.0
[INFO] [stderr]    Compiling humantime v1.3.0
[INFO] [stderr]    Compiling backtrace-sys v0.1.33
[INFO] [stderr]    Compiling libloading v0.5.2
[INFO] [stderr]    Compiling quote v1.0.3
[INFO] [stderr]    Compiling bitflags v1.2.1
[INFO] [stderr]    Compiling byteorder v1.3.4
[INFO] [stderr]    Compiling ansi_term v0.11.0
[INFO] [stderr]    Compiling bindgen v0.50.1
[INFO] [stderr]    Compiling vec_map v0.8.1
[INFO] [stderr]    Compiling termcolor v1.1.0
[INFO] [stderr]    Compiling serde v1.0.104
[INFO] [stderr]    Compiling strsim v0.8.0
[INFO] [stderr]    Compiling fxhash v0.2.1
[INFO] [stderr]    Compiling cexpr v0.3.6
[INFO] [stderr]    Compiling backtrace v0.3.45
[INFO] [stderr]    Compiling clap v2.33.0
[INFO] [stderr]    Compiling quote v0.6.13
[INFO] [stderr]    Compiling failure v0.1.7
[INFO] [stderr]    Compiling regex v1.3.4
[INFO] [stderr]    Compiling which v2.0.1
[INFO] [stderr]    Compiling peeking_take_while v0.1.2
[INFO] [stderr]    Compiling shlex v0.1.1
[INFO] [stderr]    Compiling proc-macro-error-attr v0.4.11
[INFO] [stderr]    Compiling ryu v1.0.2
[INFO] [stderr]    Compiling pkg-config v0.3.17
[INFO] [stderr]    Compiling proc-macro-error v0.4.11
[INFO] [stderr]    Compiling env_logger v0.6.2
[INFO] [stderr]    Compiling syn-mid v0.5.0
[INFO] [stderr]     Checking safemem v0.3.3
[INFO] [stderr]     Checking itoa v0.4.5
[INFO] [stderr]     Checking adler32 v1.0.4
[INFO] [stderr]     Checking miniz_oxide v0.3.6
[INFO] [stderr]     Checking line-wrap v0.1.1
[INFO] [stderr]     Checking base64 v0.10.1
[INFO] [stderr]    Compiling tree-sitter v0.6.3
[INFO] [stderr]     Checking serde_json v1.0.48
[INFO] [stderr]     Checking linked-hash-map v0.5.2
[INFO] [stderr]     Checking xml-rs v0.8.0
[INFO] [stderr]     Checking same-file v1.0.6
[INFO] [stderr]     Checking yaml-rust v0.4.3
[INFO] [stderr]     Checking walkdir v2.3.1
[INFO] [stderr]    Compiling serde_derive v1.0.104
[INFO] [stderr]     Checking plist v0.4.2
[INFO] [stderr]     Checking bincode v1.2.1
[INFO] [stderr]     Checking flate2 v1.0.13
[INFO] [stderr]    Compiling mylint-rs v0.1.0 (/opt/rustwide/workdir)
[INFO] [stderr]     Checking lazycell v1.2.1
[INFO] [stderr]     Checking fnv v1.0.6
[INFO] [stderr]     Checking scan_dir v0.3.3
[INFO] [stderr]     Checking ansi_term v0.12.1
[INFO] [stderr] The following warnings were emitted during compilation:
[INFO] [stderr] 
[INFO] [stderr] warning: mylint-rs@0.1.0: cc1: fatal error: tree-sitter-rust/src/parser.c: No such file or directory
[INFO] [stderr] warning: mylint-rs@0.1.0: compilation terminated.
[INFO] [stderr] 
[INFO] [stderr] error: failed to run custom build command for `mylint-rs v0.1.0 (/opt/rustwide/workdir)`
[INFO] [stderr] note: To improve backtraces for build dependencies, set the CARGO_PROFILE_DEV_BUILD_OVERRIDE_DEBUG=true environment variable to enable debug information generation.
[INFO] [stderr] 
[INFO] [stderr] Caused by:
[INFO] [stderr]   process didn't exit successfully: `/opt/rustwide/target/debug/build/mylint-rs-f32eaeb7b4366431/build-script-build` (exit status: 1)
[INFO] [stderr]   --- stdout
[INFO] [stderr]   TARGET = Some("x86_64-unknown-linux-gnu")
[INFO] [stderr]   OPT_LEVEL = Some("0")
[INFO] [stderr]   HOST = Some("x86_64-unknown-linux-gnu")
[INFO] [stderr]   CC_x86_64-unknown-linux-gnu = None
[INFO] [stderr]   CC_x86_64_unknown_linux_gnu = None
[INFO] [stderr]   HOST_CC = None
[INFO] [stderr]   CC = None
[INFO] [stderr]   CFLAGS_x86_64-unknown-linux-gnu = None
[INFO] [stderr]   CFLAGS_x86_64_unknown_linux_gnu = None
[INFO] [stderr]   HOST_CFLAGS = None
[INFO] [stderr]   CFLAGS = None
[INFO] [stderr]   CRATE_CC_NO_DEFAULTS = None
[INFO] [stderr]   DEBUG = Some("true")
[INFO] [stderr]   CARGO_CFG_TARGET_FEATURE = Some("fxsr,sse,sse2")
[INFO] [stderr]   running: "cc" "-O0" "-ffunction-sections" "-fdata-sections" "-fPIC" "-g" "-fno-omit-frame-pointer" "-m64" "-I" "tree-sitter-rust/src" "-Wall" "-Wextra" "-o" "/opt/rustwide/target/debug/build/mylint-rs-d1466cc60edeae00/out/tree-sitter-rust/src/parser.o" "-c" "tree-sitter-rust/src/parser.c"
[INFO] [stderr]   cargo:warning=cc1: fatal error: tree-sitter-rust/src/parser.c: No such file or directory
[INFO] [stderr]   cargo:warning=compilation terminated.
[INFO] [stderr]   exit status: 1
[INFO] [stderr] 
[INFO] [stderr]   --- stderr
[INFO] [stderr] 
[INFO] [stderr] 
[INFO] [stderr]   error occurred: Command "cc" "-O0" "-ffunction-sections" "-fdata-sections" "-fPIC" "-g" "-fno-omit-frame-pointer" "-m64" "-I" "tree-sitter-rust/src" "-Wall" "-Wextra" "-o" "/opt/rustwide/target/debug/build/mylint-rs-d1466cc60edeae00/out/tree-sitter-rust/src/parser.o" "-c" "tree-sitter-rust/src/parser.c" with args "cc" did not execute successfully (status code exit status: 1).
[INFO] [stderr] 
[INFO] [stderr] 
[INFO] [stderr] warning: build failed, waiting for other jobs to finish...
[INFO] running `Command { std: "docker" "inspect" "c1c8986ed6c8fbb711ea99b80edcb930d4f0ef7817743003f5b18710e2887fa3", kill_on_drop: false }`
[INFO] running `Command { std: "docker" "rm" "-f" "c1c8986ed6c8fbb711ea99b80edcb930d4f0ef7817743003f5b18710e2887fa3", kill_on_drop: false }`
[INFO] [stdout] c1c8986ed6c8fbb711ea99b80edcb930d4f0ef7817743003f5b18710e2887fa3
