[INFO] cloning repository https://github.com/djcsdy/gfx-playground
[INFO] running `Command { std: "git" "-c" "credential.helper=" "-c" "credential.helper=/workspace/cargo-home/bin/git-credential-null" "clone" "--bare" "https://github.com/djcsdy/gfx-playground" "/workspace/cache/git-repos/https%3A%2F%2Fgithub.com%2Fdjcsdy%2Fgfx-playground", kill_on_drop: false }`
[INFO] [stderr] Cloning into bare repository '/workspace/cache/git-repos/https%3A%2F%2Fgithub.com%2Fdjcsdy%2Fgfx-playground'...
[INFO] running `Command { std: "git" "rev-parse" "HEAD", kill_on_drop: false }`
[INFO] [stdout] a0fb89a407702fd5a617eb3c2eec5cbb8b30b40e
[INFO] checking djcsdy/gfx-playground/a0fb89a407702fd5a617eb3c2eec5cbb8b30b40e against nightly-2024-02-05 for check-cfg
[INFO] running `Command { std: "git" "clone" "/workspace/cache/git-repos/https%3A%2F%2Fgithub.com%2Fdjcsdy%2Fgfx-playground" "/workspace/builds/worker-5-tc1/source", kill_on_drop: false }`
[INFO] [stderr] Cloning into '/workspace/builds/worker-5-tc1/source'...
[INFO] [stderr] done.
[INFO] validating manifest of git repo https://github.com/djcsdy/gfx-playground on toolchain nightly-2024-02-05
[INFO] running `Command { std: CARGO_HOME="/workspace/cargo-home" RUSTUP_HOME="/workspace/rustup-home" "/workspace/cargo-home/bin/cargo" "+nightly-2024-02-05" "metadata" "--manifest-path" "Cargo.toml" "--no-deps", kill_on_drop: false }`
[INFO] started tweaking git repo https://github.com/djcsdy/gfx-playground
[INFO] finished tweaking git repo https://github.com/djcsdy/gfx-playground
[INFO] tweaked toml for git repo https://github.com/djcsdy/gfx-playground written to /workspace/builds/worker-5-tc1/source/Cargo.toml
[INFO] crate git repo https://github.com/djcsdy/gfx-playground already has a lockfile, it will not be regenerated
[INFO] running `Command { std: CARGO_HOME="/workspace/cargo-home" RUSTUP_HOME="/workspace/rustup-home" "/workspace/cargo-home/bin/cargo" "+nightly-2024-02-05" "fetch" "--manifest-path" "Cargo.toml", kill_on_drop: false }`
[INFO] [stderr]     Updating git repository `https://github.com/gfx-rs/gfx.git`
[INFO] [stderr]     Blocking waiting for file lock on package cache
[INFO] [stderr]  Downloading crates ...
[INFO] [stderr]   Downloaded copyless v0.1.2
[INFO] [stderr]   Downloaded cc v1.0.34
[INFO] [stderr]   Downloaded d3d12 v0.1.0
[INFO] [stderr]   Downloaded metal v0.14.0
[INFO] [stderr]   Downloaded regex v1.1.5
[INFO] [stderr]   Downloaded spirv_cross v0.12.1
[INFO] [stderr]   Downloaded ash v0.28.0
[INFO] running `Command { std: "docker" "create" "-v" "/var/lib/crater-agent-workspace/builds/worker-5-tc1/target:/opt/rustwide/target:rw,Z" "-v" "/var/lib/crater-agent-workspace/builds/worker-5-tc1/source:/opt/rustwide/workdir:ro,Z" "-v" "/var/lib/crater-agent-workspace/cargo-home:/opt/rustwide/cargo-home:ro,Z" "-v" "/var/lib/crater-agent-workspace/rustup-home:/opt/rustwide/rustup-home:ro,Z" "-e" "SOURCE_DIR=/opt/rustwide/workdir" "-e" "CARGO_TARGET_DIR=/opt/rustwide/target" "-e" "CARGO_HOME=/opt/rustwide/cargo-home" "-e" "RUSTUP_HOME=/opt/rustwide/rustup-home" "-w" "/opt/rustwide/workdir" "-m" "1610612736" "--user" "0:0" "--network" "none" "ghcr.io/rust-lang/crates-build-env/linux@sha256:2788e3201cd34a07e3172128adcd8b3090168a8e3bcc40d7c032b9dda1df7d1c" "/opt/rustwide/cargo-home/bin/cargo" "+nightly-2024-02-05" "metadata" "--no-deps" "--format-version=1", kill_on_drop: false }`
[INFO] [stdout] 08aca7e42d0152459d8f5371a3dd4fd46da2d8308a8886f8e433046239c8cab8
[INFO] running `Command { std: "docker" "start" "-a" "08aca7e42d0152459d8f5371a3dd4fd46da2d8308a8886f8e433046239c8cab8", kill_on_drop: false }`
[INFO] running `Command { std: "docker" "inspect" "08aca7e42d0152459d8f5371a3dd4fd46da2d8308a8886f8e433046239c8cab8", kill_on_drop: false }`
[INFO] running `Command { std: "docker" "rm" "-f" "08aca7e42d0152459d8f5371a3dd4fd46da2d8308a8886f8e433046239c8cab8", kill_on_drop: false }`
[INFO] [stdout] 08aca7e42d0152459d8f5371a3dd4fd46da2d8308a8886f8e433046239c8cab8
[INFO] running `Command { std: "docker" "create" "-v" "/var/lib/crater-agent-workspace/builds/worker-5-tc1/target:/opt/rustwide/target:rw,Z" "-v" "/var/lib/crater-agent-workspace/builds/worker-5-tc1/source:/opt/rustwide/workdir:ro,Z" "-v" "/var/lib/crater-agent-workspace/cargo-home:/opt/rustwide/cargo-home:ro,Z" "-v" "/var/lib/crater-agent-workspace/rustup-home:/opt/rustwide/rustup-home:ro,Z" "-e" "SOURCE_DIR=/opt/rustwide/workdir" "-e" "CARGO_TARGET_DIR=/opt/rustwide/target" "-e" "CARGO_INCREMENTAL=0" "-e" "RUST_BACKTRACE=full" "-e" "RUSTFLAGS=--cap-lints=forbid" "-e" "RUSTDOCFLAGS=--cap-lints=forbid" "-e" "CARGO_HOME=/opt/rustwide/cargo-home" "-e" "RUSTUP_HOME=/opt/rustwide/rustup-home" "-w" "/opt/rustwide/workdir" "-m" "1610612736" "--user" "0:0" "--network" "none" "ghcr.io/rust-lang/crates-build-env/linux@sha256:2788e3201cd34a07e3172128adcd8b3090168a8e3bcc40d7c032b9dda1df7d1c" "/opt/rustwide/cargo-home/bin/cargo" "+nightly-2024-02-05" "check" "--frozen" "--all" "--all-targets" "--message-format=json", kill_on_drop: false }`
[INFO] [stdout] 16c86debbb13a5c3f908913621fce6e6df166c29cb00eb7033fc9bdbb412f79e
[INFO] running `Command { std: "docker" "start" "-a" "16c86debbb13a5c3f908913621fce6e6df166c29cb00eb7033fc9bdbb412f79e", kill_on_drop: false }`
[INFO] [stderr]    Compiling libc v0.2.51
[INFO] [stderr]    Compiling cc v1.0.34
[INFO] [stderr]     Checking cfg-if v0.1.7
[INFO] [stderr]    Compiling proc-macro2 v0.4.27
[INFO] [stderr]    Compiling autocfg v0.1.2
[INFO] [stderr]    Compiling unicode-xid v0.1.0
[INFO] [stderr]     Checking lazy_static v1.3.0
[INFO] [stderr]    Compiling byteorder v1.3.1
[INFO] [stderr]     Checking rand_core v0.4.0
[INFO] [stderr]    Compiling num-traits v0.2.6
[INFO] [stderr]    Compiling arrayvec v0.4.10
[INFO] [stderr]     Checking nodrop v0.1.13
[INFO] [stderr]     Checking bitflags v1.0.4
[INFO] [stderr]     Checking rand_core v0.3.1
[INFO] [stderr]    Compiling xml-rs v0.8.0
[INFO] [stderr]     Checking scopeguard v0.3.3
[INFO] [stderr]    Compiling syn v0.15.30
[INFO] [stderr]    Compiling rand_chacha v0.1.1
[INFO] [stderr]    Compiling rand_pcg v0.1.2
[INFO] [stderr]    Compiling quote v0.6.11
[INFO] [stderr]    Compiling wayland-scanner v0.21.12
[INFO] [stderr]    Compiling typenum v1.10.0
[INFO] [stderr]    Compiling rand v0.6.5
[INFO] [stderr]    Compiling semver-parser v0.7.0
[INFO] [stderr]    Compiling libloading v0.5.0
[INFO] [stderr]    Compiling nix v0.13.0
[INFO] [stderr]    Compiling semver v0.9.0
[INFO] [stderr]    Compiling backtrace-sys v0.1.28
[INFO] [stderr]     Checking rand_os v0.1.3
[INFO] [stderr]     Checking rand_isaac v0.1.1
[INFO] [stderr]     Checking rand_hc v0.1.0
[INFO] [stderr]     Checking rand_xorshift v0.1.1
[INFO] [stderr]     Checking rand_jitter v0.1.3
[INFO] [stderr]     Checking dlib v0.4.1
[INFO] [stderr]     Checking crossbeam-utils v0.2.2
[INFO] [stderr]     Checking void v1.0.2
[INFO] [stderr]    Compiling num-integer v0.1.39
[INFO] [stderr]    Compiling rayon-core v1.4.1
[INFO] [stderr]     Checking memoffset v0.2.1
[INFO] [stderr]     Checking crossbeam-epoch v0.3.1
[INFO] [stderr]    Compiling generic-array v0.9.0
[INFO] [stderr]     Checking wayland-sys v0.21.12
[INFO] [stderr]    Compiling rustc_version v0.2.3
[INFO] [stderr]    Compiling backtrace v0.3.15
[INFO] [stderr]    Compiling arrayref v0.3.5
[INFO] [stderr]    Compiling byte-tools v0.2.0
[INFO] [stderr]    Compiling memchr v2.2.0
[INFO] [stderr]    Compiling failure_derive v0.1.5
[INFO] [stderr]    Compiling block-buffer v0.3.3
[INFO] [stderr]    Compiling parking_lot_core v0.4.0
[INFO] [stderr]    Compiling wayland-client v0.21.12
[INFO] [stderr]    Compiling wayland-protocols v0.21.12
[INFO] [stderr]    Compiling digest v0.7.6
[INFO] [stderr]     Checking crossbeam-deque v0.2.0
[INFO] [stderr]     Checking ordered-float v1.0.2
[INFO] [stderr]     Checking approx v0.3.2
[INFO] [stderr]     Checking num_cpus v1.10.0
[INFO] [stderr]     Checking stb_truetype v0.2.6
[INFO] [stderr]    Compiling fake-simd v0.1.2
[INFO] [stderr]     Checking adler32 v1.0.3
[INFO] [stderr]     Checking downcast-rs v1.0.3
[INFO] [stderr]     Checking same-file v1.0.4
[INFO] [stderr]     Checking rustc-demangle v0.1.13
[INFO] [stderr]    Compiling pkg-config v0.3.14
[INFO] [stderr]     Checking stable_deref_trait v1.1.1
[INFO] [stderr]    Compiling num-iter v0.1.37
[INFO] [stderr]    Compiling rayon v1.0.3
[INFO] [stderr]    Compiling synstructure v0.10.1
[INFO] [stderr]     Checking wayland-commons v0.21.12
[INFO] [stderr]    Compiling x11-dl v2.18.3
[INFO] [stderr]     Checking owning_ref v0.4.0
[INFO] [stderr]     Checking rusttype v0.7.5
[INFO] [stderr]     Checking walkdir v2.2.7
[INFO] [stderr]    Compiling sha2 v0.7.1
[INFO] [stderr]     Checking line_drawing v0.7.0
[INFO] [stderr]    Compiling cmake v0.1.38
[INFO] [stderr]     Checking smallvec v0.6.9
[INFO] [stderr]     Checking xdg v2.2.0
[INFO] [stderr]    Compiling regex v1.1.5
[INFO] [stderr]     Checking ucd-util v0.1.3
[INFO] [stderr]    Compiling num-derive v0.2.4
[INFO] [stderr]     Checking either v1.5.2
[INFO] [stderr]     Checking andrew v0.2.1
[INFO] [stderr]    Compiling glsl-to-spirv v0.1.7
[INFO] [stderr]     Checking regex-syntax v0.6.6
[INFO] [stderr]     Checking aho-corasick v0.7.3
[INFO] [stderr]     Checking lock_api v0.1.5
[INFO] [stderr]     Checking deflate v0.7.19
[INFO] [stderr]     Checking inflate v0.4.5
[INFO] [stderr]     Checking memmap v0.7.0
[INFO] [stderr]     Checking fxhash v0.2.1
[INFO] [stderr]     Checking thread_local v0.3.6
[INFO] [stderr]     Checking log v0.4.6
[INFO] [stderr]     Checking color_quant v1.0.1
[INFO] [stderr]     Checking failure v0.1.5
[INFO] [stderr]     Checking quick-error v1.2.2
[INFO] [stderr]     Checking utf8-ranges v1.0.2
[INFO] [stderr]     Checking lzw v0.10.0
[INFO] [stderr]     Checking remove_dir_all v0.5.1
[INFO] [stderr]     Checking gfx-hal v0.1.0 (https://github.com/gfx-rs/gfx.git?rev=b5163cc#b5163cc2)
[INFO] [stderr]     Checking gif v0.10.1
[INFO] [stderr]     Checking humantime v1.2.0
[INFO] [stderr]     Checking tempfile v3.0.7
[INFO] [stderr]     Checking png v0.12.0
[INFO] [stderr]     Checking parking_lot v0.7.1
[INFO] [stderr]     Checking jpeg-decoder v0.1.15
[INFO] [stderr]     Checking num-rational v0.1.42
[INFO] [stderr]     Checking atty v0.2.11
[INFO] [stderr]     Checking termcolor v1.0.4
[INFO] [stderr]     Checking scoped_threadpool v0.1.9
[INFO] [stderr]     Checking percent-encoding v1.0.1
[INFO] [stderr]     Checking env_logger v0.5.13
[INFO] [stdout] error[E0713]: borrow may still be in use when destructor runs
[INFO] [stdout]    --> /opt/rustwide/cargo-home/git/checkouts/gfx-e86e7f3ebdbc4218/b5163cc/src/hal/src/command/render_pass.rs:272:36
[INFO] [stdout]     |
[INFO] [stdout] 229 | impl<'a, B: Backend> RenderPassInlineEncoder<'a, B> {
[INFO] [stdout]     |      -- lifetime `'a` defined here
[INFO] [stdout] ...
[INFO] [stdout] 272 |         RenderPassSecondaryEncoder(self.0.cmb)
[INFO] [stdout]     |         ---------------------------^^^^^^^^^^- returning this value requires that `*self.0.cmb` is borrowed for `'a`
[INFO] [stdout] 273 |     }
[INFO] [stdout]     |     - here, drop of `self` needs exclusive access to `*self.0.cmb`, because the type `render_pass::RenderPassInlineEncoder<'_, B>` implements the `Drop` trait
[INFO] [stdout] 
[INFO] [stdout] 
[INFO] [stdout] error[E0713]: borrow may still be in use when destructor runs
[INFO] [stdout]    --> /opt/rustwide/cargo-home/git/checkouts/gfx-e86e7f3ebdbc4218/b5163cc/src/hal/src/command/render_pass.rs:347:62
[INFO] [stdout]     |
[INFO] [stdout] 303 | impl<'a, B: Backend> RenderPassSecondaryEncoder<'a, B> {
[INFO] [stdout]     |      -- lifetime `'a` defined here
[INFO] [stdout] ...
[INFO] [stdout] 347 |             RenderPassInlineEncoder(RenderSubpassCommon::new(self.0))
[INFO] [stdout]     |             -------------------------------------------------^^^^^^-- returning this value requires that `*self.0` is borrowed for `'a`
[INFO] [stdout] 348 |         }
[INFO] [stdout] 349 |     }
[INFO] [stdout]     |     - here, drop of `self` needs exclusive access to `*self.0`, because the type `render_pass::RenderPassSecondaryEncoder<'_, B>` implements the `Drop` trait
[INFO] [stdout] 
[INFO] [stdout] 
[INFO] [stdout] error: aborting due to 2 previous errors
[INFO] [stdout] 
[INFO] [stdout] 
[INFO] [stdout] For more information about this error, try `rustc --explain E0713`.
[INFO] [stdout] 
[INFO] [stderr] error: could not compile `gfx-hal` (lib) due to 3 previous errors
[INFO] [stderr] warning: build failed, waiting for other jobs to finish...
[INFO] [stdout] error: linking with `cc` failed: exit status: 1
[INFO] [stdout]   |
[INFO] [stdout]   = note: LC_ALL="C" PATH="/opt/rustwide/rustup-home/toolchains/nightly-2024-02-05-x86_64-unknown-linux-gnu/lib/rustlib/x86_64-unknown-linux-gnu/bin:/opt/rustwide/cargo-home/bin:/usr/local/sbin:/usr/local/bin:/usr/sbin:/usr/bin:/sbin:/bin" VSLANG="1033" "cc" "-Wl,--version-script=/tmp/rustcet7qLV/list" "-Wl,--no-undefined-version" "-m64" "/tmp/rustcet7qLV/symbols.o" "/opt/rustwide/target/debug/deps/num_derive-6ac8ad08046cbb67.num_derive.7f96cb6f4aaed22c-cgu.0.rcgu.o" "/opt/rustwide/target/debug/deps/num_derive-6ac8ad08046cbb67.num_derive.7f96cb6f4aaed22c-cgu.1.rcgu.o" "/opt/rustwide/target/debug/deps/num_derive-6ac8ad08046cbb67.num_derive.7f96cb6f4aaed22c-cgu.2.rcgu.o" "/opt/rustwide/target/debug/deps/num_derive-6ac8ad08046cbb67.num_derive.7f96cb6f4aaed22c-cgu.3.rcgu.o" "/opt/rustwide/target/debug/deps/num_derive-6ac8ad08046cbb67.num_derive.7f96cb6f4aaed22c-cgu.4.rcgu.o" "/opt/rustwide/target/debug/deps/num_derive-6ac8ad08046cbb67.num_derive.7f96cb6f4aaed22c-cgu.5.rcgu.o" "/opt/rustwide/target/debug/deps/num_derive-6ac8ad08046cbb67.num_derive.7f96cb6f4aaed22c-cgu.6.rcgu.o" "/opt/rustwide/target/debug/deps/num_derive-6ac8ad08046cbb67.num_derive.7f96cb6f4aaed22c-cgu.7.rcgu.o" "/opt/rustwide/target/debug/deps/num_derive-6ac8ad08046cbb67.num_derive.7f96cb6f4aaed22c-cgu.8.rcgu.o" "/opt/rustwide/target/debug/deps/num_derive-6ac8ad08046cbb67.39bntzortb04mru6.rcgu.rmeta" "/opt/rustwide/target/debug/deps/num_derive-6ac8ad08046cbb67.4117bd6alzc8qixk.rcgu.o" "-Wl,--as-needed" "-L" "/opt/rustwide/target/debug/deps" "-L" "/opt/rustwide/rustup-home/toolchains/nightly-2024-02-05-x86_64-unknown-linux-gnu/lib/rustlib/x86_64-unknown-linux-gnu/lib" "-Wl,-Bstatic" "/opt/rustwide/target/debug/deps/libsyn-644c16018bb17ed7.rlib" "/opt/rustwide/target/debug/deps/libquote-f54b6c7b05d0223e.rlib" "/opt/rustwide/target/debug/deps/libproc_macro2-9718e91e42f66bb5.rlib" "/opt/rustwide/target/debug/deps/libunicode_xid-1b0bde4c1f8a6f05.rlib" "/opt/rustwide/rustup-home/toolchains/nightly-2024-02-05-x86_64-unknown-linux-gnu/lib/rustlib/x86_64-unknown-linux-gnu/lib/libproc_macro-109c7dd2cead2708.rlib" "/opt/rustwide/rustup-home/toolchains/nightly-2024-02-05-x86_64-unknown-linux-gnu/lib/rustlib/x86_64-unknown-linux-gnu/lib/libstd-075c79122bf4ef22.rlib" "/opt/rustwide/rustup-home/toolchains/nightly-2024-02-05-x86_64-unknown-linux-gnu/lib/rustlib/x86_64-unknown-linux-gnu/lib/libpanic_unwind-89ad4240c90c0e03.rlib" "/opt/rustwide/rustup-home/toolchains/nightly-2024-02-05-x86_64-unknown-linux-gnu/lib/rustlib/x86_64-unknown-linux-gnu/lib/libobject-39985665fb91a3c2.rlib" "/opt/rustwide/rustup-home/toolchains/nightly-2024-02-05-x86_64-unknown-linux-gnu/lib/rustlib/x86_64-unknown-linux-gnu/lib/libmemchr-8666dad6789c0484.rlib" "/opt/rustwide/rustup-home/toolchains/nightly-2024-02-05-x86_64-unknown-linux-gnu/lib/rustlib/x86_64-unknown-linux-gnu/lib/libaddr2line-7b871242ae961a4e.rlib" "/opt/rustwide/rustup-home/toolchains/nightly-2024-02-05-x86_64-unknown-linux-gnu/lib/rustlib/x86_64-unknown-linux-gnu/lib/libgimli-8d4074793ba35678.rlib" "/opt/rustwide/rustup-home/toolchains/nightly-2024-02-05-x86_64-unknown-linux-gnu/lib/rustlib/x86_64-unknown-linux-gnu/lib/librustc_demangle-ec84eb0416770982.rlib" "/opt/rustwide/rustup-home/toolchains/nightly-2024-02-05-x86_64-unknown-linux-gnu/lib/rustlib/x86_64-unknown-linux-gnu/lib/libstd_detect-68539ddfb3806005.rlib" "/opt/rustwide/rustup-home/toolchains/nightly-2024-02-05-x86_64-unknown-linux-gnu/lib/rustlib/x86_64-unknown-linux-gnu/lib/libhashbrown-ac61d465c61f24ac.rlib" "/opt/rustwide/rustup-home/toolchains/nightly-2024-02-05-x86_64-unknown-linux-gnu/lib/rustlib/x86_64-unknown-linux-gnu/lib/librustc_std_workspace_alloc-19d2d9343e8c3ab1.rlib" "/opt/rustwide/rustup-home/toolchains/nightly-2024-02-05-x86_64-unknown-linux-gnu/lib/rustlib/x86_64-unknown-linux-gnu/lib/libminiz_oxide-e762a6d65f031366.rlib" "/opt/rustwide/rustup-home/toolchains/nightly-2024-02-05-x86_64-unknown-linux-gnu/lib/rustlib/x86_64-unknown-linux-gnu/lib/libadler-e85e489d4408465b.rlib" "/opt/rustwide/rustup-home/toolchains/nightly-2024-02-05-x86_64-unknown-linux-gnu/lib/rustlib/x86_64-unknown-linux-gnu/lib/libunwind-da335adb5acc7119.rlib" "/opt/rustwide/rustup-home/toolchains/nightly-2024-02-05-x86_64-unknown-linux-gnu/lib/rustlib/x86_64-unknown-linux-gnu/lib/libcfg_if-527e3e7decf6a631.rlib" "/opt/rustwide/rustup-home/toolchains/nightly-2024-02-05-x86_64-unknown-linux-gnu/lib/rustlib/x86_64-unknown-linux-gnu/lib/liblibc-5f8c8143cdb8d04b.rlib" "/opt/rustwide/rustup-home/toolchains/nightly-2024-02-05-x86_64-unknown-linux-gnu/lib/rustlib/x86_64-unknown-linux-gnu/lib/liballoc-b905197320c3903d.rlib" "/opt/rustwide/rustup-home/toolchains/nightly-2024-02-05-x86_64-unknown-linux-gnu/lib/rustlib/x86_64-unknown-linux-gnu/lib/librustc_std_workspace_core-9686387289eaa322.rlib" "/opt/rustwide/rustup-home/toolchains/nightly-2024-02-05-x86_64-unknown-linux-gnu/lib/rustlib/x86_64-unknown-linux-gnu/lib/libcore-632ae0f28c5e55ff.rlib" "/opt/rustwide/rustup-home/toolchains/nightly-2024-02-05-x86_64-unknown-linux-gnu/lib/rustlib/x86_64-unknown-linux-gnu/lib/libcompiler_builtins-3166674eacfcf914.rlib" "-Wl,-Bdynamic" "-lgcc_s" "-lutil" "-lrt" "-lpthread" "-lm" "-ldl" "-lc" "-Wl,--eh-frame-hdr" "-Wl,-z,noexecstack" "-L" "/opt/rustwide/rustup-home/toolchains/nightly-2024-02-05-x86_64-unknown-linux-gnu/lib/rustlib/x86_64-unknown-linux-gnu/lib" "-o" "/opt/rustwide/target/debug/deps/libnum_derive-6ac8ad08046cbb67.so" "-Wl,--gc-sections" "-shared" "-Wl,-z,relro,-z,now" "-nodefaultlibs"
[INFO] [stdout]   = note: /usr/bin/ld: final link failed: No space left on device
[INFO] [stdout]           collect2: error: ld returned 1 exit status
[INFO] [stdout]           
[INFO] [stdout] 
[INFO] [stdout] 
[INFO] [stdout] error: aborting due to 1 previous error
[INFO] [stdout] 
[INFO] [stdout] 
[INFO] [stderr] error: could not compile `num-derive` (lib) due to 2 previous errors
[INFO] [stderr] error: failed to run custom build command for `wayland-protocols v0.21.12`
[INFO] [stderr] note: To improve backtraces for build dependencies, set the CARGO_PROFILE_DEV_BUILD_OVERRIDE_DEBUG=true environment variable to enable debug information generation.
[INFO] [stderr] 
[INFO] [stderr] Caused by:
[INFO] [stderr]   process didn't exit successfully: `/opt/rustwide/target/debug/build/wayland-protocols-e86fa9a713919d9b/build-script-build` (exit status: 101)
[INFO] [stderr]   --- stderr
[INFO] [stderr]   error: 'rustfmt' is not installed for the toolchain 'nightly-2024-02-05-x86_64-unknown-linux-gnu'
[INFO] [stderr]   To install, run `rustup component add rustfmt --toolchain nightly-2024-02-05-x86_64-unknown-linux-gnu`
[INFO] [stderr]   error: 'rustfmt' is not installed for the toolchain 'nightly-2024-02-05-x86_64-unknown-linux-gnu'
[INFO] [stderr]   To install, run `rustup component add rustfmt --toolchain nightly-2024-02-05-x86_64-unknown-linux-gnu`
[INFO] [stderr]   error: 'rustfmt' is not installed for the toolchain 'nightly-2024-02-05-x86_64-unknown-linux-gnu'
[INFO] [stderr]   To install, run `rustup component add rustfmt --toolchain nightly-2024-02-05-x86_64-unknown-linux-gnu`
[INFO] [stderr]   error: 'rustfmt' is not installed for the toolchain 'nightly-2024-02-05-x86_64-unknown-linux-gnu'
[INFO] [stderr]   To install, run `rustup component add rustfmt --toolchain nightly-2024-02-05-x86_64-unknown-linux-gnu`
[INFO] [stderr]   error: 'rustfmt' is not installed for the toolchain 'nightly-2024-02-05-x86_64-unknown-linux-gnu'
[INFO] [stderr]   To install, run `rustup component add rustfmt --toolchain nightly-2024-02-05-x86_64-unknown-linux-gnu`
[INFO] [stderr]   thread 'main' panicked at /opt/rustwide/cargo-home/registry/src/index.crates.io-6f17d22bba15001f/wayland-scanner-0.21.12/src/lib.rs:208:40:
[INFO] [stderr]   called `Result::unwrap()` on an `Err` value: Os { code: 28, kind: StorageFull, message: "No space left on device" }
[INFO] [stderr]   stack backtrace:
[INFO] [stderr]      0:     0x55701d8424f6 - std::backtrace_rs::backtrace::libunwind::trace::heebc7766b165eb2a
[INFO] [stderr]                                  at /rustc/268dbbbc4b3fd71c5f360a4d0728295252430b5b/library/std/src/../../backtrace/src/backtrace/libunwind.rs:104:5
[INFO] [stderr]      1:     0x55701d8424f6 - std::backtrace_rs::backtrace::trace_unsynchronized::ha677020d8fc0296d
[INFO] [stderr]                                  at /rustc/268dbbbc4b3fd71c5f360a4d0728295252430b5b/library/std/src/../../backtrace/src/backtrace/mod.rs:66:5
[INFO] [stderr]      2:     0x55701d8424f6 - std::sys_common::backtrace::_print_fmt::hcaff2fd86a1aeaa3
[INFO] [stderr]                                  at /rustc/268dbbbc4b3fd71c5f360a4d0728295252430b5b/library/std/src/sys_common/backtrace.rs:68:5
[INFO] [stderr]      3:     0x55701d8424f6 - <std::sys_common::backtrace::_print::DisplayBacktrace as core::fmt::Display>::fmt::hc2446d8aa0059188
[INFO] [stderr]                                  at /rustc/268dbbbc4b3fd71c5f360a4d0728295252430b5b/library/std/src/sys_common/backtrace.rs:44:22
[INFO] [stderr]      4:     0x55701d8654e0 - core::fmt::rt::Argument::fmt::h2fbb6454da37999b
[INFO] [stderr]                                  at /rustc/268dbbbc4b3fd71c5f360a4d0728295252430b5b/library/core/src/fmt/rt.rs:142:9
[INFO] [stderr]      5:     0x55701d8654e0 - core::fmt::write::had96bdeda7d49d3a
[INFO] [stderr]                                  at /rustc/268dbbbc4b3fd71c5f360a4d0728295252430b5b/library/core/src/fmt/mod.rs:1120:17
[INFO] [stderr]      6:     0x55701d8403ff - std::io::Write::write_fmt::h30b1f36eea05b391
[INFO] [stderr]                                  at /rustc/268dbbbc4b3fd71c5f360a4d0728295252430b5b/library/std/src/io/mod.rs:1849:15
[INFO] [stderr]      7:     0x55701d8422d4 - std::sys_common::backtrace::_print::hc333bb91ae972137
[INFO] [stderr]                                  at /rustc/268dbbbc4b3fd71c5f360a4d0728295252430b5b/library/std/src/sys_common/backtrace.rs:47:5
[INFO] [stderr]      8:     0x55701d8422d4 - std::sys_common::backtrace::print::h18fd3c71a95a3169
[INFO] [stderr]                                  at /rustc/268dbbbc4b3fd71c5f360a4d0728295252430b5b/library/std/src/sys_common/backtrace.rs:34:9
[INFO] [stderr]      9:     0x55701d843b97 - std::panicking::default_hook::{{closure}}::ha3473f9bcb4e9a37
[INFO] [stderr]     10:     0x55701d8438f9 - std::panicking::default_hook::h23d9d43185db6584
[INFO] [stderr]                                  at /rustc/268dbbbc4b3fd71c5f360a4d0728295252430b5b/library/std/src/panicking.rs:292:9
[INFO] [stderr]     11:     0x55701d8441b6 - <alloc::boxed::Box<F,A> as core::ops::function::Fn<Args>>::call::h3731c14f541ead82
[INFO] [stderr]                                  at /rustc/268dbbbc4b3fd71c5f360a4d0728295252430b5b/library/alloc/src/boxed.rs:2029:9
[INFO] [stderr]     12:     0x55701d8441b6 - std::panicking::rust_panic_with_hook::h94aceaa7df3a6edd
[INFO] [stderr]                                  at /rustc/268dbbbc4b3fd71c5f360a4d0728295252430b5b/library/std/src/panicking.rs:785:13
[INFO] [stderr]     13:     0x55701d843f02 - std::panicking::begin_panic_handler::{{closure}}::h9905d45d1d82fc42
[INFO] [stderr]                                  at /rustc/268dbbbc4b3fd71c5f360a4d0728295252430b5b/library/std/src/panicking.rs:659:13
[INFO] [stderr]     14:     0x55701d8429f6 - std::sys_common::backtrace::__rust_end_short_backtrace::hb02085545dc143b9
[INFO] [stderr]                                  at /rustc/268dbbbc4b3fd71c5f360a4d0728295252430b5b/library/std/src/sys_common/backtrace.rs:171:18
[INFO] [stderr]     15:     0x55701d843c54 - rust_begin_unwind
[INFO] [stderr]                                  at /rustc/268dbbbc4b3fd71c5f360a4d0728295252430b5b/library/std/src/panicking.rs:647:5
[INFO] [stderr]     16:     0x55701d760c55 - core::panicking::panic_fmt::h6dca3983f8a9f4d0
[INFO] [stderr]                                  at /rustc/268dbbbc4b3fd71c5f360a4d0728295252430b5b/library/core/src/panicking.rs:72:14
[INFO] [stderr]     17:     0x55701d7611b3 - core::result::unwrap_failed::h640a7fdbeb8f545f
[INFO] [stderr]                                  at /rustc/268dbbbc4b3fd71c5f360a4d0728295252430b5b/library/core/src/result.rs:1649:5
[INFO] [stderr]     18:     0x55701d7677db - wayland_scanner::generate_c_code::hd8003eaf1a157ed9
[INFO] [stderr]     19:     0x55701d7659fd - build_script_build::generate_protocol::h73b5506422eec519
[INFO] [stderr]     20:     0x55701d766fd7 - build_script_build::main::he979a9714ccfb974
[INFO] [stderr]     21:     0x55701d769843 - core::ops::function::FnOnce::call_once::h6798122ae6e6d8bb
[INFO] [stderr]     22:     0x55701d768736 - std::sys_common::backtrace::__rust_begin_short_backtrace::hdf7d75aeb39d9a9a
[INFO] [stderr]     23:     0x55701d768939 - std::rt::lang_start::{{closure}}::hba2e40544cbb0c5c
[INFO] [stderr]     24:     0x55701d83d451 - core::ops::function::impls::<impl core::ops::function::FnOnce<A> for &F>::call_once::h298d8ff12ebcec8c
[INFO] [stderr]                                  at /rustc/268dbbbc4b3fd71c5f360a4d0728295252430b5b/library/core/src/ops/function.rs:284:13
[INFO] [stderr]     25:     0x55701d83d451 - std::panicking::try::do_call::hbd0ffb05da5bd343
[INFO] [stderr]                                  at /rustc/268dbbbc4b3fd71c5f360a4d0728295252430b5b/library/std/src/panicking.rs:554:40
[INFO] [stderr]     26:     0x55701d83d451 - std::panicking::try::h11c9a152defd5d2a
[INFO] [stderr]                                  at /rustc/268dbbbc4b3fd71c5f360a4d0728295252430b5b/library/std/src/panicking.rs:518:19
[INFO] [stderr]     27:     0x55701d83d451 - std::panic::catch_unwind::h0d6db2fa902b4d64
[INFO] [stderr]                                  at /rustc/268dbbbc4b3fd71c5f360a4d0728295252430b5b/library/std/src/panic.rs:142:14
[INFO] [stderr]     28:     0x55701d83d451 - std::rt::lang_start_internal::{{closure}}::hdcc09b4aad7ef821
[INFO] [stderr]                                  at /rustc/268dbbbc4b3fd71c5f360a4d0728295252430b5b/library/std/src/rt.rs:148:48
[INFO] [stderr]     29:     0x55701d83d451 - std::panicking::try::do_call::h3ffd2f162d60900f
[INFO] [stderr]                                  at /rustc/268dbbbc4b3fd71c5f360a4d0728295252430b5b/library/std/src/panicking.rs:554:40
[INFO] [stderr]     30:     0x55701d83d451 - std::panicking::try::heeba82b9c3e190fb
[INFO] [stderr]                                  at /rustc/268dbbbc4b3fd71c5f360a4d0728295252430b5b/library/std/src/panicking.rs:518:19
[INFO] [stderr]     31:     0x55701d83d451 - std::panic::catch_unwind::hdaab8f1c188f387f
[INFO] [stderr]                                  at /rustc/268dbbbc4b3fd71c5f360a4d0728295252430b5b/library/std/src/panic.rs:142:14
[INFO] [stderr]     32:     0x55701d83d451 - std::rt::lang_start_internal::h9989e088c48b7903
[INFO] [stderr]                                  at /rustc/268dbbbc4b3fd71c5f360a4d0728295252430b5b/library/std/src/rt.rs:148:20
[INFO] [stderr]     33:     0x55701d768917 - std::rt::lang_start::hdbd94ab4c58bb644
[INFO] [stderr]     34:     0x55701d767035 - main
[INFO] [stderr]     35:     0x7fc597e40d90 - <unknown>
[INFO] [stderr]     36:     0x7fc597e40e40 - __libc_start_main
[INFO] [stderr]     37:     0x55701d7614b5 - _start
[INFO] [stderr]     38:                0x0 - <unknown>
[INFO] [stderr] error: failed to run custom build command for `glsl-to-spirv v0.1.7`
[INFO] [stderr] note: To improve backtraces for build dependencies, set the CARGO_PROFILE_DEV_BUILD_OVERRIDE_DEBUG=true environment variable to enable debug information generation.
[INFO] [stderr] 
[INFO] [stderr] Caused by:
[INFO] [stderr]   process didn't exit successfully: `/opt/rustwide/target/debug/build/glsl-to-spirv-232e07bdc837ee7e/build-script-build` (exit status: 101)
[INFO] [stderr]   --- stdout
[INFO] [stderr]   cargo:rerun-if-changed=build/glslangValidator.exe
[INFO] [stderr]   running: cd "/opt/rustwide/target/debug/build/glsl-to-spirv-f44f46c8f6a586ad/out/build" && CMAKE_PREFIX_PATH="" "cmake" "/opt/rustwide/cargo-home/registry/src/index.crates.io-6f17d22bba15001f/glsl-to-spirv-0.1.7/glslang" "-DCMAKE_INSTALL_PREFIX=/opt/rustwide/target/debug/build/glsl-to-spirv-f44f46c8f6a586ad/out" "-DCMAKE_C_FLAGS= -ffunction-sections -fdata-sections -fPIC -m64" "-DCMAKE_C_COMPILER=/usr/bin/cc" "-DCMAKE_CXX_FLAGS= -ffunction-sections -fdata-sections -fPIC -m64" "-DCMAKE_CXX_COMPILER=/usr/bin/c++" "-DCMAKE_BUILD_TYPE=Debug"
[INFO] [stderr]   -- The C compiler identification is GNU 11.4.0
[INFO] [stderr]   -- The CXX compiler identification is GNU 11.4.0
[INFO] [stderr]   -- Detecting C compiler ABI info
[INFO] [stderr]   -- Detecting C compiler ABI info - done
[INFO] [stderr]   -- Check for working C compiler: /usr/bin/cc - skipped
[INFO] [stderr]   -- Detecting C compile features
[INFO] [stderr]   -- Detecting C compile features - done
[INFO] [stderr]   -- Detecting CXX compiler ABI info
[INFO] [stderr]   -- Detecting CXX compiler ABI info - done
[INFO] [stderr]   -- Check for working CXX compiler: /usr/bin/c++ - skipped
[INFO] [stderr]   -- Detecting CXX compile features
[INFO] [stderr]   -- Detecting CXX compile features - done
[INFO] [stderr]   -- Google Mock was not found - tests based on that will not build
[INFO] [stderr]   -- Configuring done
[INFO] [stderr]   -- Generating done
[INFO] [stderr]   -- Build files have been written to: /opt/rustwide/target/debug/build/glsl-to-spirv-f44f46c8f6a586ad/out/build
[INFO] [stderr]   running: cd "/opt/rustwide/target/debug/build/glsl-to-spirv-f44f46c8f6a586ad/out/build" && MAKEFLAGS="-j --jobserver-fds=7,8 --jobserver-auth=7,8" "cmake" "--build" "." "--target" "install" "--config" "Debug" "--"
[INFO] [stderr]   [  1%] Building CXX object glslang/OSDependent/Unix/CMakeFiles/OSDependent.dir/ossource.cpp.o
[INFO] [stderr]   [  3%] Building CXX object OGLCompilersDLL/CMakeFiles/OGLCompiler.dir/InitializeDll.cpp.o
[INFO] [stderr]   [  5%] Building CXX object hlsl/CMakeFiles/HLSL.dir/hlslAttributes.cpp.o
[INFO] [stderr]   [  7%] Linking CXX static library libOSDependent.a
[INFO] [stderr]   [  8%] Building CXX object hlsl/CMakeFiles/HLSL.dir/hlslParseHelper.cpp.o
[INFO] [stderr]   [ 10%] Building CXX object hlsl/CMakeFiles/HLSL.dir/hlslScanContext.cpp.o
[INFO] [stderr]   [ 12%] Building CXX object hlsl/CMakeFiles/HLSL.dir/hlslOpMap.cpp.o
[INFO] [stderr]   [ 12%] Built target OSDependent
[INFO] [stderr]   [ 14%] Building CXX object StandAlone/CMakeFiles/glslang-default-resource-limits.dir/ResourceLimits.cpp.o
[INFO] [stderr]   [ 15%] Linking CXX static library libOGLCompiler.a
[INFO] [stderr]   [ 17%] Building CXX object SPIRV/CMakeFiles/SPVRemapper.dir/SPVRemapper.cpp.o
[INFO] [stderr]   [ 17%] Built target OGLCompiler
[INFO] [stderr]   [ 19%] Building CXX object SPIRV/CMakeFiles/SPVRemapper.dir/doc.cpp.o
[INFO] [stderr]   [ 21%] Building CXX object hlsl/CMakeFiles/HLSL.dir/hlslTokenStream.cpp.o
[INFO] [stderr]   [ 22%] Building CXX object hlsl/CMakeFiles/HLSL.dir/hlslGrammar.cpp.o
[INFO] [stderr] 
[INFO] [stderr]   --- stderr
[INFO] [stderr]   fatal: not a git repository (or any parent up to mount point /opt/rustwide)
[INFO] [stderr]   Stopping at filesystem boundary (GIT_DISCOVERY_ACROSS_FILESYSTEM not set).
[INFO] [stderr]   CMake Warning (dev) at /usr/share/cmake-3.22/Modules/GNUInstallDirs.cmake:239 (message):
[INFO] [stderr]     Unable to determine default CMAKE_INSTALL_LIBDIR directory because no
[INFO] [stderr]     target architecture is known.  Please enable at least one language before
[INFO] [stderr]     including GNUInstallDirs.
[INFO] [stderr]   Call Stack (most recent call first):
[INFO] [stderr]     CMakeLists.txt:7 (include)
[INFO] [stderr]   This warning is for project developers.  Use -Wno-dev to suppress it.
[INFO] [stderr] 
[INFO] [stderr]   /tmp/cc9AKL6V.s: Assembler messages:
[INFO] [stderr]   /tmp/cc9AKL6V.s: Fatal error: can't fill 1 byte in section .rodata._ZStL19piecewise_construct of CMakeFiles/glslang-default-resource-limits.dir/ResourceLimits.cpp.o: 'No space left on device'
[INFO] [stderr]   /tmp/cc9AKL6V.s: Fatal error: CMakeFiles/glslang-default-resource-limits.dir/ResourceLimits.cpp.o: No space left on device
[INFO] [stderr]   gmake[2]: *** [StandAlone/CMakeFiles/glslang-default-resource-limits.dir/build.make:76: StandAlone/CMakeFiles/glslang-default-resource-limits.dir/ResourceLimits.cpp.o] Error 1
[INFO] [stderr]   gmake[1]: *** [CMakeFiles/Makefile2:1065: StandAlone/CMakeFiles/glslang-default-resource-limits.dir/all] Error 2
[INFO] [stderr]   gmake[1]: *** Waiting for unfinished jobs....
[INFO] [stderr]   /opt/rustwide/cargo-home/registry/src/index.crates.io-6f17d22bba15001f/glsl-to-spirv-0.1.7/glslang/SPIRV/doc.cpp:2865:2: fatal error: error writing to /tmp/ccw9ltHm.s: No space left on device
[INFO] [stderr]    2865 | }; // end spv namespace
[INFO] [stderr]         |  ^
[INFO] [stderr]   compilation terminated.
[INFO] [stderr]   gmake[2]: *** [SPIRV/CMakeFiles/SPVRemapper.dir/build.make:90: SPIRV/CMakeFiles/SPVRemapper.dir/doc.cpp.o] Error 1
[INFO] [stderr]   gmake[2]: *** Waiting for unfinished jobs....
[INFO] [stderr]   /opt/rustwide/cargo-home/registry/src/index.crates.io-6f17d22bba15001f/glsl-to-spirv-0.1.7/glslang/hlsl/hlslOpMap.cpp:173:1: fatal error: error writing to /tmp/cco0PzIU.s: No space left on device
[INFO] [stderr]     173 | } // end namespace glslang
[INFO] [stderr]         | ^
[INFO] [stderr]   compilation terminated.
[INFO] [stderr]   gmake[2]: *** [hlsl/CMakeFiles/HLSL.dir/build.make:118: hlsl/CMakeFiles/HLSL.dir/hlslOpMap.cpp.o] Error 1
[INFO] [stderr]   gmake[2]: *** Waiting for unfinished jobs....
[INFO] [stderr]   /opt/rustwide/cargo-home/registry/src/index.crates.io-6f17d22bba15001f/glsl-to-spirv-0.1.7/glslang/hlsl/hlslAttributes.cpp:118:1: fatal error: error writing to /tmp/cchy9fGJ.s: No space left on device
[INFO] [stderr]     118 | } // end namespace glslang
[INFO] [stderr]         | ^
[INFO] [stderr]   compilation terminated.
[INFO] [stderr]   gmake[2]: *** [hlsl/CMakeFiles/HLSL.dir/build.make:76: hlsl/CMakeFiles/HLSL.dir/hlslAttributes.cpp.o] Error 1
[INFO] [stderr]   /opt/rustwide/cargo-home/registry/src/index.crates.io-6f17d22bba15001f/glsl-to-spirv-0.1.7/glslang/hlsl/hlslScanContext.cpp:915:1: fatal error: error writing to /tmp/ccUzxRUl.s: No space left on device
[INFO] [stderr]     915 | } // end namespace glslang
[INFO] [stderr]         | ^
[INFO] [stderr]   compilation terminated.
[INFO] [stderr]   gmake[2]: *** [hlsl/CMakeFiles/HLSL.dir/build.make:104: hlsl/CMakeFiles/HLSL.dir/hlslScanContext.cpp.o] Error 1
[INFO] [stderr]   /opt/rustwide/cargo-home/registry/src/index.crates.io-6f17d22bba15001f/glsl-to-spirv-0.1.7/glslang/hlsl/hlslTokenStream.cpp:150:1: fatal error: error writing to /tmp/ccvnchM5.s: No space left on device
[INFO] [stderr]     150 | } // end namespace glslang
[INFO] [stderr]         | ^
[INFO] [stderr]   compilation terminated.
[INFO] [stderr]   gmake[2]: *** [hlsl/CMakeFiles/HLSL.dir/build.make:132: hlsl/CMakeFiles/HLSL.dir/hlslTokenStream.cpp.o] Error 1
[INFO] [stderr]   /opt/rustwide/cargo-home/registry/src/index.crates.io-6f17d22bba15001f/glsl-to-spirv-0.1.7/glslang/SPIRV/SPVRemapper.cpp:1342:1: fatal error: error writing to /tmp/ccaPZdZw.s: No space left on device
[INFO] [stderr]    1342 | } // namespace SPV
[INFO] [stderr]         | ^
[INFO] [stderr]   compilation terminated.
[INFO] [stderr]   gmake[2]: *** [SPIRV/CMakeFiles/SPVRemapper.dir/build.make:76: SPIRV/CMakeFiles/SPVRemapper.dir/SPVRemapper.cpp.o] Error 1
[INFO] [stderr]   gmake[1]: *** [CMakeFiles/Makefile2:1184: SPIRV/CMakeFiles/SPVRemapper.dir/all] Error 2
[INFO] [stderr]   /opt/rustwide/cargo-home/registry/src/index.crates.io-6f17d22bba15001f/glsl-to-spirv-0.1.7/glslang/hlsl/hlslGrammar.cpp:3879:1: fatal error: error writing to /tmp/ccTlaV4h.s: No space left on device
[INFO] [stderr]    3879 | } // end namespace glslang
[INFO] [stderr]         | ^
[INFO] [stderr]   compilation terminated.
[INFO] [stderr]   gmake[2]: *** [hlsl/CMakeFiles/HLSL.dir/build.make:146: hlsl/CMakeFiles/HLSL.dir/hlslGrammar.cpp.o] Error 1
[INFO] [stderr]   /opt/rustwide/cargo-home/registry/src/index.crates.io-6f17d22bba15001f/glsl-to-spirv-0.1.7/glslang/hlsl/hlslParseHelper.cpp:9067:1: fatal error: error writing to /tmp/ccKMU7UU.s: No space left on device
[INFO] [stderr]    9067 | } // end namespace glslang
[INFO] [stderr]         | ^
[INFO] [stderr]   compilation terminated.
[INFO] [stderr]   gmake[2]: *** [hlsl/CMakeFiles/HLSL.dir/build.make:90: hlsl/CMakeFiles/HLSL.dir/hlslParseHelper.cpp.o] Error 1
[INFO] [stderr]   gmake[1]: *** [CMakeFiles/Makefile2:1210: hlsl/CMakeFiles/HLSL.dir/all] Error 2
[INFO] [stderr]   gmake: *** [Makefile:146: all] Error 2
[INFO] [stderr]   thread 'main' panicked at /opt/rustwide/cargo-home/registry/src/index.crates.io-6f17d22bba15001f/cmake-0.1.38/src/lib.rs:813:5:
[INFO] [stderr] 
[INFO] [stderr]   command did not execute successfully, got: exit status: 2
[INFO] [stderr] 
[INFO] [stderr]   build script failed, must exit now
[INFO] [stderr]   stack backtrace:
[INFO] [stderr]      0:     0x562b58f302d6 - std::backtrace_rs::backtrace::libunwind::trace::heebc7766b165eb2a
[INFO] [stderr]                                  at /rustc/268dbbbc4b3fd71c5f360a4d0728295252430b5b/library/std/src/../../backtrace/src/backtrace/libunwind.rs:104:5
[INFO] [stderr]      1:     0x562b58f302d6 - std::backtrace_rs::backtrace::trace_unsynchronized::ha677020d8fc0296d
[INFO] [stderr]                                  at /rustc/268dbbbc4b3fd71c5f360a4d0728295252430b5b/library/std/src/../../backtrace/src/backtrace/mod.rs:66:5
[INFO] [stderr]      2:     0x562b58f302d6 - std::sys_common::backtrace::_print_fmt::hcaff2fd86a1aeaa3
[INFO] [stderr]                                  at /rustc/268dbbbc4b3fd71c5f360a4d0728295252430b5b/library/std/src/sys_common/backtrace.rs:68:5
[INFO] [stderr]      3:     0x562b58f302d6 - <std::sys_common::backtrace::_print::DisplayBacktrace as core::fmt::Display>::fmt::hc2446d8aa0059188
[INFO] [stderr]                                  at /rustc/268dbbbc4b3fd71c5f360a4d0728295252430b5b/library/std/src/sys_common/backtrace.rs:44:22
[INFO] [stderr]      4:     0x562b58f55900 - core::fmt::rt::Argument::fmt::h2fbb6454da37999b
[INFO] [stderr]                                  at /rustc/268dbbbc4b3fd71c5f360a4d0728295252430b5b/library/core/src/fmt/rt.rs:142:9
[INFO] [stderr]      5:     0x562b58f55900 - core::fmt::write::had96bdeda7d49d3a
[INFO] [stderr]                                  at /rustc/268dbbbc4b3fd71c5f360a4d0728295252430b5b/library/core/src/fmt/mod.rs:1120:17
[INFO] [stderr]      6:     0x562b58f2d82f - std::io::Write::write_fmt::h30b1f36eea05b391
[INFO] [stderr]                                  at /rustc/268dbbbc4b3fd71c5f360a4d0728295252430b5b/library/std/src/io/mod.rs:1849:15
[INFO] [stderr]      7:     0x562b58f300b4 - std::sys_common::backtrace::_print::hc333bb91ae972137
[INFO] [stderr]                                  at /rustc/268dbbbc4b3fd71c5f360a4d0728295252430b5b/library/std/src/sys_common/backtrace.rs:47:5
[INFO] [stderr]      8:     0x562b58f300b4 - std::sys_common::backtrace::print::h18fd3c71a95a3169
[INFO] [stderr]                                  at /rustc/268dbbbc4b3fd71c5f360a4d0728295252430b5b/library/std/src/sys_common/backtrace.rs:34:9
[INFO] [stderr]      9:     0x562b58f31827 - std::panicking::default_hook::{{closure}}::ha3473f9bcb4e9a37
[INFO] [stderr]     10:     0x562b58f31589 - std::panicking::default_hook::h23d9d43185db6584
[INFO] [stderr]                                  at /rustc/268dbbbc4b3fd71c5f360a4d0728295252430b5b/library/std/src/panicking.rs:292:9
[INFO] [stderr]     11:     0x562b58f31cb8 - std::panicking::rust_panic_with_hook::h94aceaa7df3a6edd
[INFO] [stderr]                                  at /rustc/268dbbbc4b3fd71c5f360a4d0728295252430b5b/library/std/src/panicking.rs:781:13
[INFO] [stderr]     12:     0x562b58f31b92 - std::panicking::begin_panic_handler::{{closure}}::h9905d45d1d82fc42
[INFO] [stderr]                                  at /rustc/268dbbbc4b3fd71c5f360a4d0728295252430b5b/library/std/src/panicking.rs:659:13
[INFO] [stderr]     13:     0x562b58f307d6 - std::sys_common::backtrace::__rust_end_short_backtrace::hb02085545dc143b9
[INFO] [stderr]                                  at /rustc/268dbbbc4b3fd71c5f360a4d0728295252430b5b/library/std/src/sys_common/backtrace.rs:171:18
[INFO] [stderr]     14:     0x562b58f318e4 - rust_begin_unwind
[INFO] [stderr]                                  at /rustc/268dbbbc4b3fd71c5f360a4d0728295252430b5b/library/std/src/panicking.rs:647:5
[INFO] [stderr]     15:     0x562b58ec65e5 - core::panicking::panic_fmt::h6dca3983f8a9f4d0
[INFO] [stderr]                                  at /rustc/268dbbbc4b3fd71c5f360a4d0728295252430b5b/library/core/src/panicking.rs:72:14
[INFO] [stderr]     16:     0x562b58ed9411 - cmake::fail::h2de8f54e681d8b37
[INFO] [stderr]     17:     0x562b58ed8b17 - cmake::run::h116dc603f823b6a5
[INFO] [stderr]     18:     0x562b58ed5eb9 - cmake::Config::build::ha9d8525c3c0fce48
[INFO] [stderr]     19:     0x562b58ec8971 - cmake::build::hbfff72c40385dbfe
[INFO] [stderr]     20:     0x562b58ec96e3 - build_script_build::main::h9818cdf015bf214f
[INFO] [stderr]     21:     0x562b58ec7fb3 - core::ops::function::FnOnce::call_once::hcb1e2e4d65d24af4
[INFO] [stderr]     22:     0x562b58ec7b66 - std::sys_common::backtrace::__rust_begin_short_backtrace::h29748683e7f18051
[INFO] [stderr]     23:     0x562b58ec7cd9 - std::rt::lang_start::{{closure}}::h8d35a5fb26322309
[INFO] [stderr]     24:     0x562b58f28f41 - core::ops::function::impls::<impl core::ops::function::FnOnce<A> for &F>::call_once::h298d8ff12ebcec8c
[INFO] [stderr]                                  at /rustc/268dbbbc4b3fd71c5f360a4d0728295252430b5b/library/core/src/ops/function.rs:284:13
[INFO] [stderr]     25:     0x562b58f28f41 - std::panicking::try::do_call::hbd0ffb05da5bd343
[INFO] [stderr]                                  at /rustc/268dbbbc4b3fd71c5f360a4d0728295252430b5b/library/std/src/panicking.rs:554:40
[INFO] [stderr]     26:     0x562b58f28f41 - std::panicking::try::h11c9a152defd5d2a
[INFO] [stderr]                                  at /rustc/268dbbbc4b3fd71c5f360a4d0728295252430b5b/library/std/src/panicking.rs:518:19
[INFO] [stderr]     27:     0x562b58f28f41 - std::panic::catch_unwind::h0d6db2fa902b4d64
[INFO] [stderr]                                  at /rustc/268dbbbc4b3fd71c5f360a4d0728295252430b5b/library/std/src/panic.rs:142:14
[INFO] [stderr]     28:     0x562b58f28f41 - std::rt::lang_start_internal::{{closure}}::hdcc09b4aad7ef821
[INFO] [stderr]                                  at /rustc/268dbbbc4b3fd71c5f360a4d0728295252430b5b/library/std/src/rt.rs:148:48
[INFO] [stderr]     29:     0x562b58f28f41 - std::panicking::try::do_call::h3ffd2f162d60900f
[INFO] [stderr]                                  at /rustc/268dbbbc4b3fd71c5f360a4d0728295252430b5b/library/std/src/panicking.rs:554:40
[INFO] [stderr]     30:     0x562b58f28f41 - std::panicking::try::heeba82b9c3e190fb
[INFO] [stderr]                                  at /rustc/268dbbbc4b3fd71c5f360a4d0728295252430b5b/library/std/src/panicking.rs:518:19
[INFO] [stderr]     31:     0x562b58f28f41 - std::panic::catch_unwind::hdaab8f1c188f387f
[INFO] [stderr]                                  at /rustc/268dbbbc4b3fd71c5f360a4d0728295252430b5b/library/std/src/panic.rs:142:14
[INFO] [stderr]     32:     0x562b58f28f41 - std::rt::lang_start_internal::h9989e088c48b7903
[INFO] [stderr]                                  at /rustc/268dbbbc4b3fd71c5f360a4d0728295252430b5b/library/std/src/rt.rs:148:20
[INFO] [stderr]     33:     0x562b58ec7cb7 - std::rt::lang_start::h6654ba3cffb10ce5
[INFO] [stderr]     34:     0x562b58ec9d85 - main
[INFO] [stderr]     35:     0x7faf36188d90 - <unknown>
[INFO] [stderr]     36:     0x7faf36188e40 - __libc_start_main
[INFO] [stderr]     37:     0x562b58ec6d15 - _start
[INFO] [stderr]     38:                0x0 - <unknown>
[INFO] running `Command { std: "docker" "inspect" "16c86debbb13a5c3f908913621fce6e6df166c29cb00eb7033fc9bdbb412f79e", kill_on_drop: false }`
[INFO] running `Command { std: "docker" "rm" "-f" "16c86debbb13a5c3f908913621fce6e6df166c29cb00eb7033fc9bdbb412f79e", kill_on_drop: false }`
[INFO] [stdout] 16c86debbb13a5c3f908913621fce6e6df166c29cb00eb7033fc9bdbb412f79e
