[INFO] cloning repository https://github.com/decapo01/avtor-rs
[INFO] running `Command { std: "git" "-c" "credential.helper=" "-c" "credential.helper=/workspace/cargo-home/bin/git-credential-null" "clone" "--bare" "https://github.com/decapo01/avtor-rs" "/workspace/cache/git-repos/https%3A%2F%2Fgithub.com%2Fdecapo01%2Favtor-rs", kill_on_drop: false }`
[INFO] [stderr] Cloning into bare repository '/workspace/cache/git-repos/https%3A%2F%2Fgithub.com%2Fdecapo01%2Favtor-rs'...
[INFO] running `Command { std: "git" "rev-parse" "HEAD", kill_on_drop: false }`
[INFO] [stdout] 8e400e1faa8e6e904c24700183c1d43b16ff87d3
[INFO] checking decapo01/avtor-rs against nightly-2024-02-05 for check-cfg
[INFO] running `Command { std: "git" "clone" "/workspace/cache/git-repos/https%3A%2F%2Fgithub.com%2Fdecapo01%2Favtor-rs" "/workspace/builds/worker-7-tc1/source", kill_on_drop: false }`
[INFO] [stderr] Cloning into '/workspace/builds/worker-7-tc1/source'...
[INFO] [stderr] done.
[INFO] validating manifest of git repo https://github.com/decapo01/avtor-rs on toolchain nightly-2024-02-05
[INFO] running `Command { std: CARGO_HOME="/workspace/cargo-home" RUSTUP_HOME="/workspace/rustup-home" "/workspace/cargo-home/bin/cargo" "+nightly-2024-02-05" "metadata" "--manifest-path" "Cargo.toml" "--no-deps", kill_on_drop: false }`
[INFO] started tweaking git repo https://github.com/decapo01/avtor-rs
[INFO] finished tweaking git repo https://github.com/decapo01/avtor-rs
[INFO] tweaked toml for git repo https://github.com/decapo01/avtor-rs written to /workspace/builds/worker-7-tc1/source/Cargo.toml
[INFO] crate git repo https://github.com/decapo01/avtor-rs already has a lockfile, it will not be regenerated
[INFO] running `Command { std: CARGO_HOME="/workspace/cargo-home" RUSTUP_HOME="/workspace/rustup-home" "/workspace/cargo-home/bin/cargo" "+nightly-2024-02-05" "fetch" "--manifest-path" "Cargo.toml", kill_on_drop: false }`
[INFO] [stderr] warning: virtual workspace defaulting to `resolver = "1"` despite one or more workspace members being on edition 2021 which implies `resolver = "2"`
[INFO] [stderr] note: to keep the current resolver, specify `workspace.resolver = "1"` in the workspace root's manifest
[INFO] [stderr] note: to use the edition 2021 resolver, specify `workspace.resolver = "2"` in the workspace root's manifest
[INFO] [stderr] note: for more details see https://doc.rust-lang.org/cargo/reference/resolver.html#resolver-versions
[INFO] [stderr]     Blocking waiting for file lock on package cache
[ERROR] error running command: no output for 300 seconds
[ERROR] this task or one of its parent failed!
[ERROR] no output for 300 seconds
[ERROR] note: run with `RUST_BACKTRACE=1` to display a backtrace.
[INFO] checking decapo01/avtor-rs against nightly-2024-02-05+rustflags=-Dunexpected_cfgs+cargoflags=-Zcheck-cfg for check-cfg
[INFO] running `Command { std: "git" "clone" "/workspace/cache/git-repos/https%3A%2F%2Fgithub.com%2Fdecapo01%2Favtor-rs" "/workspace/builds/worker-7-tc2/source", kill_on_drop: false }`
[INFO] [stderr] Cloning into '/workspace/builds/worker-7-tc2/source'...
[INFO] [stderr] done.
[INFO] validating manifest of git repo https://github.com/decapo01/avtor-rs on toolchain nightly-2024-02-05
[INFO] running `Command { std: CARGO_HOME="/workspace/cargo-home" RUSTUP_HOME="/workspace/rustup-home" "/workspace/cargo-home/bin/cargo" "+nightly-2024-02-05" "metadata" "--manifest-path" "Cargo.toml" "--no-deps", kill_on_drop: false }`
[INFO] started tweaking git repo https://github.com/decapo01/avtor-rs
[INFO] finished tweaking git repo https://github.com/decapo01/avtor-rs
[INFO] tweaked toml for git repo https://github.com/decapo01/avtor-rs written to /workspace/builds/worker-7-tc2/source/Cargo.toml
[INFO] crate git repo https://github.com/decapo01/avtor-rs already has a lockfile, it will not be regenerated
[INFO] running `Command { std: CARGO_HOME="/workspace/cargo-home" RUSTUP_HOME="/workspace/rustup-home" "/workspace/cargo-home/bin/cargo" "+nightly-2024-02-05" "fetch" "--manifest-path" "Cargo.toml", kill_on_drop: false }`
[INFO] [stderr] warning: virtual workspace defaulting to `resolver = "1"` despite one or more workspace members being on edition 2021 which implies `resolver = "2"`
[INFO] [stderr] note: to keep the current resolver, specify `workspace.resolver = "1"` in the workspace root's manifest
[INFO] [stderr] note: to use the edition 2021 resolver, specify `workspace.resolver = "2"` in the workspace root's manifest
[INFO] [stderr] note: for more details see https://doc.rust-lang.org/cargo/reference/resolver.html#resolver-versions
[INFO] [stderr]     Blocking waiting for file lock on package cache
[INFO] [stderr]     Updating crates.io index
[INFO] [stderr]     Blocking waiting for file lock on package cache
[ERROR] error running command: no output for 300 seconds
[INFO] checking decapo01/avtor-rs against nightly-2024-02-05+rustflags=-Dunexpected_cfgs+cargoflags=-Zcheck-cfg for check-cfg
[INFO] running `Command { std: "git" "clone" "/workspace/cache/git-repos/https%3A%2F%2Fgithub.com%2Fdecapo01%2Favtor-rs" "/workspace/builds/worker-7-tc2/source", kill_on_drop: false }`
[INFO] [stderr] Cloning into '/workspace/builds/worker-7-tc2/source'...
[INFO] [stderr] done.
[INFO] validating manifest of git repo https://github.com/decapo01/avtor-rs on toolchain nightly-2024-02-05
[INFO] running `Command { std: CARGO_HOME="/workspace/cargo-home" RUSTUP_HOME="/workspace/rustup-home" "/workspace/cargo-home/bin/cargo" "+nightly-2024-02-05" "metadata" "--manifest-path" "Cargo.toml" "--no-deps", kill_on_drop: false }`
[INFO] started tweaking git repo https://github.com/decapo01/avtor-rs
[INFO] finished tweaking git repo https://github.com/decapo01/avtor-rs
[INFO] tweaked toml for git repo https://github.com/decapo01/avtor-rs written to /workspace/builds/worker-7-tc2/source/Cargo.toml
[INFO] crate git repo https://github.com/decapo01/avtor-rs already has a lockfile, it will not be regenerated
[INFO] running `Command { std: CARGO_HOME="/workspace/cargo-home" RUSTUP_HOME="/workspace/rustup-home" "/workspace/cargo-home/bin/cargo" "+nightly-2024-02-05" "fetch" "--manifest-path" "Cargo.toml", kill_on_drop: false }`
[INFO] [stderr] warning: virtual workspace defaulting to `resolver = "1"` despite one or more workspace members being on edition 2021 which implies `resolver = "2"`
[INFO] [stderr] note: to keep the current resolver, specify `workspace.resolver = "1"` in the workspace root's manifest
[INFO] [stderr] note: to use the edition 2021 resolver, specify `workspace.resolver = "2"` in the workspace root's manifest
[INFO] [stderr] note: for more details see https://doc.rust-lang.org/cargo/reference/resolver.html#resolver-versions
[INFO] [stderr]     Blocking waiting for file lock on package cache
[INFO] [stderr]  Downloading crates ...
[INFO] [stderr]   Downloaded validator_types v0.12.0
[INFO] [stderr]   Downloaded smol_str v0.1.23
[INFO] [stderr]   Downloaded validator v0.12.0
[INFO] [stderr]   Downloaded serde_qs v0.9.2
[INFO] [stderr]   Downloaded validator_derive v0.12.0
[INFO] [stderr]   Downloaded postgres-derive v0.4.1
[INFO] [stderr]   Downloaded async-stripe v0.14.1
[INFO] running `Command { std: "docker" "create" "-v" "/var/lib/crater-agent-workspace/builds/worker-7-tc2/target:/opt/rustwide/target:rw,Z" "-v" "/var/lib/crater-agent-workspace/builds/worker-7-tc2/source:/opt/rustwide/workdir:ro,Z" "-v" "/var/lib/crater-agent-workspace/cargo-home:/opt/rustwide/cargo-home:ro,Z" "-v" "/var/lib/crater-agent-workspace/rustup-home:/opt/rustwide/rustup-home:ro,Z" "-e" "SOURCE_DIR=/opt/rustwide/workdir" "-e" "CARGO_TARGET_DIR=/opt/rustwide/target" "-e" "CARGO_HOME=/opt/rustwide/cargo-home" "-e" "RUSTUP_HOME=/opt/rustwide/rustup-home" "-w" "/opt/rustwide/workdir" "-m" "1610612736" "--user" "0:0" "--network" "none" "ghcr.io/rust-lang/crates-build-env/linux@sha256:2788e3201cd34a07e3172128adcd8b3090168a8e3bcc40d7c032b9dda1df7d1c" "/opt/rustwide/cargo-home/bin/cargo" "+nightly-2024-02-05" "metadata" "--no-deps" "--format-version=1", kill_on_drop: false }`
[INFO] [stdout] 709ed78186a0a1d535c15d180f1a7f6d51d372d5b09264aca1ef29b1671ad927
[INFO] running `Command { std: "docker" "start" "-a" "709ed78186a0a1d535c15d180f1a7f6d51d372d5b09264aca1ef29b1671ad927", kill_on_drop: false }`
[INFO] running `Command { std: "docker" "inspect" "709ed78186a0a1d535c15d180f1a7f6d51d372d5b09264aca1ef29b1671ad927", kill_on_drop: false }`
[INFO] running `Command { std: "docker" "rm" "-f" "709ed78186a0a1d535c15d180f1a7f6d51d372d5b09264aca1ef29b1671ad927", kill_on_drop: false }`
[INFO] [stdout] 709ed78186a0a1d535c15d180f1a7f6d51d372d5b09264aca1ef29b1671ad927
[INFO] running `Command { std: "docker" "create" "-v" "/var/lib/crater-agent-workspace/builds/worker-7-tc2/target:/opt/rustwide/target:rw,Z" "-v" "/var/lib/crater-agent-workspace/builds/worker-7-tc2/source:/opt/rustwide/workdir:ro,Z" "-v" "/var/lib/crater-agent-workspace/cargo-home:/opt/rustwide/cargo-home:ro,Z" "-v" "/var/lib/crater-agent-workspace/rustup-home:/opt/rustwide/rustup-home:ro,Z" "-e" "SOURCE_DIR=/opt/rustwide/workdir" "-e" "CARGO_TARGET_DIR=/opt/rustwide/target" "-e" "CARGO_INCREMENTAL=0" "-e" "RUST_BACKTRACE=full" "-e" "RUSTFLAGS=--cap-lints=forbid -Dunexpected_cfgs" "-e" "RUSTDOCFLAGS=--cap-lints=forbid" "-e" "CARGO_HOME=/opt/rustwide/cargo-home" "-e" "RUSTUP_HOME=/opt/rustwide/rustup-home" "-w" "/opt/rustwide/workdir" "-m" "1610612736" "--user" "0:0" "--network" "none" "ghcr.io/rust-lang/crates-build-env/linux@sha256:2788e3201cd34a07e3172128adcd8b3090168a8e3bcc40d7c032b9dda1df7d1c" "/opt/rustwide/cargo-home/bin/cargo" "+nightly-2024-02-05" "check" "--frozen" "--all" "--all-targets" "--message-format=json" "-Zcheck-cfg", kill_on_drop: false }`
[INFO] [stdout] 2b0312e60d59ec7b4a53c16c7714d3c87f8cb08a2becf00592f30b3b95701af8
[INFO] running `Command { std: "docker" "start" "-a" "2b0312e60d59ec7b4a53c16c7714d3c87f8cb08a2becf00592f30b3b95701af8", kill_on_drop: false }`
[INFO] [stderr] warning: virtual workspace defaulting to `resolver = "1"` despite one or more workspace members being on edition 2021 which implies `resolver = "2"`
[INFO] [stderr] note: to keep the current resolver, specify `workspace.resolver = "1"` in the workspace root's manifest
[INFO] [stderr] note: to use the edition 2021 resolver, specify `workspace.resolver = "2"` in the workspace root's manifest
[INFO] [stderr] note: for more details see https://doc.rust-lang.org/cargo/reference/resolver.html#resolver-versions
[INFO] [stderr]    Compiling proc-macro2 v1.0.37
[INFO] [stderr]    Compiling syn v1.0.91
[INFO] [stderr]    Compiling libc v0.2.122
[INFO] [stderr]    Compiling log v0.4.16
[INFO] [stderr]    Compiling lock_api v0.4.7
[INFO] [stderr]    Compiling parking_lot_core v0.9.2
[INFO] [stderr]    Compiling cc v1.0.73
[INFO] [stderr]     Checking futures-io v0.3.21
[INFO] [stderr]    Compiling pkg-config v0.3.25
[INFO] [stderr]    Compiling indexmap v1.8.1
[INFO] [stderr]     Checking slab v0.4.6
[INFO] [stderr]    Compiling num-traits v0.2.14
[INFO] [stderr]    Compiling proc-macro-error-attr v1.0.4
[INFO] [stderr]    Compiling getrandom v0.1.16
[INFO] [stderr]     Checking hashbrown v0.11.2
[INFO] [stderr]     Checking http v0.2.7
[INFO] [stderr]     Checking tracing-core v0.1.26
[INFO] [stderr]    Compiling proc-macro-error v1.0.4
[INFO] [stderr]    Compiling num-integer v0.1.44
[INFO] [stderr]    Compiling quote v1.0.17
[INFO] [stderr]     Checking socket2 v0.4.4
[INFO] [stderr]     Checking signal-hook-registry v1.4.0
[INFO] [stderr]     Checking num_cpus v1.13.1
[INFO] [stderr]     Checking mio v0.8.2
[INFO] [stderr]     Checking parking_lot v0.12.0
[INFO] [stderr]     Checking getrandom v0.2.6
[INFO] [stderr]    Compiling openssl-sys v0.9.73
[INFO] [stderr]    Compiling openssl v0.10.40
[INFO] [stderr]     Checking rand_core v0.6.3
[INFO] [stderr]     Checking cpufeatures v0.2.2
[INFO] [stderr]    Compiling serde_json v1.0.79
[INFO] [stderr]    Compiling httparse v1.7.1
[INFO] [stderr]    Compiling native-tls v0.2.10
[INFO] [stderr]     Checking rand_core v0.5.1
[INFO] [stderr]     Checking sha2 v0.10.2
[INFO] [stderr]     Checking rand_chacha v0.3.1
[INFO] [stderr]     Checking time v0.1.43
[INFO] [stderr]     Checking idna v0.2.3
[INFO] [stderr]    Compiling memchr v2.4.1
[INFO] [stderr]    Compiling anyhow v1.0.56
[INFO] [stderr]     Checking openssl-probe v0.1.5
[INFO] [stderr]     Checking cache-padded v1.2.0
[INFO] [stderr]     Checking want v0.3.0
[INFO] [stderr]     Checking concurrent-queue v1.2.2
[INFO] [stderr]     Checking rand v0.8.5
[INFO] [stderr]     Checking rand_chacha v0.2.2
[INFO] [stderr]    Compiling aho-corasick v0.7.18
[INFO] [stderr]     Checking http-body v0.4.5
[INFO] [stderr]     Checking fastrand v1.7.0
[INFO] [stderr]     Checking event-listener v2.5.2
[INFO] [stderr]    Compiling regex-syntax v0.6.25
[INFO] [stderr]    Compiling http-types v2.12.0
[INFO] [stderr]     Checking waker-fn v1.1.0
[INFO] [stderr]    Compiling async-trait v0.1.53
[INFO] [stderr]     Checking parking v2.0.0
[INFO] [stderr]     Checking futures-lite v1.12.0
[INFO] [stderr]     Checking async-channel v1.6.1
[INFO] [stderr]     Checking postgres-protocol v0.6.3
[INFO] [stderr]     Checking parking_lot_core v0.8.5
[INFO] [stderr]     Checking rand v0.7.3
[INFO] [stderr]    Compiling validator_types v0.12.0
[INFO] [stderr]    Compiling if_chain v1.0.2
[INFO] [stderr]    Compiling lazy_static v1.4.0
[INFO] [stderr]     Checking infer v0.2.3
[INFO] [stderr]     Checking parking_lot v0.11.2
[INFO] [stderr]     Checking hex v0.4.3
[INFO] [stderr]     Checking linked-hash-map v0.5.4
[INFO] [stderr]    Compiling heck v0.4.0
[INFO] [stderr]     Checking os_str_bytes v6.1.0
[INFO] [stderr]    Compiling paste v1.0.7
[INFO] [stderr]     Checking atty v0.2.14
[INFO] [stderr]     Checking yaml-rust v0.4.5
[INFO] [stderr]     Checking termcolor v1.1.3
[INFO] [stderr]     Checking clap_lex v0.2.0
[INFO] [stderr]     Checking textwrap v0.15.0
[INFO] [stderr]     Checking dotenv v0.15.0
[INFO] [stderr]    Compiling regex v1.5.5
[INFO] [stderr]    Compiling serde_derive v1.0.136
[INFO] [stderr]    Compiling tokio-macros v1.7.0
[INFO] [stderr]    Compiling futures-macro v0.3.21
[INFO] [stderr]    Compiling tracing-attributes v0.1.21
[INFO] [stderr]    Compiling thiserror-impl v1.0.30
[INFO] [stderr]    Compiling openssl-macros v0.1.0
[INFO] [stderr]    Compiling postgres-derive v0.4.1
[INFO] [stderr]    Compiling validator_derive v0.12.0
[INFO] [stderr]     Checking tokio v1.17.0
[INFO] [stderr]     Checking futures-util v0.3.21
[INFO] [stderr]     Checking thiserror v1.0.30
[INFO] [stderr]    Compiling smart-default v0.6.0
[INFO] [stderr]    Compiling clap_derive v3.1.18
[INFO] [stderr]     Checking tracing v0.1.34
[INFO] [stderr]     Checking serde v1.0.136
[INFO] [stderr]     Checking clap v3.1.18
[INFO] [stderr]     Checking futures-executor v0.3.21
[INFO] [stderr]     Checking futures v0.3.21
[INFO] [stderr]     Checking tokio-util v0.7.2
[INFO] [stderr]     Checking tokio-native-tls v0.3.0
[INFO] [stderr]     Checking tokio-util v0.6.9
[INFO] [stderr]     Checking h2 v0.3.13
[INFO] [stderr]     Checking url v2.2.2
[INFO] [stderr]     Checking chrono v0.4.19
[INFO] [stderr]     Checking uuid v0.8.2
[INFO] [stderr]     Checking serde_urlencoded v0.7.1
[INFO] [stderr]     Checking serde_qs v0.8.5
[INFO] [stderr]     Checking smol_str v0.1.23
[INFO] [stderr]     Checking serde_qs v0.9.2
[INFO] [stderr]     Checking envy v0.4.2
[INFO] [stderr]     Checking serde_yaml v0.8.24
[INFO] [stderr]     Checking postgres-types v0.2.2
[INFO] [stderr]     Checking validator v0.12.0
[INFO] [stderr]     Checking hyper v0.14.19
[INFO] [stderr]     Checking tokio-postgres v0.7.5
[INFO] [stderr]     Checking hyper-tls v0.5.0
[INFO] [stderr]     Checking async-stripe v0.14.1
[INFO] [stderr] error: could not compile `async-stripe` (lib)
[INFO] [stderr] 
[INFO] [stderr] Caused by:
[INFO] [stderr]   process didn't exit successfully: `/opt/rustwide/rustup-home/toolchains/nightly-2024-02-05-x86_64-unknown-linux-gnu/bin/rustc --crate-name stripe --edition=2018 /opt/rustwide/cargo-home/registry/src/index.crates.io-6f17d22bba15001f/async-stripe-0.14.1/src/lib.rs --error-format=json --json=diagnostic-rendered-ansi,artifacts,future-incompat --crate-type lib --emit=dep-info,metadata -C embed-bitcode=no -C debuginfo=2 --cfg 'feature="async"' --cfg 'feature="billing"' --cfg 'feature="checkout"' --cfg 'feature="chrono"' --cfg 'feature="connect"' --cfg 'feature="default"' --cfg 'feature="events"' --cfg 'feature="fraud"' --cfg 'feature="full"' --cfg 'feature="hex"' --cfg 'feature="hmac"' --cfg 'feature="hyper"' --cfg 'feature="hyper-client"' --cfg 'feature="hyper-tls"' --cfg 'feature="issuing"' --cfg 'feature="orders"' --cfg 'feature="runtime-tokio-hyper"' --cfg 'feature="sha2"' --cfg 'feature="sigma"' --cfg 'feature="terminal"' --cfg 'feature="tokio"' --cfg 'feature="uuid"' --cfg 'feature="webhook-endpoints"' --cfg 'feature="webhook-events"' -Zunstable-options --check-cfg 'cfg(feature, values("async", "async-std", "billing", "blocking", "checkout", "chrono", "connect", "default", "events", "fraud", "full", "hex", "hmac", "hyper", "hyper-client", "hyper-rustls", "hyper-tls", "issuing", "orders", "runtime-async-std-surf", "runtime-blocking", "runtime-blocking-rustls", "runtime-tokio-hyper", "runtime-tokio-hyper-rustls", "sha2", "sigma", "surf", "terminal", "tokio", "uuid", "webhook-endpoints", "webhook-events"))' -C metadata=944f99d4913869d2 -C extra-filename=-944f99d4913869d2 --out-dir /opt/rustwide/target/debug/deps -L dependency=/opt/rustwide/target/debug/deps --extern chrono=/opt/rustwide/target/debug/deps/libchrono-6905ee5e365eda0d.rmeta --extern hex=/opt/rustwide/target/debug/deps/libhex-4993bc98e929487d.rmeta --extern hmac=/opt/rustwide/target/debug/deps/libhmac-e0ed3f61b81f04af.rmeta --extern http_types=/opt/rustwide/target/debug/deps/libhttp_types-68e4bf6bc9d81147.rmeta --extern hyper=/opt/rustwide/target/debug/deps/libhyper-97132a41460a1f31.rmeta --extern hyper_tls=/opt/rustwide/target/debug/deps/libhyper_tls-ae5324391edfadca.rmeta --extern serde=/opt/rustwide/target/debug/deps/libserde-274815b575de0cc0.rmeta --extern serde_json=/opt/rustwide/target/debug/deps/libserde_json-dc9080fc74cbf501.rmeta --extern serde_qs=/opt/rustwide/target/debug/deps/libserde_qs-9fe9fd77ed82c8f8.rmeta --extern sha2=/opt/rustwide/target/debug/deps/libsha2-23a909dac6673a62.rmeta --extern smart_default=/opt/rustwide/target/debug/deps/libsmart_default-10a28e8cb74cd058.so --extern smol_str=/opt/rustwide/target/debug/deps/libsmol_str-fc38bf005ee58746.rmeta --extern thiserror=/opt/rustwide/target/debug/deps/libthiserror-5500683f4191119d.rmeta --extern tokio=/opt/rustwide/target/debug/deps/libtokio-5f690a3d4cb39fe5.rmeta --extern uuid=/opt/rustwide/target/debug/deps/libuuid-da62b452dca90868.rmeta --cap-lints allow --cap-lints=forbid -Dunexpected_cfgs` (signal: 9, SIGKILL: kill)
[INFO] running `Command { std: "docker" "inspect" "2b0312e60d59ec7b4a53c16c7714d3c87f8cb08a2becf00592f30b3b95701af8", kill_on_drop: false }`
[INFO] running `Command { std: "docker" "rm" "-f" "2b0312e60d59ec7b4a53c16c7714d3c87f8cb08a2becf00592f30b3b95701af8", kill_on_drop: false }`
[INFO] [stdout] 2b0312e60d59ec7b4a53c16c7714d3c87f8cb08a2becf00592f30b3b95701af8
