[INFO] cloning repository https://github.com/ThibaultDct/gsm-api
[INFO] running `Command { std: "git" "-c" "credential.helper=" "-c" "credential.helper=/workspace/cargo-home/bin/git-credential-null" "clone" "--bare" "https://github.com/ThibaultDct/gsm-api" "/workspace/cache/git-repos/https%3A%2F%2Fgithub.com%2FThibaultDct%2Fgsm-api", kill_on_drop: false }`
[INFO] [stderr] Cloning into bare repository '/workspace/cache/git-repos/https%3A%2F%2Fgithub.com%2FThibaultDct%2Fgsm-api'...
[INFO] running `Command { std: "git" "rev-parse" "HEAD", kill_on_drop: false }`
[INFO] [stdout] 14f46cc7dfcd99c74257ecb3d67d334ad45d8e65
[INFO] checking ThibaultDct/gsm-api against nightly-2024-02-05 for check-cfg
[INFO] running `Command { std: "git" "clone" "/workspace/cache/git-repos/https%3A%2F%2Fgithub.com%2FThibaultDct%2Fgsm-api" "/workspace/builds/worker-3-tc1/source", kill_on_drop: false }`
[INFO] [stderr] Cloning into '/workspace/builds/worker-3-tc1/source'...
[INFO] [stderr] done.
[INFO] validating manifest of git repo https://github.com/ThibaultDct/gsm-api on toolchain nightly-2024-02-05
[INFO] running `Command { std: CARGO_HOME="/workspace/cargo-home" RUSTUP_HOME="/workspace/rustup-home" "/workspace/cargo-home/bin/cargo" "+nightly-2024-02-05" "metadata" "--manifest-path" "Cargo.toml" "--no-deps", kill_on_drop: false }`
[INFO] started tweaking git repo https://github.com/ThibaultDct/gsm-api
[INFO] finished tweaking git repo https://github.com/ThibaultDct/gsm-api
[INFO] tweaked toml for git repo https://github.com/ThibaultDct/gsm-api written to /workspace/builds/worker-3-tc1/source/Cargo.toml
[INFO] crate git repo https://github.com/ThibaultDct/gsm-api already has a lockfile, it will not be regenerated
[INFO] running `Command { std: CARGO_HOME="/workspace/cargo-home" RUSTUP_HOME="/workspace/rustup-home" "/workspace/cargo-home/bin/cargo" "+nightly-2024-02-05" "fetch" "--manifest-path" "Cargo.toml", kill_on_drop: false }`
[INFO] [stderr]     Blocking waiting for file lock on package cache
[ERROR] error running command: no output for 300 seconds
[ERROR] this task or one of its parent failed!
[ERROR] no output for 300 seconds
[ERROR] note: run with `RUST_BACKTRACE=1` to display a backtrace.
[INFO] checking ThibaultDct/gsm-api against nightly-2024-02-05+rustflags=-Dunexpected_cfgs+cargoflags=-Zcheck-cfg for check-cfg
[INFO] running `Command { std: "git" "clone" "/workspace/cache/git-repos/https%3A%2F%2Fgithub.com%2FThibaultDct%2Fgsm-api" "/workspace/builds/worker-3-tc2/source", kill_on_drop: false }`
[INFO] [stderr] Cloning into '/workspace/builds/worker-3-tc2/source'...
[INFO] [stderr] done.
[INFO] validating manifest of git repo https://github.com/ThibaultDct/gsm-api on toolchain nightly-2024-02-05
[INFO] running `Command { std: CARGO_HOME="/workspace/cargo-home" RUSTUP_HOME="/workspace/rustup-home" "/workspace/cargo-home/bin/cargo" "+nightly-2024-02-05" "metadata" "--manifest-path" "Cargo.toml" "--no-deps", kill_on_drop: false }`
[INFO] started tweaking git repo https://github.com/ThibaultDct/gsm-api
[INFO] finished tweaking git repo https://github.com/ThibaultDct/gsm-api
[INFO] tweaked toml for git repo https://github.com/ThibaultDct/gsm-api written to /workspace/builds/worker-3-tc2/source/Cargo.toml
[INFO] crate git repo https://github.com/ThibaultDct/gsm-api already has a lockfile, it will not be regenerated
[INFO] running `Command { std: CARGO_HOME="/workspace/cargo-home" RUSTUP_HOME="/workspace/rustup-home" "/workspace/cargo-home/bin/cargo" "+nightly-2024-02-05" "fetch" "--manifest-path" "Cargo.toml", kill_on_drop: false }`
[INFO] [stderr]     Blocking waiting for file lock on package cache
[INFO] [stderr]     Updating crates.io index
[INFO] [stderr]     Blocking waiting for file lock on package cache
[ERROR] error running command: no output for 300 seconds
[INFO] checking ThibaultDct/gsm-api against nightly-2024-02-05+rustflags=-Dunexpected_cfgs+cargoflags=-Zcheck-cfg for check-cfg
[INFO] running `Command { std: "git" "clone" "/workspace/cache/git-repos/https%3A%2F%2Fgithub.com%2FThibaultDct%2Fgsm-api" "/workspace/builds/worker-3-tc2/source", kill_on_drop: false }`
[INFO] [stderr] Cloning into '/workspace/builds/worker-3-tc2/source'...
[INFO] [stderr] done.
[INFO] validating manifest of git repo https://github.com/ThibaultDct/gsm-api on toolchain nightly-2024-02-05
[INFO] running `Command { std: CARGO_HOME="/workspace/cargo-home" RUSTUP_HOME="/workspace/rustup-home" "/workspace/cargo-home/bin/cargo" "+nightly-2024-02-05" "metadata" "--manifest-path" "Cargo.toml" "--no-deps", kill_on_drop: false }`
[INFO] started tweaking git repo https://github.com/ThibaultDct/gsm-api
[INFO] finished tweaking git repo https://github.com/ThibaultDct/gsm-api
[INFO] tweaked toml for git repo https://github.com/ThibaultDct/gsm-api written to /workspace/builds/worker-3-tc2/source/Cargo.toml
[INFO] crate git repo https://github.com/ThibaultDct/gsm-api already has a lockfile, it will not be regenerated
[INFO] running `Command { std: CARGO_HOME="/workspace/cargo-home" RUSTUP_HOME="/workspace/rustup-home" "/workspace/cargo-home/bin/cargo" "+nightly-2024-02-05" "fetch" "--manifest-path" "Cargo.toml", kill_on_drop: false }`
[INFO] [stderr]     Blocking waiting for file lock on package cache
[INFO] [stderr]     Blocking waiting for file lock on package cache
[INFO] [stderr]  Downloading crates ...
[INFO] [stderr]   Downloaded foreign-types v0.2.0
[INFO] [stderr]   Downloaded openssl-sys v0.9.19
[INFO] [stderr]   Downloaded base64 v0.7.0
[INFO] [stderr]   Downloaded openssl v0.9.19
[INFO] [stderr]   Downloaded frank_jwt v2.5.1
[INFO] [stderr]   Downloaded bcrypt v0.1.4
[INFO] running `Command { std: "docker" "create" "-v" "/var/lib/crater-agent-workspace/builds/worker-3-tc2/target:/opt/rustwide/target:rw,Z" "-v" "/var/lib/crater-agent-workspace/builds/worker-3-tc2/source:/opt/rustwide/workdir:ro,Z" "-v" "/var/lib/crater-agent-workspace/cargo-home:/opt/rustwide/cargo-home:ro,Z" "-v" "/var/lib/crater-agent-workspace/rustup-home:/opt/rustwide/rustup-home:ro,Z" "-e" "SOURCE_DIR=/opt/rustwide/workdir" "-e" "CARGO_TARGET_DIR=/opt/rustwide/target" "-e" "CARGO_HOME=/opt/rustwide/cargo-home" "-e" "RUSTUP_HOME=/opt/rustwide/rustup-home" "-w" "/opt/rustwide/workdir" "-m" "1610612736" "--user" "0:0" "--network" "none" "ghcr.io/rust-lang/crates-build-env/linux@sha256:2788e3201cd34a07e3172128adcd8b3090168a8e3bcc40d7c032b9dda1df7d1c" "/opt/rustwide/cargo-home/bin/cargo" "+nightly-2024-02-05" "metadata" "--no-deps" "--format-version=1", kill_on_drop: false }`
[INFO] [stdout] 02783c23baaf7c994c56546a4ca108a6cc0ca073c0d2f17ca5317a551882a6ee
[INFO] running `Command { std: "docker" "start" "-a" "02783c23baaf7c994c56546a4ca108a6cc0ca073c0d2f17ca5317a551882a6ee", kill_on_drop: false }`
[INFO] running `Command { std: "docker" "inspect" "02783c23baaf7c994c56546a4ca108a6cc0ca073c0d2f17ca5317a551882a6ee", kill_on_drop: false }`
[INFO] running `Command { std: "docker" "rm" "-f" "02783c23baaf7c994c56546a4ca108a6cc0ca073c0d2f17ca5317a551882a6ee", kill_on_drop: false }`
[INFO] [stdout] 02783c23baaf7c994c56546a4ca108a6cc0ca073c0d2f17ca5317a551882a6ee
[INFO] running `Command { std: "docker" "create" "-v" "/var/lib/crater-agent-workspace/builds/worker-3-tc2/target:/opt/rustwide/target:rw,Z" "-v" "/var/lib/crater-agent-workspace/builds/worker-3-tc2/source:/opt/rustwide/workdir:ro,Z" "-v" "/var/lib/crater-agent-workspace/cargo-home:/opt/rustwide/cargo-home:ro,Z" "-v" "/var/lib/crater-agent-workspace/rustup-home:/opt/rustwide/rustup-home:ro,Z" "-e" "SOURCE_DIR=/opt/rustwide/workdir" "-e" "CARGO_TARGET_DIR=/opt/rustwide/target" "-e" "CARGO_INCREMENTAL=0" "-e" "RUST_BACKTRACE=full" "-e" "RUSTFLAGS=--cap-lints=forbid -Dunexpected_cfgs" "-e" "RUSTDOCFLAGS=--cap-lints=forbid" "-e" "CARGO_HOME=/opt/rustwide/cargo-home" "-e" "RUSTUP_HOME=/opt/rustwide/rustup-home" "-w" "/opt/rustwide/workdir" "-m" "1610612736" "--user" "0:0" "--network" "none" "ghcr.io/rust-lang/crates-build-env/linux@sha256:2788e3201cd34a07e3172128adcd8b3090168a8e3bcc40d7c032b9dda1df7d1c" "/opt/rustwide/cargo-home/bin/cargo" "+nightly-2024-02-05" "check" "--frozen" "--all" "--all-targets" "--message-format=json" "-Zcheck-cfg", kill_on_drop: false }`
[INFO] [stdout] d9a8ad705baabdc89e5e23f93e1ef3afced2f853b0dc2892f608f275000a3d7d
[INFO] running `Command { std: "docker" "start" "-a" "d9a8ad705baabdc89e5e23f93e1ef3afced2f853b0dc2892f608f275000a3d7d", kill_on_drop: false }`
[INFO] [stderr]     Checking libc v0.2.31
[INFO] [stderr]     Checking lazy_static v0.2.9
[INFO] [stderr]     Checking traitobject v0.1.0
[INFO] [stderr]     Checking byteorder v1.1.0
[INFO] [stderr]     Checking safemem v0.2.0
[INFO] [stderr]     Checking matches v0.1.6
[INFO] [stderr]    Compiling version_check v0.1.3
[INFO] [stderr]     Checking rustc-serialize v0.3.24
[INFO] [stderr]    Compiling pq-sys v0.4.4
[INFO] [stderr]     Checking unicode-normalization v0.1.5
[INFO] [stderr]    Compiling unicode-xid v0.0.4
[INFO] [stderr]     Checking percent-encoding v1.0.0
[INFO] [stderr]    Compiling cc v1.0.0
[INFO] [stderr]    Compiling pkg-config v0.3.9
[INFO] [stderr]     Checking log v0.3.8
[INFO] [stderr]    Compiling quote v0.3.15
[INFO] [stderr]    Compiling synom v0.11.3
[INFO] [stderr]     Checking typeable v0.1.2
[INFO] [stderr]     Checking unsafe-any v0.4.2
[INFO] [stderr]     Checking httparse v1.2.3
[INFO] [stderr]     Checking language-tags v0.2.2
[INFO] [stderr]     Checking unicode-bidi v0.3.4
[INFO] [stderr]     Checking typemap v0.3.3
[INFO] [stderr]     Checking mime v0.2.6
[INFO] [stdout] error[E0310]: the parameter type `T` may not live long enough
[INFO] [stdout]     --> /opt/rustwide/cargo-home/registry/src/index.crates.io-6f17d22bba15001f/rustc-serialize-0.3.24/src/serialize.rs:1155:5
[INFO] [stdout]      |
[INFO] [stdout] 1155 |     fn decode<D: Decoder>(d: &mut D) -> Result<Cow<'static, T>, D::Error> {
[INFO] [stdout]      |     ^^^^^^^^^^^^^^^^^^^^^^^^^^^^^^^^^^^^^^^^^^^^^^^^^^^^^^^^^^^^^^^^^^^^^
[INFO] [stdout]      |     |
[INFO] [stdout]      |     the parameter type `T` must be valid for the static lifetime...
[INFO] [stdout]      |     ...so that the type `T` will meet its required lifetime bounds...
[INFO] [stdout]      |
[INFO] [stdout] note: ...that is required by this bound
[INFO] [stdout]     --> /rustc/268dbbbc4b3fd71c5f360a4d0728295252430b5b/library/alloc/src/borrow.rs:180:30
[INFO] [stdout] help: consider adding an explicit lifetime bound
[INFO] [stdout]      |
[INFO] [stdout] 1151 | impl<'a, T: ?Sized + 'static> Decodable for Cow<'a, T>
[INFO] [stdout]      |                    +++++++++
[INFO] [stdout] 
[INFO] [stdout] 
[INFO] [stderr]    Compiling syn v0.11.11
[INFO] [stderr]     Checking base64 v0.6.0
[INFO] [stderr]     Checking time v0.1.38
[INFO] [stderr]    Compiling unicase v1.4.2
[INFO] [stderr]     Checking num_cpus v1.7.0
[INFO] [stderr]    Compiling void v1.0.2
[INFO] [stderr]     Checking error v0.1.9
[INFO] [stderr]    Compiling gcc v0.3.54
[INFO] [stderr]     Checking plugin v0.2.6
[INFO] [stderr]     Checking modifier v0.1.0
[INFO] [stderr]     Checking idna v0.1.4
[INFO] [stderr]    Compiling unreachable v1.0.0
[INFO] [stderr]     Checking memchr v1.0.1
[INFO] [stderr]    Compiling thread_local v0.3.4
[INFO] [stderr]    Compiling utf8-ranges v1.0.0
[INFO] [stderr]     Checking bitflags v0.9.1
[INFO] [stderr]    Compiling openssl v0.9.19
[INFO] [stderr]    Compiling regex-syntax v0.4.1
[INFO] [stderr]     Checking aho-corasick v0.6.3
[INFO] [stderr]    Compiling diesel v0.16.0
[INFO] [stderr]     Checking rand v0.3.16
[INFO] [stderr]     Checking foreign-types v0.2.0
[INFO] [stderr]     Checking dtoa v0.4.2
[INFO] [stderr]     Checking serde v1.0.15
[INFO] [stderr]     Checking itoa v0.3.4
[INFO] [stderr]    Compiling error-chain v0.10.0
[INFO] [stderr]     Checking num-traits v0.1.40
[INFO] [stderr]     Checking base64 v0.7.0
[INFO] [stderr]     Checking route-recognizer v0.1.12
[INFO] [stdout] error: aborting due to 1 previous error
[INFO] [stdout] 
[INFO] [stdout] 
[INFO] [stdout] For more information about this error, try `rustc --explain E0310`.
[INFO] [stdout] 
[INFO] [stderr] error: could not compile `rustc-serialize` (lib) due to 2 previous errors
[INFO] [stderr] warning: build failed, waiting for other jobs to finish...
[INFO] running `Command { std: "docker" "inspect" "d9a8ad705baabdc89e5e23f93e1ef3afced2f853b0dc2892f608f275000a3d7d", kill_on_drop: false }`
[INFO] running `Command { std: "docker" "rm" "-f" "d9a8ad705baabdc89e5e23f93e1ef3afced2f853b0dc2892f608f275000a3d7d", kill_on_drop: false }`
[INFO] [stdout] d9a8ad705baabdc89e5e23f93e1ef3afced2f853b0dc2892f608f275000a3d7d
