[INFO] cloning repository https://github.com/NoahJinnn/browser-toy
[INFO] running `Command { std: "git" "-c" "credential.helper=" "-c" "credential.helper=/workspace/cargo-home/bin/git-credential-null" "clone" "--bare" "https://github.com/NoahJinnn/browser-toy" "/workspace/cache/git-repos/https%3A%2F%2Fgithub.com%2FNoahJinnn%2Fbrowser-toy", kill_on_drop: false }`
[INFO] [stderr] Cloning into bare repository '/workspace/cache/git-repos/https%3A%2F%2Fgithub.com%2FNoahJinnn%2Fbrowser-toy'...
[INFO] running `Command { std: "git" "rev-parse" "HEAD", kill_on_drop: false }`
[INFO] [stdout] d621f79bb6c9b36a966f80092838232daafd455e
[INFO] checking NoahJinnn/browser-toy against nightly-2024-02-05 for check-cfg
[INFO] running `Command { std: "git" "clone" "/workspace/cache/git-repos/https%3A%2F%2Fgithub.com%2FNoahJinnn%2Fbrowser-toy" "/workspace/builds/worker-6-tc1/source", kill_on_drop: false }`
[INFO] [stderr] Cloning into '/workspace/builds/worker-6-tc1/source'...
[INFO] [stderr] done.
[INFO] validating manifest of git repo https://github.com/NoahJinnn/browser-toy on toolchain nightly-2024-02-05
[INFO] running `Command { std: CARGO_HOME="/workspace/cargo-home" RUSTUP_HOME="/workspace/rustup-home" "/workspace/cargo-home/bin/cargo" "+nightly-2024-02-05" "metadata" "--manifest-path" "Cargo.toml" "--no-deps", kill_on_drop: false }`
[INFO] started tweaking git repo https://github.com/NoahJinnn/browser-toy
[INFO] finished tweaking git repo https://github.com/NoahJinnn/browser-toy
[INFO] tweaked toml for git repo https://github.com/NoahJinnn/browser-toy written to /workspace/builds/worker-6-tc1/source/Cargo.toml
[INFO] crate git repo https://github.com/NoahJinnn/browser-toy already has a lockfile, it will not be regenerated
[INFO] running `Command { std: CARGO_HOME="/workspace/cargo-home" RUSTUP_HOME="/workspace/rustup-home" "/workspace/cargo-home/bin/cargo" "+nightly-2024-02-05" "fetch" "--manifest-path" "Cargo.toml", kill_on_drop: false }`
[INFO] [stderr]     Blocking waiting for file lock on package cache
[ERROR] error running command: no output for 300 seconds
[ERROR] this task or one of its parent failed!
[ERROR] no output for 300 seconds
[ERROR] note: run with `RUST_BACKTRACE=1` to display a backtrace.
[INFO] checking NoahJinnn/browser-toy against nightly-2024-02-05+rustflags=-Dunexpected_cfgs+cargoflags=-Zcheck-cfg for check-cfg
[INFO] running `Command { std: "git" "clone" "/workspace/cache/git-repos/https%3A%2F%2Fgithub.com%2FNoahJinnn%2Fbrowser-toy" "/workspace/builds/worker-6-tc2/source", kill_on_drop: false }`
[INFO] [stderr] Cloning into '/workspace/builds/worker-6-tc2/source'...
[INFO] [stderr] done.
[INFO] validating manifest of git repo https://github.com/NoahJinnn/browser-toy on toolchain nightly-2024-02-05
[INFO] running `Command { std: CARGO_HOME="/workspace/cargo-home" RUSTUP_HOME="/workspace/rustup-home" "/workspace/cargo-home/bin/cargo" "+nightly-2024-02-05" "metadata" "--manifest-path" "Cargo.toml" "--no-deps", kill_on_drop: false }`
[INFO] started tweaking git repo https://github.com/NoahJinnn/browser-toy
[INFO] finished tweaking git repo https://github.com/NoahJinnn/browser-toy
[INFO] tweaked toml for git repo https://github.com/NoahJinnn/browser-toy written to /workspace/builds/worker-6-tc2/source/Cargo.toml
[INFO] crate git repo https://github.com/NoahJinnn/browser-toy already has a lockfile, it will not be regenerated
[INFO] running `Command { std: CARGO_HOME="/workspace/cargo-home" RUSTUP_HOME="/workspace/rustup-home" "/workspace/cargo-home/bin/cargo" "+nightly-2024-02-05" "fetch" "--manifest-path" "Cargo.toml", kill_on_drop: false }`
[INFO] [stderr]     Blocking waiting for file lock on package cache
[INFO] [stderr]     Updating crates.io index
[INFO] [stderr]     Blocking waiting for file lock on package cache
[INFO] [stderr]  Downloading crates ...
[INFO] [stderr]   Downloaded inflate v0.2.0
[INFO] [stderr]   Downloaded enum_primitive v0.1.1
[INFO] [stderr]   Downloaded gif v0.9.2
[INFO] [stderr]   Downloaded png v0.8.0
[INFO] [stderr]   Downloaded image v0.14.0
[INFO] [stderr]   Downloaded rayon v1.6.0
[INFO] running `Command { std: "docker" "create" "-v" "/var/lib/crater-agent-workspace/builds/worker-6-tc2/target:/opt/rustwide/target:rw,Z" "-v" "/var/lib/crater-agent-workspace/builds/worker-6-tc2/source:/opt/rustwide/workdir:ro,Z" "-v" "/var/lib/crater-agent-workspace/cargo-home:/opt/rustwide/cargo-home:ro,Z" "-v" "/var/lib/crater-agent-workspace/rustup-home:/opt/rustwide/rustup-home:ro,Z" "-e" "SOURCE_DIR=/opt/rustwide/workdir" "-e" "CARGO_TARGET_DIR=/opt/rustwide/target" "-e" "CARGO_HOME=/opt/rustwide/cargo-home" "-e" "RUSTUP_HOME=/opt/rustwide/rustup-home" "-w" "/opt/rustwide/workdir" "-m" "1610612736" "--user" "0:0" "--network" "none" "ghcr.io/rust-lang/crates-build-env/linux@sha256:2788e3201cd34a07e3172128adcd8b3090168a8e3bcc40d7c032b9dda1df7d1c" "/opt/rustwide/cargo-home/bin/cargo" "+nightly-2024-02-05" "metadata" "--no-deps" "--format-version=1", kill_on_drop: false }`
[INFO] [stdout] fee9380a3173332e78ec4db53ce83618b43cbc20482c79ddc80fa152b1116082
[INFO] running `Command { std: "docker" "start" "-a" "fee9380a3173332e78ec4db53ce83618b43cbc20482c79ddc80fa152b1116082", kill_on_drop: false }`
[INFO] running `Command { std: "docker" "inspect" "fee9380a3173332e78ec4db53ce83618b43cbc20482c79ddc80fa152b1116082", kill_on_drop: false }`
[INFO] running `Command { std: "docker" "rm" "-f" "fee9380a3173332e78ec4db53ce83618b43cbc20482c79ddc80fa152b1116082", kill_on_drop: false }`
[INFO] [stdout] fee9380a3173332e78ec4db53ce83618b43cbc20482c79ddc80fa152b1116082
[INFO] running `Command { std: "docker" "create" "-v" "/var/lib/crater-agent-workspace/builds/worker-6-tc2/target:/opt/rustwide/target:rw,Z" "-v" "/var/lib/crater-agent-workspace/builds/worker-6-tc2/source:/opt/rustwide/workdir:ro,Z" "-v" "/var/lib/crater-agent-workspace/cargo-home:/opt/rustwide/cargo-home:ro,Z" "-v" "/var/lib/crater-agent-workspace/rustup-home:/opt/rustwide/rustup-home:ro,Z" "-e" "SOURCE_DIR=/opt/rustwide/workdir" "-e" "CARGO_TARGET_DIR=/opt/rustwide/target" "-e" "CARGO_INCREMENTAL=0" "-e" "RUST_BACKTRACE=full" "-e" "RUSTFLAGS=--cap-lints=forbid -Dunexpected_cfgs" "-e" "RUSTDOCFLAGS=--cap-lints=forbid" "-e" "CARGO_HOME=/opt/rustwide/cargo-home" "-e" "RUSTUP_HOME=/opt/rustwide/rustup-home" "-w" "/opt/rustwide/workdir" "-m" "1610612736" "--user" "0:0" "--network" "none" "ghcr.io/rust-lang/crates-build-env/linux@sha256:2788e3201cd34a07e3172128adcd8b3090168a8e3bcc40d7c032b9dda1df7d1c" "/opt/rustwide/cargo-home/bin/cargo" "+nightly-2024-02-05" "check" "--frozen" "--all" "--all-targets" "--message-format=json" "-Zcheck-cfg", kill_on_drop: false }`
[INFO] [stdout] 0b65b03a5b3d422970145c067b66e5bd21cba11604d74371acf29083c02ab079
[INFO] running `Command { std: "docker" "start" "-a" "0b65b03a5b3d422970145c067b66e5bd21cba11604d74371acf29083c02ab079", kill_on_drop: false }`
[INFO] [stderr]    Compiling num-traits v0.2.15
[INFO] [stderr]    Compiling crossbeam-utils v0.8.14
[INFO] [stderr]    Compiling memoffset v0.7.1
[INFO] [stderr]    Compiling crossbeam-epoch v0.9.13
[INFO] [stderr]    Compiling libc v0.2.137
[INFO] [stderr]    Compiling num-integer v0.1.45
[INFO] [stderr]    Compiling rayon-core v1.10.1
[INFO] [stderr]    Compiling num-iter v0.1.43
[INFO] [stderr]     Checking adler32 v1.2.0
[INFO] [stderr]     Checking bitflags v0.9.1
[INFO] [stderr]     Checking lzw v0.10.0
[INFO] [stderr]     Checking inflate v0.2.0
[INFO] [stderr]     Checking unicode-width v0.1.10
[INFO] [stderr]     Checking getopts v0.2.21
[INFO] [stderr]     Checking deflate v0.7.20
[INFO] [stderr]     Checking gif v0.9.2
[INFO] [stderr]     Checking crossbeam-channel v0.5.6
[INFO] [stderr]     Checking num_cpus v1.14.0
[INFO] [stderr]     Checking crossbeam-deque v0.8.2
[INFO] [stderr]     Checking num-traits v0.1.43
[INFO] [stderr]     Checking enum_primitive v0.1.1
[INFO] [stderr]     Checking rayon v1.6.0
[INFO] [stderr]     Checking num-rational v0.1.42
[INFO] [stderr]     Checking png v0.8.0
[INFO] [stderr]     Checking jpeg-decoder v0.1.22
[INFO] [stderr]     Checking image v0.14.0
[INFO] [stderr]     Checking browser-toy v0.1.0 (/opt/rustwide/workdir)
[INFO] [stdout] error[E0432]: unresolved imports `crate::layout::AnonymousBlock`, `crate::layout::BlockNode`, `crate::layout::InlineNode`, `crate::layout::LayoutBox`
[INFO] [stdout]  --> src/painting.rs:1:21
[INFO] [stdout]   |
[INFO] [stdout] 1 | use crate::layout::{AnonymousBlock, BlockNode, InlineNode, LayoutBox, Rect};
[INFO] [stdout]   |                     ^^^^^^^^^^^^^^  ^^^^^^^^^  ^^^^^^^^^^  ^^^^^^^^^ no `LayoutBox` in `layout`
[INFO] [stdout]   |                     |               |          |
[INFO] [stdout]   |                     |               |          no `InlineNode` in `layout`
[INFO] [stdout]   |                     |               no `BlockNode` in `layout`
[INFO] [stdout]   |                     no `AnonymousBlock` in `layout`
[INFO] [stdout] 
[INFO] [stdout] 
[INFO] [stdout] error[E0432]: unresolved imports `crate::layout::AnonymousBlock`, `crate::layout::BlockNode`, `crate::layout::InlineNode`, `crate::layout::LayoutBox`
[INFO] [stdout]  --> src/painting.rs:1:21
[INFO] [stdout]   |
[INFO] [stdout] 1 | use crate::layout::{AnonymousBlock, BlockNode, InlineNode, LayoutBox, Rect};
[INFO] [stdout]   |                     ^^^^^^^^^^^^^^  ^^^^^^^^^  ^^^^^^^^^^  ^^^^^^^^^ no `LayoutBox` in `layout`
[INFO] [stdout]   |                     |               |          |
[INFO] [stdout]   |                     |               |          no `InlineNode` in `layout`
[INFO] [stdout]   |                     |               no `BlockNode` in `layout`
[INFO] [stdout]   |                     no `AnonymousBlock` in `layout`
[INFO] [stdout] 
[INFO] [stdout] 
[INFO] [stdout] error[E0433]: failed to resolve: use of undeclared type `NodeType`
[INFO] [stdout]   --> src/style.rs:61:13
[INFO] [stdout]    |
[INFO] [stdout] 61 |             NodeType::Element(ref elem) => specified_values(elem, stylesheet),
[INFO] [stdout]    |             ^^^^^^^^ use of undeclared type `NodeType`
[INFO] [stdout]    |
[INFO] [stdout] help: consider importing this enum
[INFO] [stdout]    |
[INFO] [stdout] 6  + use crate::dom::NodeType;
[INFO] [stdout]    |
[INFO] [stdout] 
[INFO] [stdout] 
[INFO] [stdout] error[E0433]: failed to resolve: use of undeclared type `NodeType`
[INFO] [stdout]   --> src/style.rs:61:13
[INFO] [stdout]    |
[INFO] [stdout] 61 |             NodeType::Element(ref elem) => specified_values(elem, stylesheet),
[INFO] [stdout]    |             ^^^^^^^^ use of undeclared type `NodeType`
[INFO] [stdout]    |
[INFO] [stdout] help: consider importing this enum
[INFO] [stdout]    |
[INFO] [stdout] 6  + use crate::dom::NodeType;
[INFO] [stdout]    |
[INFO] [stdout] 
[INFO] [stdout] 
[INFO] [stdout] error[E0433]: failed to resolve: use of undeclared type `NodeType`
[INFO] [stdout]   --> src/style.rs:62:13
[INFO] [stdout]    |
[INFO] [stdout] 62 |             NodeType::Text(_) => HashMap::new()
[INFO] [stdout]    |             ^^^^^^^^ use of undeclared type `NodeType`
[INFO] [stdout]    |
[INFO] [stdout] help: consider importing this enum
[INFO] [stdout]    |
[INFO] [stdout] 6  + use crate::dom::NodeType;
[INFO] [stdout]    |
[INFO] [stdout] 
[INFO] [stdout] 
[INFO] [stdout] error[E0433]: failed to resolve: use of undeclared type `NodeType`
[INFO] [stdout]   --> src/style.rs:62:13
[INFO] [stdout]    |
[INFO] [stdout] 62 |             NodeType::Text(_) => HashMap::new()
[INFO] [stdout]    |             ^^^^^^^^ use of undeclared type `NodeType`
[INFO] [stdout]    |
[INFO] [stdout] help: consider importing this enum
[INFO] [stdout]    |
[INFO] [stdout] 6  + use crate::dom::NodeType;
[INFO] [stdout]    |
[INFO] [stdout] 
[INFO] [stdout] 
[INFO] [stdout] error[E0412]: cannot find type `ElementData` in this scope
[INFO] [stdout]   --> src/style.rs:71:28
[INFO] [stdout]    |
[INFO] [stdout] 71 | fn specified_values(elem: &ElementData, stylesheet: &Stylesheet) -> PropertyMap {
[INFO] [stdout]    |                            ^^^^^^^^^^^ not found in this scope
[INFO] [stdout]    |
[INFO] [stdout] note: struct `crate::dom::ElementData` exists but is inaccessible
[INFO] [stdout]   --> src/dom.rs:17:1
[INFO] [stdout]    |
[INFO] [stdout] 17 | struct ElementData {
[INFO] [stdout]    | ^^^^^^^^^^^^^^^^^^ not accessible
[INFO] [stdout] 
[INFO] [stdout] 
[INFO] [stdout] error[E0412]: cannot find type `Specificity` in this scope
[INFO] [stdout]   --> src/style.rs:86:25
[INFO] [stdout]    |
[INFO] [stdout] 86 | type MatchedRule<'a> = (Specificity, &'a Rule);
[INFO] [stdout]    |                         ^^^^^^^^^^^ not found in this scope
[INFO] [stdout]    |
[INFO] [stdout] help: consider importing this type alias
[INFO] [stdout]    |
[INFO] [stdout] 6  + use crate::css::Specificity;
[INFO] [stdout]    |
[INFO] [stdout] 
[INFO] [stdout] 
[INFO] [stdout] error[E0412]: cannot find type `Rule` in this scope
[INFO] [stdout]   --> src/style.rs:86:42
[INFO] [stdout]    |
[INFO] [stdout] 86 | type MatchedRule<'a> = (Specificity, &'a Rule);
[INFO] [stdout]    |                                          ^^^^ not found in this scope
[INFO] [stdout]    |
[INFO] [stdout] help: consider importing this struct
[INFO] [stdout]    |
[INFO] [stdout] 6  + use crate::css::Rule;
[INFO] [stdout]    |
[INFO] [stdout] 
[INFO] [stdout] 
[INFO] [stdout] error[E0412]: cannot find type `ElementData` in this scope
[INFO] [stdout]   --> src/style.rs:89:30
[INFO] [stdout]    |
[INFO] [stdout] 89 | fn matching_rules<'a>(elem: &ElementData, stylesheet: &'a Stylesheet) -> Vec<MatchedRule<'a>> {
[INFO] [stdout]    |                              ^^^^^^^^^^^ not found in this scope
[INFO] [stdout]    |
[INFO] [stdout] note: struct `crate::dom::ElementData` exists but is inaccessible
[INFO] [stdout]   --> src/dom.rs:17:1
[INFO] [stdout]    |
[INFO] [stdout] 17 | struct ElementData {
[INFO] [stdout]    | ^^^^^^^^^^^^^^^^^^ not accessible
[INFO] [stdout] 
[INFO] [stdout] 
[INFO] [stdout] error[E0412]: cannot find type `ElementData` in this scope
[INFO] [stdout]   --> src/style.rs:97:26
[INFO] [stdout]    |
[INFO] [stdout] 97 | fn match_rule<'a>(elem: &ElementData, rule: &'a Rule) -> Option<MatchedRule<'a>> {
[INFO] [stdout]    |                          ^^^^^^^^^^^ not found in this scope
[INFO] [stdout]    |
[INFO] [stdout] note: struct `crate::dom::ElementData` exists but is inaccessible
[INFO] [stdout]   --> src/dom.rs:17:1
[INFO] [stdout]    |
[INFO] [stdout] 17 | struct ElementData {
[INFO] [stdout]    | ^^^^^^^^^^^^^^^^^^ not accessible
[INFO] [stdout] 
[INFO] [stdout] 
[INFO] [stdout] error[E0412]: cannot find type `Rule` in this scope
[INFO] [stdout]   --> src/style.rs:97:49
[INFO] [stdout]    |
[INFO] [stdout] 97 | fn match_rule<'a>(elem: &ElementData, rule: &'a Rule) -> Option<MatchedRule<'a>> {
[INFO] [stdout]    |                                                 ^^^^ not found in this scope
[INFO] [stdout]    |
[INFO] [stdout] help: consider importing this struct
[INFO] [stdout]    |
[INFO] [stdout] 6  + use crate::css::Rule;
[INFO] [stdout]    |
[INFO] [stdout] 
[INFO] [stdout] 
[INFO] [stdout] error[E0412]: cannot find type `ElementData` in this scope
[INFO] [stdout]    --> src/style.rs:104:19
[INFO] [stdout]     |
[INFO] [stdout] 104 | fn matches(elem: &ElementData, selector: &Selector) -> bool {
[INFO] [stdout]     |                   ^^^^^^^^^^^ not found in this scope
[INFO] [stdout]     |
[INFO] [stdout] note: struct `crate::dom::ElementData` exists but is inaccessible
[INFO] [stdout]    --> src/dom.rs:17:1
[INFO] [stdout]     |
[INFO] [stdout] 17  | struct ElementData {
[INFO] [stdout]     | ^^^^^^^^^^^^^^^^^^ not accessible
[INFO] [stdout] 
[INFO] [stdout] 
[INFO] [stdout] error[E0412]: cannot find type `Selector` in this scope
[INFO] [stdout]    --> src/style.rs:104:43
[INFO] [stdout]     |
[INFO] [stdout] 104 | fn matches(elem: &ElementData, selector: &Selector) -> bool {
[INFO] [stdout]     |                                           ^^^^^^^^ not found in this scope
[INFO] [stdout]     |
[INFO] [stdout] help: consider importing this enum
[INFO] [stdout]     |
[INFO] [stdout] 6   + use crate::css::Selector;
[INFO] [stdout]     |
[INFO] [stdout] 
[INFO] [stdout] 
[INFO] [stdout] error[E0433]: failed to resolve: use of undeclared type `Selector`
[INFO] [stdout]    --> src/style.rs:106:9
[INFO] [stdout]     |
[INFO] [stdout] 106 |         Selector::Simple(ref simple_selector) => matches_simple_selector(elem, simple_selector)
[INFO] [stdout]     |         ^^^^^^^^ use of undeclared type `Selector`
[INFO] [stdout]     |
[INFO] [stdout] help: consider importing this enum
[INFO] [stdout]     |
[INFO] [stdout] 6   + use crate::css::Selector;
[INFO] [stdout]     |
[INFO] [stdout] 
[INFO] [stdout] 
[INFO] [stdout] error[E0412]: cannot find type `ElementData` in this scope
[INFO] [stdout]    --> src/style.rs:110:35
[INFO] [stdout]     |
[INFO] [stdout] 110 | fn matches_simple_selector(elem: &ElementData, selector: &SimpleSelector) -> bool {
[INFO] [stdout]     |                                   ^^^^^^^^^^^ not found in this scope
[INFO] [stdout]     |
[INFO] [stdout] note: struct `crate::dom::ElementData` exists but is inaccessible
[INFO] [stdout]    --> src/dom.rs:17:1
[INFO] [stdout]     |
[INFO] [stdout] 17  | struct ElementData {
[INFO] [stdout]     | ^^^^^^^^^^^^^^^^^^ not accessible
[INFO] [stdout] 
[INFO] [stdout] 
[INFO] [stdout] error[E0412]: cannot find type `SimpleSelector` in this scope
[INFO] [stdout]    --> src/style.rs:110:59
[INFO] [stdout]     |
[INFO] [stdout] 110 | fn matches_simple_selector(elem: &ElementData, selector: &SimpleSelector) -> bool {
[INFO] [stdout]     |                                                           ^^^^^^^^^^^^^^ not found in this scope
[INFO] [stdout]     |
[INFO] [stdout] help: consider importing this struct
[INFO] [stdout]     |
[INFO] [stdout] 6   + use crate::css::SimpleSelector;
[INFO] [stdout]     |
[INFO] [stdout] 
[INFO] [stdout] 
[INFO] [stdout] error[E0412]: cannot find type `ElementData` in this scope
[INFO] [stdout]   --> src/style.rs:71:28
[INFO] [stdout]    |
[INFO] [stdout] 71 | fn specified_values(elem: &ElementData, stylesheet: &Stylesheet) -> PropertyMap {
[INFO] [stdout]    |                            ^^^^^^^^^^^ not found in this scope
[INFO] [stdout]    |
[INFO] [stdout] note: struct `crate::dom::ElementData` exists but is inaccessible
[INFO] [stdout]   --> src/dom.rs:17:1
[INFO] [stdout]    |
[INFO] [stdout] 17 | struct ElementData {
[INFO] [stdout]    | ^^^^^^^^^^^^^^^^^^ not accessible
[INFO] [stdout] 
[INFO] [stdout] 
[INFO] [stdout] error[E0412]: cannot find type `Specificity` in this scope
[INFO] [stdout]   --> src/style.rs:86:25
[INFO] [stdout]    |
[INFO] [stdout] 86 | type MatchedRule<'a> = (Specificity, &'a Rule);
[INFO] [stdout]    |                         ^^^^^^^^^^^ not found in this scope
[INFO] [stdout]    |
[INFO] [stdout] help: consider importing this type alias
[INFO] [stdout]    |
[INFO] [stdout] 6  + use crate::css::Specificity;
[INFO] [stdout]    |
[INFO] [stdout] 
[INFO] [stdout] 
[INFO] [stdout] error[E0425]: cannot find function `layout_tree` in module `layout`
[INFO] [stdout]   --> src/main.rs:48:31
[INFO] [stdout]    |
[INFO] [stdout] 48 |     let layout_root = layout::layout_tree(&style_root, viewport);
[INFO] [stdout]    |                               ^^^^^^^^^^^ not found in `layout`
[INFO] [stdout] 
[INFO] [stdout] 
[INFO] [stdout] error[E0412]: cannot find type `Rule` in this scope
[INFO] [stdout]   --> src/style.rs:86:42
[INFO] [stdout]    |
[INFO] [stdout] 86 | type MatchedRule<'a> = (Specificity, &'a Rule);
[INFO] [stdout]    |                                          ^^^^ not found in this scope
[INFO] [stdout]    |
[INFO] [stdout] help: consider importing this struct
[INFO] [stdout]    |
[INFO] [stdout] 6  + use crate::css::Rule;
[INFO] [stdout]    |
[INFO] [stdout] 
[INFO] [stdout] 
[INFO] [stdout] error[E0412]: cannot find type `ElementData` in this scope
[INFO] [stdout]   --> src/style.rs:89:30
[INFO] [stdout]    |
[INFO] [stdout] 89 | fn matching_rules<'a>(elem: &ElementData, stylesheet: &'a Stylesheet) -> Vec<MatchedRule<'a>> {
[INFO] [stdout]    |                              ^^^^^^^^^^^ not found in this scope
[INFO] [stdout]    |
[INFO] [stdout] note: struct `crate::dom::ElementData` exists but is inaccessible
[INFO] [stdout]   --> src/dom.rs:17:1
[INFO] [stdout]    |
[INFO] [stdout] 17 | struct ElementData {
[INFO] [stdout]    | ^^^^^^^^^^^^^^^^^^ not accessible
[INFO] [stdout] 
[INFO] [stdout] 
[INFO] [stdout] error[E0412]: cannot find type `ElementData` in this scope
[INFO] [stdout]   --> src/style.rs:97:26
[INFO] [stdout]    |
[INFO] [stdout] 97 | fn match_rule<'a>(elem: &ElementData, rule: &'a Rule) -> Option<MatchedRule<'a>> {
[INFO] [stdout]    |                          ^^^^^^^^^^^ not found in this scope
[INFO] [stdout]    |
[INFO] [stdout] note: struct `crate::dom::ElementData` exists but is inaccessible
[INFO] [stdout]   --> src/dom.rs:17:1
[INFO] [stdout]    |
[INFO] [stdout] 17 | struct ElementData {
[INFO] [stdout]    | ^^^^^^^^^^^^^^^^^^ not accessible
[INFO] [stdout] 
[INFO] [stdout] 
[INFO] [stdout] error[E0412]: cannot find type `Rule` in this scope
[INFO] [stdout]   --> src/style.rs:97:49
[INFO] [stdout]    |
[INFO] [stdout] 97 | fn match_rule<'a>(elem: &ElementData, rule: &'a Rule) -> Option<MatchedRule<'a>> {
[INFO] [stdout]    |                                                 ^^^^ not found in this scope
[INFO] [stdout]    |
[INFO] [stdout] help: consider importing this struct
[INFO] [stdout]    |
[INFO] [stdout] 6  + use crate::css::Rule;
[INFO] [stdout]    |
[INFO] [stdout] 
[INFO] [stdout] 
[INFO] [stdout] error[E0412]: cannot find type `ElementData` in this scope
[INFO] [stdout]    --> src/style.rs:104:19
[INFO] [stdout]     |
[INFO] [stdout] 104 | fn matches(elem: &ElementData, selector: &Selector) -> bool {
[INFO] [stdout]     |                   ^^^^^^^^^^^ not found in this scope
[INFO] [stdout]     |
[INFO] [stdout] note: struct `crate::dom::ElementData` exists but is inaccessible
[INFO] [stdout]    --> src/dom.rs:17:1
[INFO] [stdout]     |
[INFO] [stdout] 17  | struct ElementData {
[INFO] [stdout]     | ^^^^^^^^^^^^^^^^^^ not accessible
[INFO] [stdout] 
[INFO] [stdout] 
[INFO] [stdout] error[E0412]: cannot find type `Selector` in this scope
[INFO] [stdout]    --> src/style.rs:104:43
[INFO] [stdout]     |
[INFO] [stdout] 104 | fn matches(elem: &ElementData, selector: &Selector) -> bool {
[INFO] [stdout]     |                                           ^^^^^^^^ not found in this scope
[INFO] [stdout]     |
[INFO] [stdout] help: consider importing this enum
[INFO] [stdout]     |
[INFO] [stdout] 6   + use crate::css::Selector;
[INFO] [stdout]     |
[INFO] [stdout] 
[INFO] [stdout] 
[INFO] [stdout] error[E0433]: failed to resolve: use of undeclared type `Selector`
[INFO] [stdout]    --> src/style.rs:106:9
[INFO] [stdout]     |
[INFO] [stdout] 106 |         Selector::Simple(ref simple_selector) => matches_simple_selector(elem, simple_selector)
[INFO] [stdout]     |         ^^^^^^^^ use of undeclared type `Selector`
[INFO] [stdout]     |
[INFO] [stdout] help: consider importing this enum
[INFO] [stdout]     |
[INFO] [stdout] 6   + use crate::css::Selector;
[INFO] [stdout]     |
[INFO] [stdout] 
[INFO] [stdout] 
[INFO] [stdout] error[E0412]: cannot find type `ElementData` in this scope
[INFO] [stdout]    --> src/style.rs:110:35
[INFO] [stdout]     |
[INFO] [stdout] 110 | fn matches_simple_selector(elem: &ElementData, selector: &SimpleSelector) -> bool {
[INFO] [stdout]     |                                   ^^^^^^^^^^^ not found in this scope
[INFO] [stdout]     |
[INFO] [stdout] note: struct `crate::dom::ElementData` exists but is inaccessible
[INFO] [stdout]    --> src/dom.rs:17:1
[INFO] [stdout]     |
[INFO] [stdout] 17  | struct ElementData {
[INFO] [stdout]     | ^^^^^^^^^^^^^^^^^^ not accessible
[INFO] [stdout] 
[INFO] [stdout] 
[INFO] [stdout] error[E0412]: cannot find type `SimpleSelector` in this scope
[INFO] [stdout]    --> src/style.rs:110:59
[INFO] [stdout]     |
[INFO] [stdout] 110 | fn matches_simple_selector(elem: &ElementData, selector: &SimpleSelector) -> bool {
[INFO] [stdout]     |                                                           ^^^^^^^^^^^^^^ not found in this scope
[INFO] [stdout]     |
[INFO] [stdout] help: consider importing this struct
[INFO] [stdout]     |
[INFO] [stdout] 6   + use crate::css::SimpleSelector;
[INFO] [stdout]     |
[INFO] [stdout] 
[INFO] [stdout] 
[INFO] [stdout] error[E0425]: cannot find function `layout_tree` in module `layout`
[INFO] [stdout]   --> src/main.rs:48:31
[INFO] [stdout]    |
[INFO] [stdout] 48 |     let layout_root = layout::layout_tree(&style_root, viewport);
[INFO] [stdout]    |                               ^^^^^^^^^^^ not found in `layout`
[INFO] [stdout] 
[INFO] [stdout] 
[INFO] [stdout] error: aborting due to 15 previous errors
[INFO] [stdout] 
[INFO] [stdout] 
[INFO] [stdout] Some errors have detailed explanations: E0412, E0425, E0432, E0433.
[INFO] [stdout] 
[INFO] [stdout] For more information about an error, try `rustc --explain E0412`.
[INFO] [stdout] 
[INFO] [stdout] error: aborting due to 15 previous errors
[INFO] [stdout] 
[INFO] [stdout] 
[INFO] [stdout] Some errors have detailed explanations: E0412, E0425, E0432, E0433.
[INFO] [stdout] 
[INFO] [stdout] For more information about an error, try `rustc --explain E0412`.
[INFO] [stdout] 
[INFO] [stderr] error: could not compile `browser-toy` (bin "browser-toy" test) due to 16 previous errors
[INFO] [stderr] warning: build failed, waiting for other jobs to finish...
[INFO] [stderr] error: could not compile `browser-toy` (bin "browser-toy") due to 16 previous errors
[INFO] running `Command { std: "docker" "inspect" "0b65b03a5b3d422970145c067b66e5bd21cba11604d74371acf29083c02ab079", kill_on_drop: false }`
[INFO] running `Command { std: "docker" "rm" "-f" "0b65b03a5b3d422970145c067b66e5bd21cba11604d74371acf29083c02ab079", kill_on_drop: false }`
[INFO] [stdout] 0b65b03a5b3d422970145c067b66e5bd21cba11604d74371acf29083c02ab079
