[INFO] cloning repository https://github.com/Nivirx/rfile
[INFO] running `Command { std: "git" "-c" "credential.helper=" "-c" "credential.helper=/workspace/cargo-home/bin/git-credential-null" "clone" "--bare" "https://github.com/Nivirx/rfile" "/workspace/cache/git-repos/https%3A%2F%2Fgithub.com%2FNivirx%2Frfile", kill_on_drop: false }`
[INFO] [stderr] Cloning into bare repository '/workspace/cache/git-repos/https%3A%2F%2Fgithub.com%2FNivirx%2Frfile'...
[INFO] running `Command { std: "git" "rev-parse" "HEAD", kill_on_drop: false }`
[INFO] [stdout] 24cb1e449c83af8e89a5a99c6cc14264144425ce
[INFO] checking Nivirx/rfile against nightly-2024-02-05 for check-cfg
[INFO] running `Command { std: "git" "clone" "/workspace/cache/git-repos/https%3A%2F%2Fgithub.com%2FNivirx%2Frfile" "/workspace/builds/worker-2-tc1/source", kill_on_drop: false }`
[INFO] [stderr] Cloning into '/workspace/builds/worker-2-tc1/source'...
[INFO] [stderr] done.
[INFO] validating manifest of git repo https://github.com/Nivirx/rfile on toolchain nightly-2024-02-05
[INFO] running `Command { std: CARGO_HOME="/workspace/cargo-home" RUSTUP_HOME="/workspace/rustup-home" "/workspace/cargo-home/bin/cargo" "+nightly-2024-02-05" "metadata" "--manifest-path" "Cargo.toml" "--no-deps", kill_on_drop: false }`
[INFO] started tweaking git repo https://github.com/Nivirx/rfile
[INFO] finished tweaking git repo https://github.com/Nivirx/rfile
[INFO] tweaked toml for git repo https://github.com/Nivirx/rfile written to /workspace/builds/worker-2-tc1/source/Cargo.toml
[INFO] crate git repo https://github.com/Nivirx/rfile already has a lockfile, it will not be regenerated
[INFO] running `Command { std: CARGO_HOME="/workspace/cargo-home" RUSTUP_HOME="/workspace/rustup-home" "/workspace/cargo-home/bin/cargo" "+nightly-2024-02-05" "fetch" "--manifest-path" "Cargo.toml", kill_on_drop: false }`
[INFO] [stderr]     Blocking waiting for file lock on package cache
[ERROR] error running command: no output for 300 seconds
[ERROR] this task or one of its parent failed!
[ERROR] no output for 300 seconds
[ERROR] note: run with `RUST_BACKTRACE=1` to display a backtrace.
[INFO] checking Nivirx/rfile against nightly-2024-02-05+rustflags=-Dunexpected_cfgs+cargoflags=-Zcheck-cfg for check-cfg
[INFO] running `Command { std: "git" "clone" "/workspace/cache/git-repos/https%3A%2F%2Fgithub.com%2FNivirx%2Frfile" "/workspace/builds/worker-2-tc2/source", kill_on_drop: false }`
[INFO] [stderr] Cloning into '/workspace/builds/worker-2-tc2/source'...
[INFO] [stderr] done.
[INFO] validating manifest of git repo https://github.com/Nivirx/rfile on toolchain nightly-2024-02-05
[INFO] running `Command { std: CARGO_HOME="/workspace/cargo-home" RUSTUP_HOME="/workspace/rustup-home" "/workspace/cargo-home/bin/cargo" "+nightly-2024-02-05" "metadata" "--manifest-path" "Cargo.toml" "--no-deps", kill_on_drop: false }`
[INFO] started tweaking git repo https://github.com/Nivirx/rfile
[INFO] finished tweaking git repo https://github.com/Nivirx/rfile
[INFO] tweaked toml for git repo https://github.com/Nivirx/rfile written to /workspace/builds/worker-2-tc2/source/Cargo.toml
[INFO] crate git repo https://github.com/Nivirx/rfile already has a lockfile, it will not be regenerated
[INFO] running `Command { std: CARGO_HOME="/workspace/cargo-home" RUSTUP_HOME="/workspace/rustup-home" "/workspace/cargo-home/bin/cargo" "+nightly-2024-02-05" "fetch" "--manifest-path" "Cargo.toml", kill_on_drop: false }`
[INFO] [stderr]     Blocking waiting for file lock on package cache
[INFO] [stderr]     Updating crates.io index
[INFO] [stderr]     Blocking waiting for file lock on package cache
[INFO] [stderr]  Downloading crates ...
[INFO] [stderr]   Downloaded futures v0.3.23
[INFO] [stderr]   Downloaded android_system_properties v0.1.4
[INFO] [stderr]   Downloaded futures-core v0.3.23
[INFO] [stderr]   Downloaded hashlink v0.8.0
[INFO] [stderr]   Downloaded futures-sink v0.3.23
[INFO] [stderr]   Downloaded futures-executor v0.3.23
[INFO] [stderr]   Downloaded ref-cast-impl v1.0.9
[INFO] [stderr]   Downloaded serde_derive v1.0.143
[INFO] [stderr]   Downloaded futures-io v0.3.23
[INFO] [stderr]   Downloaded iana-time-zone v0.1.45
[INFO] [stderr]   Downloaded futures-channel v0.3.23
[INFO] [stderr]   Downloaded async-trait v0.1.57
[INFO] [stderr]   Downloaded packed_simd_2 v0.3.8
[INFO] [stderr]   Downloaded libc v0.2.131
[INFO] [stderr]   Downloaded futures-util v0.3.23
[INFO] [stderr]   Downloaded libsqlite3-sys v0.25.1
[INFO] [stderr]   Downloaded serde v1.0.143
[INFO] [stderr]   Downloaded time v0.3.13
[INFO] [stderr]   Downloaded generator v0.7.1
[INFO] [stderr]   Downloaded futures-macro v0.3.23
[INFO] [stderr]   Downloaded futures-task v0.3.23
[INFO] [stderr]   Downloaded windows v0.32.0
[INFO] [stderr]   Downloaded ref-cast v1.0.9
[INFO] [stderr]   Downloaded data-encoding v2.3.2
[INFO] running `Command { std: "docker" "create" "-v" "/var/lib/crater-agent-workspace/builds/worker-2-tc2/target:/opt/rustwide/target:rw,Z" "-v" "/var/lib/crater-agent-workspace/builds/worker-2-tc2/source:/opt/rustwide/workdir:ro,Z" "-v" "/var/lib/crater-agent-workspace/cargo-home:/opt/rustwide/cargo-home:ro,Z" "-v" "/var/lib/crater-agent-workspace/rustup-home:/opt/rustwide/rustup-home:ro,Z" "-e" "SOURCE_DIR=/opt/rustwide/workdir" "-e" "CARGO_TARGET_DIR=/opt/rustwide/target" "-e" "CARGO_HOME=/opt/rustwide/cargo-home" "-e" "RUSTUP_HOME=/opt/rustwide/rustup-home" "-w" "/opt/rustwide/workdir" "-m" "1610612736" "--user" "0:0" "--network" "none" "ghcr.io/rust-lang/crates-build-env/linux@sha256:2788e3201cd34a07e3172128adcd8b3090168a8e3bcc40d7c032b9dda1df7d1c" "/opt/rustwide/cargo-home/bin/cargo" "+nightly-2024-02-05" "metadata" "--no-deps" "--format-version=1", kill_on_drop: false }`
[INFO] [stdout] 9ccc5c0d1fc11f3ee80435ad2a50c615ec32fd9085227f617de49c4059d7b14f
[INFO] running `Command { std: "docker" "start" "-a" "9ccc5c0d1fc11f3ee80435ad2a50c615ec32fd9085227f617de49c4059d7b14f", kill_on_drop: false }`
[INFO] running `Command { std: "docker" "inspect" "9ccc5c0d1fc11f3ee80435ad2a50c615ec32fd9085227f617de49c4059d7b14f", kill_on_drop: false }`
[INFO] running `Command { std: "docker" "rm" "-f" "9ccc5c0d1fc11f3ee80435ad2a50c615ec32fd9085227f617de49c4059d7b14f", kill_on_drop: false }`
[INFO] [stdout] 9ccc5c0d1fc11f3ee80435ad2a50c615ec32fd9085227f617de49c4059d7b14f
[INFO] running `Command { std: "docker" "create" "-v" "/var/lib/crater-agent-workspace/builds/worker-2-tc2/target:/opt/rustwide/target:rw,Z" "-v" "/var/lib/crater-agent-workspace/builds/worker-2-tc2/source:/opt/rustwide/workdir:ro,Z" "-v" "/var/lib/crater-agent-workspace/cargo-home:/opt/rustwide/cargo-home:ro,Z" "-v" "/var/lib/crater-agent-workspace/rustup-home:/opt/rustwide/rustup-home:ro,Z" "-e" "SOURCE_DIR=/opt/rustwide/workdir" "-e" "CARGO_TARGET_DIR=/opt/rustwide/target" "-e" "CARGO_INCREMENTAL=0" "-e" "RUST_BACKTRACE=full" "-e" "RUSTFLAGS=--cap-lints=forbid -Dunexpected_cfgs" "-e" "RUSTDOCFLAGS=--cap-lints=forbid" "-e" "CARGO_HOME=/opt/rustwide/cargo-home" "-e" "RUSTUP_HOME=/opt/rustwide/rustup-home" "-w" "/opt/rustwide/workdir" "-m" "1610612736" "--user" "0:0" "--network" "none" "ghcr.io/rust-lang/crates-build-env/linux@sha256:2788e3201cd34a07e3172128adcd8b3090168a8e3bcc40d7c032b9dda1df7d1c" "/opt/rustwide/cargo-home/bin/cargo" "+nightly-2024-02-05" "check" "--frozen" "--all" "--all-targets" "--message-format=json" "-Zcheck-cfg", kill_on_drop: false }`
[INFO] [stdout] fc933d39cf83ba5bf0e9152f32490ca96101cee7b5fb8a64d5c08e1f0ef85c19
[INFO] running `Command { std: "docker" "start" "-a" "fc933d39cf83ba5bf0e9152f32490ca96101cee7b5fb8a64d5c08e1f0ef85c19", kill_on_drop: false }`
[INFO] [stderr]    Compiling libc v0.2.131
[INFO] [stderr]    Compiling typenum v1.15.0
[INFO] [stderr]    Compiling proc-macro2 v1.0.43
[INFO] [stderr]    Compiling generic-array v0.14.6
[INFO] [stderr]    Compiling quote v1.0.21
[INFO] [stderr]    Compiling unicode-ident v1.0.3
[INFO] [stderr]    Compiling syn v1.0.99
[INFO] [stderr]     Checking once_cell v1.13.1
[INFO] [stderr]    Compiling memchr v2.5.0
[INFO] [stderr]    Compiling cfg-if v1.0.0
[INFO] [stderr]    Compiling log v0.4.17
[INFO] [stderr]    Compiling futures-channel v0.3.23
[INFO] [stderr]     Checking scopeguard v1.1.0
[INFO] [stderr]    Compiling futures-core v0.3.23
[INFO] [stderr]    Compiling slab v0.4.7
[INFO] [stderr]    Compiling proc-macro2-diagnostics v0.9.1
[INFO] [stderr]     Checking pin-project-lite v0.2.9
[INFO] [stderr]    Compiling serde_derive v1.0.143
[INFO] [stderr]     Checking subtle v2.4.1
[INFO] [stderr]    Compiling lock_api v0.4.7
[INFO] [stderr]    Compiling serde v1.0.143
[INFO] [stderr]     Checking smallvec v1.9.0
[INFO] [stderr]    Compiling parking_lot_core v0.9.3
[INFO] [stderr]    Compiling ahash v0.7.6
[INFO] [stderr]    Compiling httparse v1.7.1
[INFO] [stderr]     Checking bytes v1.2.1
[INFO] [stderr]    Compiling futures-task v0.3.23
[INFO] [stderr]     Checking futures-sink v0.3.23
[INFO] [stderr]    Compiling tokio v1.20.1
[INFO] [stderr]    Compiling futures-util v0.3.23
[INFO] [stderr]     Checking itoa v1.0.3
[INFO] [stderr]    Compiling cpufeatures v0.2.2
[INFO] [stderr]    Compiling time-macros v0.2.4
[INFO] [stderr]    Compiling crossbeam-utils v0.8.11
[INFO] [stderr]    Compiling opaque-debug v0.3.0
[INFO] [stderr]     Checking futures-io v0.3.23
[INFO] [stderr]     Checking tracing-core v0.1.29
[INFO] [stderr]    Compiling memoffset v0.6.5
[INFO] [stderr]    Compiling cookie v0.16.0
[INFO] [stderr]     Checking getrandom v0.2.7
[INFO] [stderr]     Checking num_cpus v1.13.1
[INFO] [stderr]     Checking socket2 v0.4.4
[INFO] [stderr]     Checking signal-hook-registry v1.4.0
[INFO] [stderr]     Checking mio v0.8.4
[INFO] [stderr]     Checking parking_lot v0.12.1
[INFO] [stderr]    Compiling ref-cast v1.0.9
[INFO] [stderr]    Compiling libm v0.1.4
[INFO] [stderr]    Compiling rand_core v0.6.3
[INFO] [stderr]     Checking http v0.2.8
[INFO] [stderr]     Checking hashbrown v0.12.3
[INFO] [stderr]     Checking tracing v0.1.36
[INFO] [stderr]    Compiling crossbeam-epoch v0.9.10
[INFO] [stderr]    Compiling indexmap v1.9.1
[INFO] [stderr]    Compiling ppv-lite86 v0.2.16
[INFO] [stderr]    Compiling packed_simd_2 v0.3.8
[INFO] [stderr]    Compiling rand_chacha v0.3.1
[INFO] [stderr]    Compiling uncased v0.9.7
[INFO] [stderr]    Compiling try-lock v0.2.3
[INFO] [stderr]    Compiling rayon-core v1.9.3
[INFO] [stderr]    Compiling num_threads v0.1.6
[INFO] [stderr]    Compiling want v0.3.0
[INFO] [stderr]    Compiling rand v0.8.5
[INFO] [stderr]     Checking block-buffer v0.10.2
[INFO] [stderr]     Checking crypto-common v0.1.6
[INFO] [stderr]     Checking cipher v0.3.0
[INFO] [stderr]     Checking universal-hash v0.4.1
[INFO] [stderr]     Checking aead v0.4.3
[INFO] [stderr]     Checking digest v0.10.3
[INFO] [stderr]     Checking polyval v0.5.3
[INFO] [stderr]     Checking aes v0.7.5
[INFO] [stderr]     Checking ctr v0.8.0
[INFO] [stderr]     Checking ghash v0.4.4
[INFO] [stderr]     Checking hmac v0.12.1
[INFO] [stderr]    Compiling sha2 v0.10.2
[INFO] [stderr]    Compiling hkdf v0.12.3
[INFO] [stderr]    Compiling num-traits v0.2.15
[INFO] [stderr]    Compiling encoding_rs v0.8.31
[INFO] [stderr]    Compiling vcpkg v0.2.15
[INFO] [stderr]    Compiling httpdate v1.0.2
[INFO] [stderr]    Compiling http-body v0.4.5
[INFO] [stderr]    Compiling aes-gcm v0.9.4
[INFO] [stderr]    Compiling time v0.3.13
[INFO] [stderr]    Compiling base64 v0.13.0
[INFO] [stderr]    Compiling pkg-config v0.3.25
[INFO] [stderr]     Checking either v1.7.0
[INFO] [stderr]    Compiling percent-encoding v2.1.0
[INFO] [stderr]     Checking net2 v0.2.37
[INFO] [stderr]    Compiling stable-pattern v0.1.0
[INFO] [stderr]     Checking crossbeam-deque v0.8.2
[INFO] [stderr]    Compiling futures v0.3.23
[INFO] [stderr]     Checking crossbeam-channel v0.5.6
[INFO] [stderr]     Checking iovec v0.1.4
[INFO] [stderr]    Compiling num-integer v0.1.45
[INFO] [stderr]    Compiling atomic v0.5.1
[INFO] [stderr]    Compiling rayon v1.5.3
[INFO] [stderr]    Compiling multer v2.0.3
[INFO] [stderr]    Compiling figment v0.10.6
[INFO] [stderr]    Compiling state v0.5.3
[INFO] [stderr]    Compiling crc32fast v1.3.2
[INFO] [stderr]    Compiling cc v1.0.73
[INFO] [stderr]    Compiling async-trait v0.1.57
[INFO] [stderr]    Compiling libsqlite3-sys v0.25.1
[INFO] [stderr]     Checking mio v0.6.23
[INFO] [stderr]     Checking filetime v0.2.17
[INFO] [stderr]    Compiling hyper v0.14.20
[INFO] [stderr]     Checking inotify-sys v0.1.5
[INFO] [stderr]    Compiling rocket v0.5.0-rc.2
[INFO] [stderr]    Compiling glob v0.3.0
[INFO] [stderr]     Checking spin v0.9.4
[INFO] [stderr]     Checking fastrand v1.8.0
[INFO] [stderr]     Checking remove_dir_all v0.5.3
[INFO] [stderr]     Checking mime v0.3.16
[INFO] [stderr]    Compiling unicode-xid v0.2.3
[INFO] [stdout] error: unrecognized platform-specific intrinsic function: `simd_shuffle2`
[INFO] [stdout]   --> /opt/rustwide/cargo-home/registry/src/index.crates.io-6f17d22bba15001f/packed_simd_2-0.3.8/src/codegen/llvm.rs:10:5
[INFO] [stdout]    |
[INFO] [stdout] 10 |     pub fn simd_shuffle2<T, U>(x: T, y: T, idx: [u32; 2]) -> U;
[INFO] [stdout]    |     ^^^^^^^^^^^^^^^^^^^^^^^^^^^^^^^^^^^^^^^^^^^^^^^^^^^^^^^^^^^
[INFO] [stdout] 
[INFO] [stdout] 
[INFO] [stdout] error: unrecognized platform-specific intrinsic function: `simd_shuffle4`
[INFO] [stdout]   --> /opt/rustwide/cargo-home/registry/src/index.crates.io-6f17d22bba15001f/packed_simd_2-0.3.8/src/codegen/llvm.rs:11:5
[INFO] [stdout]    |
[INFO] [stdout] 11 |     pub fn simd_shuffle4<T, U>(x: T, y: T, idx: [u32; 4]) -> U;
[INFO] [stdout]    |     ^^^^^^^^^^^^^^^^^^^^^^^^^^^^^^^^^^^^^^^^^^^^^^^^^^^^^^^^^^^
[INFO] [stdout] 
[INFO] [stdout] 
[INFO] [stdout] error: unrecognized platform-specific intrinsic function: `simd_shuffle8`
[INFO] [stdout]   --> /opt/rustwide/cargo-home/registry/src/index.crates.io-6f17d22bba15001f/packed_simd_2-0.3.8/src/codegen/llvm.rs:12:5
[INFO] [stdout]    |
[INFO] [stdout] 12 |     pub fn simd_shuffle8<T, U>(x: T, y: T, idx: [u32; 8]) -> U;
[INFO] [stdout]    |     ^^^^^^^^^^^^^^^^^^^^^^^^^^^^^^^^^^^^^^^^^^^^^^^^^^^^^^^^^^^
[INFO] [stdout] 
[INFO] [stdout] 
[INFO] [stdout] error: unrecognized platform-specific intrinsic function: `simd_shuffle16`
[INFO] [stdout]   --> /opt/rustwide/cargo-home/registry/src/index.crates.io-6f17d22bba15001f/packed_simd_2-0.3.8/src/codegen/llvm.rs:13:5
[INFO] [stdout]    |
[INFO] [stdout] 13 |     pub fn simd_shuffle16<T, U>(x: T, y: T, idx: [u32; 16]) -> U;
[INFO] [stdout]    |     ^^^^^^^^^^^^^^^^^^^^^^^^^^^^^^^^^^^^^^^^^^^^^^^^^^^^^^^^^^^^^
[INFO] [stdout] 
[INFO] [stdout] 
[INFO] [stdout] error: unrecognized platform-specific intrinsic function: `simd_shuffle32`
[INFO] [stdout]   --> /opt/rustwide/cargo-home/registry/src/index.crates.io-6f17d22bba15001f/packed_simd_2-0.3.8/src/codegen/llvm.rs:14:5
[INFO] [stdout]    |
[INFO] [stdout] 14 |     pub fn simd_shuffle32<T, U>(x: T, y: T, idx: [u32; 32]) -> U;
[INFO] [stdout]    |     ^^^^^^^^^^^^^^^^^^^^^^^^^^^^^^^^^^^^^^^^^^^^^^^^^^^^^^^^^^^^^
[INFO] [stdout] 
[INFO] [stdout] 
[INFO] [stdout] error: unrecognized platform-specific intrinsic function: `simd_shuffle64`
[INFO] [stdout]   --> /opt/rustwide/cargo-home/registry/src/index.crates.io-6f17d22bba15001f/packed_simd_2-0.3.8/src/codegen/llvm.rs:15:5
[INFO] [stdout]    |
[INFO] [stdout] 15 |     pub fn simd_shuffle64<T, U>(x: T, y: T, idx: [u32; 64]) -> U;
[INFO] [stdout]    |     ^^^^^^^^^^^^^^^^^^^^^^^^^^^^^^^^^^^^^^^^^^^^^^^^^^^^^^^^^^^^^
[INFO] [stdout] 
[INFO] [stdout] 
[INFO] [stderr]     Checking adler v1.0.2
[INFO] [stderr]     Checking tempfile v3.3.0
[INFO] [stderr]     Checking walkdir v2.3.2
[INFO] [stderr]     Checking mio-extras v2.0.6
[INFO] [stderr]     Checking miniz_oxide v0.5.3
[INFO] [stderr]     Checking inotify v0.7.1
[INFO] [stderr]     Checking hashlink v0.8.0
[INFO] [stderr]     Checking xattr v0.2.3
[INFO] [stderr]     Checking atty v0.2.14
[INFO] [stderr]     Checking time v0.1.44
[INFO] [stderr]     Checking aho-corasick v0.7.18
[INFO] [stderr]     Checking fallible-streaming-iterator v0.1.9
[INFO] [stderr]     Checking arrayvec v0.7.2
[INFO] [stderr]     Checking regex-syntax v0.6.27
[INFO] [stderr]     Checking arrayref v0.3.6
[INFO] [stderr]     Checking iana-time-zone v0.1.45
[INFO] [stderr]     Checking fallible-iterator v0.2.0
[INFO] [stderr]     Checking constant_time_eq v0.1.5
[INFO] [stderr]     Checking tar v0.4.38
[INFO] [stderr]     Checking chrono v0.4.22
[INFO] [stderr]     Checking notify v4.0.17
[INFO] [stderr]     Checking flate2 v1.0.24
[INFO] [stderr]     Checking memmap2 v0.5.7
[INFO] [stderr]    Compiling blake3 v1.3.1
[INFO] [stderr]     Checking rusqlite v0.28.0
[INFO] [stderr]     Checking data-encoding v2.3.2
[INFO] [stderr]     Checking lazy_static v1.4.0
[INFO] [stderr]    Compiling devise_core v0.3.1
[INFO] [stderr]     Checking regex v1.6.0
[INFO] [stderr]    Compiling tokio-macros v1.8.0
[INFO] [stderr]    Compiling futures-macro v0.3.23
[INFO] [stderr]    Compiling pear_codegen v0.2.3
[INFO] [stderr]    Compiling ref-cast-impl v1.0.9
[INFO] [stderr]    Compiling async-stream-impl v0.3.3
[INFO] [stderr]    Compiling devise_codegen v0.3.1
[INFO] [stdout] error: aborting due to 6 previous errors
[INFO] [stdout] 
[INFO] [stdout] 
[INFO] [stderr] error: could not compile `packed_simd_2` (lib) due to 7 previous errors
[INFO] [stderr] warning: build failed, waiting for other jobs to finish...
[INFO] running `Command { std: "docker" "inspect" "fc933d39cf83ba5bf0e9152f32490ca96101cee7b5fb8a64d5c08e1f0ef85c19", kill_on_drop: false }`
[INFO] running `Command { std: "docker" "rm" "-f" "fc933d39cf83ba5bf0e9152f32490ca96101cee7b5fb8a64d5c08e1f0ef85c19", kill_on_drop: false }`
[INFO] [stdout] fc933d39cf83ba5bf0e9152f32490ca96101cee7b5fb8a64d5c08e1f0ef85c19
