[INFO] cloning repository https://github.com/MrCoolguy37/rustrogue
[INFO] running `Command { std: "git" "-c" "credential.helper=" "-c" "credential.helper=/workspace/cargo-home/bin/git-credential-null" "clone" "--bare" "https://github.com/MrCoolguy37/rustrogue" "/workspace/cache/git-repos/https%3A%2F%2Fgithub.com%2FMrCoolguy37%2Frustrogue", kill_on_drop: false }`
[INFO] [stderr] Cloning into bare repository '/workspace/cache/git-repos/https%3A%2F%2Fgithub.com%2FMrCoolguy37%2Frustrogue'...
[INFO] running `Command { std: "git" "rev-parse" "HEAD", kill_on_drop: false }`
[INFO] [stdout] 64183ee54b703a55490f24c4ccb8afe04dd62723
[INFO] checking MrCoolguy37/rustrogue against nightly-2024-02-05 for check-cfg
[INFO] running `Command { std: "git" "clone" "/workspace/cache/git-repos/https%3A%2F%2Fgithub.com%2FMrCoolguy37%2Frustrogue" "/workspace/builds/worker-5-tc1/source", kill_on_drop: false }`
[INFO] [stderr] Cloning into '/workspace/builds/worker-5-tc1/source'...
[INFO] [stderr] done.
[INFO] validating manifest of git repo https://github.com/MrCoolguy37/rustrogue on toolchain nightly-2024-02-05
[INFO] running `Command { std: CARGO_HOME="/workspace/cargo-home" RUSTUP_HOME="/workspace/rustup-home" "/workspace/cargo-home/bin/cargo" "+nightly-2024-02-05" "metadata" "--manifest-path" "Cargo.toml" "--no-deps", kill_on_drop: false }`
[INFO] started tweaking git repo https://github.com/MrCoolguy37/rustrogue
[INFO] finished tweaking git repo https://github.com/MrCoolguy37/rustrogue
[INFO] tweaked toml for git repo https://github.com/MrCoolguy37/rustrogue written to /workspace/builds/worker-5-tc1/source/Cargo.toml
[INFO] crate git repo https://github.com/MrCoolguy37/rustrogue already has a lockfile, it will not be regenerated
[INFO] running `Command { std: CARGO_HOME="/workspace/cargo-home" RUSTUP_HOME="/workspace/rustup-home" "/workspace/cargo-home/bin/cargo" "+nightly-2024-02-05" "fetch" "--manifest-path" "Cargo.toml", kill_on_drop: false }`
[INFO] [stderr]     Blocking waiting for file lock on package cache
[ERROR] error running command: no output for 300 seconds
[ERROR] this task or one of its parent failed!
[ERROR] no output for 300 seconds
[ERROR] note: run with `RUST_BACKTRACE=1` to display a backtrace.
[INFO] checking MrCoolguy37/rustrogue against nightly-2024-02-05+rustflags=-Dunexpected_cfgs+cargoflags=-Zcheck-cfg for check-cfg
[INFO] running `Command { std: "git" "clone" "/workspace/cache/git-repos/https%3A%2F%2Fgithub.com%2FMrCoolguy37%2Frustrogue" "/workspace/builds/worker-5-tc2/source", kill_on_drop: false }`
[INFO] [stderr] Cloning into '/workspace/builds/worker-5-tc2/source'...
[INFO] [stderr] done.
[INFO] validating manifest of git repo https://github.com/MrCoolguy37/rustrogue on toolchain nightly-2024-02-05
[INFO] running `Command { std: CARGO_HOME="/workspace/cargo-home" RUSTUP_HOME="/workspace/rustup-home" "/workspace/cargo-home/bin/cargo" "+nightly-2024-02-05" "metadata" "--manifest-path" "Cargo.toml" "--no-deps", kill_on_drop: false }`
[INFO] started tweaking git repo https://github.com/MrCoolguy37/rustrogue
[INFO] finished tweaking git repo https://github.com/MrCoolguy37/rustrogue
[INFO] tweaked toml for git repo https://github.com/MrCoolguy37/rustrogue written to /workspace/builds/worker-5-tc2/source/Cargo.toml
[INFO] crate git repo https://github.com/MrCoolguy37/rustrogue already has a lockfile, it will not be regenerated
[INFO] running `Command { std: CARGO_HOME="/workspace/cargo-home" RUSTUP_HOME="/workspace/rustup-home" "/workspace/cargo-home/bin/cargo" "+nightly-2024-02-05" "fetch" "--manifest-path" "Cargo.toml", kill_on_drop: false }`
[INFO] [stderr]     Blocking waiting for file lock on package cache
[INFO] [stderr]     Updating crates.io index
[INFO] [stderr]     Blocking waiting for file lock on package cache
[INFO] [stderr]  Downloading crates ...
[INFO] [stderr]   Downloaded serde v1.0.90
[INFO] [stderr]   Downloaded serde_derive v1.0.90
[INFO] [stderr]   Downloaded lazy_static v0.1.16
[INFO] [stderr]   Downloaded tcod-sys v4.1.0
[INFO] [stderr]   Downloaded libc v0.2.51
[INFO] [stderr]   Downloaded tcod v0.12.1
[INFO] [stderr]   Downloaded syn v0.15.32
[INFO] [stderr]   Downloaded bitflags v0.1.1
[INFO] running `Command { std: "docker" "create" "-v" "/var/lib/crater-agent-workspace/builds/worker-5-tc2/target:/opt/rustwide/target:rw,Z" "-v" "/var/lib/crater-agent-workspace/builds/worker-5-tc2/source:/opt/rustwide/workdir:ro,Z" "-v" "/var/lib/crater-agent-workspace/cargo-home:/opt/rustwide/cargo-home:ro,Z" "-v" "/var/lib/crater-agent-workspace/rustup-home:/opt/rustwide/rustup-home:ro,Z" "-e" "SOURCE_DIR=/opt/rustwide/workdir" "-e" "CARGO_TARGET_DIR=/opt/rustwide/target" "-e" "CARGO_HOME=/opt/rustwide/cargo-home" "-e" "RUSTUP_HOME=/opt/rustwide/rustup-home" "-w" "/opt/rustwide/workdir" "-m" "1610612736" "--user" "0:0" "--network" "none" "ghcr.io/rust-lang/crates-build-env/linux@sha256:2788e3201cd34a07e3172128adcd8b3090168a8e3bcc40d7c032b9dda1df7d1c" "/opt/rustwide/cargo-home/bin/cargo" "+nightly-2024-02-05" "metadata" "--no-deps" "--format-version=1", kill_on_drop: false }`
[INFO] [stdout] 4e63a339b5fa1f29dd3fa92a2b30dbe0c0fbc96941874aeab0e2bc48c540ba9a
[INFO] running `Command { std: "docker" "start" "-a" "4e63a339b5fa1f29dd3fa92a2b30dbe0c0fbc96941874aeab0e2bc48c540ba9a", kill_on_drop: false }`
[INFO] running `Command { std: "docker" "inspect" "4e63a339b5fa1f29dd3fa92a2b30dbe0c0fbc96941874aeab0e2bc48c540ba9a", kill_on_drop: false }`
[INFO] running `Command { std: "docker" "rm" "-f" "4e63a339b5fa1f29dd3fa92a2b30dbe0c0fbc96941874aeab0e2bc48c540ba9a", kill_on_drop: false }`
[INFO] [stdout] 4e63a339b5fa1f29dd3fa92a2b30dbe0c0fbc96941874aeab0e2bc48c540ba9a
[INFO] running `Command { std: "docker" "create" "-v" "/var/lib/crater-agent-workspace/builds/worker-5-tc2/target:/opt/rustwide/target:rw,Z" "-v" "/var/lib/crater-agent-workspace/builds/worker-5-tc2/source:/opt/rustwide/workdir:ro,Z" "-v" "/var/lib/crater-agent-workspace/cargo-home:/opt/rustwide/cargo-home:ro,Z" "-v" "/var/lib/crater-agent-workspace/rustup-home:/opt/rustwide/rustup-home:ro,Z" "-e" "SOURCE_DIR=/opt/rustwide/workdir" "-e" "CARGO_TARGET_DIR=/opt/rustwide/target" "-e" "CARGO_INCREMENTAL=0" "-e" "RUST_BACKTRACE=full" "-e" "RUSTFLAGS=--cap-lints=forbid -Dunexpected_cfgs" "-e" "RUSTDOCFLAGS=--cap-lints=forbid" "-e" "CARGO_HOME=/opt/rustwide/cargo-home" "-e" "RUSTUP_HOME=/opt/rustwide/rustup-home" "-w" "/opt/rustwide/workdir" "-m" "1610612736" "--user" "0:0" "--network" "none" "ghcr.io/rust-lang/crates-build-env/linux@sha256:2788e3201cd34a07e3172128adcd8b3090168a8e3bcc40d7c032b9dda1df7d1c" "/opt/rustwide/cargo-home/bin/cargo" "+nightly-2024-02-05" "check" "--frozen" "--all" "--all-targets" "--message-format=json" "-Zcheck-cfg", kill_on_drop: false }`
[INFO] [stdout] 5a40ca0e1b1ada394c3658119c7e2e528f2800b041c05ea7d0b30a20b3bd125e
[INFO] running `Command { std: "docker" "start" "-a" "5a40ca0e1b1ada394c3658119c7e2e528f2800b041c05ea7d0b30a20b3bd125e", kill_on_drop: false }`
[INFO] [stderr]    Compiling libc v0.2.51
[INFO] [stderr]    Compiling proc-macro2 v0.4.27
[INFO] [stderr]    Compiling pkg-config v0.3.14
[INFO] [stderr]    Compiling syn v0.15.32
[INFO] [stderr]    Compiling serde v1.0.90
[INFO] [stderr]     Checking lazy_static v0.1.16
[INFO] [stderr]     Checking bitflags v0.1.1
[INFO] [stderr]    Compiling tcod-sys v4.1.0
[INFO] [stderr]    Compiling quote v0.6.12
[INFO] [stderr]     Checking rand v0.4.6
[INFO] [stderr]     Checking rand v0.3.23
[INFO] [stderr]    Compiling serde_derive v1.0.90
[INFO] [stderr] The following warnings were emitted during compilation:
[INFO] [stderr] 
[INFO] [stderr] warning: tcod-sys@4.1.0: libtcod/src/sys_opengl_c.c:35:10: fatal error: SDL/SDL.h: No such file or directory
[INFO] [stderr] warning: tcod-sys@4.1.0:    35 | #include <SDL/SDL.h>
[INFO] [stderr] warning: tcod-sys@4.1.0:       |          ^~~~~~~~~~~
[INFO] [stderr] warning: tcod-sys@4.1.0: compilation terminated.
[INFO] [stderr] 
[INFO] [stderr] error: failed to run custom build command for `tcod-sys v4.1.0`
[INFO] [stderr] note: To improve backtraces for build dependencies, set the CARGO_PROFILE_DEV_BUILD_OVERRIDE_DEBUG=true environment variable to enable debug information generation.
[INFO] [stderr] 
[INFO] [stderr] Caused by:
[INFO] [stderr]   process didn't exit successfully: `/opt/rustwide/target/debug/build/tcod-sys-bd14085f0ce38d72/build-script-build` (exit status: 101)
[INFO] [stderr]   --- stdout
[INFO] [stderr]   TARGET = Some("x86_64-unknown-linux-gnu")
[INFO] [stderr]   OPT_LEVEL = Some("0")
[INFO] [stderr]   TARGET = Some("x86_64-unknown-linux-gnu")
[INFO] [stderr]   HOST = Some("x86_64-unknown-linux-gnu")
[INFO] [stderr]   TARGET = Some("x86_64-unknown-linux-gnu")
[INFO] [stderr]   TARGET = Some("x86_64-unknown-linux-gnu")
[INFO] [stderr]   HOST = Some("x86_64-unknown-linux-gnu")
[INFO] [stderr]   CC_x86_64-unknown-linux-gnu = None
[INFO] [stderr]   CC_x86_64_unknown_linux_gnu = None
[INFO] [stderr]   HOST_CC = None
[INFO] [stderr]   CC = None
[INFO] [stderr]   HOST = Some("x86_64-unknown-linux-gnu")
[INFO] [stderr]   TARGET = Some("x86_64-unknown-linux-gnu")
[INFO] [stderr]   HOST = Some("x86_64-unknown-linux-gnu")
[INFO] [stderr]   CFLAGS_x86_64-unknown-linux-gnu = None
[INFO] [stderr]   CFLAGS_x86_64_unknown_linux_gnu = None
[INFO] [stderr]   HOST_CFLAGS = None
[INFO] [stderr]   CFLAGS = None
[INFO] [stderr]   DEBUG = Some("true")
[INFO] [stderr]   running: "cc" "-O0" "-ffunction-sections" "-fdata-sections" "-fPIC" "-g" "-m64" "-w" "-Wall" "-Wextra" "-o" "/opt/rustwide/target/debug/build/tcod-sys-eab02e18542e6f85/out/libtcod/src/zlib/adler32.o" "-c" "libtcod/src/zlib/adler32.c"
[INFO] [stderr]   exit status: 0
[INFO] [stderr]   TARGET = Some("x86_64-unknown-linux-gnu")
[INFO] [stderr]   OPT_LEVEL = Some("0")
[INFO] [stderr]   TARGET = Some("x86_64-unknown-linux-gnu")
[INFO] [stderr]   HOST = Some("x86_64-unknown-linux-gnu")
[INFO] [stderr]   TARGET = Some("x86_64-unknown-linux-gnu")
[INFO] [stderr]   TARGET = Some("x86_64-unknown-linux-gnu")
[INFO] [stderr]   HOST = Some("x86_64-unknown-linux-gnu")
[INFO] [stderr]   CC_x86_64-unknown-linux-gnu = None
[INFO] [stderr]   CC_x86_64_unknown_linux_gnu = None
[INFO] [stderr]   HOST_CC = None
[INFO] [stderr]   CC = None
[INFO] [stderr]   HOST = Some("x86_64-unknown-linux-gnu")
[INFO] [stderr]   TARGET = Some("x86_64-unknown-linux-gnu")
[INFO] [stderr]   HOST = Some("x86_64-unknown-linux-gnu")
[INFO] [stderr]   CFLAGS_x86_64-unknown-linux-gnu = None
[INFO] [stderr]   CFLAGS_x86_64_unknown_linux_gnu = None
[INFO] [stderr]   HOST_CFLAGS = None
[INFO] [stderr]   CFLAGS = None
[INFO] [stderr]   DEBUG = Some("true")
[INFO] [stderr]   running: "cc" "-O0" "-ffunction-sections" "-fdata-sections" "-fPIC" "-g" "-m64" "-w" "-Wall" "-Wextra" "-o" "/opt/rustwide/target/debug/build/tcod-sys-eab02e18542e6f85/out/libtcod/src/zlib/crc32.o" "-c" "libtcod/src/zlib/crc32.c"
[INFO] [stderr]   exit status: 0
[INFO] [stderr]   TARGET = Some("x86_64-unknown-linux-gnu")
[INFO] [stderr]   OPT_LEVEL = Some("0")
[INFO] [stderr]   TARGET = Some("x86_64-unknown-linux-gnu")
[INFO] [stderr]   HOST = Some("x86_64-unknown-linux-gnu")
[INFO] [stderr]   TARGET = Some("x86_64-unknown-linux-gnu")
[INFO] [stderr]   TARGET = Some("x86_64-unknown-linux-gnu")
[INFO] [stderr]   HOST = Some("x86_64-unknown-linux-gnu")
[INFO] [stderr]   CC_x86_64-unknown-linux-gnu = None
[INFO] [stderr]   CC_x86_64_unknown_linux_gnu = None
[INFO] [stderr]   HOST_CC = None
[INFO] [stderr]   CC = None
[INFO] [stderr]   HOST = Some("x86_64-unknown-linux-gnu")
[INFO] [stderr]   TARGET = Some("x86_64-unknown-linux-gnu")
[INFO] [stderr]   HOST = Some("x86_64-unknown-linux-gnu")
[INFO] [stderr]   CFLAGS_x86_64-unknown-linux-gnu = None
[INFO] [stderr]   CFLAGS_x86_64_unknown_linux_gnu = None
[INFO] [stderr]   HOST_CFLAGS = None
[INFO] [stderr]   CFLAGS = None
[INFO] [stderr]   DEBUG = Some("true")
[INFO] [stderr]   running: "cc" "-O0" "-ffunction-sections" "-fdata-sections" "-fPIC" "-g" "-m64" "-w" "-Wall" "-Wextra" "-o" "/opt/rustwide/target/debug/build/tcod-sys-eab02e18542e6f85/out/libtcod/src/zlib/deflate.o" "-c" "libtcod/src/zlib/deflate.c"
[INFO] [stderr]   exit status: 0
[INFO] [stderr]   TARGET = Some("x86_64-unknown-linux-gnu")
[INFO] [stderr]   OPT_LEVEL = Some("0")
[INFO] [stderr]   TARGET = Some("x86_64-unknown-linux-gnu")
[INFO] [stderr]   HOST = Some("x86_64-unknown-linux-gnu")
[INFO] [stderr]   TARGET = Some("x86_64-unknown-linux-gnu")
[INFO] [stderr]   TARGET = Some("x86_64-unknown-linux-gnu")
[INFO] [stderr]   HOST = Some("x86_64-unknown-linux-gnu")
[INFO] [stderr]   CC_x86_64-unknown-linux-gnu = None
[INFO] [stderr]   CC_x86_64_unknown_linux_gnu = None
[INFO] [stderr]   HOST_CC = None
[INFO] [stderr]   CC = None
[INFO] [stderr]   HOST = Some("x86_64-unknown-linux-gnu")
[INFO] [stderr]   TARGET = Some("x86_64-unknown-linux-gnu")
[INFO] [stderr]   HOST = Some("x86_64-unknown-linux-gnu")
[INFO] [stderr]   CFLAGS_x86_64-unknown-linux-gnu = None
[INFO] [stderr]   CFLAGS_x86_64_unknown_linux_gnu = None
[INFO] [stderr]   HOST_CFLAGS = None
[INFO] [stderr]   CFLAGS = None
[INFO] [stderr]   DEBUG = Some("true")
[INFO] [stderr]   running: "cc" "-O0" "-ffunction-sections" "-fdata-sections" "-fPIC" "-g" "-m64" "-w" "-Wall" "-Wextra" "-o" "/opt/rustwide/target/debug/build/tcod-sys-eab02e18542e6f85/out/libtcod/src/zlib/infback.o" "-c" "libtcod/src/zlib/infback.c"
[INFO] [stderr]   exit status: 0
[INFO] [stderr]   TARGET = Some("x86_64-unknown-linux-gnu")
[INFO] [stderr]   OPT_LEVEL = Some("0")
[INFO] [stderr]   TARGET = Some("x86_64-unknown-linux-gnu")
[INFO] [stderr]   HOST = Some("x86_64-unknown-linux-gnu")
[INFO] [stderr]   TARGET = Some("x86_64-unknown-linux-gnu")
[INFO] [stderr]   TARGET = Some("x86_64-unknown-linux-gnu")
[INFO] [stderr]   HOST = Some("x86_64-unknown-linux-gnu")
[INFO] [stderr]   CC_x86_64-unknown-linux-gnu = None
[INFO] [stderr]   CC_x86_64_unknown_linux_gnu = None
[INFO] [stderr]   HOST_CC = None
[INFO] [stderr]   CC = None
[INFO] [stderr]   HOST = Some("x86_64-unknown-linux-gnu")
[INFO] [stderr]   TARGET = Some("x86_64-unknown-linux-gnu")
[INFO] [stderr]   HOST = Some("x86_64-unknown-linux-gnu")
[INFO] [stderr]   CFLAGS_x86_64-unknown-linux-gnu = None
[INFO] [stderr]   CFLAGS_x86_64_unknown_linux_gnu = None
[INFO] [stderr]   HOST_CFLAGS = None
[INFO] [stderr]   CFLAGS = None
[INFO] [stderr]   DEBUG = Some("true")
[INFO] [stderr]   running: "cc" "-O0" "-ffunction-sections" "-fdata-sections" "-fPIC" "-g" "-m64" "-w" "-Wall" "-Wextra" "-o" "/opt/rustwide/target/debug/build/tcod-sys-eab02e18542e6f85/out/libtcod/src/zlib/inffast.o" "-c" "libtcod/src/zlib/inffast.c"
[INFO] [stderr]   exit status: 0
[INFO] [stderr]   TARGET = Some("x86_64-unknown-linux-gnu")
[INFO] [stderr]   OPT_LEVEL = Some("0")
[INFO] [stderr]   TARGET = Some("x86_64-unknown-linux-gnu")
[INFO] [stderr]   HOST = Some("x86_64-unknown-linux-gnu")
[INFO] [stderr]   TARGET = Some("x86_64-unknown-linux-gnu")
[INFO] [stderr]   TARGET = Some("x86_64-unknown-linux-gnu")
[INFO] [stderr]   HOST = Some("x86_64-unknown-linux-gnu")
[INFO] [stderr]   CC_x86_64-unknown-linux-gnu = None
[INFO] [stderr]   CC_x86_64_unknown_linux_gnu = None
[INFO] [stderr]   HOST_CC = None
[INFO] [stderr]   CC = None
[INFO] [stderr]   HOST = Some("x86_64-unknown-linux-gnu")
[INFO] [stderr]   TARGET = Some("x86_64-unknown-linux-gnu")
[INFO] [stderr]   HOST = Some("x86_64-unknown-linux-gnu")
[INFO] [stderr]   CFLAGS_x86_64-unknown-linux-gnu = None
[INFO] [stderr]   CFLAGS_x86_64_unknown_linux_gnu = None
[INFO] [stderr]   HOST_CFLAGS = None
[INFO] [stderr]   CFLAGS = None
[INFO] [stderr]   DEBUG = Some("true")
[INFO] [stderr]   running: "cc" "-O0" "-ffunction-sections" "-fdata-sections" "-fPIC" "-g" "-m64" "-w" "-Wall" "-Wextra" "-o" "/opt/rustwide/target/debug/build/tcod-sys-eab02e18542e6f85/out/libtcod/src/zlib/inflate.o" "-c" "libtcod/src/zlib/inflate.c"
[INFO] [stderr]   exit status: 0
[INFO] [stderr]   TARGET = Some("x86_64-unknown-linux-gnu")
[INFO] [stderr]   OPT_LEVEL = Some("0")
[INFO] [stderr]   TARGET = Some("x86_64-unknown-linux-gnu")
[INFO] [stderr]   HOST = Some("x86_64-unknown-linux-gnu")
[INFO] [stderr]   TARGET = Some("x86_64-unknown-linux-gnu")
[INFO] [stderr]   TARGET = Some("x86_64-unknown-linux-gnu")
[INFO] [stderr]   HOST = Some("x86_64-unknown-linux-gnu")
[INFO] [stderr]   CC_x86_64-unknown-linux-gnu = None
[INFO] [stderr]   CC_x86_64_unknown_linux_gnu = None
[INFO] [stderr]   HOST_CC = None
[INFO] [stderr]   CC = None
[INFO] [stderr]   HOST = Some("x86_64-unknown-linux-gnu")
[INFO] [stderr]   TARGET = Some("x86_64-unknown-linux-gnu")
[INFO] [stderr]   HOST = Some("x86_64-unknown-linux-gnu")
[INFO] [stderr]   CFLAGS_x86_64-unknown-linux-gnu = None
[INFO] [stderr]   CFLAGS_x86_64_unknown_linux_gnu = None
[INFO] [stderr]   HOST_CFLAGS = None
[INFO] [stderr]   CFLAGS = None
[INFO] [stderr]   DEBUG = Some("true")
[INFO] [stderr]   running: "cc" "-O0" "-ffunction-sections" "-fdata-sections" "-fPIC" "-g" "-m64" "-w" "-Wall" "-Wextra" "-o" "/opt/rustwide/target/debug/build/tcod-sys-eab02e18542e6f85/out/libtcod/src/zlib/inftrees.o" "-c" "libtcod/src/zlib/inftrees.c"
[INFO] [stderr]   exit status: 0
[INFO] [stderr]   TARGET = Some("x86_64-unknown-linux-gnu")
[INFO] [stderr]   OPT_LEVEL = Some("0")
[INFO] [stderr]   TARGET = Some("x86_64-unknown-linux-gnu")
[INFO] [stderr]   HOST = Some("x86_64-unknown-linux-gnu")
[INFO] [stderr]   TARGET = Some("x86_64-unknown-linux-gnu")
[INFO] [stderr]   TARGET = Some("x86_64-unknown-linux-gnu")
[INFO] [stderr]   HOST = Some("x86_64-unknown-linux-gnu")
[INFO] [stderr]   CC_x86_64-unknown-linux-gnu = None
[INFO] [stderr]   CC_x86_64_unknown_linux_gnu = None
[INFO] [stderr]   HOST_CC = None
[INFO] [stderr]   CC = None
[INFO] [stderr]   HOST = Some("x86_64-unknown-linux-gnu")
[INFO] [stderr]   TARGET = Some("x86_64-unknown-linux-gnu")
[INFO] [stderr]   HOST = Some("x86_64-unknown-linux-gnu")
[INFO] [stderr]   CFLAGS_x86_64-unknown-linux-gnu = None
[INFO] [stderr]   CFLAGS_x86_64_unknown_linux_gnu = None
[INFO] [stderr]   HOST_CFLAGS = None
[INFO] [stderr]   CFLAGS = None
[INFO] [stderr]   DEBUG = Some("true")
[INFO] [stderr]   running: "cc" "-O0" "-ffunction-sections" "-fdata-sections" "-fPIC" "-g" "-m64" "-w" "-Wall" "-Wextra" "-o" "/opt/rustwide/target/debug/build/tcod-sys-eab02e18542e6f85/out/libtcod/src/zlib/trees.o" "-c" "libtcod/src/zlib/trees.c"
[INFO] [stderr]   exit status: 0
[INFO] [stderr]   TARGET = Some("x86_64-unknown-linux-gnu")
[INFO] [stderr]   OPT_LEVEL = Some("0")
[INFO] [stderr]   TARGET = Some("x86_64-unknown-linux-gnu")
[INFO] [stderr]   HOST = Some("x86_64-unknown-linux-gnu")
[INFO] [stderr]   TARGET = Some("x86_64-unknown-linux-gnu")
[INFO] [stderr]   TARGET = Some("x86_64-unknown-linux-gnu")
[INFO] [stderr]   HOST = Some("x86_64-unknown-linux-gnu")
[INFO] [stderr]   CC_x86_64-unknown-linux-gnu = None
[INFO] [stderr]   CC_x86_64_unknown_linux_gnu = None
[INFO] [stderr]   HOST_CC = None
[INFO] [stderr]   CC = None
[INFO] [stderr]   HOST = Some("x86_64-unknown-linux-gnu")
[INFO] [stderr]   TARGET = Some("x86_64-unknown-linux-gnu")
[INFO] [stderr]   HOST = Some("x86_64-unknown-linux-gnu")
[INFO] [stderr]   CFLAGS_x86_64-unknown-linux-gnu = None
[INFO] [stderr]   CFLAGS_x86_64_unknown_linux_gnu = None
[INFO] [stderr]   HOST_CFLAGS = None
[INFO] [stderr]   CFLAGS = None
[INFO] [stderr]   DEBUG = Some("true")
[INFO] [stderr]   running: "cc" "-O0" "-ffunction-sections" "-fdata-sections" "-fPIC" "-g" "-m64" "-w" "-Wall" "-Wextra" "-o" "/opt/rustwide/target/debug/build/tcod-sys-eab02e18542e6f85/out/libtcod/src/zlib/zutil.o" "-c" "libtcod/src/zlib/zutil.c"
[INFO] [stderr]   exit status: 0
[INFO] [stderr]   TARGET = Some("x86_64-unknown-linux-gnu")
[INFO] [stderr]   OPT_LEVEL = Some("0")
[INFO] [stderr]   TARGET = Some("x86_64-unknown-linux-gnu")
[INFO] [stderr]   HOST = Some("x86_64-unknown-linux-gnu")
[INFO] [stderr]   TARGET = Some("x86_64-unknown-linux-gnu")
[INFO] [stderr]   TARGET = Some("x86_64-unknown-linux-gnu")
[INFO] [stderr]   HOST = Some("x86_64-unknown-linux-gnu")
[INFO] [stderr]   CC_x86_64-unknown-linux-gnu = None
[INFO] [stderr]   CC_x86_64_unknown_linux_gnu = None
[INFO] [stderr]   HOST_CC = None
[INFO] [stderr]   CC = None
[INFO] [stderr]   HOST = Some("x86_64-unknown-linux-gnu")
[INFO] [stderr]   TARGET = Some("x86_64-unknown-linux-gnu")
[INFO] [stderr]   HOST = Some("x86_64-unknown-linux-gnu")
[INFO] [stderr]   CFLAGS_x86_64-unknown-linux-gnu = None
[INFO] [stderr]   CFLAGS_x86_64_unknown_linux_gnu = None
[INFO] [stderr]   HOST_CFLAGS = None
[INFO] [stderr]   CFLAGS = None
[INFO] [stderr]   DEBUG = Some("true")
[INFO] [stderr]   running: "cc" "-O0" "-ffunction-sections" "-fdata-sections" "-fPIC" "-g" "-m64" "-w" "-Wall" "-Wextra" "-o" "/opt/rustwide/target/debug/build/tcod-sys-eab02e18542e6f85/out/libtcod/src/zlib/compress.o" "-c" "libtcod/src/zlib/compress.c"
[INFO] [stderr]   exit status: 0
[INFO] [stderr]   TARGET = Some("x86_64-unknown-linux-gnu")
[INFO] [stderr]   OPT_LEVEL = Some("0")
[INFO] [stderr]   TARGET = Some("x86_64-unknown-linux-gnu")
[INFO] [stderr]   HOST = Some("x86_64-unknown-linux-gnu")
[INFO] [stderr]   TARGET = Some("x86_64-unknown-linux-gnu")
[INFO] [stderr]   TARGET = Some("x86_64-unknown-linux-gnu")
[INFO] [stderr]   HOST = Some("x86_64-unknown-linux-gnu")
[INFO] [stderr]   CC_x86_64-unknown-linux-gnu = None
[INFO] [stderr]   CC_x86_64_unknown_linux_gnu = None
[INFO] [stderr]   HOST_CC = None
[INFO] [stderr]   CC = None
[INFO] [stderr]   HOST = Some("x86_64-unknown-linux-gnu")
[INFO] [stderr]   TARGET = Some("x86_64-unknown-linux-gnu")
[INFO] [stderr]   HOST = Some("x86_64-unknown-linux-gnu")
[INFO] [stderr]   CFLAGS_x86_64-unknown-linux-gnu = None
[INFO] [stderr]   CFLAGS_x86_64_unknown_linux_gnu = None
[INFO] [stderr]   HOST_CFLAGS = None
[INFO] [stderr]   CFLAGS = None
[INFO] [stderr]   DEBUG = Some("true")
[INFO] [stderr]   running: "cc" "-O0" "-ffunction-sections" "-fdata-sections" "-fPIC" "-g" "-m64" "-w" "-Wall" "-Wextra" "-o" "/opt/rustwide/target/debug/build/tcod-sys-eab02e18542e6f85/out/libtcod/src/zlib/uncompr.o" "-c" "libtcod/src/zlib/uncompr.c"
[INFO] [stderr]   exit status: 0
[INFO] [stderr]   TARGET = Some("x86_64-unknown-linux-gnu")
[INFO] [stderr]   OPT_LEVEL = Some("0")
[INFO] [stderr]   TARGET = Some("x86_64-unknown-linux-gnu")
[INFO] [stderr]   HOST = Some("x86_64-unknown-linux-gnu")
[INFO] [stderr]   TARGET = Some("x86_64-unknown-linux-gnu")
[INFO] [stderr]   TARGET = Some("x86_64-unknown-linux-gnu")
[INFO] [stderr]   HOST = Some("x86_64-unknown-linux-gnu")
[INFO] [stderr]   CC_x86_64-unknown-linux-gnu = None
[INFO] [stderr]   CC_x86_64_unknown_linux_gnu = None
[INFO] [stderr]   HOST_CC = None
[INFO] [stderr]   CC = None
[INFO] [stderr]   HOST = Some("x86_64-unknown-linux-gnu")
[INFO] [stderr]   TARGET = Some("x86_64-unknown-linux-gnu")
[INFO] [stderr]   HOST = Some("x86_64-unknown-linux-gnu")
[INFO] [stderr]   CFLAGS_x86_64-unknown-linux-gnu = None
[INFO] [stderr]   CFLAGS_x86_64_unknown_linux_gnu = None
[INFO] [stderr]   HOST_CFLAGS = None
[INFO] [stderr]   CFLAGS = None
[INFO] [stderr]   DEBUG = Some("true")
[INFO] [stderr]   running: "cc" "-O0" "-ffunction-sections" "-fdata-sections" "-fPIC" "-g" "-m64" "-w" "-Wall" "-Wextra" "-o" "/opt/rustwide/target/debug/build/tcod-sys-eab02e18542e6f85/out/libtcod/src/zlib/gzclose.o" "-c" "libtcod/src/zlib/gzclose.c"
[INFO] [stderr]   exit status: 0
[INFO] [stderr]   TARGET = Some("x86_64-unknown-linux-gnu")
[INFO] [stderr]   OPT_LEVEL = Some("0")
[INFO] [stderr]   TARGET = Some("x86_64-unknown-linux-gnu")
[INFO] [stderr]   HOST = Some("x86_64-unknown-linux-gnu")
[INFO] [stderr]   TARGET = Some("x86_64-unknown-linux-gnu")
[INFO] [stderr]   TARGET = Some("x86_64-unknown-linux-gnu")
[INFO] [stderr]   HOST = Some("x86_64-unknown-linux-gnu")
[INFO] [stderr]   CC_x86_64-unknown-linux-gnu = None
[INFO] [stderr]   CC_x86_64_unknown_linux_gnu = None
[INFO] [stderr]   HOST_CC = None
[INFO] [stderr]   CC = None
[INFO] [stderr]   HOST = Some("x86_64-unknown-linux-gnu")
[INFO] [stderr]   TARGET = Some("x86_64-unknown-linux-gnu")
[INFO] [stderr]   HOST = Some("x86_64-unknown-linux-gnu")
[INFO] [stderr]   CFLAGS_x86_64-unknown-linux-gnu = None
[INFO] [stderr]   CFLAGS_x86_64_unknown_linux_gnu = None
[INFO] [stderr]   HOST_CFLAGS = None
[INFO] [stderr]   CFLAGS = None
[INFO] [stderr]   DEBUG = Some("true")
[INFO] [stderr]   running: "cc" "-O0" "-ffunction-sections" "-fdata-sections" "-fPIC" "-g" "-m64" "-w" "-Wall" "-Wextra" "-o" "/opt/rustwide/target/debug/build/tcod-sys-eab02e18542e6f85/out/libtcod/src/zlib/gzlib.o" "-c" "libtcod/src/zlib/gzlib.c"
[INFO] [stderr]   exit status: 0
[INFO] [stderr]   TARGET = Some("x86_64-unknown-linux-gnu")
[INFO] [stderr]   OPT_LEVEL = Some("0")
[INFO] [stderr]   TARGET = Some("x86_64-unknown-linux-gnu")
[INFO] [stderr]   HOST = Some("x86_64-unknown-linux-gnu")
[INFO] [stderr]   TARGET = Some("x86_64-unknown-linux-gnu")
[INFO] [stderr]   TARGET = Some("x86_64-unknown-linux-gnu")
[INFO] [stderr]   HOST = Some("x86_64-unknown-linux-gnu")
[INFO] [stderr]   CC_x86_64-unknown-linux-gnu = None
[INFO] [stderr]   CC_x86_64_unknown_linux_gnu = None
[INFO] [stderr]   HOST_CC = None
[INFO] [stderr]   CC = None
[INFO] [stderr]   HOST = Some("x86_64-unknown-linux-gnu")
[INFO] [stderr]   TARGET = Some("x86_64-unknown-linux-gnu")
[INFO] [stderr]   HOST = Some("x86_64-unknown-linux-gnu")
[INFO] [stderr]   CFLAGS_x86_64-unknown-linux-gnu = None
[INFO] [stderr]   CFLAGS_x86_64_unknown_linux_gnu = None
[INFO] [stderr]   HOST_CFLAGS = None
[INFO] [stderr]   CFLAGS = None
[INFO] [stderr]   DEBUG = Some("true")
[INFO] [stderr]   running: "cc" "-O0" "-ffunction-sections" "-fdata-sections" "-fPIC" "-g" "-m64" "-w" "-Wall" "-Wextra" "-o" "/opt/rustwide/target/debug/build/tcod-sys-eab02e18542e6f85/out/libtcod/src/zlib/gzread.o" "-c" "libtcod/src/zlib/gzread.c"
[INFO] [stderr]   exit status: 0
[INFO] [stderr]   TARGET = Some("x86_64-unknown-linux-gnu")
[INFO] [stderr]   OPT_LEVEL = Some("0")
[INFO] [stderr]   TARGET = Some("x86_64-unknown-linux-gnu")
[INFO] [stderr]   HOST = Some("x86_64-unknown-linux-gnu")
[INFO] [stderr]   TARGET = Some("x86_64-unknown-linux-gnu")
[INFO] [stderr]   TARGET = Some("x86_64-unknown-linux-gnu")
[INFO] [stderr]   HOST = Some("x86_64-unknown-linux-gnu")
[INFO] [stderr]   CC_x86_64-unknown-linux-gnu = None
[INFO] [stderr]   CC_x86_64_unknown_linux_gnu = None
[INFO] [stderr]   HOST_CC = None
[INFO] [stderr]   CC = None
[INFO] [stderr]   HOST = Some("x86_64-unknown-linux-gnu")
[INFO] [stderr]   TARGET = Some("x86_64-unknown-linux-gnu")
[INFO] [stderr]   HOST = Some("x86_64-unknown-linux-gnu")
[INFO] [stderr]   CFLAGS_x86_64-unknown-linux-gnu = None
[INFO] [stderr]   CFLAGS_x86_64_unknown_linux_gnu = None
[INFO] [stderr]   HOST_CFLAGS = None
[INFO] [stderr]   CFLAGS = None
[INFO] [stderr]   DEBUG = Some("true")
[INFO] [stderr]   running: "cc" "-O0" "-ffunction-sections" "-fdata-sections" "-fPIC" "-g" "-m64" "-w" "-Wall" "-Wextra" "-o" "/opt/rustwide/target/debug/build/tcod-sys-eab02e18542e6f85/out/libtcod/src/zlib/gzwrite.o" "-c" "libtcod/src/zlib/gzwrite.c"
[INFO] [stderr]   exit status: 0
[INFO] [stderr]   TARGET = Some("x86_64-unknown-linux-gnu")
[INFO] [stderr]   TARGET = Some("x86_64-unknown-linux-gnu")
[INFO] [stderr]   HOST = Some("x86_64-unknown-linux-gnu")
[INFO] [stderr]   AR_x86_64-unknown-linux-gnu = None
[INFO] [stderr]   AR_x86_64_unknown_linux_gnu = None
[INFO] [stderr]   HOST_AR = None
[INFO] [stderr]   AR = None
[INFO] [stderr]   TARGET = Some("x86_64-unknown-linux-gnu")
[INFO] [stderr]   TARGET = Some("x86_64-unknown-linux-gnu")
[INFO] [stderr]   running: "ar" "crs" "/opt/rustwide/target/debug/build/tcod-sys-eab02e18542e6f85/out/libz.a" "/opt/rustwide/target/debug/build/tcod-sys-eab02e18542e6f85/out/libtcod/src/zlib/adler32.o" "/opt/rustwide/target/debug/build/tcod-sys-eab02e18542e6f85/out/libtcod/src/zlib/crc32.o" "/opt/rustwide/target/debug/build/tcod-sys-eab02e18542e6f85/out/libtcod/src/zlib/deflate.o" "/opt/rustwide/target/debug/build/tcod-sys-eab02e18542e6f85/out/libtcod/src/zlib/infback.o" "/opt/rustwide/target/debug/build/tcod-sys-eab02e18542e6f85/out/libtcod/src/zlib/inffast.o" "/opt/rustwide/target/debug/build/tcod-sys-eab02e18542e6f85/out/libtcod/src/zlib/inflate.o" "/opt/rustwide/target/debug/build/tcod-sys-eab02e18542e6f85/out/libtcod/src/zlib/inftrees.o" "/opt/rustwide/target/debug/build/tcod-sys-eab02e18542e6f85/out/libtcod/src/zlib/trees.o" "/opt/rustwide/target/debug/build/tcod-sys-eab02e18542e6f85/out/libtcod/src/zlib/zutil.o" "/opt/rustwide/target/debug/build/tcod-sys-eab02e18542e6f85/out/libtcod/src/zlib/compress.o" "/opt/rustwide/target/debug/build/tcod-sys-eab02e18542e6f85/out/libtcod/src/zlib/uncompr.o" "/opt/rustwide/target/debug/build/tcod-sys-eab02e18542e6f85/out/libtcod/src/zlib/gzclose.o" "/opt/rustwide/target/debug/build/tcod-sys-eab02e18542e6f85/out/libtcod/src/zlib/gzlib.o" "/opt/rustwide/target/debug/build/tcod-sys-eab02e18542e6f85/out/libtcod/src/zlib/gzread.o" "/opt/rustwide/target/debug/build/tcod-sys-eab02e18542e6f85/out/libtcod/src/zlib/gzwrite.o"
[INFO] [stderr]   exit status: 0
[INFO] [stderr]   TARGET = Some("x86_64-unknown-linux-gnu")
[INFO] [stderr]   cargo:rustc-link-lib=static=z
[INFO] [stderr]   cargo:rustc-link-search=native=/opt/rustwide/target/debug/build/tcod-sys-eab02e18542e6f85/out
[INFO] [stderr]   running: "cc" "-O0" "-ffunction-sections" "-fdata-sections" "-fPIC" "-g" "-m64" "-I" "libtcod/include" "-I" "libtcod/src/zlib" "-fno-strict-aliasing" "-ansi" "-w" "-Wall" "-Wextra" "-o" "/opt/rustwide/target/debug/build/tcod-sys-eab02e18542e6f85/out/libtcod/src/bresenham_c.o" "-c" "libtcod/src/bresenham_c.c"
[INFO] [stderr]   exit status: 0
[INFO] [stderr]   running: "cc" "-O0" "-ffunction-sections" "-fdata-sections" "-fPIC" "-g" "-m64" "-I" "libtcod/include" "-I" "libtcod/src/zlib" "-fno-strict-aliasing" "-ansi" "-w" "-Wall" "-Wextra" "-o" "/opt/rustwide/target/debug/build/tcod-sys-eab02e18542e6f85/out/libtcod/src/bsp_c.o" "-c" "libtcod/src/bsp_c.c"
[INFO] [stderr]   exit status: 0
[INFO] [stderr]   running: "cc" "-O0" "-ffunction-sections" "-fdata-sections" "-fPIC" "-g" "-m64" "-I" "libtcod/include" "-I" "libtcod/src/zlib" "-fno-strict-aliasing" "-ansi" "-w" "-Wall" "-Wextra" "-o" "/opt/rustwide/target/debug/build/tcod-sys-eab02e18542e6f85/out/libtcod/src/color_c.o" "-c" "libtcod/src/color_c.c"
[INFO] [stderr]   exit status: 0
[INFO] [stderr]   running: "cc" "-O0" "-ffunction-sections" "-fdata-sections" "-fPIC" "-g" "-m64" "-I" "libtcod/include" "-I" "libtcod/src/zlib" "-fno-strict-aliasing" "-ansi" "-w" "-Wall" "-Wextra" "-o" "/opt/rustwide/target/debug/build/tcod-sys-eab02e18542e6f85/out/libtcod/src/console_c.o" "-c" "libtcod/src/console_c.c"
[INFO] [stderr]   exit status: 0
[INFO] [stderr]   running: "cc" "-O0" "-ffunction-sections" "-fdata-sections" "-fPIC" "-g" "-m64" "-I" "libtcod/include" "-I" "libtcod/src/zlib" "-fno-strict-aliasing" "-ansi" "-w" "-Wall" "-Wextra" "-o" "/opt/rustwide/target/debug/build/tcod-sys-eab02e18542e6f85/out/libtcod/src/fov_c.o" "-c" "libtcod/src/fov_c.c"
[INFO] [stderr]   exit status: 0
[INFO] [stderr]   running: "cc" "-O0" "-ffunction-sections" "-fdata-sections" "-fPIC" "-g" "-m64" "-I" "libtcod/include" "-I" "libtcod/src/zlib" "-fno-strict-aliasing" "-ansi" "-w" "-Wall" "-Wextra" "-o" "/opt/rustwide/target/debug/build/tcod-sys-eab02e18542e6f85/out/libtcod/src/fov_circular_raycasting.o" "-c" "libtcod/src/fov_circular_raycasting.c"
[INFO] [stderr]   exit status: 0
[INFO] [stderr]   running: "cc" "-O0" "-ffunction-sections" "-fdata-sections" "-fPIC" "-g" "-m64" "-I" "libtcod/include" "-I" "libtcod/src/zlib" "-fno-strict-aliasing" "-ansi" "-w" "-Wall" "-Wextra" "-o" "/opt/rustwide/target/debug/build/tcod-sys-eab02e18542e6f85/out/libtcod/src/fov_diamond_raycasting.o" "-c" "libtcod/src/fov_diamond_raycasting.c"
[INFO] [stderr]   exit status: 0
[INFO] [stderr]   running: "cc" "-O0" "-ffunction-sections" "-fdata-sections" "-fPIC" "-g" "-m64" "-I" "libtcod/include" "-I" "libtcod/src/zlib" "-fno-strict-aliasing" "-ansi" "-w" "-Wall" "-Wextra" "-o" "/opt/rustwide/target/debug/build/tcod-sys-eab02e18542e6f85/out/libtcod/src/fov_recursive_shadowcasting.o" "-c" "libtcod/src/fov_recursive_shadowcasting.c"
[INFO] [stderr]   exit status: 0
[INFO] [stderr]   running: "cc" "-O0" "-ffunction-sections" "-fdata-sections" "-fPIC" "-g" "-m64" "-I" "libtcod/include" "-I" "libtcod/src/zlib" "-fno-strict-aliasing" "-ansi" "-w" "-Wall" "-Wextra" "-o" "/opt/rustwide/target/debug/build/tcod-sys-eab02e18542e6f85/out/libtcod/src/fov_permissive2.o" "-c" "libtcod/src/fov_permissive2.c"
[INFO] [stderr]   exit status: 0
[INFO] [stderr]   running: "cc" "-O0" "-ffunction-sections" "-fdata-sections" "-fPIC" "-g" "-m64" "-I" "libtcod/include" "-I" "libtcod/src/zlib" "-fno-strict-aliasing" "-ansi" "-w" "-Wall" "-Wextra" "-o" "/opt/rustwide/target/debug/build/tcod-sys-eab02e18542e6f85/out/libtcod/src/fov_restrictive.o" "-c" "libtcod/src/fov_restrictive.c"
[INFO] [stderr]   exit status: 0
[INFO] [stderr]   running: "cc" "-O0" "-ffunction-sections" "-fdata-sections" "-fPIC" "-g" "-m64" "-I" "libtcod/include" "-I" "libtcod/src/zlib" "-fno-strict-aliasing" "-ansi" "-w" "-Wall" "-Wextra" "-o" "/opt/rustwide/target/debug/build/tcod-sys-eab02e18542e6f85/out/libtcod/src/heightmap_c.o" "-c" "libtcod/src/heightmap_c.c"
[INFO] [stderr]   exit status: 0
[INFO] [stderr]   running: "cc" "-O0" "-ffunction-sections" "-fdata-sections" "-fPIC" "-g" "-m64" "-I" "libtcod/include" "-I" "libtcod/src/zlib" "-fno-strict-aliasing" "-ansi" "-w" "-Wall" "-Wextra" "-o" "/opt/rustwide/target/debug/build/tcod-sys-eab02e18542e6f85/out/libtcod/src/image_c.o" "-c" "libtcod/src/image_c.c"
[INFO] [stderr]   exit status: 0
[INFO] [stderr]   running: "cc" "-O0" "-ffunction-sections" "-fdata-sections" "-fPIC" "-g" "-m64" "-I" "libtcod/include" "-I" "libtcod/src/zlib" "-fno-strict-aliasing" "-ansi" "-w" "-Wall" "-Wextra" "-o" "/opt/rustwide/target/debug/build/tcod-sys-eab02e18542e6f85/out/libtcod/src/lex_c.o" "-c" "libtcod/src/lex_c.c"
[INFO] [stderr]   exit status: 0
[INFO] [stderr]   running: "cc" "-O0" "-ffunction-sections" "-fdata-sections" "-fPIC" "-g" "-m64" "-I" "libtcod/include" "-I" "libtcod/src/zlib" "-fno-strict-aliasing" "-ansi" "-w" "-Wall" "-Wextra" "-o" "/opt/rustwide/target/debug/build/tcod-sys-eab02e18542e6f85/out/libtcod/src/list_c.o" "-c" "libtcod/src/list_c.c"
[INFO] [stderr]   exit status: 0
[INFO] [stderr]   running: "cc" "-O0" "-ffunction-sections" "-fdata-sections" "-fPIC" "-g" "-m64" "-I" "libtcod/include" "-I" "libtcod/src/zlib" "-fno-strict-aliasing" "-ansi" "-w" "-Wall" "-Wextra" "-o" "/opt/rustwide/target/debug/build/tcod-sys-eab02e18542e6f85/out/libtcod/src/mersenne_c.o" "-c" "libtcod/src/mersenne_c.c"
[INFO] [stderr]   exit status: 0
[INFO] [stderr]   running: "cc" "-O0" "-ffunction-sections" "-fdata-sections" "-fPIC" "-g" "-m64" "-I" "libtcod/include" "-I" "libtcod/src/zlib" "-fno-strict-aliasing" "-ansi" "-w" "-Wall" "-Wextra" "-o" "/opt/rustwide/target/debug/build/tcod-sys-eab02e18542e6f85/out/libtcod/src/noise_c.o" "-c" "libtcod/src/noise_c.c"
[INFO] [stderr]   exit status: 0
[INFO] [stderr]   running: "cc" "-O0" "-ffunction-sections" "-fdata-sections" "-fPIC" "-g" "-m64" "-I" "libtcod/include" "-I" "libtcod/src/zlib" "-fno-strict-aliasing" "-ansi" "-w" "-Wall" "-Wextra" "-o" "/opt/rustwide/target/debug/build/tcod-sys-eab02e18542e6f85/out/libtcod/src/parser_c.o" "-c" "libtcod/src/parser_c.c"
[INFO] [stderr]   exit status: 0
[INFO] [stderr]   running: "cc" "-O0" "-ffunction-sections" "-fdata-sections" "-fPIC" "-g" "-m64" "-I" "libtcod/include" "-I" "libtcod/src/zlib" "-fno-strict-aliasing" "-ansi" "-w" "-Wall" "-Wextra" "-o" "/opt/rustwide/target/debug/build/tcod-sys-eab02e18542e6f85/out/libtcod/src/path_c.o" "-c" "libtcod/src/path_c.c"
[INFO] [stderr]   exit status: 0
[INFO] [stderr]   running: "cc" "-O0" "-ffunction-sections" "-fdata-sections" "-fPIC" "-g" "-m64" "-I" "libtcod/include" "-I" "libtcod/src/zlib" "-fno-strict-aliasing" "-ansi" "-w" "-Wall" "-Wextra" "-o" "/opt/rustwide/target/debug/build/tcod-sys-eab02e18542e6f85/out/libtcod/src/sys_c.o" "-c" "libtcod/src/sys_c.c"
[INFO] [stderr]   exit status: 0
[INFO] [stderr]   running: "cc" "-O0" "-ffunction-sections" "-fdata-sections" "-fPIC" "-g" "-m64" "-I" "libtcod/include" "-I" "libtcod/src/zlib" "-fno-strict-aliasing" "-ansi" "-w" "-Wall" "-Wextra" "-o" "/opt/rustwide/target/debug/build/tcod-sys-eab02e18542e6f85/out/libtcod/src/sys_opengl_c.o" "-c" "libtcod/src/sys_opengl_c.c"
[INFO] [stderr]   cargo:warning=libtcod/src/sys_opengl_c.c:35:10: fatal error: SDL/SDL.h: No such file or directory
[INFO] [stderr]   cargo:warning=   35 | #include <SDL/SDL.h>
[INFO] [stderr]   cargo:warning=      |          ^~~~~~~~~~~
[INFO] [stderr]   cargo:warning=compilation terminated.
[INFO] [stderr]   exit status: 1
[INFO] [stderr] 
[INFO] [stderr]   --- stderr
[INFO] [stderr]   thread 'main' panicked at /opt/rustwide/cargo-home/registry/src/index.crates.io-6f17d22bba15001f/gcc-0.3.55/src/lib.rs:1672:5:
[INFO] [stderr] 
[INFO] [stderr] 
[INFO] [stderr]   Internal error occurred: Command "cc" "-O0" "-ffunction-sections" "-fdata-sections" "-fPIC" "-g" "-m64" "-I" "libtcod/include" "-I" "libtcod/src/zlib" "-fno-strict-aliasing" "-ansi" "-w" "-Wall" "-Wextra" "-o" "/opt/rustwide/target/debug/build/tcod-sys-eab02e18542e6f85/out/libtcod/src/sys_opengl_c.o" "-c" "libtcod/src/sys_opengl_c.c" with args "cc" did not execute successfully (status code exit status: 1).
[INFO] [stderr] 
[INFO] [stderr] 
[INFO] [stderr]   stack backtrace:
[INFO] [stderr]      0:     0x5572648665e6 - std::backtrace_rs::backtrace::libunwind::trace::heebc7766b165eb2a
[INFO] [stderr]                                  at /rustc/268dbbbc4b3fd71c5f360a4d0728295252430b5b/library/std/src/../../backtrace/src/backtrace/libunwind.rs:104:5
[INFO] [stderr]      1:     0x5572648665e6 - std::backtrace_rs::backtrace::trace_unsynchronized::ha677020d8fc0296d
[INFO] [stderr]                                  at /rustc/268dbbbc4b3fd71c5f360a4d0728295252430b5b/library/std/src/../../backtrace/src/backtrace/mod.rs:66:5
[INFO] [stderr]      2:     0x5572648665e6 - std::sys_common::backtrace::_print_fmt::hcaff2fd86a1aeaa3
[INFO] [stderr]                                  at /rustc/268dbbbc4b3fd71c5f360a4d0728295252430b5b/library/std/src/sys_common/backtrace.rs:68:5
[INFO] [stderr]      3:     0x5572648665e6 - <std::sys_common::backtrace::_print::DisplayBacktrace as core::fmt::Display>::fmt::hc2446d8aa0059188
[INFO] [stderr]                                  at /rustc/268dbbbc4b3fd71c5f360a4d0728295252430b5b/library/std/src/sys_common/backtrace.rs:44:22
[INFO] [stderr]      4:     0x55726488b710 - core::fmt::rt::Argument::fmt::h2fbb6454da37999b
[INFO] [stderr]                                  at /rustc/268dbbbc4b3fd71c5f360a4d0728295252430b5b/library/core/src/fmt/rt.rs:142:9
[INFO] [stderr]      5:     0x55726488b710 - core::fmt::write::had96bdeda7d49d3a
[INFO] [stderr]                                  at /rustc/268dbbbc4b3fd71c5f360a4d0728295252430b5b/library/core/src/fmt/mod.rs:1120:17
[INFO] [stderr]      6:     0x5572648636bf - std::io::Write::write_fmt::h30b1f36eea05b391
[INFO] [stderr]                                  at /rustc/268dbbbc4b3fd71c5f360a4d0728295252430b5b/library/std/src/io/mod.rs:1849:15
[INFO] [stderr]      7:     0x5572648663c4 - std::sys_common::backtrace::_print::hc333bb91ae972137
[INFO] [stderr]                                  at /rustc/268dbbbc4b3fd71c5f360a4d0728295252430b5b/library/std/src/sys_common/backtrace.rs:47:5
[INFO] [stderr]      8:     0x5572648663c4 - std::sys_common::backtrace::print::h18fd3c71a95a3169
[INFO] [stderr]                                  at /rustc/268dbbbc4b3fd71c5f360a4d0728295252430b5b/library/std/src/sys_common/backtrace.rs:34:9
[INFO] [stderr]      9:     0x557264867ca7 - std::panicking::default_hook::{{closure}}::ha3473f9bcb4e9a37
[INFO] [stderr]     10:     0x557264867a09 - std::panicking::default_hook::h23d9d43185db6584
[INFO] [stderr]                                  at /rustc/268dbbbc4b3fd71c5f360a4d0728295252430b5b/library/std/src/panicking.rs:292:9
[INFO] [stderr]     11:     0x557264868138 - std::panicking::rust_panic_with_hook::h94aceaa7df3a6edd
[INFO] [stderr]                                  at /rustc/268dbbbc4b3fd71c5f360a4d0728295252430b5b/library/std/src/panicking.rs:781:13
[INFO] [stderr]     12:     0x557264868012 - std::panicking::begin_panic_handler::{{closure}}::h9905d45d1d82fc42
[INFO] [stderr]                                  at /rustc/268dbbbc4b3fd71c5f360a4d0728295252430b5b/library/std/src/panicking.rs:659:13
[INFO] [stderr]     13:     0x557264866ae6 - std::sys_common::backtrace::__rust_end_short_backtrace::hb02085545dc143b9
[INFO] [stderr]                                  at /rustc/268dbbbc4b3fd71c5f360a4d0728295252430b5b/library/std/src/sys_common/backtrace.rs:171:18
[INFO] [stderr]     14:     0x557264867d64 - rust_begin_unwind
[INFO] [stderr]                                  at /rustc/268dbbbc4b3fd71c5f360a4d0728295252430b5b/library/std/src/panicking.rs:647:5
[INFO] [stderr]     15:     0x5572647f65f5 - core::panicking::panic_fmt::h6dca3983f8a9f4d0
[INFO] [stderr]                                  at /rustc/268dbbbc4b3fd71c5f360a4d0728295252430b5b/library/core/src/panicking.rs:72:14
[INFO] [stderr]     16:     0x55726482d6c1 - gcc::fail::ha7cac852372768d9
[INFO] [stderr]     17:     0x55726482064f - gcc::Build::compile::ha14217659ab2f889
[INFO] [stderr]     18:     0x5572647f8b54 - build_script_build::build_libtcod_objects::hdcc6dd47dbe512bc
[INFO] [stderr]     19:     0x5572647fcb39 - build_script_build::main::h4797442abaa72b10
[INFO] [stderr]     20:     0x5572647f79a3 - core::ops::function::FnOnce::call_once::h3acd1d42f22940f2
[INFO] [stderr]     21:     0x5572647f72c6 - std::sys_common::backtrace::__rust_begin_short_backtrace::hefdb39f398d80423
[INFO] [stderr]     22:     0x5572647f7459 - std::rt::lang_start::{{closure}}::h7dd306ffad4daf3f
[INFO] [stderr]     23:     0x55726485f6f1 - core::ops::function::impls::<impl core::ops::function::FnOnce<A> for &F>::call_once::h298d8ff12ebcec8c
[INFO] [stderr]                                  at /rustc/268dbbbc4b3fd71c5f360a4d0728295252430b5b/library/core/src/ops/function.rs:284:13
[INFO] [stderr]     24:     0x55726485f6f1 - std::panicking::try::do_call::hbd0ffb05da5bd343
[INFO] [stderr]                                  at /rustc/268dbbbc4b3fd71c5f360a4d0728295252430b5b/library/std/src/panicking.rs:554:40
[INFO] [stderr]     25:     0x55726485f6f1 - std::panicking::try::h11c9a152defd5d2a
[INFO] [stderr]                                  at /rustc/268dbbbc4b3fd71c5f360a4d0728295252430b5b/library/std/src/panicking.rs:518:19
[INFO] [stderr]     26:     0x55726485f6f1 - std::panic::catch_unwind::h0d6db2fa902b4d64
[INFO] [stderr]                                  at /rustc/268dbbbc4b3fd71c5f360a4d0728295252430b5b/library/std/src/panic.rs:142:14
[INFO] [stderr]     27:     0x55726485f6f1 - std::rt::lang_start_internal::{{closure}}::hdcc09b4aad7ef821
[INFO] [stderr]                                  at /rustc/268dbbbc4b3fd71c5f360a4d0728295252430b5b/library/std/src/rt.rs:148:48
[INFO] [stderr]     28:     0x55726485f6f1 - std::panicking::try::do_call::h3ffd2f162d60900f
[INFO] [stderr]                                  at /rustc/268dbbbc4b3fd71c5f360a4d0728295252430b5b/library/std/src/panicking.rs:554:40
[INFO] [stderr]     29:     0x55726485f6f1 - std::panicking::try::heeba82b9c3e190fb
[INFO] [stderr]                                  at /rustc/268dbbbc4b3fd71c5f360a4d0728295252430b5b/library/std/src/panicking.rs:518:19
[INFO] [stderr]     30:     0x55726485f6f1 - std::panic::catch_unwind::hdaab8f1c188f387f
[INFO] [stderr]                                  at /rustc/268dbbbc4b3fd71c5f360a4d0728295252430b5b/library/std/src/panic.rs:142:14
[INFO] [stderr]     31:     0x55726485f6f1 - std::rt::lang_start_internal::h9989e088c48b7903
[INFO] [stderr]                                  at /rustc/268dbbbc4b3fd71c5f360a4d0728295252430b5b/library/std/src/rt.rs:148:20
[INFO] [stderr]     32:     0x5572647f7437 - std::rt::lang_start::hb99ea5e03424e97d
[INFO] [stderr]     33:     0x5572647fd845 - main
[INFO] [stderr]     34:     0x7fef2da31d90 - <unknown>
[INFO] [stderr]     35:     0x7fef2da31e40 - __libc_start_main
[INFO] [stderr]     36:     0x5572647f6e15 - _start
[INFO] [stderr]     37:                0x0 - <unknown>
[INFO] [stderr] warning: build failed, waiting for other jobs to finish...
[INFO] running `Command { std: "docker" "inspect" "5a40ca0e1b1ada394c3658119c7e2e528f2800b041c05ea7d0b30a20b3bd125e", kill_on_drop: false }`
[INFO] running `Command { std: "docker" "rm" "-f" "5a40ca0e1b1ada394c3658119c7e2e528f2800b041c05ea7d0b30a20b3bd125e", kill_on_drop: false }`
[INFO] [stdout] 5a40ca0e1b1ada394c3658119c7e2e528f2800b041c05ea7d0b30a20b3bd125e
